File: /home/niched/logs/loveguerranteed.com/http/access.log.2021-09-02
46.160.121.111 - - [02/Sep/2021:02:01:46 -0700] "POST /wp-login.php HTTP/1.1" 200 2639 "-" "Mozilla/5.0 (Windows NT 6.1; Win64; x64) AppleWebKit/537.36 (KHTML, like Gecko) Chrome/55.0.2883.87 Safari/537.36"
69.163.224.121 - - [02/Sep/2021:02:01:47 -0700] "POST /wp-cron.php?doing_wp_cron=1630573307.5390489101409912109375 HTTP/1.1" 200 279 "http://loveguerranteed.com/wp-cron.php?doing_wp_cron=1630573307.5390489101409912109375" "WordPress/5.8; http://loveguerranteed.com"
159.138.141.101 - - [02/Sep/2021:02:10:34 -0700] "GET /robots.txt HTTP/1.0" 301 466 "-" "HuaweiWebCatBot/6.0) (To acquire the allowed html pages as reliable information of URL categorization in the automatic process for Huawei Web Categorization.; https://isecurity.huawei.com/; sec at huawei dot com)"
159.138.141.101 - - [02/Sep/2021:02:10:35 -0700] "GET /robots.txt HTTP/1.1" 200 502 "-" "HuaweiWebCatBot/6.0) (To acquire the allowed html pages as reliable information of URL categorization in the automatic process for Huawei Web Categorization.; https://isecurity.huawei.com/; sec at huawei dot com)"
159.138.141.101 - - [02/Sep/2021:02:10:36 -0700] "GET / HTTP/1.0" 301 446 "-" "HuaweiWebCatBot/6.0) (To acquire the allowed html pages as reliable information of URL categorization in the automatic process for Huawei Web Categorization.; https://isecurity.huawei.com/; sec at huawei dot com)"
159.138.141.101 - - [02/Sep/2021:02:10:37 -0700] "GET /robots.txt HTTP/1.0" 200 488 "-" "HuaweiWebCatBot/6.0) (To acquire the allowed html pages as reliable information of URL categorization in the automatic process for Huawei Web Categorization.; https://isecurity.huawei.com/; sec at huawei dot com)"
159.138.141.101 - - [02/Sep/2021:02:10:37 -0700] "GET / HTTP/1.0" 200 4233 "-" "HuaweiWebCatBot/6.0) (To acquire the allowed html pages as reliable information of URL categorization in the automatic process for Huawei Web Categorization.; https://isecurity.huawei.com/; sec at huawei dot com)"
185.49.20.78 - - [02/Sep/2021:02:12:11 -0700] "POST /wp-login.php HTTP/1.1" 200 2639 "-" "Mozilla/5.0 (Windows NT 6.3; Win64; x64) AppleWebKit/537.36 (KHTML, like Gecko) Chrome/62.0.3202.94 Safari/537.36"
133.130.103.36 - - [02/Sep/2021:02:53:50 -0700] "POST /wp-login.php HTTP/1.1" 200 2655 "-" "Mozilla/5.0 (Windows NT 6.1; WOW64) AppleWebKit/537.36 (KHTML, like Gecko) Chrome/51.0.2704.106 Safari/537.36"
69.163.224.121 - - [02/Sep/2021:02:53:50 -0700] "POST /wp-cron.php?doing_wp_cron=1630576430.6417210102081298828125 HTTP/1.1" 200 258 "http://loveguerranteed.com/wp-cron.php?doing_wp_cron=1630576430.6417210102081298828125" "WordPress/5.8; http://loveguerranteed.com"
52.10.76.65 - - [02/Sep/2021:05:15:07 -0700] "GET / HTTP/1.1" 200 4291 "-" "Mozilla/5.0 (Windows NT 10.0; Win64; x64)AppleWebKit/537.36 (KHTML, like Gecko) Chrome/66.0.3359.181 Safari/537.36"
69.163.224.121 - - [02/Sep/2021:05:15:08 -0700] "POST /wp-cron.php?doing_wp_cron=1630584907.9554750919342041015625 HTTP/1.1" 200 279 "http://loveguerranteed.com/wp-cron.php?doing_wp_cron=1630584907.9554750919342041015625" "WordPress/5.8; http://loveguerranteed.com"
34.125.116.235 - - [02/Sep/2021:07:21:22 -0700] "GET / HTTP/1.1" 200 11668 "-" "Mozilla/5.0 (Windows NT 10.0; Win64; x64) AppleWebKit/537.36 (KHTML, like Gecko) Chrome/78.0.3904.108 Safari/537.36"
34.125.116.235 - - [02/Sep/2021:07:21:25 -0700] "GET /?author=1 HTTP/1.1" 301 382 "-" "Mozilla/5.0 (Windows NT 10.0; Win64; x64) AppleWebKit/537.36 (KHTML, like Gecko) Chrome/78.0.3904.108 Safari/537.36"
34.125.116.235 - - [02/Sep/2021:07:21:25 -0700] "GET /?author=2 HTTP/1.1" 404 11461 "-" "Mozilla/5.0 (Windows NT 10.0; Win64; x64) AppleWebKit/537.36 (KHTML, like Gecko) Chrome/78.0.3904.108 Safari/537.36"
34.125.116.235 - - [02/Sep/2021:07:21:26 -0700] "GET /wp-json/wp/v2/users/ HTTP/1.1" 200 1308 "-" "Mozilla/5.0 (Windows NT 10.0; Win64; x64) AppleWebKit/537.36 (KHTML, like Gecko) Chrome/78.0.3904.108 Safari/537.36"
34.125.116.235 - - [02/Sep/2021:07:21:26 -0700] "POST /xmlrpc.php HTTP/1.1" 200 676 "-" "Mozilla/5.0 (Windows NT 10.0; Win64; x64) AppleWebKit/537.36 (KHTML, like Gecko) Chrome/78.0.3904.108 Safari/537.36"
69.163.224.121 - - [02/Sep/2021:07:21:24 -0700] "POST /wp-cron.php?doing_wp_cron=1630592484.1442449092864990234375 HTTP/1.1" 200 258 "http://loveguerranteed.com/wp-cron.php?doing_wp_cron=1630592484.1442449092864990234375" "WordPress/5.8; http://loveguerranteed.com"
34.125.116.235 - - [02/Sep/2021:07:21:27 -0700] "POST /xmlrpc.php HTTP/1.1" 200 710 "-" "Mozilla/5.0 (Windows NT 10.0; Win64; x64) AppleWebKit/537.36 (KHTML, like Gecko) Chrome/78.0.3904.108 Safari/537.36"
34.125.116.235 - - [02/Sep/2021:07:21:28 -0700] "POST /xmlrpc.php HTTP/1.1" 200 710 "-" "Mozilla/5.0 (Windows NT 10.0; Win64; x64) AppleWebKit/537.36 (KHTML, like Gecko) Chrome/78.0.3904.108 Safari/537.36"
34.125.116.235 - - [02/Sep/2021:07:21:28 -0700] "POST /xmlrpc.php HTTP/1.1" 200 710 "-" "Mozilla/5.0 (Windows NT 10.0; Win64; x64) AppleWebKit/537.36 (KHTML, like Gecko) Chrome/78.0.3904.108 Safari/537.36"
34.125.116.235 - - [02/Sep/2021:07:21:29 -0700] "POST /xmlrpc.php HTTP/1.1" 200 710 "-" "Mozilla/5.0 (Windows NT 10.0; Win64; x64) AppleWebKit/537.36 (KHTML, like Gecko) Chrome/78.0.3904.108 Safari/537.36"
34.125.116.235 - - [02/Sep/2021:07:21:29 -0700] "POST /xmlrpc.php HTTP/1.1" 200 710 "-" "Mozilla/5.0 (Windows NT 10.0; Win64; x64) AppleWebKit/537.36 (KHTML, like Gecko) Chrome/78.0.3904.108 Safari/537.36"
34.125.116.235 - - [02/Sep/2021:07:21:30 -0700] "POST /xmlrpc.php HTTP/1.1" 200 710 "-" "Mozilla/5.0 (Windows NT 10.0; Win64; x64) AppleWebKit/537.36 (KHTML, like Gecko) Chrome/78.0.3904.108 Safari/537.36"
34.125.116.235 - - [02/Sep/2021:07:21:31 -0700] "POST /xmlrpc.php HTTP/1.1" 200 710 "-" "Mozilla/5.0 (Windows NT 10.0; Win64; x64) AppleWebKit/537.36 (KHTML, like Gecko) Chrome/78.0.3904.108 Safari/537.36"
34.125.116.235 - - [02/Sep/2021:07:21:31 -0700] "POST /xmlrpc.php HTTP/1.1" 200 710 "-" "Mozilla/5.0 (Windows NT 10.0; Win64; x64) AppleWebKit/537.36 (KHTML, like Gecko) Chrome/78.0.3904.108 Safari/537.36"
34.125.116.235 - - [02/Sep/2021:07:21:31 -0700] "POST /xmlrpc.php HTTP/1.1" 200 710 "-" "Mozilla/5.0 (Windows NT 10.0; Win64; x64) AppleWebKit/537.36 (KHTML, like Gecko) Chrome/78.0.3904.108 Safari/537.36"
34.125.116.235 - - [02/Sep/2021:07:21:32 -0700] "POST /xmlrpc.php HTTP/1.1" 200 710 "-" "Mozilla/5.0 (Windows NT 10.0; Win64; x64) AppleWebKit/537.36 (KHTML, like Gecko) Chrome/78.0.3904.108 Safari/537.36"
34.125.116.235 - - [02/Sep/2021:07:21:32 -0700] "POST /xmlrpc.php HTTP/1.1" 200 710 "-" "Mozilla/5.0 (Windows NT 10.0; Win64; x64) AppleWebKit/537.36 (KHTML, like Gecko) Chrome/78.0.3904.108 Safari/537.36"
34.125.116.235 - - [02/Sep/2021:07:21:33 -0700] "POST /xmlrpc.php HTTP/1.1" 200 710 "-" "Mozilla/5.0 (Windows NT 10.0; Win64; x64) AppleWebKit/537.36 (KHTML, like Gecko) Chrome/78.0.3904.108 Safari/537.36"
34.125.116.235 - - [02/Sep/2021:07:21:33 -0700] "POST /xmlrpc.php HTTP/1.1" 200 710 "-" "Mozilla/5.0 (Windows NT 10.0; Win64; x64) AppleWebKit/537.36 (KHTML, like Gecko) Chrome/78.0.3904.108 Safari/537.36"
34.125.116.235 - - [02/Sep/2021:07:21:33 -0700] "POST /xmlrpc.php HTTP/1.1" 200 710 "-" "Mozilla/5.0 (Windows NT 10.0; Win64; x64) AppleWebKit/537.36 (KHTML, like Gecko) Chrome/78.0.3904.108 Safari/537.36"
34.125.116.235 - - [02/Sep/2021:07:21:34 -0700] "POST /xmlrpc.php HTTP/1.1" 200 710 "-" "Mozilla/5.0 (Windows NT 10.0; Win64; x64) AppleWebKit/537.36 (KHTML, like Gecko) Chrome/78.0.3904.108 Safari/537.36"
34.125.116.235 - - [02/Sep/2021:07:21:34 -0700] "POST /xmlrpc.php HTTP/1.1" 200 710 "-" "Mozilla/5.0 (Windows NT 10.0; Win64; x64) AppleWebKit/537.36 (KHTML, like Gecko) Chrome/78.0.3904.108 Safari/537.36"
34.125.116.235 - - [02/Sep/2021:07:21:34 -0700] "POST /xmlrpc.php HTTP/1.1" 200 710 "-" "Mozilla/5.0 (Windows NT 10.0; Win64; x64) AppleWebKit/537.36 (KHTML, like Gecko) Chrome/78.0.3904.108 Safari/537.36"
34.125.116.235 - - [02/Sep/2021:07:21:35 -0700] "POST /xmlrpc.php HTTP/1.1" 200 710 "-" "Mozilla/5.0 (Windows NT 10.0; Win64; x64) AppleWebKit/537.36 (KHTML, like Gecko) Chrome/78.0.3904.108 Safari/537.36"
34.125.116.235 - - [02/Sep/2021:07:21:35 -0700] "POST /xmlrpc.php HTTP/1.1" 200 710 "-" "Mozilla/5.0 (Windows NT 10.0; Win64; x64) AppleWebKit/537.36 (KHTML, like Gecko) Chrome/78.0.3904.108 Safari/537.36"
34.125.116.235 - - [02/Sep/2021:07:21:36 -0700] "POST /xmlrpc.php HTTP/1.1" 200 710 "-" "Mozilla/5.0 (Windows NT 10.0; Win64; x64) AppleWebKit/537.36 (KHTML, like Gecko) Chrome/78.0.3904.108 Safari/537.36"
34.125.116.235 - - [02/Sep/2021:07:21:36 -0700] "POST /xmlrpc.php HTTP/1.1" 200 710 "-" "Mozilla/5.0 (Windows NT 10.0; Win64; x64) AppleWebKit/537.36 (KHTML, like Gecko) Chrome/78.0.3904.108 Safari/537.36"
34.125.116.235 - - [02/Sep/2021:07:21:36 -0700] "POST /xmlrpc.php HTTP/1.1" 200 710 "-" "Mozilla/5.0 (Windows NT 10.0; Win64; x64) AppleWebKit/537.36 (KHTML, like Gecko) Chrome/78.0.3904.108 Safari/537.36"
34.125.116.235 - - [02/Sep/2021:07:21:37 -0700] "POST /xmlrpc.php HTTP/1.1" 200 710 "-" "Mozilla/5.0 (Windows NT 10.0; Win64; x64) AppleWebKit/537.36 (KHTML, like Gecko) Chrome/78.0.3904.108 Safari/537.36"
34.125.116.235 - - [02/Sep/2021:07:21:37 -0700] "POST /xmlrpc.php HTTP/1.1" 200 710 "-" "Mozilla/5.0 (Windows NT 10.0; Win64; x64) AppleWebKit/537.36 (KHTML, like Gecko) Chrome/78.0.3904.108 Safari/537.36"
34.125.116.235 - - [02/Sep/2021:07:21:38 -0700] "POST /xmlrpc.php HTTP/1.1" 200 710 "-" "Mozilla/5.0 (Windows NT 10.0; Win64; x64) AppleWebKit/537.36 (KHTML, like Gecko) Chrome/78.0.3904.108 Safari/537.36"
34.125.116.235 - - [02/Sep/2021:07:21:39 -0700] "POST /xmlrpc.php HTTP/1.1" 200 710 "-" "Mozilla/5.0 (Windows NT 10.0; Win64; x64) AppleWebKit/537.36 (KHTML, like Gecko) Chrome/78.0.3904.108 Safari/537.36"
34.125.116.235 - - [02/Sep/2021:07:21:40 -0700] "POST /xmlrpc.php HTTP/1.1" 200 710 "-" "Mozilla/5.0 (Windows NT 10.0; Win64; x64) AppleWebKit/537.36 (KHTML, like Gecko) Chrome/78.0.3904.108 Safari/537.36"
34.125.116.235 - - [02/Sep/2021:07:21:40 -0700] "POST /xmlrpc.php HTTP/1.1" 200 710 "-" "Mozilla/5.0 (Windows NT 10.0; Win64; x64) AppleWebKit/537.36 (KHTML, like Gecko) Chrome/78.0.3904.108 Safari/537.36"
34.125.116.235 - - [02/Sep/2021:07:21:40 -0700] "POST /xmlrpc.php HTTP/1.1" 200 710 "-" "Mozilla/5.0 (Windows NT 10.0; Win64; x64) AppleWebKit/537.36 (KHTML, like Gecko) Chrome/78.0.3904.108 Safari/537.36"
34.125.116.235 - - [02/Sep/2021:07:21:41 -0700] "POST /xmlrpc.php HTTP/1.1" 200 710 "-" "Mozilla/5.0 (Windows NT 10.0; Win64; x64) AppleWebKit/537.36 (KHTML, like Gecko) Chrome/78.0.3904.108 Safari/537.36"
34.125.116.235 - - [02/Sep/2021:07:21:41 -0700] "POST /xmlrpc.php HTTP/1.1" 200 710 "-" "Mozilla/5.0 (Windows NT 10.0; Win64; x64) AppleWebKit/537.36 (KHTML, like Gecko) Chrome/78.0.3904.108 Safari/537.36"
34.125.116.235 - - [02/Sep/2021:07:21:42 -0700] "POST /xmlrpc.php HTTP/1.1" 200 710 "-" "Mozilla/5.0 (Windows NT 10.0; Win64; x64) AppleWebKit/537.36 (KHTML, like Gecko) Chrome/78.0.3904.108 Safari/537.36"
34.125.116.235 - - [02/Sep/2021:07:21:42 -0700] "POST /xmlrpc.php HTTP/1.1" 200 710 "-" "Mozilla/5.0 (Windows NT 10.0; Win64; x64) AppleWebKit/537.36 (KHTML, like Gecko) Chrome/78.0.3904.108 Safari/537.36"
34.125.116.235 - - [02/Sep/2021:07:21:42 -0700] "POST /xmlrpc.php HTTP/1.1" 200 710 "-" "Mozilla/5.0 (Windows NT 10.0; Win64; x64) AppleWebKit/537.36 (KHTML, like Gecko) Chrome/78.0.3904.108 Safari/537.36"
34.125.116.235 - - [02/Sep/2021:07:21:43 -0700] "POST /xmlrpc.php HTTP/1.1" 200 710 "-" "Mozilla/5.0 (Windows NT 10.0; Win64; x64) AppleWebKit/537.36 (KHTML, like Gecko) Chrome/78.0.3904.108 Safari/537.36"
34.125.116.235 - - [02/Sep/2021:07:21:43 -0700] "POST /xmlrpc.php HTTP/1.1" 200 710 "-" "Mozilla/5.0 (Windows NT 10.0; Win64; x64) AppleWebKit/537.36 (KHTML, like Gecko) Chrome/78.0.3904.108 Safari/537.36"
34.125.116.235 - - [02/Sep/2021:07:21:44 -0700] "POST /xmlrpc.php HTTP/1.1" 200 710 "-" "Mozilla/5.0 (Windows NT 10.0; Win64; x64) AppleWebKit/537.36 (KHTML, like Gecko) Chrome/78.0.3904.108 Safari/537.36"
34.125.116.235 - - [02/Sep/2021:07:21:44 -0700] "POST /xmlrpc.php HTTP/1.1" 200 710 "-" "Mozilla/5.0 (Windows NT 10.0; Win64; x64) AppleWebKit/537.36 (KHTML, like Gecko) Chrome/78.0.3904.108 Safari/537.36"
34.125.116.235 - - [02/Sep/2021:07:21:45 -0700] "POST /xmlrpc.php HTTP/1.1" 200 710 "-" "Mozilla/5.0 (Windows NT 10.0; Win64; x64) AppleWebKit/537.36 (KHTML, like Gecko) Chrome/78.0.3904.108 Safari/537.36"
34.125.116.235 - - [02/Sep/2021:07:21:45 -0700] "POST /xmlrpc.php HTTP/1.1" 200 710 "-" "Mozilla/5.0 (Windows NT 10.0; Win64; x64) AppleWebKit/537.36 (KHTML, like Gecko) Chrome/78.0.3904.108 Safari/537.36"
34.125.116.235 - - [02/Sep/2021:07:21:45 -0700] "POST /xmlrpc.php HTTP/1.1" 200 710 "-" "Mozilla/5.0 (Windows NT 10.0; Win64; x64) AppleWebKit/537.36 (KHTML, like Gecko) Chrome/78.0.3904.108 Safari/537.36"
34.125.116.235 - - [02/Sep/2021:07:21:46 -0700] "POST /xmlrpc.php HTTP/1.1" 200 710 "-" "Mozilla/5.0 (Windows NT 10.0; Win64; x64) AppleWebKit/537.36 (KHTML, like Gecko) Chrome/78.0.3904.108 Safari/537.36"
34.125.116.235 - - [02/Sep/2021:07:21:46 -0700] "POST /xmlrpc.php HTTP/1.1" 200 710 "-" "Mozilla/5.0 (Windows NT 10.0; Win64; x64) AppleWebKit/537.36 (KHTML, like Gecko) Chrome/78.0.3904.108 Safari/537.36"
34.125.116.235 - - [02/Sep/2021:07:21:46 -0700] "POST /xmlrpc.php HTTP/1.1" 200 710 "-" "Mozilla/5.0 (Windows NT 10.0; Win64; x64) AppleWebKit/537.36 (KHTML, like Gecko) Chrome/78.0.3904.108 Safari/537.36"
34.125.116.235 - - [02/Sep/2021:07:21:47 -0700] "POST /xmlrpc.php HTTP/1.1" 200 710 "-" "Mozilla/5.0 (Windows NT 10.0; Win64; x64) AppleWebKit/537.36 (KHTML, like Gecko) Chrome/78.0.3904.108 Safari/537.36"
34.125.116.235 - - [02/Sep/2021:07:21:47 -0700] "POST /xmlrpc.php HTTP/1.1" 200 710 "-" "Mozilla/5.0 (Windows NT 10.0; Win64; x64) AppleWebKit/537.36 (KHTML, like Gecko) Chrome/78.0.3904.108 Safari/537.36"
34.125.116.235 - - [02/Sep/2021:07:21:47 -0700] "POST /xmlrpc.php HTTP/1.1" 200 710 "-" "Mozilla/5.0 (Windows NT 10.0; Win64; x64) AppleWebKit/537.36 (KHTML, like Gecko) Chrome/78.0.3904.108 Safari/537.36"
34.125.116.235 - - [02/Sep/2021:07:21:48 -0700] "POST /xmlrpc.php HTTP/1.1" 200 710 "-" "Mozilla/5.0 (Windows NT 10.0; Win64; x64) AppleWebKit/537.36 (KHTML, like Gecko) Chrome/78.0.3904.108 Safari/537.36"
34.125.116.235 - - [02/Sep/2021:07:21:48 -0700] "POST /xmlrpc.php HTTP/1.1" 200 710 "-" "Mozilla/5.0 (Windows NT 10.0; Win64; x64) AppleWebKit/537.36 (KHTML, like Gecko) Chrome/78.0.3904.108 Safari/537.36"
34.125.116.235 - - [02/Sep/2021:07:21:48 -0700] "POST /xmlrpc.php HTTP/1.1" 200 710 "-" "Mozilla/5.0 (Windows NT 10.0; Win64; x64) AppleWebKit/537.36 (KHTML, like Gecko) Chrome/78.0.3904.108 Safari/537.36"
34.125.116.235 - - [02/Sep/2021:07:21:49 -0700] "POST /xmlrpc.php HTTP/1.1" 200 710 "-" "Mozilla/5.0 (Windows NT 10.0; Win64; x64) AppleWebKit/537.36 (KHTML, like Gecko) Chrome/78.0.3904.108 Safari/537.36"
34.125.116.235 - - [02/Sep/2021:07:21:49 -0700] "POST /xmlrpc.php HTTP/1.1" 200 710 "-" "Mozilla/5.0 (Windows NT 10.0; Win64; x64) AppleWebKit/537.36 (KHTML, like Gecko) Chrome/78.0.3904.108 Safari/537.36"
34.125.116.235 - - [02/Sep/2021:07:21:49 -0700] "POST /xmlrpc.php HTTP/1.1" 200 710 "-" "Mozilla/5.0 (Windows NT 10.0; Win64; x64) AppleWebKit/537.36 (KHTML, like Gecko) Chrome/78.0.3904.108 Safari/537.36"
34.125.116.235 - - [02/Sep/2021:07:21:50 -0700] "POST /xmlrpc.php HTTP/1.1" 200 710 "-" "Mozilla/5.0 (Windows NT 10.0; Win64; x64) AppleWebKit/537.36 (KHTML, like Gecko) Chrome/78.0.3904.108 Safari/537.36"
34.125.116.235 - - [02/Sep/2021:07:21:50 -0700] "POST /xmlrpc.php HTTP/1.1" 200 710 "-" "Mozilla/5.0 (Windows NT 10.0; Win64; x64) AppleWebKit/537.36 (KHTML, like Gecko) Chrome/78.0.3904.108 Safari/537.36"
34.125.116.235 - - [02/Sep/2021:07:21:50 -0700] "POST /xmlrpc.php HTTP/1.1" 200 710 "-" "Mozilla/5.0 (Windows NT 10.0; Win64; x64) AppleWebKit/537.36 (KHTML, like Gecko) Chrome/78.0.3904.108 Safari/537.36"
34.125.116.235 - - [02/Sep/2021:07:21:51 -0700] "POST /xmlrpc.php HTTP/1.1" 200 710 "-" "Mozilla/5.0 (Windows NT 10.0; Win64; x64) AppleWebKit/537.36 (KHTML, like Gecko) Chrome/78.0.3904.108 Safari/537.36"
34.125.116.235 - - [02/Sep/2021:07:21:51 -0700] "POST /xmlrpc.php HTTP/1.1" 200 710 "-" "Mozilla/5.0 (Windows NT 10.0; Win64; x64) AppleWebKit/537.36 (KHTML, like Gecko) Chrome/78.0.3904.108 Safari/537.36"
34.125.116.235 - - [02/Sep/2021:07:21:51 -0700] "POST /xmlrpc.php HTTP/1.1" 200 710 "-" "Mozilla/5.0 (Windows NT 10.0; Win64; x64) AppleWebKit/537.36 (KHTML, like Gecko) Chrome/78.0.3904.108 Safari/537.36"
86.106.91.30 - - [02/Sep/2021:08:32:58 -0700] "HEAD / HTTP/1.1" 301 227 "-" "Mozilla/5.0 (Windows NT 10.0; Win64; x64) AppleWebKit/537.36 (KHTML, like Gecko) Chrome/78.0.3904.108 Safari/537.36"
86.106.91.30 - - [02/Sep/2021:08:32:59 -0700] "HEAD / HTTP/1.1" 200 368 "-" "Mozilla/5.0 (Windows NT 10.0; Win64; x64) AppleWebKit/537.36 (KHTML, like Gecko) Chrome/78.0.3904.108 Safari/537.36"
69.163.224.121 - - [02/Sep/2021:08:33:00 -0700] "POST /wp-cron.php?doing_wp_cron=1630596780.2216539382934570312500 HTTP/1.1" 200 279 "http://loveguerranteed.com/wp-cron.php?doing_wp_cron=1630596780.2216539382934570312500" "WordPress/5.8; http://loveguerranteed.com"
86.106.91.30 - - [02/Sep/2021:08:33:01 -0700] "GET /robots.txt HTTP/1.1" 200 546 "-" "Mozilla/5.0 (Windows NT 10.0; Win64; x64) AppleWebKit/537.36 (KHTML, like Gecko) Chrome/78.0.3904.108 Safari/537.36"
173.236.184.125 - - [02/Sep/2021:08:58:37 -0700] "POST /wp-login.php HTTP/1.1" 200 2659 "-" "Mozilla/5.0 (Windows NT 6.1) AppleWebKit/537.36 (KHTML, like Gecko) Chrome/56.0.2924.87 Safari/537.36"
69.163.224.121 - - [02/Sep/2021:08:58:38 -0700] "POST /wp-cron.php?doing_wp_cron=1630598318.4176630973815917968750 HTTP/1.1" 200 279 "http://loveguerranteed.com/wp-cron.php?doing_wp_cron=1630598318.4176630973815917968750" "WordPress/5.8; http://loveguerranteed.com"
103.253.194.228 - - [02/Sep/2021:10:07:45 -0700] "POST /wp-login.php HTTP/1.1" 200 2659 "-" "Mozilla/5.0 (Windows NT 6.1; WOW64) AppleWebKit/537.36 (KHTML, like Gecko) Chrome/47.0.2526.111 Safari/537.36"
69.163.224.121 - - [02/Sep/2021:10:07:48 -0700] "POST /wp-cron.php?doing_wp_cron=1630602467.9420149326324462890625 HTTP/1.1" 200 279 "http://loveguerranteed.com/wp-cron.php?doing_wp_cron=1630602467.9420149326324462890625" "WordPress/5.8; http://loveguerranteed.com"
161.97.68.199 - - [02/Sep/2021:11:53:49 -0700] "POST /wp-login.php HTTP/1.1" 200 2659 "-" "Mozilla/5.0 (Windows NT 6.0) AppleWebKit/537.36 (KHTML, like Gecko) Chrome/49.0.2623.112 Safari/537.36"
69.163.224.121 - - [02/Sep/2021:11:53:50 -0700] "POST /wp-cron.php?doing_wp_cron=1630608830.3410589694976806640625 HTTP/1.1" 200 258 "http://loveguerranteed.com/wp-cron.php?doing_wp_cron=1630608830.3410589694976806640625" "WordPress/5.8; http://loveguerranteed.com"
95.216.221.91 - - [02/Sep/2021:12:37:02 -0700] "POST /wp-login.php HTTP/1.1" 200 2659 "-" "Mozilla/5.0 (Windows NT 6.1) AppleWebKit/537.36 (KHTML, like Gecko) Chrome/61.0.3163.100 Safari/537.36"
37.18.90.101 - - [02/Sep/2021:13:01:22 -0700] "GET / HTTP/1.1" 200 4247 "-" "Mozilla/5.0 (Windows NT 10.0; Win64; x64) AppleWebKit/537.36 (KHTML, like Gecko) Chrome/91.0.4472.164 Safari/537.36"
69.163.224.121 - - [02/Sep/2021:13:01:23 -0700] "POST /wp-cron.php?doing_wp_cron=1630612883.5882539749145507812500 HTTP/1.1" 200 279 "http://loveguerranteed.com/wp-cron.php?doing_wp_cron=1630612883.5882539749145507812500" "WordPress/5.8; http://loveguerranteed.com"
37.18.90.101 - - [02/Sep/2021:13:01:40 -0700] "GET /wp-includes/css/dist/block-library/style.min.css?ver=5.8 HTTP/1.1" 200 11319 "-" "Mozilla/5.0 (Windows NT 10.0; Win64; x64) AppleWebKit/537.36 (KHTML, like Gecko) Chrome/91.0.4472.164 Safari/537.36"
37.18.90.101 - - [02/Sep/2021:13:01:40 -0700] "GET /wp-content/themes/twentytwentyone/style.css?ver=1.4 HTTP/1.1" 200 24052 "-" "Mozilla/5.0 (Windows NT 10.0; Win64; x64) AppleWebKit/537.36 (KHTML, like Gecko) Chrome/91.0.4472.164 Safari/537.36"
37.18.90.101 - - [02/Sep/2021:13:01:40 -0700] "GET /wp-content/themes/twentytwentyone/assets/css/print.css?ver=1.4 HTTP/1.1" 200 1435 "-" "Mozilla/5.0 (Windows NT 10.0; Win64; x64) AppleWebKit/537.36 (KHTML, like Gecko) Chrome/91.0.4472.164 Safari/537.36"
34.135.67.110 - - [02/Sep/2021:16:26:09 -0700] "GET / HTTP/1.1" 200 11689 "-" "Mozilla/5.0 (Windows NT 10.0; Win64; x64) AppleWebKit/537.36 (KHTML, like Gecko) Chrome/76.0.3809.132 Safari/537.36"
34.135.67.110 - - [02/Sep/2021:16:26:12 -0700] "GET /?author=1 HTTP/1.1" 301 382 "-" "Mozilla/5.0 (Windows NT 10.0; Win64; x64) AppleWebKit/537.36 (KHTML, like Gecko) Chrome/76.0.3809.132 Safari/537.36"
34.135.67.110 - - [02/Sep/2021:16:26:13 -0700] "POST /xmlrpc.php HTTP/1.1" 200 697 "-" "Mozilla/5.0 (Windows NT 10.0; Win64; x64) AppleWebKit/537.36 (KHTML, like Gecko) Chrome/76.0.3809.132 Safari/537.36"
69.163.224.121 - - [02/Sep/2021:16:26:11 -0700] "POST /wp-cron.php?doing_wp_cron=1630625171.7002780437469482421875 HTTP/1.1" 200 279 "http://loveguerranteed.com/wp-cron.php?doing_wp_cron=1630625171.7002780437469482421875" "WordPress/5.8; http://loveguerranteed.com"
34.135.67.110 - - [02/Sep/2021:16:26:14 -0700] "POST /xmlrpc.php HTTP/1.1" 200 731 "-" "Mozilla/5.0 (Windows NT 10.0; Win64; x64) AppleWebKit/537.36 (KHTML, like Gecko) Chrome/76.0.3809.132 Safari/537.36"
34.135.67.110 - - [02/Sep/2021:16:26:14 -0700] "POST /xmlrpc.php HTTP/1.1" 200 731 "-" "Mozilla/5.0 (Windows NT 10.0; Win64; x64) AppleWebKit/537.36 (KHTML, like Gecko) Chrome/76.0.3809.132 Safari/537.36"
34.135.67.110 - - [02/Sep/2021:16:26:15 -0700] "POST /xmlrpc.php HTTP/1.1" 200 731 "-" "Mozilla/5.0 (Windows NT 10.0; Win64; x64) AppleWebKit/537.36 (KHTML, like Gecko) Chrome/76.0.3809.132 Safari/537.36"
34.135.67.110 - - [02/Sep/2021:16:26:16 -0700] "POST /xmlrpc.php HTTP/1.1" 200 731 "-" "Mozilla/5.0 (Windows NT 10.0; Win64; x64) AppleWebKit/537.36 (KHTML, like Gecko) Chrome/76.0.3809.132 Safari/537.36"
34.135.67.110 - - [02/Sep/2021:16:26:16 -0700] "POST /xmlrpc.php HTTP/1.1" 200 731 "-" "Mozilla/5.0 (Windows NT 10.0; Win64; x64) AppleWebKit/537.36 (KHTML, like Gecko) Chrome/76.0.3809.132 Safari/537.36"
34.135.67.110 - - [02/Sep/2021:16:26:17 -0700] "POST /xmlrpc.php HTTP/1.1" 200 731 "-" "Mozilla/5.0 (Windows NT 10.0; Win64; x64) AppleWebKit/537.36 (KHTML, like Gecko) Chrome/76.0.3809.132 Safari/537.36"
34.135.67.110 - - [02/Sep/2021:16:26:17 -0700] "POST /xmlrpc.php HTTP/1.1" 200 731 "-" "Mozilla/5.0 (Windows NT 10.0; Win64; x64) AppleWebKit/537.36 (KHTML, like Gecko) Chrome/76.0.3809.132 Safari/537.36"
34.135.67.110 - - [02/Sep/2021:16:26:18 -0700] "POST /xmlrpc.php HTTP/1.1" 200 731 "-" "Mozilla/5.0 (Windows NT 10.0; Win64; x64) AppleWebKit/537.36 (KHTML, like Gecko) Chrome/76.0.3809.132 Safari/537.36"
34.135.67.110 - - [02/Sep/2021:16:26:18 -0700] "POST /xmlrpc.php HTTP/1.1" 200 731 "-" "Mozilla/5.0 (Windows NT 10.0; Win64; x64) AppleWebKit/537.36 (KHTML, like Gecko) Chrome/76.0.3809.132 Safari/537.36"
34.135.67.110 - - [02/Sep/2021:16:26:19 -0700] "POST /xmlrpc.php HTTP/1.1" 200 731 "-" "Mozilla/5.0 (Windows NT 10.0; Win64; x64) AppleWebKit/537.36 (KHTML, like Gecko) Chrome/76.0.3809.132 Safari/537.36"
34.135.67.110 - - [02/Sep/2021:16:26:19 -0700] "POST /xmlrpc.php HTTP/1.1" 200 731 "-" "Mozilla/5.0 (Windows NT 10.0; Win64; x64) AppleWebKit/537.36 (KHTML, like Gecko) Chrome/76.0.3809.132 Safari/537.36"
34.135.67.110 - - [02/Sep/2021:16:26:20 -0700] "POST /xmlrpc.php HTTP/1.1" 200 731 "-" "Mozilla/5.0 (Windows NT 10.0; Win64; x64) AppleWebKit/537.36 (KHTML, like Gecko) Chrome/76.0.3809.132 Safari/537.36"
34.135.67.110 - - [02/Sep/2021:16:26:21 -0700] "POST /xmlrpc.php HTTP/1.1" 200 731 "-" "Mozilla/5.0 (Windows NT 10.0; Win64; x64) AppleWebKit/537.36 (KHTML, like Gecko) Chrome/76.0.3809.132 Safari/537.36"
34.135.67.110 - - [02/Sep/2021:16:26:21 -0700] "POST /xmlrpc.php HTTP/1.1" 200 733 "-" "Mozilla/5.0 (Windows NT 10.0; Win64; x64) AppleWebKit/537.36 (KHTML, like Gecko) Chrome/76.0.3809.132 Safari/537.36"
34.135.67.110 - - [02/Sep/2021:16:26:22 -0700] "POST /xmlrpc.php HTTP/1.1" 200 733 "-" "Mozilla/5.0 (Windows NT 10.0; Win64; x64) AppleWebKit/537.36 (KHTML, like Gecko) Chrome/76.0.3809.132 Safari/537.36"
34.135.67.110 - - [02/Sep/2021:16:26:22 -0700] "POST /xmlrpc.php HTTP/1.1" 200 731 "-" "Mozilla/5.0 (Windows NT 10.0; Win64; x64) AppleWebKit/537.36 (KHTML, like Gecko) Chrome/76.0.3809.132 Safari/537.36"
34.135.67.110 - - [02/Sep/2021:16:26:22 -0700] "POST /xmlrpc.php HTTP/1.1" 200 731 "-" "Mozilla/5.0 (Windows NT 10.0; Win64; x64) AppleWebKit/537.36 (KHTML, like Gecko) Chrome/76.0.3809.132 Safari/537.36"
34.135.67.110 - - [02/Sep/2021:16:26:23 -0700] "POST /xmlrpc.php HTTP/1.1" 200 731 "-" "Mozilla/5.0 (Windows NT 10.0; Win64; x64) AppleWebKit/537.36 (KHTML, like Gecko) Chrome/76.0.3809.132 Safari/537.36"
34.135.67.110 - - [02/Sep/2021:16:26:23 -0700] "POST /xmlrpc.php HTTP/1.1" 200 731 "-" "Mozilla/5.0 (Windows NT 10.0; Win64; x64) AppleWebKit/537.36 (KHTML, like Gecko) Chrome/76.0.3809.132 Safari/537.36"
34.135.67.110 - - [02/Sep/2021:16:26:24 -0700] "POST /xmlrpc.php HTTP/1.1" 200 731 "-" "Mozilla/5.0 (Windows NT 10.0; Win64; x64) AppleWebKit/537.36 (KHTML, like Gecko) Chrome/76.0.3809.132 Safari/537.36"
34.135.67.110 - - [02/Sep/2021:16:26:24 -0700] "POST /xmlrpc.php HTTP/1.1" 200 731 "-" "Mozilla/5.0 (Windows NT 10.0; Win64; x64) AppleWebKit/537.36 (KHTML, like Gecko) Chrome/76.0.3809.132 Safari/537.36"
34.135.67.110 - - [02/Sep/2021:16:26:25 -0700] "POST /xmlrpc.php HTTP/1.1" 200 733 "-" "Mozilla/5.0 (Windows NT 10.0; Win64; x64) AppleWebKit/537.36 (KHTML, like Gecko) Chrome/76.0.3809.132 Safari/537.36"
34.135.67.110 - - [02/Sep/2021:16:26:25 -0700] "POST /xmlrpc.php HTTP/1.1" 200 731 "-" "Mozilla/5.0 (Windows NT 10.0; Win64; x64) AppleWebKit/537.36 (KHTML, like Gecko) Chrome/76.0.3809.132 Safari/537.36"
34.135.67.110 - - [02/Sep/2021:16:26:26 -0700] "POST /xmlrpc.php HTTP/1.1" 200 731 "-" "Mozilla/5.0 (Windows NT 10.0; Win64; x64) AppleWebKit/537.36 (KHTML, like Gecko) Chrome/76.0.3809.132 Safari/537.36"
34.135.67.110 - - [02/Sep/2021:16:26:27 -0700] "POST /xmlrpc.php HTTP/1.1" 200 731 "-" "Mozilla/5.0 (Windows NT 10.0; Win64; x64) AppleWebKit/537.36 (KHTML, like Gecko) Chrome/76.0.3809.132 Safari/537.36"
34.135.67.110 - - [02/Sep/2021:16:26:27 -0700] "POST /xmlrpc.php HTTP/1.1" 200 710 "-" "Mozilla/5.0 (Windows NT 10.0; Win64; x64) AppleWebKit/537.36 (KHTML, like Gecko) Chrome/76.0.3809.132 Safari/537.36"
34.135.67.110 - - [02/Sep/2021:16:26:28 -0700] "POST /xmlrpc.php HTTP/1.1" 200 710 "-" "Mozilla/5.0 (Windows NT 10.0; Win64; x64) AppleWebKit/537.36 (KHTML, like Gecko) Chrome/76.0.3809.132 Safari/537.36"
34.135.67.110 - - [02/Sep/2021:16:26:28 -0700] "POST /xmlrpc.php HTTP/1.1" 200 710 "-" "Mozilla/5.0 (Windows NT 10.0; Win64; x64) AppleWebKit/537.36 (KHTML, like Gecko) Chrome/76.0.3809.132 Safari/537.36"
34.135.67.110 - - [02/Sep/2021:16:26:28 -0700] "POST /xmlrpc.php HTTP/1.1" 200 710 "-" "Mozilla/5.0 (Windows NT 10.0; Win64; x64) AppleWebKit/537.36 (KHTML, like Gecko) Chrome/76.0.3809.132 Safari/537.36"
34.135.67.110 - - [02/Sep/2021:16:26:29 -0700] "POST /xmlrpc.php HTTP/1.1" 200 710 "-" "Mozilla/5.0 (Windows NT 10.0; Win64; x64) AppleWebKit/537.36 (KHTML, like Gecko) Chrome/76.0.3809.132 Safari/537.36"
34.135.67.110 - - [02/Sep/2021:16:26:30 -0700] "POST /xmlrpc.php HTTP/1.1" 200 710 "-" "Mozilla/5.0 (Windows NT 10.0; Win64; x64) AppleWebKit/537.36 (KHTML, like Gecko) Chrome/76.0.3809.132 Safari/537.36"
34.135.67.110 - - [02/Sep/2021:16:26:31 -0700] "POST /xmlrpc.php HTTP/1.1" 200 710 "-" "Mozilla/5.0 (Windows NT 10.0; Win64; x64) AppleWebKit/537.36 (KHTML, like Gecko) Chrome/76.0.3809.132 Safari/537.36"
34.135.67.110 - - [02/Sep/2021:16:26:31 -0700] "POST /xmlrpc.php HTTP/1.1" 200 731 "-" "Mozilla/5.0 (Windows NT 10.0; Win64; x64) AppleWebKit/537.36 (KHTML, like Gecko) Chrome/76.0.3809.132 Safari/537.36"
34.135.67.110 - - [02/Sep/2021:16:26:31 -0700] "POST /xmlrpc.php HTTP/1.1" 200 710 "-" "Mozilla/5.0 (Windows NT 10.0; Win64; x64) AppleWebKit/537.36 (KHTML, like Gecko) Chrome/76.0.3809.132 Safari/537.36"
139.59.85.224 - - [02/Sep/2021:16:56:05 -0700] "POST /wp-login.php HTTP/1.1" 200 2638 "-" "Mozilla/5.0 (Windows NT 6.1) AppleWebKit/537.36 (KHTML, like Gecko) Chrome/80.0.3987.132 Safari/537.36"
69.163.224.121 - - [02/Sep/2021:16:56:06 -0700] "POST /wp-cron.php?doing_wp_cron=1630626966.0468978881835937500000 HTTP/1.1" 200 258 "http://loveguerranteed.com/wp-cron.php?doing_wp_cron=1630626966.0468978881835937500000" "WordPress/5.8; http://loveguerranteed.com"
204.44.112.138 - - [02/Sep/2021:19:47:13 -0700] "GET / HTTP/1.1" 200 11668 "-" "Mozilla/5.0 (Windows NT 10.0; Win64; x64) AppleWebKit/537.36 (KHTML, like Gecko) Chrome/79.0 Safari/537.36"
204.44.112.138 - - [02/Sep/2021:19:47:16 -0700] "GET /?author=1 HTTP/1.1" 301 382 "-" "Mozilla/5.0 (Windows NT 10.0; Win64; x64) AppleWebKit/537.36 (KHTML, like Gecko) Chrome/79.0 Safari/537.36"
204.44.112.138 - - [02/Sep/2021:19:47:16 -0700] "GET /?author=2 HTTP/1.1" 404 11461 "-" "Mozilla/5.0 (Windows NT 10.0; Win64; x64) AppleWebKit/537.36 (KHTML, like Gecko) Chrome/79.0 Safari/537.36"
204.44.112.138 - - [02/Sep/2021:19:47:17 -0700] "GET /wp-json/wp/v2/users/ HTTP/1.1" 200 1308 "-" "Mozilla/5.0 (Windows NT 10.0; Win64; x64) AppleWebKit/537.36 (KHTML, like Gecko) Chrome/79.0 Safari/537.36"
69.163.224.121 - - [02/Sep/2021:19:47:14 -0700] "POST /wp-cron.php?doing_wp_cron=1630637234.7274250984191894531250 HTTP/1.1" 200 258 "http://loveguerranteed.com/wp-cron.php?doing_wp_cron=1630637234.7274250984191894531250" "WordPress/5.8; http://loveguerranteed.com"
204.44.112.138 - - [02/Sep/2021:19:47:17 -0700] "POST /xmlrpc.php HTTP/1.1" 200 676 "-" "Mozilla/5.0 (Windows NT 10.0; Win64; x64) AppleWebKit/537.36 (KHTML, like Gecko) Chrome/79.0 Safari/537.36"
204.44.112.138 - - [02/Sep/2021:19:47:19 -0700] "POST /xmlrpc.php HTTP/1.1" 200 731 "-" "Mozilla/5.0 (Windows NT 10.0; Win64; x64) AppleWebKit/537.36 (KHTML, like Gecko) Chrome/79.0 Safari/537.36"
204.44.112.138 - - [02/Sep/2021:19:47:20 -0700] "POST /xmlrpc.php HTTP/1.1" 200 710 "-" "Mozilla/5.0 (Windows NT 10.0; Win64; x64) AppleWebKit/537.36 (KHTML, like Gecko) Chrome/79.0 Safari/537.36"
204.44.112.138 - - [02/Sep/2021:19:47:21 -0700] "POST /xmlrpc.php HTTP/1.1" 200 710 "-" "Mozilla/5.0 (Windows NT 10.0; Win64; x64) AppleWebKit/537.36 (KHTML, like Gecko) Chrome/79.0 Safari/537.36"
204.44.112.138 - - [02/Sep/2021:19:47:21 -0700] "POST /xmlrpc.php HTTP/1.1" 200 710 "-" "Mozilla/5.0 (Windows NT 10.0; Win64; x64) AppleWebKit/537.36 (KHTML, like Gecko) Chrome/79.0 Safari/537.36"
204.44.112.138 - - [02/Sep/2021:19:47:22 -0700] "POST /xmlrpc.php HTTP/1.1" 200 731 "-" "Mozilla/5.0 (Windows NT 10.0; Win64; x64) AppleWebKit/537.36 (KHTML, like Gecko) Chrome/79.0 Safari/537.36"
204.44.112.138 - - [02/Sep/2021:19:47:23 -0700] "POST /xmlrpc.php HTTP/1.1" 200 710 "-" "Mozilla/5.0 (Windows NT 10.0; Win64; x64) AppleWebKit/537.36 (KHTML, like Gecko) Chrome/79.0 Safari/537.36"
204.44.112.138 - - [02/Sep/2021:19:47:24 -0700] "POST /xmlrpc.php HTTP/1.1" 200 710 "-" "Mozilla/5.0 (Windows NT 10.0; Win64; x64) AppleWebKit/537.36 (KHTML, like Gecko) Chrome/79.0 Safari/537.36"
204.44.112.138 - - [02/Sep/2021:19:47:28 -0700] "POST /xmlrpc.php HTTP/1.1" 200 710 "-" "Mozilla/5.0 (Windows NT 10.0; Win64; x64) AppleWebKit/537.36 (KHTML, like Gecko) Chrome/79.0 Safari/537.36"
204.44.112.138 - - [02/Sep/2021:19:47:29 -0700] "POST /xmlrpc.php HTTP/1.1" 200 731 "-" "Mozilla/5.0 (Windows NT 10.0; Win64; x64) AppleWebKit/537.36 (KHTML, like Gecko) Chrome/79.0 Safari/537.36"
204.44.112.138 - - [02/Sep/2021:19:47:30 -0700] "POST /xmlrpc.php HTTP/1.1" 200 710 "-" "Mozilla/5.0 (Windows NT 10.0; Win64; x64) AppleWebKit/537.36 (KHTML, like Gecko) Chrome/79.0 Safari/537.36"
204.44.112.138 - - [02/Sep/2021:19:47:30 -0700] "POST /xmlrpc.php HTTP/1.1" 200 710 "-" "Mozilla/5.0 (Windows NT 10.0; Win64; x64) AppleWebKit/537.36 (KHTML, like Gecko) Chrome/79.0 Safari/537.36"
204.44.112.138 - - [02/Sep/2021:19:47:31 -0700] "POST /xmlrpc.php HTTP/1.1" 200 710 "-" "Mozilla/5.0 (Windows NT 10.0; Win64; x64) AppleWebKit/537.36 (KHTML, like Gecko) Chrome/79.0 Safari/537.36"
204.44.112.138 - - [02/Sep/2021:19:47:32 -0700] "POST /xmlrpc.php HTTP/1.1" 200 710 "-" "Mozilla/5.0 (Windows NT 10.0; Win64; x64) AppleWebKit/537.36 (KHTML, like Gecko) Chrome/79.0 Safari/537.36"
204.44.112.138 - - [02/Sep/2021:19:47:33 -0700] "POST /xmlrpc.php HTTP/1.1" 200 731 "-" "Mozilla/5.0 (Windows NT 10.0; Win64; x64) AppleWebKit/537.36 (KHTML, like Gecko) Chrome/79.0 Safari/537.36"
204.44.112.138 - - [02/Sep/2021:19:47:33 -0700] "POST /xmlrpc.php HTTP/1.1" 200 710 "-" "Mozilla/5.0 (Windows NT 10.0; Win64; x64) AppleWebKit/537.36 (KHTML, like Gecko) Chrome/79.0 Safari/537.36"
204.44.112.138 - - [02/Sep/2021:19:47:34 -0700] "POST /xmlrpc.php HTTP/1.1" 200 710 "-" "Mozilla/5.0 (Windows NT 10.0; Win64; x64) AppleWebKit/537.36 (KHTML, like Gecko) Chrome/79.0 Safari/537.36"
204.44.112.138 - - [02/Sep/2021:19:47:35 -0700] "POST /xmlrpc.php HTTP/1.1" 200 710 "-" "Mozilla/5.0 (Windows NT 10.0; Win64; x64) AppleWebKit/537.36 (KHTML, like Gecko) Chrome/79.0 Safari/537.36"
204.44.112.138 - - [02/Sep/2021:19:47:36 -0700] "POST /xmlrpc.php HTTP/1.1" 200 710 "-" "Mozilla/5.0 (Windows NT 10.0; Win64; x64) AppleWebKit/537.36 (KHTML, like Gecko) Chrome/79.0 Safari/537.36"
204.44.112.138 - - [02/Sep/2021:19:47:36 -0700] "POST /xmlrpc.php HTTP/1.1" 200 710 "-" "Mozilla/5.0 (Windows NT 10.0; Win64; x64) AppleWebKit/537.36 (KHTML, like Gecko) Chrome/79.0 Safari/537.36"
204.44.112.138 - - [02/Sep/2021:19:47:38 -0700] "POST /xmlrpc.php HTTP/1.1" 200 710 "-" "Mozilla/5.0 (Windows NT 10.0; Win64; x64) AppleWebKit/537.36 (KHTML, like Gecko) Chrome/79.0 Safari/537.36"
204.44.112.138 - - [02/Sep/2021:19:47:39 -0700] "POST /xmlrpc.php HTTP/1.1" 200 710 "-" "Mozilla/5.0 (Windows NT 10.0; Win64; x64) AppleWebKit/537.36 (KHTML, like Gecko) Chrome/79.0 Safari/537.36"
204.44.112.138 - - [02/Sep/2021:19:47:41 -0700] "POST /xmlrpc.php HTTP/1.1" 200 710 "-" "Mozilla/5.0 (Windows NT 10.0; Win64; x64) AppleWebKit/537.36 (KHTML, like Gecko) Chrome/79.0 Safari/537.36"
204.44.112.138 - - [02/Sep/2021:19:47:42 -0700] "POST /xmlrpc.php HTTP/1.1" 200 731 "-" "Mozilla/5.0 (Windows NT 10.0; Win64; x64) AppleWebKit/537.36 (KHTML, like Gecko) Chrome/79.0 Safari/537.36"
204.44.112.138 - - [02/Sep/2021:19:47:44 -0700] "POST /xmlrpc.php HTTP/1.1" 200 710 "-" "Mozilla/5.0 (Windows NT 10.0; Win64; x64) AppleWebKit/537.36 (KHTML, like Gecko) Chrome/79.0 Safari/537.36"
204.44.112.138 - - [02/Sep/2021:19:47:45 -0700] "POST /xmlrpc.php HTTP/1.1" 200 710 "-" "Mozilla/5.0 (Windows NT 10.0; Win64; x64) AppleWebKit/537.36 (KHTML, like Gecko) Chrome/79.0 Safari/537.36"
204.44.112.138 - - [02/Sep/2021:19:47:46 -0700] "POST /xmlrpc.php HTTP/1.1" 200 710 "-" "Mozilla/5.0 (Windows NT 10.0; Win64; x64) AppleWebKit/537.36 (KHTML, like Gecko) Chrome/79.0 Safari/537.36"
204.44.112.138 - - [02/Sep/2021:19:47:48 -0700] "POST /xmlrpc.php HTTP/1.1" 200 710 "-" "Mozilla/5.0 (Windows NT 10.0; Win64; x64) AppleWebKit/537.36 (KHTML, like Gecko) Chrome/79.0 Safari/537.36"
204.44.112.138 - - [02/Sep/2021:19:47:49 -0700] "POST /xmlrpc.php HTTP/1.1" 200 710 "-" "Mozilla/5.0 (Windows NT 10.0; Win64; x64) AppleWebKit/537.36 (KHTML, like Gecko) Chrome/79.0 Safari/537.36"
204.44.112.138 - - [02/Sep/2021:19:47:50 -0700] "POST /xmlrpc.php HTTP/1.1" 200 710 "-" "Mozilla/5.0 (Windows NT 10.0; Win64; x64) AppleWebKit/537.36 (KHTML, like Gecko) Chrome/79.0 Safari/537.36"
204.44.112.138 - - [02/Sep/2021:19:47:51 -0700] "POST /xmlrpc.php HTTP/1.1" 200 731 "-" "Mozilla/5.0 (Windows NT 10.0; Win64; x64) AppleWebKit/537.36 (KHTML, like Gecko) Chrome/79.0 Safari/537.36"
204.44.112.138 - - [02/Sep/2021:19:47:52 -0700] "POST /xmlrpc.php HTTP/1.1" 200 710 "-" "Mozilla/5.0 (Windows NT 10.0; Win64; x64) AppleWebKit/537.36 (KHTML, like Gecko) Chrome/79.0 Safari/537.36"
204.44.112.138 - - [02/Sep/2021:19:47:52 -0700] "POST /xmlrpc.php HTTP/1.1" 200 710 "-" "Mozilla/5.0 (Windows NT 10.0; Win64; x64) AppleWebKit/537.36 (KHTML, like Gecko) Chrome/79.0 Safari/537.36"
204.44.112.138 - - [02/Sep/2021:19:47:53 -0700] "POST /xmlrpc.php HTTP/1.1" 200 710 "-" "Mozilla/5.0 (Windows NT 10.0; Win64; x64) AppleWebKit/537.36 (KHTML, like Gecko) Chrome/79.0 Safari/537.36"
204.44.112.138 - - [02/Sep/2021:19:47:54 -0700] "POST /xmlrpc.php HTTP/1.1" 200 710 "-" "Mozilla/5.0 (Windows NT 10.0; Win64; x64) AppleWebKit/537.36 (KHTML, like Gecko) Chrome/79.0 Safari/537.36"
204.44.112.138 - - [02/Sep/2021:19:47:55 -0700] "POST /xmlrpc.php HTTP/1.1" 200 710 "-" "Mozilla/5.0 (Windows NT 10.0; Win64; x64) AppleWebKit/537.36 (KHTML, like Gecko) Chrome/79.0 Safari/537.36"
204.44.112.138 - - [02/Sep/2021:19:47:55 -0700] "POST /xmlrpc.php HTTP/1.1" 200 710 "-" "Mozilla/5.0 (Windows NT 10.0; Win64; x64) AppleWebKit/537.36 (KHTML, like Gecko) Chrome/79.0 Safari/537.36"
204.44.112.138 - - [02/Sep/2021:19:47:56 -0700] "POST /xmlrpc.php HTTP/1.1" 200 710 "-" "Mozilla/5.0 (Windows NT 10.0; Win64; x64) AppleWebKit/537.36 (KHTML, like Gecko) Chrome/79.0 Safari/537.36"
204.44.112.138 - - [02/Sep/2021:19:47:57 -0700] "POST /xmlrpc.php HTTP/1.1" 200 710 "-" "Mozilla/5.0 (Windows NT 10.0; Win64; x64) AppleWebKit/537.36 (KHTML, like Gecko) Chrome/79.0 Safari/537.36"
204.44.112.138 - - [02/Sep/2021:19:47:58 -0700] "POST /xmlrpc.php HTTP/1.1" 200 731 "-" "Mozilla/5.0 (Windows NT 10.0; Win64; x64) AppleWebKit/537.36 (KHTML, like Gecko) Chrome/79.0 Safari/537.36"
204.44.112.138 - - [02/Sep/2021:19:47:58 -0700] "POST /xmlrpc.php HTTP/1.1" 200 731 "-" "Mozilla/5.0 (Windows NT 10.0; Win64; x64) AppleWebKit/537.36 (KHTML, like Gecko) Chrome/79.0 Safari/537.36"
204.44.112.138 - - [02/Sep/2021:19:47:59 -0700] "POST /xmlrpc.php HTTP/1.1" 200 710 "-" "Mozilla/5.0 (Windows NT 10.0; Win64; x64) AppleWebKit/537.36 (KHTML, like Gecko) Chrome/79.0 Safari/537.36"
204.44.112.138 - - [02/Sep/2021:19:48:00 -0700] "POST /xmlrpc.php HTTP/1.1" 200 710 "-" "Mozilla/5.0 (Windows NT 10.0; Win64; x64) AppleWebKit/537.36 (KHTML, like Gecko) Chrome/79.0 Safari/537.36"
204.44.112.138 - - [02/Sep/2021:19:48:01 -0700] "POST /xmlrpc.php HTTP/1.1" 200 710 "-" "Mozilla/5.0 (Windows NT 10.0; Win64; x64) AppleWebKit/537.36 (KHTML, like Gecko) Chrome/79.0 Safari/537.36"
204.44.112.138 - - [02/Sep/2021:19:48:01 -0700] "POST /xmlrpc.php HTTP/1.1" 200 710 "-" "Mozilla/5.0 (Windows NT 10.0; Win64; x64) AppleWebKit/537.36 (KHTML, like Gecko) Chrome/79.0 Safari/537.36"
204.44.112.138 - - [02/Sep/2021:19:48:02 -0700] "POST /xmlrpc.php HTTP/1.1" 200 731 "-" "Mozilla/5.0 (Windows NT 10.0; Win64; x64) AppleWebKit/537.36 (KHTML, like Gecko) Chrome/79.0 Safari/537.36"
204.44.112.138 - - [02/Sep/2021:19:48:03 -0700] "POST /xmlrpc.php HTTP/1.1" 200 710 "-" "Mozilla/5.0 (Windows NT 10.0; Win64; x64) AppleWebKit/537.36 (KHTML, like Gecko) Chrome/79.0 Safari/537.36"
204.44.112.138 - - [02/Sep/2021:19:48:04 -0700] "POST /xmlrpc.php HTTP/1.1" 200 710 "-" "Mozilla/5.0 (Windows NT 10.0; Win64; x64) AppleWebKit/537.36 (KHTML, like Gecko) Chrome/79.0 Safari/537.36"
204.44.112.138 - - [02/Sep/2021:19:48:04 -0700] "POST /xmlrpc.php HTTP/1.1" 200 731 "-" "Mozilla/5.0 (Windows NT 10.0; Win64; x64) AppleWebKit/537.36 (KHTML, like Gecko) Chrome/79.0 Safari/537.36"
204.44.112.138 - - [02/Sep/2021:19:48:05 -0700] "POST /xmlrpc.php HTTP/1.1" 200 710 "-" "Mozilla/5.0 (Windows NT 10.0; Win64; x64) AppleWebKit/537.36 (KHTML, like Gecko) Chrome/79.0 Safari/537.36"
204.44.112.138 - - [02/Sep/2021:19:48:06 -0700] "POST /xmlrpc.php HTTP/1.1" 200 710 "-" "Mozilla/5.0 (Windows NT 10.0; Win64; x64) AppleWebKit/537.36 (KHTML, like Gecko) Chrome/79.0 Safari/537.36"
204.44.112.138 - - [02/Sep/2021:19:48:07 -0700] "POST /xmlrpc.php HTTP/1.1" 200 710 "-" "Mozilla/5.0 (Windows NT 10.0; Win64; x64) AppleWebKit/537.36 (KHTML, like Gecko) Chrome/79.0 Safari/537.36"
204.44.112.138 - - [02/Sep/2021:19:48:07 -0700] "POST /xmlrpc.php HTTP/1.1" 200 710 "-" "Mozilla/5.0 (Windows NT 10.0; Win64; x64) AppleWebKit/537.36 (KHTML, like Gecko) Chrome/79.0 Safari/537.36"
204.44.112.138 - - [02/Sep/2021:19:48:08 -0700] "POST /xmlrpc.php HTTP/1.1" 200 710 "-" "Mozilla/5.0 (Windows NT 10.0; Win64; x64) AppleWebKit/537.36 (KHTML, like Gecko) Chrome/79.0 Safari/537.36"
204.44.112.138 - - [02/Sep/2021:19:48:09 -0700] "POST /xmlrpc.php HTTP/1.1" 200 710 "-" "Mozilla/5.0 (Windows NT 10.0; Win64; x64) AppleWebKit/537.36 (KHTML, like Gecko) Chrome/79.0 Safari/537.36"
204.44.112.138 - - [02/Sep/2021:19:48:10 -0700] "POST /xmlrpc.php HTTP/1.1" 200 710 "-" "Mozilla/5.0 (Windows NT 10.0; Win64; x64) AppleWebKit/537.36 (KHTML, like Gecko) Chrome/79.0 Safari/537.36"
204.44.112.138 - - [02/Sep/2021:19:48:11 -0700] "POST /xmlrpc.php HTTP/1.1" 200 710 "-" "Mozilla/5.0 (Windows NT 10.0; Win64; x64) AppleWebKit/537.36 (KHTML, like Gecko) Chrome/79.0 Safari/537.36"
204.44.112.138 - - [02/Sep/2021:19:48:11 -0700] "POST /xmlrpc.php HTTP/1.1" 200 710 "-" "Mozilla/5.0 (Windows NT 10.0; Win64; x64) AppleWebKit/537.36 (KHTML, like Gecko) Chrome/79.0 Safari/537.36"
204.44.112.138 - - [02/Sep/2021:19:48:12 -0700] "POST /xmlrpc.php HTTP/1.1" 200 710 "-" "Mozilla/5.0 (Windows NT 10.0; Win64; x64) AppleWebKit/537.36 (KHTML, like Gecko) Chrome/79.0 Safari/537.36"
204.44.112.138 - - [02/Sep/2021:19:48:13 -0700] "POST /xmlrpc.php HTTP/1.1" 200 710 "-" "Mozilla/5.0 (Windows NT 10.0; Win64; x64) AppleWebKit/537.36 (KHTML, like Gecko) Chrome/79.0 Safari/537.36"
52.15.99.223 - - [02/Sep/2021:20:49:53 -0700] "GET / HTTP/1.1" 200 4291 "-" "Mozilla/5.0 (X11; Linux x86_64) AppleWebKit/537.36 (KHTML, like Gecko) Chrome/88.0.4324.150 Safari/537.36"
52.15.99.223 - - [02/Sep/2021:20:49:55 -0700] "GET /wp-includes/css/dist/block-library/style.min.css?ver=5.8 HTTP/1.1" 200 11340 "http://loveguerranteed.com/" "Mozilla/5.0 (X11; Linux x86_64) AppleWebKit/537.36 (KHTML, like Gecko) Chrome/88.0.4324.150 Safari/537.36"
52.15.99.223 - - [02/Sep/2021:20:49:55 -0700] "GET /wp-content/themes/twentytwentyone/assets/js/responsive-embeds.js?ver=1.4 HTTP/1.1" 200 951 "http://loveguerranteed.com/" "Mozilla/5.0 (X11; Linux x86_64) AppleWebKit/537.36 (KHTML, like Gecko) Chrome/88.0.4324.150 Safari/537.36"
52.15.99.223 - - [02/Sep/2021:20:49:55 -0700] "GET /wp-content/themes/twentytwentyone/style.css?ver=1.4 HTTP/1.1" 200 24096 "http://loveguerranteed.com/" "Mozilla/5.0 (X11; Linux x86_64) AppleWebKit/537.36 (KHTML, like Gecko) Chrome/88.0.4324.150 Safari/537.36"
52.15.99.223 - - [02/Sep/2021:20:49:55 -0700] "GET /wp-includes/js/wp-embed.min.js?ver=5.8 HTTP/1.1" 200 1148 "http://loveguerranteed.com/" "Mozilla/5.0 (X11; Linux x86_64) AppleWebKit/537.36 (KHTML, like Gecko) Chrome/88.0.4324.150 Safari/537.36"
52.15.99.223 - - [02/Sep/2021:20:49:55 -0700] "GET /wp-includes/js/wp-emoji-release.min.js?ver=5.8 HTTP/1.1" 200 5405 "http://loveguerranteed.com/" "Mozilla/5.0 (X11; Linux x86_64) AppleWebKit/537.36 (KHTML, like Gecko) Chrome/88.0.4324.150 Safari/537.36"
52.15.99.223 - - [02/Sep/2021:20:49:55 -0700] "GET /wp-content/themes/twentytwentyone/assets/css/print.css?ver=1.4 HTTP/1.1" 200 1479 "http://loveguerranteed.com/" "Mozilla/5.0 (X11; Linux x86_64) AppleWebKit/537.36 (KHTML, like Gecko) Chrome/88.0.4324.150 Safari/537.36"
69.163.224.121 - - [02/Sep/2021:20:49:54 -0700] "POST /wp-cron.php?doing_wp_cron=1630640994.2747559547424316406250 HTTP/1.1" 200 279 "http://loveguerranteed.com/wp-cron.php?doing_wp_cron=1630640994.2747559547424316406250" "WordPress/5.8; http://loveguerranteed.com"
52.15.99.223 - - [02/Sep/2021:20:49:59 -0700] "GET /favicon.ico HTTP/1.1" 200 391 "-" "Mozilla/5.0 (X11; Linux x86_64) AppleWebKit/537.36 (KHTML, like Gecko) Chrome/88.0.4324.150 Safari/537.36"
185.81.157.200 - - [02/Sep/2021:21:27:15 -0700] "GET /dup-installer/main.installer.php HTTP/1.1" 404 11447 "-" "Python-urllib/2.7"
69.163.224.121 - - [02/Sep/2021:21:27:15 -0700] "POST /wp-cron.php?doing_wp_cron=1630643235.8628299236297607421875 HTTP/1.1" 200 279 "http://loveguerranteed.com/wp-cron.php?doing_wp_cron=1630643235.8628299236297607421875" "WordPress/5.8; http://loveguerranteed.com"
67.205.61.254 - - [02/Sep/2021:23:29:57 -0700] "GET /wp-login.php HTTP/1.1" 200 2531 "-" "Mozilla/5.0 (X11; Ubuntu; Linux x86_64; rv:62.0) Gecko/20100101 Firefox/62.0"
69.163.224.121 - - [02/Sep/2021:23:29:58 -0700] "POST /wp-cron.php?doing_wp_cron=1630650598.2508819103240966796875 HTTP/1.1" 200 279 "http://loveguerranteed.com/wp-cron.php?doing_wp_cron=1630650598.2508819103240966796875" "WordPress/5.8; http://loveguerranteed.com"
67.205.61.254 - - [02/Sep/2021:23:29:59 -0700] "GET ///?author=1 HTTP/1.1" 301 368 "-" "Mozilla/5.0 (X11; Ubuntu; Linux x86_64; rv:62.0) Gecko/20100101 Firefox/62.0"
67.205.61.254 - - [02/Sep/2021:23:30:00 -0700] "GET /author/loveguerranteed_owzb2w/ HTTP/1.1" 200 4456 "http://loveguerranteed.com///?author=1" "Mozilla/5.0 (X11; Ubuntu; Linux x86_64; rv:62.0) Gecko/20100101 Firefox/62.0"
67.205.61.254 - - [02/Sep/2021:23:30:00 -0700] "GET ///wp-json/wp/v2/users/ HTTP/1.1" 200 1294 "-" "Mozilla/5.0 (X11; Ubuntu; Linux x86_64; rv:62.0) Gecko/20100101 Firefox/62.0"
67.205.61.254 - - [02/Sep/2021:23:30:00 -0700] "GET ///?author=2 HTTP/1.1" 301 372 "-" "Mozilla/5.0 (X11; Ubuntu; Linux x86_64; rv:62.0) Gecko/20100101 Firefox/62.0"
67.205.61.254 - - [02/Sep/2021:23:30:01 -0700] "GET /?author=2 HTTP/1.1" 404 11447 "http://loveguerranteed.com///?author=2" "Mozilla/5.0 (X11; Ubuntu; Linux x86_64; rv:62.0) Gecko/20100101 Firefox/62.0"
47.52.135.58 - - [02/Sep/2021:23:52:54 -0700] "GET /wp-includes/SimplePie/Canonical.php HTTP/1.1" 404 11440 "http://simplesite.com" "Mozilla/5.0 (Windows; U; Windows NT 5.1; en-US) AppleWebKit/533.4 (KHTML, like Gecko) Chrome/5.0.375.99 Safari/533.4"
47.52.135.58 - - [02/Sep/2021:23:52:58 -0700] "GET /wp-includes/SimplePie/Canonical.php HTTP/1.1" 404 11440 "http://simplesite.com" "Mozilla/5.0 (Windows; U; Windows NT 5.1; en-US) AppleWebKit/533.4 (KHTML, like Gecko) Chrome/5.0.375.99 Safari/533.4"
82.165.83.130 - - [03/Sep/2021:00:32:38 -0700] "GET /wp-info.php HTTP/1.1" 404 11440 "http://simplesite.com" "Mozilla/5.0 (Windows; U; Windows NT 5.1; en-US) AppleWebKit/533.4 (KHTML, like Gecko) Chrome/5.0.375.99 Safari/533.4"
69.163.224.121 - - [03/Sep/2021:00:32:38 -0700] "POST /wp-cron.php?doing_wp_cron=1630654358.6937160491943359375000 HTTP/1.1" 200 258 "http://loveguerranteed.com/wp-cron.php?doing_wp_cron=1630654358.6937160491943359375000" "WordPress/5.8; http://loveguerranteed.com"
46.235.40.115 - - [03/Sep/2021:01:02:49 -0700] "GET /wp-content/wp-info.php HTTP/1.1" 404 11440 "http://simplesite.com" "Mozilla/5.0 (Windows; U; Windows NT 5.1; en-US) AppleWebKit/533.4 (KHTML, like Gecko) Chrome/5.0.375.99 Safari/533.4"
69.163.224.121 - - [03/Sep/2021:01:02:50 -0700] "POST /wp-cron.php?doing_wp_cron=1630656170.0293300151824951171875 HTTP/1.1" 200 279 "http://loveguerranteed.com/wp-cron.php?doing_wp_cron=1630656170.0293300151824951171875" "WordPress/5.8; http://loveguerranteed.com"