66.249.79.5 - - [24/Oct/2025:06:09:47 -0700] "GET /shopdetail9054024?kg=0008978694 HTTP/1.1" 200 32209 "-" "Mozilla/5.0 (Linux; Android 6.0.1; Nexus 5X Build/MMB29P) AppleWebKit/537.36 (KHTML, like Gecko) Chrome/141.0.7390.122 Mobile Safari/537.36 (compatible; Googlebot/2.1; +http://www.google.com/bot.html)" 
66.249.68.134 - - [24/Oct/2025:06:09:53 -0700] "GET /shopdetail71935672?kg=0071336328 HTTP/1.1" 200 32116 "-" "Mozilla/5.0 (Linux; Android 6.0.1; Nexus 5X Build/MMB29P) AppleWebKit/537.36 (KHTML, like Gecko) Chrome/141.0.7390.122 Mobile Safari/537.36 (compatible; GoogleOther)" 
66.249.68.133 - - [24/Oct/2025:06:10:36 -0700] "GET /shopdetail307629928?kg=0305066466 HTTP/1.1" 200 31557 "-" "Mozilla/5.0 (Linux; Android 6.0.1; Nexus 5X Build/MMB29P) AppleWebKit/537.36 (KHTML, like Gecko) Chrome/141.0.7390.122 Mobile Safari/537.36 (compatible; GoogleOther)" 
66.249.79.4 - - [24/Oct/2025:06:11:51 -0700] "GET /shopdetail7147872?kg=0007088427 HTTP/1.1" 200 31346 "-" "Mozilla/5.0 (Linux; Android 6.0.1; Nexus 5X Build/MMB29P) AppleWebKit/537.36 (KHTML, like Gecko) Chrome/141.0.7390.122 Mobile Safari/537.36 (compatible; Googlebot/2.1; +http://www.google.com/bot.html)" 
66.249.68.133 - - [24/Oct/2025:06:12:31 -0700] "GET /shopdetail307619240?kg=0305055866 HTTP/1.1" 200 31682 "-" "Mozilla/5.0 (Linux; Android 6.0.1; Nexus 5X Build/MMB29P) AppleWebKit/537.36 (KHTML, like Gecko) Chrome/141.0.7390.122 Mobile Safari/537.36 (compatible; GoogleOther)" 
34.1.21.170 - - [24/Oct/2025:06:12:33 -0700] "GET / HTTP/2.0" 429 348 "http://www.biblioglow.com/" "Mozilla/5.0 (Macintosh; Intel Mac OS X 10_15_7) AppleWebKit/537.36 (KHTML, like Gecko) Chrome/135.0.0.0 Safari/537.36" 
34.1.21.170 - - [24/Oct/2025:06:12:41 -0700] "GET / HTTP/2.0" 429 348 "http://www.biblioglow.com/" "Mozilla/5.0 (Macintosh; Intel Mac OS X 10_15_7) AppleWebKit/537.36 (KHTML, like Gecko) Chrome/135.0.0.0 Safari/537.36" 
66.249.68.135 - - [24/Oct/2025:06:13:14 -0700] "GET /shopdetail72123016?kg=0071522110 HTTP/1.1" 200 32795 "-" "Mozilla/5.0 (Linux; Android 6.0.1; Nexus 5X Build/MMB29P) AppleWebKit/537.36 (KHTML, like Gecko) Chrome/141.0.7390.122 Mobile Safari/537.36 (compatible; GoogleOther)" 
84.54.44.19 - - [24/Oct/2025:06:14:50 -0700] "GET /2020/07/03/the-hamilton-affair-discussion-questions/ HTTP/1.0" 429 3582 "https://www.biblioglow.com/2020/07/03/the-hamilton-affair-discussion-questions/#comment-1462/" "Mozilla/5.0 (Windows NT 10.0; Win64; x64) AppleWebKit/537.36 (KHTML, like Gecko) Chrome/131.0.0.0 Safari/537.36" 
84.54.44.19 - - [24/Oct/2025:06:14:51 -0700] "GET / HTTP/1.0" 429 3582 "https://www.biblioglow.com/" "Mozilla/5.0 (Windows NT 10.0; Win64; x64) AppleWebKit/537.36 (KHTML, like Gecko) Chrome/131.0.0.0 Safari/537.36" 
66.249.68.133 - - [24/Oct/2025:06:15:09 -0700] "GET /shopdetail30852464?kg=0030595481 HTTP/1.1" 200 31046 "-" "Mozilla/5.0 (Linux; Android 6.0.1; Nexus 5X Build/MMB29P) AppleWebKit/537.36 (KHTML, like Gecko) Chrome/141.0.7390.122 Mobile Safari/537.36 (compatible; GoogleOther)" 
84.54.44.19 - - [24/Oct/2025:06:15:28 -0700] "GET /2020/07/03/the-hamilton-affair-discussion-questions/ HTTP/1.0" 429 3582 "https://www.biblioglow.com/2020/07/03/the-hamilton-affair-discussion-questions/#comment-1462/" "Mozilla/5.0 (Windows NT 10.0; Win64; x64) AppleWebKit/537.36 (KHTML, like Gecko) Chrome/131.0.0.0 Safari/537.36 Avast/131.0.0.0" 
84.54.44.19 - - [24/Oct/2025:06:15:29 -0700] "GET / HTTP/1.0" 429 3582 "https://www.biblioglow.com/" "Mozilla/5.0 (Windows NT 10.0; Win64; x64) AppleWebKit/537.36 (KHTML, like Gecko) Chrome/131.0.0.0 Safari/537.36 Avast/131.0.0.0" 
66.249.68.133 - - [24/Oct/2025:06:15:52 -0700] "GET /shopdetail56448952?kg=0055978664 HTTP/1.1" 200 31075 "-" "Mozilla/5.0 (Linux; Android 6.0.1; Nexus 5X Build/MMB29P) AppleWebKit/537.36 (KHTML, like Gecko) Chrome/141.0.7390.122 Mobile Safari/537.36 (compatible; GoogleOther)" 
66.249.68.135 - - [24/Oct/2025:06:17:54 -0700] "GET /shopdetail71925104?kg=0071325849 HTTP/1.1" 200 33124 "-" "Mozilla/5.0 (Linux; Android 6.0.1; Nexus 5X Build/MMB29P) AppleWebKit/537.36 (KHTML, like Gecko) Chrome/141.0.7390.122 Mobile Safari/537.36 (compatible; GoogleOther)" 
66.249.68.135 - - [24/Oct/2025:06:18:36 -0700] "GET /shopdetail30854808?kg=0030597804 HTTP/1.1" 200 31310 "-" "Mozilla/5.0 (Linux; Android 6.0.1; Nexus 5X Build/MMB29P) AppleWebKit/537.36 (KHTML, like Gecko) Chrome/141.0.7390.122 Mobile Safari/537.36 (compatible; GoogleOther)" 
66.249.68.135 - - [24/Oct/2025:06:18:37 -0700] "GET /shopdetail68375584?kg=0067805907 HTTP/1.1" 200 30987 "-" "Mozilla/5.0 (Linux; Android 6.0.1; Nexus 5X Build/MMB29P) AppleWebKit/537.36 (KHTML, like Gecko) Chrome/141.0.7390.122 Mobile Safari/537.36 (compatible; Googlebot/2.1; +http://www.google.com/bot.html)" 
54.39.6.216 - - [24/Oct/2025:06:19:44 -0700] "GET /sitemap.xml HTTP/2.0" 200 7681 "-" "Mozilla/5.0 (compatible; AhrefsBot/7.0; +http://ahrefs.com/robot/)" 
66.249.68.133 - - [24/Oct/2025:06:20:25 -0700] "GET /shopdetail56279992?kg=0055811112 HTTP/1.1" 200 31052 "-" "Mozilla/5.0 (Linux; Android 6.0.1; Nexus 5X Build/MMB29P) AppleWebKit/537.36 (KHTML, like Gecko) Chrome/141.0.7390.122 Mobile Safari/537.36 (compatible; GoogleOther)" 
66.249.68.135 - - [24/Oct/2025:06:21:08 -0700] "GET /shopdetail56517800?kg=0056046938 HTTP/1.1" 200 32031 "-" "Mozilla/5.0 (Linux; Android 6.0.1; Nexus 5X Build/MMB29P) AppleWebKit/537.36 (KHTML, like Gecko) Chrome/141.0.7390.122 Mobile Safari/537.36 (compatible; GoogleOther)" 
84.54.44.19 - - [24/Oct/2025:06:21:48 -0700] "GET /2020/07/03/the-hamilton-affair-discussion-questions/ HTTP/1.0" 429 3582 "https://www.biblioglow.com/2020/07/03/the-hamilton-affair-discussion-questions/#comment-1462/" "Mozilla/5.0 (Windows NT 10.0; Win64; x64) AppleWebKit/537.36 (KHTML, like Gecko) Chrome/129.0.0.0 Safari/537.36" 
84.54.44.19 - - [24/Oct/2025:06:21:49 -0700] "GET / HTTP/1.0" 429 3582 "https://www.biblioglow.com/" "Mozilla/5.0 (Windows NT 10.0; Win64; x64) AppleWebKit/537.36 (KHTML, like Gecko) Chrome/129.0.0.0 Safari/537.36" 
66.249.68.134 - - [24/Oct/2025:06:23:04 -0700] "GET /shopdetail307607040?kg=0305043767 HTTP/1.1" 200 30670 "-" "Mozilla/5.0 (Linux; Android 6.0.1; Nexus 5X Build/MMB29P) AppleWebKit/537.36 (KHTML, like Gecko) Chrome/141.0.7390.122 Mobile Safari/537.36 (compatible; GoogleOther)" 
66.249.68.133 - - [24/Oct/2025:06:23:46 -0700] "GET /shopdetail308130912?kg=0305563275 HTTP/1.1" 200 31093 "-" "Mozilla/5.0 (Linux; Android 6.0.1; Nexus 5X Build/MMB29P) AppleWebKit/537.36 (KHTML, like Gecko) Chrome/141.0.7390.122 Mobile Safari/537.36 (compatible; GoogleOther)" 
52.167.144.159 - - [24/Oct/2025:06:25:37 -0700] "GET /shopdetail80251872?kg=0079583227 HTTP/2.0" 200 27270 "-" "Mozilla/5.0 AppleWebKit/537.36 (KHTML, like Gecko; compatible; bingbot/2.0; +http://www.bing.com/bingbot.htm) Chrome/116.0.1938.76 Safari/537.36" 
66.249.68.135 - - [24/Oct/2025:06:25:40 -0700] "GET /shopdetail30827656?kg=0030570878 HTTP/1.1" 200 32498 "-" "Mozilla/5.0 (Linux; Android 6.0.1; Nexus 5X Build/MMB29P) AppleWebKit/537.36 (KHTML, like Gecko) Chrome/141.0.7390.122 Mobile Safari/537.36 (compatible; GoogleOther)" 
66.249.79.5 - - [24/Oct/2025:06:25:42 -0700] "GET /shopdetail6967664?kg=0006909721 HTTP/1.1" 200 31179 "-" "Mozilla/5.0 (compatible; Googlebot/2.1; +http://www.google.com/bot.html)" 
66.249.79.6 - - [24/Oct/2025:06:27:24 -0700] "GET /shopdetail6999896?kg=0006941684 HTTP/1.1" 200 32414 "-" "Mozilla/5.0 (compatible; Googlebot/2.1; +http://www.google.com/bot.html)" 
52.167.144.166 - - [24/Oct/2025:06:27:25 -0700] "GET /shopdetail138932968?kg=0137775314 HTTP/2.0" 200 27087 "-" "Mozilla/5.0 AppleWebKit/537.36 (KHTML, like Gecko; compatible; bingbot/2.0; +http://www.bing.com/bingbot.htm) Chrome/116.0.1938.76 Safari/537.36" 
66.249.79.4 - - [24/Oct/2025:06:27:54 -0700] "GET /shopdetail8617776?kg=0008546081 HTTP/1.1" 200 30866 "-" "Mozilla/5.0 (Linux; Android 6.0.1; Nexus 5X Build/MMB29P) AppleWebKit/537.36 (KHTML, like Gecko) Chrome/141.0.7390.122 Mobile Safari/537.36 (compatible; Googlebot/2.1; +http://www.google.com/bot.html)" 
66.249.68.135 - - [24/Oct/2025:06:28:18 -0700] "GET /shopdetail157964976?kg=0156648721 HTTP/1.1" 200 31190 "-" "Mozilla/5.0 (Linux; Android 6.0.1; Nexus 5X Build/MMB29P) AppleWebKit/537.36 (KHTML, like Gecko) Chrome/141.0.7390.122 Mobile Safari/537.36 (compatible; GoogleOther)" 
93.183.92.77 - - [24/Oct/2025:06:28:34 -0700] "GET /2020/06/28/post-5/ HTTP/1.0" 429 3582 "https://www.biblioglow.com/2020/06/28/post-5/" "Mozilla/5.0 (Windows NT 10.0; Win64; x64) AppleWebKit/537.36 (KHTML, like Gecko) Chrome/131.0.0.0 Safari/537.36 Avast/131.0.0.0" 
93.183.92.77 - - [24/Oct/2025:06:28:35 -0700] "GET / HTTP/1.0" 429 3582 "https://www.biblioglow.com/" "Mozilla/5.0 (Windows NT 10.0; Win64; x64) AppleWebKit/537.36 (KHTML, like Gecko) Chrome/131.0.0.0 Safari/537.36 Avast/131.0.0.0" 
66.249.68.135 - - [24/Oct/2025:06:29:26 -0700] "GET /shopdetail1888448?kg=0001872831 HTTP/1.1" 200 31777 "-" "Mozilla/5.0 (compatible; Googlebot/2.1; +http://www.google.com/bot.html)" 
66.249.68.135 - - [24/Oct/2025:06:30:56 -0700] "GET /shopdetail157983768?kg=0156667356 HTTP/1.1" 200 31918 "-" "Mozilla/5.0 (Linux; Android 6.0.1; Nexus 5X Build/MMB29P) AppleWebKit/537.36 (KHTML, like Gecko) Chrome/141.0.7390.122 Mobile Safari/537.36 (compatible; GoogleOther)" 
82.223.122.88 - - [24/Oct/2025:06:33:20 -0700] "GET /wp-login.php HTTP/2.0" 429 351 "-" "Mozilla/5.0 (Macintosh; Intel Mac OS X 10_12_3) AppleWebKit/602.4.8 (KHTML, like Gecko) Version/10.0.3 Safari/602.4.8" 
82.223.122.88 - - [24/Oct/2025:06:33:24 -0700] "POST /wp-login.php HTTP/2.0" 429 278 "https://www.biblioglow.com/wp-login.php" "Mozilla/5.0 (Macintosh; Intel Mac OS X 10_12_3) AppleWebKit/602.4.8 (KHTML, like Gecko) Version/10.0.3 Safari/602.4.8" 
66.249.68.134 - - [24/Oct/2025:06:33:34 -0700] "GET /shopdetail307611560?kg=0305048250 HTTP/1.1" 200 31853 "-" "Mozilla/5.0 (Linux; Android 6.0.1; Nexus 5X Build/MMB29P) AppleWebKit/537.36 (KHTML, like Gecko) Chrome/141.0.7390.122 Mobile Safari/537.36 (compatible; GoogleOther)" 
66.249.68.135 - - [24/Oct/2025:06:34:11 -0700] "GET /shopdetail30430624?kg=0030177155 HTTP/1.1" 200 31114 "-" "Mozilla/5.0 (Linux; Android 6.0.1; Nexus 5X Build/MMB29P) AppleWebKit/537.36 (KHTML, like Gecko) Chrome/141.0.7390.122 Mobile Safari/537.36 (compatible; GoogleOther)" 
66.249.68.134 - - [24/Oct/2025:06:35:14 -0700] "GET /shopdetail307816728?kg=0305251708 HTTP/1.1" 200 31063 "-" "Mozilla/5.0 (Linux; Android 6.0.1; Nexus 5X Build/MMB29P) AppleWebKit/537.36 (KHTML, like Gecko) Chrome/141.0.7390.122 Mobile Safari/537.36 (compatible; GoogleOther)" 
66.249.68.133 - - [24/Oct/2025:06:36:22 -0700] "GET /shopdetail319466320?kg=0316804221 HTTP/1.1" 200 31104 "-" "Mozilla/5.0 (Linux; Android 6.0.1; Nexus 5X Build/MMB29P) AppleWebKit/537.36 (KHTML, like Gecko) Chrome/141.0.7390.122 Mobile Safari/537.36 (compatible; GoogleOther)" 
213.135.159.225 - - [24/Oct/2025:06:36:30 -0700] "GET /2020/07/03/the-hamilton-affair-discussion-questions/ HTTP/1.0" 200 89614 "https://www.biblioglow.com/2020/07/03/the-hamilton-affair-discussion-questions/" "Mozilla/5.0 (Windows NT 10.0; Win64; x64) AppleWebKit/537.36 (KHTML, like Gecko) Chrome/131.0.0.0 Safari/537.36 Avast/131.0.0.0" 
64.90.53.137 - - [24/Oct/2025:06:36:32 -0700] "POST /wp-cron.php?doing_wp_cron=1761312992.2754800319671630859375 HTTP/1.1" 200 3634 "https://www.biblioglow.com/wp-cron.php?doing_wp_cron=1761312992.2754800319671630859375" "WordPress/6.1.9; https://www.biblioglow.com" 
213.135.159.225 - - [24/Oct/2025:06:36:35 -0700] "POST /wp-comments-post.php HTTP/1.0" 302 4045 "https://www.biblioglow.com/2020/07/03/the-hamilton-affair-discussion-questions/" "Mozilla/5.0 (Windows NT 10.0; Win64; x64) AppleWebKit/537.36 (KHTML, like Gecko) Chrome/131.0.0.0 Safari/537.36 Avast/131.0.0.0" 
213.135.159.225 - - [24/Oct/2025:06:36:37 -0700] "GET /2020/07/03/the-hamilton-affair-discussion-questions/ HTTP/1.0" 200 91908 "https://www.biblioglow.com/2020/07/03/the-hamilton-affair-discussion-questions/#comment-19417" "Mozilla/5.0 (Windows NT 10.0; Win64; x64) AppleWebKit/537.36 (KHTML, like Gecko) Chrome/131.0.0.0 Safari/537.36 Avast/131.0.0.0" 
66.249.68.134 - - [24/Oct/2025:06:36:52 -0700] "GET /shopdetail307828248?kg=0305263132 HTTP/1.1" 200 34725 "-" "Mozilla/5.0 (Linux; Android 6.0.1; Nexus 5X Build/MMB29P) AppleWebKit/537.36 (KHTML, like Gecko) Chrome/141.0.7390.122 Mobile Safari/537.36 (compatible; GoogleOther)" 
66.249.68.134 - - [24/Oct/2025:06:37:53 -0700] "GET /shopdetail308264088?kg=0305695340 HTTP/1.1" 200 30522 "-" "Mozilla/5.0 (Linux; Android 6.0.1; Nexus 5X Build/MMB29P) AppleWebKit/537.36 (KHTML, like Gecko) Chrome/141.0.7390.122 Mobile Safari/537.36 (compatible; GoogleOther)" 
66.249.79.4 - - [24/Oct/2025:06:38:40 -0700] "GET /shopdetail6793504?kg=0006737011 HTTP/1.1" 200 31014 "-" "Mozilla/5.0 (compatible; Googlebot/2.1; +http://www.google.com/bot.html)" 
66.249.68.133 - - [24/Oct/2025:06:38:53 -0700] "GET /shopdetail185384496?kg=0183839745 HTTP/1.1" 200 30872 "-" "Mozilla/5.0 (Linux; Android 6.0.1; Nexus 5X Build/MMB29P) AppleWebKit/537.36 (KHTML, like Gecko) Chrome/141.0.7390.122 Mobile Safari/537.36 (compatible; GoogleOther)" 
66.249.68.133 - - [24/Oct/2025:06:39:25 -0700] "GET /shopdetail158177128?kg=0156859106 HTTP/1.1" 200 30529 "-" "Mozilla/5.0 (Linux; Android 6.0.1; Nexus 5X Build/MMB29P) AppleWebKit/537.36 (KHTML, like Gecko) Chrome/141.0.7390.122 Mobile Safari/537.36 (compatible; GoogleOther)" 
66.249.68.133 - - [24/Oct/2025:06:40:18 -0700] "GET /shopdetail286413248?kg=0284026591 HTTP/1.1" 200 31527 "-" "Mozilla/5.0 (compatible; Googlebot/2.1; +http://www.google.com/bot.html)" 
66.249.68.134 - - [24/Oct/2025:06:40:30 -0700] "GET /shopdetail158159304?kg=0156841430 HTTP/1.1" 200 31203 "-" "Mozilla/5.0 (Linux; Android 6.0.1; Nexus 5X Build/MMB29P) AppleWebKit/537.36 (KHTML, like Gecko) Chrome/141.0.7390.122 Mobile Safari/537.36 (compatible; GoogleOther)" 
66.249.79.5 - - [24/Oct/2025:06:41:01 -0700] "GET /?shopdetail9054024?kg=0008978694 HTTP/1.1" 200 32209 "-" "Mozilla/5.0 (Linux; Android 6.0.1; Nexus 5X Build/MMB29P) AppleWebKit/537.36 (KHTML, like Gecko) Chrome/141.0.7390.122 Mobile Safari/537.36 (compatible; Googlebot/2.1; +http://www.google.com/bot.html)" 
66.249.68.133 - - [24/Oct/2025:06:41:28 -0700] "GET /shopdetail157345768?kg=0156034674 HTTP/1.1" 200 30403 "-" "Mozilla/5.0 (Linux; Android 6.0.1; Nexus 5X Build/MMB29P) AppleWebKit/537.36 (KHTML, like Gecko) Chrome/141.0.7390.122 Mobile Safari/537.36 (compatible; GoogleOther)" 
66.249.68.133 - - [24/Oct/2025:06:42:13 -0700] "GET /shopdetail30999760?kg=0030741549 HTTP/1.1" 200 32788 "-" "Mozilla/5.0 (Linux; Android 6.0.1; Nexus 5X Build/MMB29P) AppleWebKit/537.36 (KHTML, like Gecko) Chrome/141.0.7390.122 Mobile Safari/537.36 (compatible; GoogleOther)" 
66.249.79.5 - - [24/Oct/2025:06:42:56 -0700] "GET /shopdetail7403504?kg=0007341929 HTTP/1.1" 200 31114 "-" "Mozilla/5.0 (Linux; Android 6.0.1; Nexus 5X Build/MMB29P) AppleWebKit/537.36 (KHTML, like Gecko) Chrome/141.0.7390.122 Mobile Safari/537.36 (compatible; Googlebot/2.1; +http://www.google.com/bot.html)" 
66.249.68.134 - - [24/Oct/2025:06:44:06 -0700] "GET /shopdetail30864680?kg=0030607594 HTTP/1.1" 200 32046 "-" "Mozilla/5.0 (Linux; Android 6.0.1; Nexus 5X Build/MMB29P) AppleWebKit/537.36 (KHTML, like Gecko) Chrome/141.0.7390.122 Mobile Safari/537.36 (compatible; GoogleOther)" 
66.249.68.133 - - [24/Oct/2025:06:44:50 -0700] "GET /shopdetail158164928?kg=0156847007 HTTP/1.1" 200 30674 "-" "Mozilla/5.0 (Linux; Android 6.0.1; Nexus 5X Build/MMB29P) AppleWebKit/537.36 (KHTML, like Gecko) Chrome/141.0.7390.122 Mobile Safari/537.36 (compatible; GoogleOther)" 
66.249.68.133 - - [24/Oct/2025:06:46:58 -0700] "GET /shopdetail308089080?kg=0305521792 HTTP/1.1" 200 30523 "-" "Mozilla/5.0 (Linux; Android 6.0.1; Nexus 5X Build/MMB29P) AppleWebKit/537.36 (KHTML, like Gecko) Chrome/141.0.7390.122 Mobile Safari/537.36 (compatible; GoogleOther)" 
66.249.79.4 - - [24/Oct/2025:06:47:02 -0700] "GET /shopdetail7166120?kg=0007106522 HTTP/1.1" 200 30409 "-" "Mozilla/5.0 (Linux; Android 6.0.1; Nexus 5X Build/MMB29P) AppleWebKit/537.36 (KHTML, like Gecko) Chrome/141.0.7390.122 Mobile Safari/537.36 (compatible; Googlebot/2.1; +http://www.google.com/bot.html)" 
207.46.13.87 - - [24/Oct/2025:06:47:59 -0700] "GET /shopdetail144740696?kg=0143534644 HTTP/2.0" 200 26877 "-" "Mozilla/5.0 AppleWebKit/537.36 (KHTML, like Gecko; compatible; bingbot/2.0; +http://www.bing.com/bingbot.htm) Chrome/116.0.1938.76 Safari/537.36" 
66.249.68.133 - - [24/Oct/2025:06:48:48 -0700] "GET /shopdetail8067416?kg=0008000308 HTTP/1.1" 200 30769 "-" "Mozilla/5.0 (compatible; Googlebot/2.1; +http://www.google.com/bot.html)" 
66.249.68.134 - - [24/Oct/2025:06:49:31 -0700] "GET /shopdetail185382712?kg=0183837976 HTTP/1.1" 200 30726 "-" "Mozilla/5.0 (Linux; Android 6.0.1; Nexus 5X Build/MMB29P) AppleWebKit/537.36 (KHTML, like Gecko) Chrome/141.0.7390.122 Mobile Safari/537.36 (compatible; GoogleOther)" 
66.249.79.6 - - [24/Oct/2025:06:49:33 -0700] "GET /shopdetail8523424?kg=0008452515 HTTP/1.1" 200 30479 "-" "Mozilla/5.0 (compatible; Googlebot/2.1; +http://www.google.com/bot.html)" 
94.103.91.198 - - [24/Oct/2025:06:51:23 -0700] "GET /2020/06/28/post-5/ HTTP/1.0" 429 3600 "https://www.biblioglow.com/2020/06/28/post-5/" "Mozilla/5.0 (Windows NT 10.0; Win64; x64) AppleWebKit/537.36 (KHTML, like Gecko) Chrome/131.0.0.0 Safari/537.36" 
94.103.91.198 - - [24/Oct/2025:06:51:24 -0700] "GET / HTTP/1.0" 429 3600 "https://www.biblioglow.com/" "Mozilla/5.0 (Windows NT 10.0; Win64; x64) AppleWebKit/537.36 (KHTML, like Gecko) Chrome/131.0.0.0 Safari/537.36" 
66.249.68.135 - - [24/Oct/2025:06:52:00 -0700] "GET /shopdetail30845208?kg=0030588284 HTTP/1.1" 200 30952 "-" "Mozilla/5.0 (Linux; Android 6.0.1; Nexus 5X Build/MMB29P) AppleWebKit/537.36 (KHTML, like Gecko) Chrome/141.0.7390.122 Mobile Safari/537.36 (compatible; GoogleOther)" 
45.87.42.68 - - [24/Oct/2025:06:52:53 -0700] "POST /xmlrpc.php HTTP/2.0" 429 376 "-" "Mozilla/5.0 (Windows NT 6.1; WOW64; Trident/7.0; yie11; rv:11.0) like Gecko" 
207.46.13.87 - - [24/Oct/2025:06:54:11 -0700] "GET /shopdetail302422072?kg=0299902008 HTTP/2.0" 200 26732 "-" "Mozilla/5.0 AppleWebKit/537.36 (KHTML, like Gecko; compatible; bingbot/2.0; +http://www.bing.com/bingbot.htm) Chrome/116.0.1938.76 Safari/537.36" 
66.249.68.133 - - [24/Oct/2025:06:54:40 -0700] "GET /shopdetail71927584?kg=0071328307 HTTP/1.1" 200 30990 "-" "Mozilla/5.0 (Linux; Android 6.0.1; Nexus 5X Build/MMB29P) AppleWebKit/537.36 (KHTML, like Gecko) Chrome/141.0.7390.122 Mobile Safari/537.36 (compatible; GoogleOther)" 
184.73.239.35 - - [24/Oct/2025:06:55:33 -0700] "GET /about/contact/ HTTP/1.1" 200 18288 "-" "Mozilla/5.0 AppleWebKit/537.36 (KHTML, like Gecko; compatible; Amazonbot/0.1; +https://developer.amazon.com/support/amazonbot) Chrome/119.0.6045.214 Safari/537.36" 
64.90.53.137 - - [24/Oct/2025:06:55:35 -0700] "POST /wp-cron.php?doing_wp_cron=1761314135.1655640602111816406250 HTTP/1.1" 200 3634 "https://www.biblioglow.com/wp-cron.php?doing_wp_cron=1761314135.1655640602111816406250" "WordPress/6.1.9; https://www.biblioglow.com" 
66.249.79.5 - - [24/Oct/2025:06:56:08 -0700] "GET /shopdetail8577592?kg=0008506232 HTTP/1.1" 200 31052 "-" "Mozilla/5.0 (Linux; Android 6.0.1; Nexus 5X Build/MMB29P) AppleWebKit/537.36 (KHTML, like Gecko) Chrome/141.0.7390.122 Mobile Safari/537.36 (compatible; Googlebot/2.1; +http://www.google.com/bot.html)" 
66.249.79.5 - - [24/Oct/2025:06:56:09 -0700] "GET /?shopdetail8483240?kg=0008412666 HTTP/1.1" 200 28121 "-" "Mozilla/5.0 (Linux; Android 6.0.1; Nexus 5X Build/MMB29P) AppleWebKit/537.36 (KHTML, like Gecko) Chrome/141.0.7390.122 Mobile Safari/537.36 (compatible; Googlebot/2.1; +http://www.google.com/bot.html)" 
31.220.92.9 - - [24/Oct/2025:06:56:20 -0700] "POST /xmlrpc.php HTTP/2.0" 429 351 "-" "Mozilla/5.0 (Windows NT 10.0; WOW64; Trident/7.0; Touch; TNJB; rv:11.0) like Gecko" 
64.90.53.137 - - [24/Oct/2025:06:56:50 -0700] "POST /wp-cron.php?doing_wp_cron=1761314210.5024740695953369140625 HTTP/1.1" 200 3634 "https://www.biblioglow.com/wp-cron.php?doing_wp_cron=1761314210.5024740695953369140625" "WordPress/6.1.9; https://www.biblioglow.com" 
66.33.200.4 - - [24/Oct/2025:06:56:50 -0700] "GET / HTTP/1.1" 301 3667 "-" "DreamHost Data Team (+http://www.dreamhost.com/support/)" 
66.33.200.4 - - [24/Oct/2025:06:56:58 -0700] "GET / HTTP/1.1" 200 16872 "-" "DreamHost Data Team (+http://www.dreamhost.com/support/)" 
66.249.68.133 - - [24/Oct/2025:06:57:15 -0700] "GET /shopdetail307588656?kg=0305025537 HTTP/1.1" 200 31016 "-" "Mozilla/5.0 (Linux; Android 6.0.1; Nexus 5X Build/MMB29P) AppleWebKit/537.36 (KHTML, like Gecko) Chrome/141.0.7390.122 Mobile Safari/537.36 (compatible; GoogleOther)" 
84.54.44.19 - - [24/Oct/2025:06:59:09 -0700] "GET /2020/07/03/the-hamilton-affair-discussion-questions/ HTTP/1.0" 429 3582 "https://www.biblioglow.com/2020/07/03/the-hamilton-affair-discussion-questions/#comment-1462/" "Mozilla/5.0 (Windows NT 10.0; Win64; x64) AppleWebKit/537.36 (KHTML, like Gecko) Chrome/130.0.0.0 Safari/537.36" 
84.54.44.19 - - [24/Oct/2025:06:59:10 -0700] "GET / HTTP/1.0" 429 3582 "https://www.biblioglow.com/" "Mozilla/5.0 (Windows NT 10.0; Win64; x64) AppleWebKit/537.36 (KHTML, like Gecko) Chrome/130.0.0.0 Safari/537.36" 
5.175.45.198 - - [24/Oct/2025:06:59:17 -0700] "POST /xmlrpc.php HTTP/2.0" 429 351 "-" "Mozilla/5.0 (Macintosh; Intel Mac OS X 10_11_6) AppleWebKit/537.36 (KHTML, like Gecko) Chrome/65.0.3325.162 Safari/537.36" 
66.249.68.134 - - [24/Oct/2025:06:59:53 -0700] "GET /shopdetail157987200?kg=0156670759 HTTP/1.1" 200 30990 "-" "Mozilla/5.0 (Linux; Android 6.0.1; Nexus 5X Build/MMB29P) AppleWebKit/537.36 (KHTML, like Gecko) Chrome/141.0.7390.122 Mobile Safari/537.36 (compatible; GoogleOther)" 
129.226.93.214 - - [24/Oct/2025:07:00:16 -0700] "GET / HTTP/1.1" 429 3784 "http://www.biblioglow.com" "Mozilla/5.0 (iPhone; CPU iPhone OS 13_2_3 like Mac OS X) AppleWebKit/605.1.15 (KHTML, like Gecko) Version/13.0.3 Mobile/15E148 Safari/604.1" 
40.77.167.17 - - [24/Oct/2025:07:01:40 -0700] "GET /shopdetail267453792?kg=0265225131 HTTP/2.0" 200 27439 "-" "Mozilla/5.0 AppleWebKit/537.36 (KHTML, like Gecko; compatible; bingbot/2.0; +http://www.bing.com/bingbot.htm) Chrome/116.0.1938.76 Safari/537.36" 
52.167.144.169 - - [24/Oct/2025:07:01:47 -0700] "GET /shopdetail144785264?kg=0143578841 HTTP/2.0" 200 27256 "-" "Mozilla/5.0 AppleWebKit/537.36 (KHTML, like Gecko; compatible; bingbot/2.0; +http://www.bing.com/bingbot.htm) Chrome/116.0.1938.76 Safari/537.36" 
67.205.40.199 - - [24/Oct/2025:07:02:21 -0700] "GET /wp-login.php HTTP/2.0" 200 2052 "-" "Mozilla/5.0 (Windows NT 6.3; WOW64; Trident/7.0; MATBJS; rv:11.0) like Gecko" 
64.90.53.137 - - [24/Oct/2025:07:02:22 -0700] "POST /wp-cron.php?doing_wp_cron=1761314542.7061979770660400390625 HTTP/1.1" 200 3634 "https://www.biblioglow.com/wp-cron.php?doing_wp_cron=1761314542.7061979770660400390625" "WordPress/6.1.9; https://www.biblioglow.com" 
66.249.68.133 - - [24/Oct/2025:07:02:31 -0700] "GET /shopdetail305005288?kg=0302463698 HTTP/1.1" 200 31715 "-" "Mozilla/5.0 (Linux; Android 6.0.1; Nexus 5X Build/MMB29P) AppleWebKit/537.36 (KHTML, like Gecko) Chrome/141.0.7390.122 Mobile Safari/537.36 (compatible; GoogleOther)" 
31.220.92.9 - - [24/Oct/2025:07:02:39 -0700] "POST /xmlrpc.php HTTP/2.0" 429 351 "-" "Mozilla/5.0 (Windows NT 6.1; WOW64; Trident/7.0; MALC; rv:11.0) like Gecko" 
31.220.92.9 - - [24/Oct/2025:07:02:46 -0700] "POST /xmlrpc.php HTTP/2.0" 429 351 "-" "Mozilla/5.0 (Windows NT 6.1; WOW64; Trident/7.0; MALC; rv:11.0) like Gecko" 
66.249.68.133 - - [24/Oct/2025:07:04:37 -0700] "GET /shopdetail43296816?kg=0042936129 HTTP/1.1" 200 30826 "-" "Mozilla/5.0 (compatible; Googlebot/2.1; +http://www.google.com/bot.html)" 
66.249.79.4 - - [24/Oct/2025:07:04:59 -0700] "GET /?shopdetail8199080?kg=0008130874 HTTP/1.1" 200 30406 "-" "Mozilla/5.0 (Linux; Android 6.0.1; Nexus 5X Build/MMB29P) AppleWebKit/537.36 (KHTML, like Gecko) Chrome/141.0.7390.122 Mobile Safari/537.36 (compatible; Googlebot/2.1; +http://www.google.com/bot.html)" 
66.249.68.135 - - [24/Oct/2025:07:05:31 -0700] "GET /shopdetail31197656?kg=0030937796 HTTP/1.1" 200 32108 "-" "Mozilla/5.0 (Linux; Android 6.0.1; Nexus 5X Build/MMB29P) AppleWebKit/537.36 (KHTML, like Gecko) Chrome/141.0.7390.122 Mobile Safari/537.36 (compatible; GoogleOther)" 
66.249.68.134 - - [24/Oct/2025:07:05:42 -0700] "GET /shopdetail70561904?kg=0069974009 HTTP/1.1" 200 31461 "-" "Mozilla/5.0 (Linux; Android 6.0.1; Nexus 5X Build/MMB29P) AppleWebKit/537.36 (KHTML, like Gecko) Chrome/141.0.7390.122 Mobile Safari/537.36 (compatible; GoogleOther)" 
195.2.85.110 - - [24/Oct/2025:07:06:07 -0700] "GET /2020/06/28/post-5/ HTTP/1.0" 429 3600 "https://www.biblioglow.com/2020/06/28/post-5/" "Mozilla/5.0 (Windows NT 10.0; Win64; x64) AppleWebKit/537.36 (KHTML, like Gecko) Chrome/131.0.0.0 Safari/537.36" 
195.2.85.110 - - [24/Oct/2025:07:06:08 -0700] "GET / HTTP/1.0" 429 3600 "https://www.biblioglow.com/" "Mozilla/5.0 (Windows NT 10.0; Win64; x64) AppleWebKit/537.36 (KHTML, like Gecko) Chrome/131.0.0.0 Safari/537.36" 
157.55.39.194 - - [24/Oct/2025:07:06:15 -0700] "GET /shopdetail227209912?kg=0225316616 HTTP/2.0" 200 29532 "-" "Mozilla/5.0 AppleWebKit/537.36 (KHTML, like Gecko; compatible; bingbot/2.0; +http://www.bing.com/bingbot.htm) Chrome/116.0.1938.76 Safari/537.36" 
66.249.68.134 - - [24/Oct/2025:07:06:26 -0700] "GET /shopdetail308453744?kg=0305883417 HTTP/1.1" 200 30587 "-" "Mozilla/5.0 (Linux; Android 6.0.1; Nexus 5X Build/MMB29P) AppleWebKit/537.36 (KHTML, like Gecko) Chrome/141.0.7390.122 Mobile Safari/537.36 (compatible; GoogleOther)" 
66.249.79.6 - - [24/Oct/2025:07:07:27 -0700] "GET /shopdetail7461392?kg=0007399333 HTTP/1.1" 200 30848 "-" "Mozilla/5.0 (Linux; Android 6.0.1; Nexus 5X Build/MMB29P) AppleWebKit/537.36 (KHTML, like Gecko) Chrome/141.0.7390.122 Mobile Safari/537.36 (compatible; Googlebot/2.1; +http://www.google.com/bot.html)" 
66.249.68.134 - - [24/Oct/2025:07:07:34 -0700] "GET /shopdetail31189840?kg=0030930045 HTTP/1.1" 200 31084 "-" "Mozilla/5.0 (Linux; Android 6.0.1; Nexus 5X Build/MMB29P) AppleWebKit/537.36 (KHTML, like Gecko) Chrome/141.0.7390.122 Mobile Safari/537.36 (compatible; GoogleOther)" 
66.249.68.134 - - [24/Oct/2025:07:07:55 -0700] "GET /shopdetail29995872?kg=0029746027 HTTP/1.1" 200 31468 "-" "Mozilla/5.0 (Linux; Android 6.0.1; Nexus 5X Build/MMB29P) AppleWebKit/537.36 (KHTML, like Gecko) Chrome/141.0.7390.122 Mobile Safari/537.36 (compatible; GoogleOther)" 
66.249.68.133 - - [24/Oct/2025:07:08:53 -0700] "GET /shopdetail31173392?kg=0030913733 HTTP/1.1" 200 31480 "-" "Mozilla/5.0 (Linux; Android 6.0.1; Nexus 5X Build/MMB29P) AppleWebKit/537.36 (KHTML, like Gecko) Chrome/141.0.7390.122 Mobile Safari/537.36 (compatible; GoogleOther)" 
95.24.108.200 - - [24/Oct/2025:07:09:44 -0700] "GET /wp-content/plugins/WordPressCore/include.php HTTP/1.1" 301 3751 "-" "Mozilla/5.0 (Macintosh; Intel Mac OS X 10_15_7) AppleWebKit/605.1.15 (KHTML, like Gecko) Version/18.5 Safari/605.1.15" 
64.90.53.137 - - [24/Oct/2025:07:09:46 -0700] "POST /wp-cron.php?doing_wp_cron=1761314986.6053030490875244140625 HTTP/1.1" 200 3634 "https://www.biblioglow.com/wp-cron.php?doing_wp_cron=1761314986.6053030490875244140625" "WordPress/6.1.9; https://www.biblioglow.com" 
66.249.68.134 - - [24/Oct/2025:07:10:12 -0700] "GET /shopdetail30603696?kg=0030348785 HTTP/1.1" 200 31628 "-" "Mozilla/5.0 (Linux; Android 6.0.1; Nexus 5X Build/MMB29P) AppleWebKit/537.36 (KHTML, like Gecko) Chrome/141.0.7390.122 Mobile Safari/537.36 (compatible; GoogleOther)" 
66.249.68.133 - - [24/Oct/2025:07:10:25 -0700] "GET /shopdetail72890592?kg=0072283291 HTTP/1.1" 200 30659 "-" "Mozilla/5.0 (Linux; Android 6.0.1; Nexus 5X Build/MMB29P) AppleWebKit/537.36 (KHTML, like Gecko) Chrome/141.0.7390.122 Mobile Safari/537.36 (compatible; GoogleOther)" 
66.249.79.4 - - [24/Oct/2025:07:10:37 -0700] "GET /shopdetail7640224?kg=0007576675 HTTP/1.1" 200 31763 "-" "Mozilla/5.0 (Linux; Android 6.0.1; Nexus 5X Build/MMB29P) AppleWebKit/537.36 (KHTML, like Gecko) Chrome/141.0.7390.122 Mobile Safari/537.36 (compatible; Googlebot/2.1; +http://www.google.com/bot.html)" 
66.249.68.133 - - [24/Oct/2025:07:10:57 -0700] "GET /shopdetail6687208?kg=0006631602 HTTP/1.1" 200 30824 "-" "Mozilla/5.0 (Linux; Android 6.0.1; Nexus 5X Build/MMB29P) AppleWebKit/537.36 (KHTML, like Gecko) Chrome/141.0.7390.122 Mobile Safari/537.36 (compatible; Googlebot/2.1; +http://www.google.com/bot.html)" 
66.249.79.6 - - [24/Oct/2025:07:11:01 -0700] "GET /shopdetail7147872?kg=0007088427 HTTP/1.1" 200 31346 "-" "Mozilla/5.0 (Linux; Android 6.0.1; Nexus 5X Build/MMB29P) AppleWebKit/537.36 (KHTML, like Gecko) Chrome/141.0.7390.122 Mobile Safari/537.36 (compatible; Googlebot/2.1; +http://www.google.com/bot.html)" 
66.249.68.134 - - [24/Oct/2025:07:11:32 -0700] "GET /shopdetail31189568?kg=0030929775 HTTP/1.1" 200 30828 "-" "Mozilla/5.0 (Linux; Android 6.0.1; Nexus 5X Build/MMB29P) AppleWebKit/537.36 (KHTML, like Gecko) Chrome/141.0.7390.122 Mobile Safari/537.36 (compatible; GoogleOther)" 
66.249.68.133 - - [24/Oct/2025:07:12:51 -0700] "GET /shopdetail308018328?kg=0305451628 HTTP/1.1" 200 30597 "-" "Mozilla/5.0 (Linux; Android 6.0.1; Nexus 5X Build/MMB29P) AppleWebKit/537.36 (KHTML, like Gecko) Chrome/141.0.7390.122 Mobile Safari/537.36 (compatible; GoogleOther)" 
66.249.79.4 - - [24/Oct/2025:07:13:04 -0700] "GET /shopdetail10908064?kg=0010817283 HTTP/1.1" 200 31120 "-" "Mozilla/5.0 (Linux; Android 6.0.1; Nexus 5X Build/MMB29P) AppleWebKit/537.36 (KHTML, like Gecko) Chrome/141.0.7390.122 Mobile Safari/537.36 (compatible; GoogleOther)" 
104.210.140.131 - - [24/Oct/2025:07:13:25 -0700] "GET /robots.txt HTTP/2.0" 200 273 "-" "Mozilla/5.0 (Macintosh; Intel Mac OS X 10_15_7) AppleWebKit/537.36 (KHTML, like Gecko) Chrome/131.0.0.0 Safari/537.36; compatible; OAI-SearchBot/1.0; +https://openai.com/searchbot" 
185.231.155.169 - - [24/Oct/2025:07:14:04 -0700] "GET /2020/07/03/the-hamilton-affair-discussion-questions/ HTTP/1.0" 429 3582 "https://www.biblioglow.com/2020/07/03/the-hamilton-affair-discussion-questions/#comment-2915/" "Mozilla/5.0 (Windows NT 10.0; Win64; x64) AppleWebKit/537.36 (KHTML, like Gecko) Chrome/131.0.0.0 Safari/537.36" 
185.231.155.169 - - [24/Oct/2025:07:14:05 -0700] "GET / HTTP/1.0" 429 3582 "https://www.biblioglow.com/" "Mozilla/5.0 (Windows NT 10.0; Win64; x64) AppleWebKit/537.36 (KHTML, like Gecko) Chrome/131.0.0.0 Safari/537.36" 
34.1.25.28 - - [24/Oct/2025:07:14:57 -0700] "GET / HTTP/2.0" 429 348 "http://www.biblioglow.com/" "Mozilla/5.0 (Macintosh; Intel Mac OS X 10_15_7) AppleWebKit/537.36 (KHTML, like Gecko) Chrome/135.0.0.0 Safari/537.36" 
34.1.25.28 - - [24/Oct/2025:07:14:58 -0700] "GET / HTTP/2.0" 429 278 "http://biblioglow.com/" "Mozilla/5.0 (Macintosh; Intel Mac OS X 10_15_7) AppleWebKit/537.36 (KHTML, like Gecko) Chrome/135.0.0.0 Safari/537.36" 
34.1.25.28 - - [24/Oct/2025:07:15:05 -0700] "GET / HTTP/2.0" 429 348 "http://www.biblioglow.com/" "Mozilla/5.0 (Macintosh; Intel Mac OS X 10_15_7) AppleWebKit/537.36 (KHTML, like Gecko) Chrome/135.0.0.0 Safari/537.36" 
66.249.68.133 - - [24/Oct/2025:07:15:30 -0700] "GET /shopdetail158333208?kg=0157013884 HTTP/1.1" 200 30805 "-" "Mozilla/5.0 (Linux; Android 6.0.1; Nexus 5X Build/MMB29P) AppleWebKit/537.36 (KHTML, like Gecko) Chrome/141.0.7390.122 Mobile Safari/537.36 (compatible; GoogleOther)" 
66.249.68.133 - - [24/Oct/2025:07:15:41 -0700] "GET /shopdetail72909384?kg=0072301926 HTTP/1.1" 200 31545 "-" "Mozilla/5.0 (Linux; Android 6.0.1; Nexus 5X Build/MMB29P) AppleWebKit/537.36 (KHTML, like Gecko) Chrome/141.0.7390.122 Mobile Safari/537.36 (compatible; GoogleOther)" 
66.249.79.5 - - [24/Oct/2025:07:17:02 -0700] "GET /shopdetail7163096?kg=0007103524 HTTP/1.1" 200 30373 "-" "Mozilla/5.0 (Linux; Android 6.0.1; Nexus 5X Build/MMB29P) AppleWebKit/537.36 (KHTML, like Gecko) Chrome/141.0.7390.122 Mobile Safari/537.36 (compatible; Googlebot/2.1; +http://www.google.com/bot.html)" 
66.249.68.134 - - [24/Oct/2025:07:18:14 -0700] "GET /shopdetail307766112?kg=0305201515 HTTP/1.1" 200 30660 "-" "Mozilla/5.0 (Linux; Android 6.0.1; Nexus 5X Build/MMB29P) AppleWebKit/537.36 (KHTML, like Gecko) Chrome/141.0.7390.122 Mobile Safari/537.36 (compatible; GoogleOther)" 
66.249.68.133 - - [24/Oct/2025:07:18:26 -0700] "GET /shopdetail70576856?kg=0069988836 HTTP/1.1" 200 31752 "-" "Mozilla/5.0 (Linux; Android 6.0.1; Nexus 5X Build/MMB29P) AppleWebKit/537.36 (KHTML, like Gecko) Chrome/141.0.7390.122 Mobile Safari/537.36 (compatible; GoogleOther)" 
89.117.74.114 - - [24/Oct/2025:07:19:37 -0700] "POST /xmlrpc.php HTTP/2.0" 429 351 "-" "Mozilla/4.0 (compatible; MSIE 7.0; Windows NT 6.1; WOW64; Trident/7.0; SLCC2; .NET CLR 2.0.50727; .NET CLR 3.5.30729; .NET CLR 3.0.30729; Media Center PC 6.0; InfoPath.2; .NET4.0C; .NET4.0E)" 
66.249.68.134 - - [24/Oct/2025:07:20:43 -0700] "GET /shopdetail31186832?kg=0030927061 HTTP/1.1" 200 30578 "-" "Mozilla/5.0 (Linux; Android 6.0.1; Nexus 5X Build/MMB29P) AppleWebKit/537.36 (KHTML, like Gecko) Chrome/141.0.7390.122 Mobile Safari/537.36 (compatible; GoogleOther)" 
66.249.68.134 - - [24/Oct/2025:07:20:56 -0700] "GET /shopdetail304779016?kg=0302239310 HTTP/1.1" 200 31136 "-" "Mozilla/5.0 (Linux; Android 6.0.1; Nexus 5X Build/MMB29P) AppleWebKit/537.36 (KHTML, like Gecko) Chrome/141.0.7390.122 Mobile Safari/537.36 (compatible; GoogleOther)" 
66.249.68.133 - - [24/Oct/2025:07:23:27 -0700] "GET /shopdetail31198216?kg=0030938350 HTTP/1.1" 200 30786 "-" "Mozilla/5.0 (Linux; Android 6.0.1; Nexus 5X Build/MMB29P) AppleWebKit/537.36 (KHTML, like Gecko) Chrome/141.0.7390.122 Mobile Safari/537.36 (compatible; GoogleOther)" 
66.249.68.134 - - [24/Oct/2025:07:23:39 -0700] "GET /shopdetail319639392?kg=0316975851 HTTP/1.1" 200 31478 "-" "Mozilla/5.0 (Linux; Android 6.0.1; Nexus 5X Build/MMB29P) AppleWebKit/537.36 (KHTML, like Gecko) Chrome/141.0.7390.122 Mobile Safari/537.36 (compatible; GoogleOther)" 
66.249.68.133 - - [24/Oct/2025:07:23:52 -0700] "GET /shopdetail2088808?kg=0002071522 HTTP/1.1" 200 31055 "-" "Mozilla/5.0 (compatible; Googlebot/2.1; +http://www.google.com/bot.html)" 
52.167.144.169 - - [24/Oct/2025:07:23:55 -0700] "GET /shopdetail138911168?kg=0137753695 HTTP/2.0" 200 27567 "-" "Mozilla/5.0 AppleWebKit/537.36 (KHTML, like Gecko; compatible; bingbot/2.0; +http://www.bing.com/bingbot.htm) Chrome/116.0.1938.76 Safari/537.36" 
89.110.123.39 - - [24/Oct/2025:07:24:24 -0700] "GET /2020/06/28/post-5/ HTTP/1.0" 200 86550 "https://www.biblioglow.com/2020/06/28/post-5/" "Mozilla/5.0 (Windows NT 10.0; Win64; x64) AppleWebKit/537.36 (KHTML, like Gecko) Chrome/129.0.0.0 Safari/537.36" 
89.110.123.39 - - [24/Oct/2025:07:24:30 -0700] "POST /wp-comments-post.php HTTP/1.0" 302 4003 "https://www.biblioglow.com/2020/06/28/post-5/" "Mozilla/5.0 (Windows NT 10.0; Win64; x64) AppleWebKit/537.36 (KHTML, like Gecko) Chrome/129.0.0.0 Safari/537.36" 
64.90.53.137 - - [24/Oct/2025:07:24:28 -0700] "POST /wp-cron.php?doing_wp_cron=1761315868.2697620391845703125000 HTTP/1.1" 200 3634 "https://www.biblioglow.com/wp-cron.php?doing_wp_cron=1761315868.2697620391845703125000" "WordPress/6.1.9; https://www.biblioglow.com" 
89.110.123.39 - - [24/Oct/2025:07:24:33 -0700] "GET /2020/06/28/post-5/ HTTP/1.0" 200 88588 "https://www.biblioglow.com/2020/06/28/post-5/#comment-19418" "Mozilla/5.0 (Windows NT 10.0; Win64; x64) AppleWebKit/537.36 (KHTML, like Gecko) Chrome/129.0.0.0 Safari/537.36" 
66.249.79.6 - - [24/Oct/2025:07:25:09 -0700] "GET /?shopdetail7936312?kg=0007870296 HTTP/1.1" 200 32467 "-" "Mozilla/5.0 (Linux; Android 6.0.1; Nexus 5X Build/MMB29P) AppleWebKit/537.36 (KHTML, like Gecko) Chrome/141.0.7390.122 Mobile Safari/537.36 (compatible; Googlebot/2.1; +http://www.google.com/bot.html)" 
66.249.68.133 - - [24/Oct/2025:07:25:59 -0700] "GET /shopdetail308024360?kg=0305457610 HTTP/1.1" 200 30988 "-" "Mozilla/5.0 (Linux; Android 6.0.1; Nexus 5X Build/MMB29P) AppleWebKit/537.36 (KHTML, like Gecko) Chrome/141.0.7390.122 Mobile Safari/537.36 (compatible; GoogleOther)" 
66.249.68.135 - - [24/Oct/2025:07:26:19 -0700] "GET /shopdetail55470992?kg=0055008853 HTTP/1.1" 200 31180 "-" "Mozilla/5.0 (Linux; Android 6.0.1; Nexus 5X Build/MMB29P) AppleWebKit/537.36 (KHTML, like Gecko) Chrome/141.0.7390.122 Mobile Safari/537.36 (compatible; GoogleOther)" 
52.167.144.146 - - [24/Oct/2025:07:27:03 -0700] "GET /shopdetail144763192?kg=0143556952 HTTP/2.0" 200 28935 "-" "Mozilla/5.0 AppleWebKit/537.36 (KHTML, like Gecko; compatible; bingbot/2.0; +http://www.bing.com/bingbot.htm) Chrome/116.0.1938.76 Safari/537.36" 
195.211.194.190 - - [24/Oct/2025:07:27:29 -0700] "GET /wp-content/plugins/drag-and-drop-multiple-file-upload-contact-form-7/assets/js/codedropz-uploader-min.js HTTP/1.1" 301 3811 "-" "Mozilla/5.0 (Windows NT 10.0; Win64; x64) AppleWebKit/537.36 (KHTML, like Gecko) Chrome/117.0.5938.132 Safari/537.36" 
64.90.53.137 - - [24/Oct/2025:07:27:29 -0700] "POST /wp-cron.php?doing_wp_cron=1761316049.4790039062500000000000 HTTP/1.1" 200 3634 "https://www.biblioglow.com/wp-cron.php?doing_wp_cron=1761316049.4790039062500000000000" "WordPress/6.1.9; https://www.biblioglow.com" 
195.211.194.190 - - [24/Oct/2025:07:27:31 -0700] "GET /wp-content/plugins/drag-and-drop-multiple-file-upload-contact-form-7/assets/js/codedropz-uploader-min.js HTTP/1.1" 404 51226 "-" "Mozilla/5.0 (Windows NT 10.0; Win64; x64) AppleWebKit/537.36 (KHTML, like Gecko) Chrome/117.0.5938.132 Safari/537.36" 
66.249.68.133 - - [24/Oct/2025:07:28:38 -0700] "GET /shopdetail158361176?kg=0157041620 HTTP/1.1" 200 30641 "-" "Mozilla/5.0 (Linux; Android 6.0.1; Nexus 5X Build/MMB29P) AppleWebKit/537.36 (KHTML, like Gecko) Chrome/141.0.7390.122 Mobile Safari/537.36 (compatible; GoogleOther)" 
66.249.68.134 - - [24/Oct/2025:07:28:50 -0700] "GET /shopdetail54798840?kg=0054342304 HTTP/1.1" 200 30311 "-" "Mozilla/5.0 (Linux; Android 6.0.1; Nexus 5X Build/MMB29P) AppleWebKit/537.36 (KHTML, like Gecko) Chrome/141.0.7390.122 Mobile Safari/537.36 (compatible; GoogleOther)" 
157.55.39.48 - - [24/Oct/2025:07:32:45 -0700] "GET /shopdetail189676104?kg=0188095590 HTTP/2.0" 200 27834 "-" "Mozilla/5.0 AppleWebKit/537.36 (KHTML, like Gecko; compatible; bingbot/2.0; +http://www.bing.com/bingbot.htm) Chrome/116.0.1938.76 Safari/537.36" 
66.249.68.135 - - [24/Oct/2025:07:32:46 -0700] "GET /shopdetail6675976?kg=0006620462 HTTP/1.1" 200 31176 "-" "Mozilla/5.0 (Linux; Android 6.0.1; Nexus 5X Build/MMB29P) AppleWebKit/537.36 (KHTML, like Gecko) Chrome/141.0.7390.122 Mobile Safari/537.36 (compatible; Googlebot/2.1; +http://www.google.com/bot.html)" 
66.249.68.133 - - [24/Oct/2025:07:33:06 -0700] "GET /shopdetail305061528?kg=0302519468 HTTP/1.1" 200 30219 "-" "Mozilla/5.0 (Linux; Android 6.0.1; Nexus 5X Build/MMB29P) AppleWebKit/537.36 (KHTML, like Gecko) Chrome/141.0.7390.122 Mobile Safari/537.36 (compatible; GoogleOther)" 
66.249.79.5 - - [24/Oct/2025:07:33:36 -0700] "GET /shopdetail7789424?kg=0007724633 HTTP/1.1" 200 31048 "-" "Mozilla/5.0 (Linux; Android 6.0.1; Nexus 5X Build/MMB29P) AppleWebKit/537.36 (KHTML, like Gecko) Chrome/141.0.7390.122 Mobile Safari/537.36 (compatible; Googlebot/2.1; +http://www.google.com/bot.html)" 
66.249.68.135 - - [24/Oct/2025:07:36:59 -0700] "GET /shopdetail308024496?kg=0305457745 HTTP/1.1" 200 31270 "-" "Mozilla/5.0 (Linux; Android 6.0.1; Nexus 5X Build/MMB29P) AppleWebKit/537.36 (KHTML, like Gecko) Chrome/141.0.7390.122 Mobile Safari/537.36 (compatible; GoogleOther)" 
62.171.139.181 - - [24/Oct/2025:07:39:24 -0700] "GET /wp-login.php HTTP/2.0" 200 2052 "-" "Mozilla/4.0 (compatible; MSIE 7.0; Windows NT 6.1; WOW64; Trident/7.0; SLCC2; .NET CLR 2.0.50727; .NET CLR 3.5.30729; .NET CLR 3.0.30729; Media Center PC 6.0; MASA; .NET4.0C; .NET4.0E; AskTbFWV5/5.15.29.67612)" 
64.90.53.137 - - [24/Oct/2025:07:39:27 -0700] "POST /wp-cron.php?doing_wp_cron=1761316767.8799610137939453125000 HTTP/1.1" 200 3634 "https://www.biblioglow.com/wp-cron.php?doing_wp_cron=1761316767.8799610137939453125000" "WordPress/6.1.9; https://www.biblioglow.com" 
62.171.139.181 - - [24/Oct/2025:07:39:29 -0700] "POST /wp-login.php HTTP/2.0" 200 2065 "https://www.biblioglow.com/wp-login.php" "Mozilla/4.0 (compatible; MSIE 7.0; Windows NT 6.1; WOW64; Trident/7.0; SLCC2; .NET CLR 2.0.50727; .NET CLR 3.5.30729; .NET CLR 3.0.30729; Media Center PC 6.0; MASA; .NET4.0C; .NET4.0E; AskTbFWV5/5.15.29.67612)" 
93.183.93.32 - - [24/Oct/2025:07:39:44 -0700] "GET /2020/06/28/post-5/ HTTP/1.0" 200 86551 "https://www.biblioglow.com/2020/06/28/post-5/" "Mozilla/5.0 (Windows NT 10.0; Win64; x64) AppleWebKit/537.36 (KHTML, like Gecko) Chrome/131.0.0.0 Safari/537.36 Avast/131.0.0.0" 
93.183.93.32 - - [24/Oct/2025:07:39:46 -0700] "POST /wp-comments-post.php HTTP/1.0" 302 4011 "https://www.biblioglow.com/2020/06/28/post-5/" "Mozilla/5.0 (Windows NT 10.0; Win64; x64) AppleWebKit/537.36 (KHTML, like Gecko) Chrome/131.0.0.0 Safari/537.36 Avast/131.0.0.0" 
93.183.93.32 - - [24/Oct/2025:07:39:49 -0700] "GET /2020/06/28/post-5/ HTTP/1.0" 200 88627 "https://www.biblioglow.com/2020/06/28/post-5/#comment-19419" "Mozilla/5.0 (Windows NT 10.0; Win64; x64) AppleWebKit/537.36 (KHTML, like Gecko) Chrome/131.0.0.0 Safari/537.36 Avast/131.0.0.0" 
66.249.68.134 - - [24/Oct/2025:07:40:51 -0700] "GET /shopdetail43116608?kg=0042757423 HTTP/1.1" 200 30608 "-" "Mozilla/5.0 (Linux; Android 6.0.1; Nexus 5X Build/MMB29P) AppleWebKit/537.36 (KHTML, like Gecko) Chrome/141.0.7390.122 Mobile Safari/537.36 (compatible; Googlebot/2.1; +http://www.google.com/bot.html)" 
66.249.68.134 - - [24/Oct/2025:07:41:31 -0700] "GET /shopdetail70550248?kg=0069962450 HTTP/1.1" 200 31279 "-" "Mozilla/5.0 (Linux; Android 6.0.1; Nexus 5X Build/MMB29P) AppleWebKit/537.36 (KHTML, like Gecko) Chrome/141.0.7390.122 Mobile Safari/537.36 (compatible; GoogleOther)" 
57.141.6.15 - - [24/Oct/2025:07:42:44 -0700] "GET /privacy-policy/ HTTP/2.0" 429 351 "-" "meta-externalagent/1.1 (+https://developers.facebook.com/docs/sharing/webmasters/crawler)" 
66.249.68.134 - - [24/Oct/2025:07:45:22 -0700] "GET /shopdetail30783072?kg=0030526667 HTTP/1.1" 200 31368 "-" "Mozilla/5.0 (Linux; Android 6.0.1; Nexus 5X Build/MMB29P) AppleWebKit/537.36 (KHTML, like Gecko) Chrome/141.0.7390.122 Mobile Safari/537.36 (compatible; GoogleOther)" 
66.249.68.134 - - [24/Oct/2025:07:45:45 -0700] "GET /shopdetail55962784?kg=0055496547 HTTP/1.1" 200 30812 "-" "Mozilla/5.0 (Linux; Android 6.0.1; Nexus 5X Build/MMB29P) AppleWebKit/537.36 (KHTML, like Gecko) Chrome/141.0.7390.122 Mobile Safari/537.36 (compatible; GoogleOther)" 
40.77.167.241 - - [24/Oct/2025:07:46:15 -0700] "GET /shopdetail144723008?kg=0143517103 HTTP/2.0" 200 27246 "-" "Mozilla/5.0 AppleWebKit/537.36 (KHTML, like Gecko; compatible; bingbot/2.0; +http://www.bing.com/bingbot.htm) Chrome/116.0.1938.76 Safari/537.36" 
163.223.13.96 - - [24/Oct/2025:07:46:55 -0700] "GET /wp-login.php HTTP/2.0" 429 351 "-" "Mozilla/4.0 (compatible; MSIE 7.0; Windows NT 6.3; WOW64; Trident/7.0; Touch; .NET4.0E; .NET4.0C; Tablet PC 2.0; .NET CLR 3.5.30729; .NET CLR 2.0.50727; .NET CLR 3.0.30729)" 
66.249.79.5 - - [24/Oct/2025:07:47:34 -0700] "GET /shopdetail8118848?kg=0008051311 HTTP/1.1" 200 30867 "-" "Mozilla/5.0 (compatible; Googlebot/2.1; +http://www.google.com/bot.html)" 
207.46.13.151 - - [24/Oct/2025:07:51:11 -0700] "GET /shopdetail144736992?kg=0143530971 HTTP/2.0" 200 26883 "-" "Mozilla/5.0 AppleWebKit/537.36 (KHTML, like Gecko; compatible; bingbot/2.0; +http://www.bing.com/bingbot.htm) Chrome/116.0.1938.76 Safari/537.36" 
40.77.167.136 - - [24/Oct/2025:07:51:55 -0700] "GET /shopdetail138962056?kg=0137804158 HTTP/2.0" 200 31596 "-" "Mozilla/5.0 AppleWebKit/537.36 (KHTML, like Gecko; compatible; bingbot/2.0; +http://www.bing.com/bingbot.htm) Chrome/116.0.1938.76 Safari/537.36" 
66.249.79.6 - - [24/Oct/2025:07:52:30 -0700] "GET /shopdetail6775800?kg=0006719456 HTTP/1.1" 200 30569 "-" "Mozilla/5.0 (Linux; Android 6.0.1; Nexus 5X Build/MMB29P) AppleWebKit/537.36 (KHTML, like Gecko) Chrome/141.0.7390.122 Mobile Safari/537.36 (compatible; Googlebot/2.1; +http://www.google.com/bot.html)" 
66.249.68.134 - - [24/Oct/2025:07:53:54 -0700] "GET /shopdetail31385272?kg=0031123848 HTTP/1.1" 200 30933 "-" "Mozilla/5.0 (Linux; Android 6.0.1; Nexus 5X Build/MMB29P) AppleWebKit/537.36 (KHTML, like Gecko) Chrome/141.0.7390.122 Mobile Safari/537.36 (compatible; GoogleOther)" 
66.249.68.134 - - [24/Oct/2025:07:54:03 -0700] "GET /shopdetail305243640?kg=0302700064 HTTP/1.1" 200 30630 "-" "Mozilla/5.0 (Linux; Android 6.0.1; Nexus 5X Build/MMB29P) AppleWebKit/537.36 (KHTML, like Gecko) Chrome/141.0.7390.122 Mobile Safari/537.36 (compatible; GoogleOther)" 
66.249.79.4 - - [24/Oct/2025:07:56:19 -0700] "GET /shopdetail8145320?kg=0008077562 HTTP/1.1" 200 31525 "-" "Mozilla/5.0 (Linux; Android 6.0.1; Nexus 5X Build/MMB29P) AppleWebKit/537.36 (KHTML, like Gecko) Chrome/141.0.7390.122 Mobile Safari/537.36 (compatible; Googlebot/2.1; +http://www.google.com/bot.html)" 
3.93.191.111 - - [24/Oct/2025:07:57:19 -0700] "POST /xmlrpc.php HTTP/2.0" 429 351 "-" "Mozilla/5.0 (Windows NT 6.1; Trident/7.0; rv:11.0) like Gecko" 
66.249.68.135 - - [24/Oct/2025:07:58:00 -0700] "GET /shopdetail155814712?kg=0154516376 HTTP/1.1" 200 31673 "-" "Mozilla/5.0 (Linux; Android 6.0.1; Nexus 5X Build/MMB29P) AppleWebKit/537.36 (KHTML, like Gecko) Chrome/141.0.7390.122 Mobile Safari/537.36 (compatible; GoogleOther)" 
66.249.79.5 - - [24/Oct/2025:07:58:53 -0700] "GET /shopdetail7161584?kg=0007102025 HTTP/1.1" 200 32551 "-" "Mozilla/5.0 (Linux; Android 6.0.1; Nexus 5X Build/MMB29P) AppleWebKit/537.36 (KHTML, like Gecko) Chrome/141.0.7390.122 Mobile Safari/537.36 (compatible; Googlebot/2.1; +http://www.google.com/bot.html)" 
35.205.83.41 - - [24/Oct/2025:07:59:23 -0700] "GET /wp-login.php HTTP/2.0" 429 351 "-" "Mozilla/5.0 (Macintosh; Intel Mac OS X 10_12_6) AppleWebKit/537.36 (KHTML, like Gecko) Chrome/67.0.3396.79 Safari/537.36" 
35.205.83.41 - - [24/Oct/2025:07:59:54 -0700] "POST /wp-login.php HTTP/2.0" 429 351 "https://www.biblioglow.com/wp-login.php" "Mozilla/5.0 (Macintosh; Intel Mac OS X 10_12_6) AppleWebKit/537.36 (KHTML, like Gecko) Chrome/67.0.3396.79 Safari/537.36" 
66.249.68.134 - - [24/Oct/2025:08:01:11 -0700] "GET /shopdetail904320?kg=0000896903 HTTP/1.1" 200 30376 "-" "Mozilla/5.0 (compatible; Googlebot/2.1; +http://www.google.com/bot.html)" 
185.231.155.169 - - [24/Oct/2025:08:01:44 -0700] "GET /2020/07/03/the-hamilton-affair-discussion-questions/ HTTP/1.0" 200 89613 "https://www.biblioglow.com/2020/07/03/the-hamilton-affair-discussion-questions/#comment-2915/" "Mozilla/5.0 (Windows NT 10.0; Win64; x64) AppleWebKit/537.36 (KHTML, like Gecko) Chrome/130.0.0.0 Safari/537.36 CCleaner/130.0.0.0" 
64.90.53.137 - - [24/Oct/2025:08:01:45 -0700] "POST /wp-cron.php?doing_wp_cron=1761318105.5946888923645019531250 HTTP/1.1" 200 3634 "https://www.biblioglow.com/wp-cron.php?doing_wp_cron=1761318105.5946888923645019531250" "WordPress/6.1.9; https://www.biblioglow.com" 
185.231.155.169 - - [24/Oct/2025:08:01:48 -0700] "POST /wp-comments-post.php HTTP/1.0" 302 4064 "https://www.biblioglow.com/2020/07/03/the-hamilton-affair-discussion-questions/#comment-2915/" "Mozilla/5.0 (Windows NT 10.0; Win64; x64) AppleWebKit/537.36 (KHTML, like Gecko) Chrome/130.0.0.0 Safari/537.36 CCleaner/130.0.0.0" 
185.231.155.169 - - [24/Oct/2025:08:01:49 -0700] "GET /2020/07/03/the-hamilton-affair-discussion-questions/ HTTP/1.0" 200 138288 "https://www.biblioglow.com/2020/07/03/the-hamilton-affair-discussion-questions/#comment-19420" "Mozilla/5.0 (Windows NT 10.0; Win64; x64) AppleWebKit/537.36 (KHTML, like Gecko) Chrome/130.0.0.0 Safari/537.36 CCleaner/130.0.0.0" 
66.249.68.133 - - [24/Oct/2025:08:01:57 -0700] "GET /shopdetail71910984?kg=0071311846 HTTP/1.1" 200 30972 "-" "Mozilla/5.0 (Linux; Android 6.0.1; Nexus 5X Build/MMB29P) AppleWebKit/537.36 (KHTML, like Gecko) Chrome/141.0.7390.122 Mobile Safari/537.36 (compatible; GoogleOther)" 
66.249.68.133 - - [24/Oct/2025:08:02:16 -0700] "GET /shopdetail307514864?kg=0304952361 HTTP/1.1" 200 30782 "-" "Mozilla/5.0 (Linux; Android 6.0.1; Nexus 5X Build/MMB29P) AppleWebKit/537.36 (KHTML, like Gecko) Chrome/141.0.7390.122 Mobile Safari/537.36 (compatible; GoogleOther)" 
66.249.79.5 - - [24/Oct/2025:08:04:01 -0700] "GET /?shopdetail7659016?kg=0007595310 HTTP/1.1" 200 30261 "-" "Mozilla/5.0 (Linux; Android 6.0.1; Nexus 5X Build/MMB29P) AppleWebKit/537.36 (KHTML, like Gecko) Chrome/141.0.7390.122 Mobile Safari/537.36 (compatible; Googlebot/2.1; +http://www.google.com/bot.html)" 
66.249.68.134 - - [24/Oct/2025:08:04:41 -0700] "GET /shopdetail286206856?kg=0283821918 HTTP/1.1" 200 30652 "-" "Mozilla/5.0 (Linux; Android 6.0.1; Nexus 5X Build/MMB29P) AppleWebKit/537.36 (KHTML, like Gecko) Chrome/141.0.7390.122 Mobile Safari/537.36 (compatible; Googlebot/2.1; +http://www.google.com/bot.html)" 
66.249.79.4 - - [24/Oct/2025:08:05:01 -0700] "GET /shopdetail6396064?kg=0006342883 HTTP/1.1" 200 31362 "-" "Mozilla/5.0 (compatible; Googlebot/2.1; +http://www.google.com/bot.html)" 
207.46.13.141 - - [24/Oct/2025:08:08:16 -0700] "GET /shopdetail144809816?kg=0143603188 HTTP/2.0" 200 27860 "-" "Mozilla/5.0 AppleWebKit/537.36 (KHTML, like Gecko; compatible; bingbot/2.0; +http://www.bing.com/bingbot.htm) Chrome/116.0.1938.76 Safari/537.36" 
207.46.13.141 - - [24/Oct/2025:08:12:50 -0700] "GET /shopdetail267445160?kg=0265216570 HTTP/2.0" 200 29549 "-" "Mozilla/5.0 AppleWebKit/537.36 (KHTML, like Gecko; compatible; bingbot/2.0; +http://www.bing.com/bingbot.htm) Chrome/116.0.1938.76 Safari/537.36" 
66.249.79.4 - - [24/Oct/2025:08:13:00 -0700] "GET /shopdetail7950296?kg=0007884164 HTTP/1.1" 200 32598 "-" "Mozilla/5.0 (compatible; Googlebot/2.1; +http://www.google.com/bot.html)" 
