66.249.68.133 - - [24/Oct/2025:16:43:19 -0700] "GET /shopdetail323797432?kg=0321099240 HTTP/1.1" 200 31802 "-" "Mozilla/5.0 (Linux; Android 6.0.1; Nexus 5X Build/MMB29P) AppleWebKit/537.36 (KHTML, like Gecko) Chrome/141.0.7390.122 Mobile Safari/537.36 (compatible; GoogleOther)" 
66.249.68.135 - - [24/Oct/2025:16:44:03 -0700] "GET /shopdetail30514696?kg=0030260526 HTTP/1.1" 200 30396 "-" "Mozilla/5.0 (Linux; Android 6.0.1; Nexus 5X Build/MMB29P) AppleWebKit/537.36 (KHTML, like Gecko) Chrome/141.0.7390.122 Mobile Safari/537.36 (compatible; GoogleOther)" 
66.249.68.134 - - [24/Oct/2025:16:44:12 -0700] "GET /shopdetail31412152?kg=0031150504 HTTP/1.1" 200 30913 "-" "Mozilla/5.0 (Linux; Android 6.0.1; Nexus 5X Build/MMB29P) AppleWebKit/537.36 (KHTML, like Gecko) Chrome/141.0.7390.122 Mobile Safari/537.36 (compatible; GoogleOther)" 
66.249.68.133 - - [24/Oct/2025:16:44:56 -0700] "GET /shopdetail70963336?kg=0070372094 HTTP/1.1" 200 31496 "-" "Mozilla/5.0 (Linux; Android 6.0.1; Nexus 5X Build/MMB29P) AppleWebKit/537.36 (KHTML, like Gecko) Chrome/141.0.7390.122 Mobile Safari/537.36 (compatible; GoogleOther)" 
66.249.68.133 - - [24/Oct/2025:16:45:05 -0700] "GET /shopdetail186223264?kg=0184671523 HTTP/1.1" 200 31956 "-" "Mozilla/5.0 (Linux; Android 6.0.1; Nexus 5X Build/MMB29P) AppleWebKit/537.36 (KHTML, like Gecko) Chrome/141.0.7390.122 Mobile Safari/537.36 (compatible; GoogleOther)" 
66.249.68.133 - - [24/Oct/2025:16:45:48 -0700] "GET /shopdetail71892464?kg=0071293481 HTTP/1.1" 200 30204 "-" "Mozilla/5.0 (Linux; Android 6.0.1; Nexus 5X Build/MMB29P) AppleWebKit/537.36 (KHTML, like Gecko) Chrome/141.0.7390.122 Mobile Safari/537.36 (compatible; GoogleOther)" 
66.249.68.133 - - [24/Oct/2025:16:45:57 -0700] "GET /shopdetail56771512?kg=0056298536 HTTP/1.1" 200 32815 "-" "Mozilla/5.0 (Linux; Android 6.0.1; Nexus 5X Build/MMB29P) AppleWebKit/537.36 (KHTML, like Gecko) Chrome/141.0.7390.122 Mobile Safari/537.36 (compatible; GoogleOther)" 
66.249.68.134 - - [24/Oct/2025:16:46:41 -0700] "GET /shopdetail158270120?kg=0156951322 HTTP/1.1" 200 30496 "-" "Mozilla/5.0 (Linux; Android 6.0.1; Nexus 5X Build/MMB29P) AppleWebKit/537.36 (KHTML, like Gecko) Chrome/141.0.7390.122 Mobile Safari/537.36 (compatible; GoogleOther)" 
66.249.68.134 - - [24/Oct/2025:16:46:50 -0700] "GET /shopdetail323795648?kg=0321097471 HTTP/1.1" 200 30634 "-" "Mozilla/5.0 (Linux; Android 6.0.1; Nexus 5X Build/MMB29P) AppleWebKit/537.36 (KHTML, like Gecko) Chrome/141.0.7390.122 Mobile Safari/537.36 (compatible; GoogleOther)" 
66.249.68.133 - - [24/Oct/2025:16:47:33 -0700] "GET /shopdetail305358432?kg=0302813899 HTTP/1.1" 200 30995 "-" "Mozilla/5.0 (Linux; Android 6.0.1; Nexus 5X Build/MMB29P) AppleWebKit/537.36 (KHTML, like Gecko) Chrome/141.0.7390.122 Mobile Safari/537.36 (compatible; GoogleOther)" 
66.249.68.134 - - [24/Oct/2025:16:47:43 -0700] "GET /shopdetail30206528?kg=0029954927 HTTP/1.1" 200 30370 "-" "Mozilla/5.0 (Linux; Android 6.0.1; Nexus 5X Build/MMB29P) AppleWebKit/537.36 (KHTML, like Gecko) Chrome/141.0.7390.122 Mobile Safari/537.36 (compatible; GoogleOther)" 
85.208.96.197 - - [24/Oct/2025:16:48:20 -0700] "GET /blog/ HTTP/1.1" 200 18065 "-" "Mozilla/5.0 (compatible; SemrushBot/7~bl; +http://www.semrush.com/bot.html)" 
64.90.53.137 - - [24/Oct/2025:16:48:21 -0700] "POST /wp-cron.php?doing_wp_cron=1761349701.0432560443878173828125 HTTP/1.1" 200 3634 "https://www.biblioglow.com/wp-cron.php?doing_wp_cron=1761349701.0432560443878173828125" "WordPress/6.1.9; https://www.biblioglow.com" 
66.249.68.135 - - [24/Oct/2025:16:48:26 -0700] "GET /shopdetail32482408?kg=0032211842 HTTP/1.1" 200 32198 "-" "Mozilla/5.0 (Linux; Android 6.0.1; Nexus 5X Build/MMB29P) AppleWebKit/537.36 (KHTML, like Gecko) Chrome/141.0.7390.122 Mobile Safari/537.36 (compatible; GoogleOther)" 
66.249.68.133 - - [24/Oct/2025:16:48:39 -0700] "GET /shopdetail183786512?kg=0182255077 HTTP/1.1" 200 33855 "-" "Mozilla/5.0 (Linux; Android 6.0.1; Nexus 5X Build/MMB29P) AppleWebKit/537.36 (KHTML, like Gecko) Chrome/141.0.7390.122 Mobile Safari/537.36 (compatible; GoogleOther)" 
66.249.68.135 - - [24/Oct/2025:16:49:19 -0700] "GET /shopdetail71889592?kg=0071290632 HTTP/1.1" 200 31606 "-" "Mozilla/5.0 (Linux; Android 6.0.1; Nexus 5X Build/MMB29P) AppleWebKit/537.36 (KHTML, like Gecko) Chrome/141.0.7390.122 Mobile Safari/537.36 (compatible; GoogleOther)" 
66.249.68.134 - - [24/Oct/2025:16:49:28 -0700] "GET /shopdetail186031944?kg=0184481798 HTTP/1.1" 200 31671 "-" "Mozilla/5.0 (Linux; Android 6.0.1; Nexus 5X Build/MMB29P) AppleWebKit/537.36 (KHTML, like Gecko) Chrome/141.0.7390.122 Mobile Safari/537.36 (compatible; GoogleOther)" 
66.249.68.133 - - [24/Oct/2025:16:50:11 -0700] "GET /shopdetail186597936?kg=0185043073 HTTP/1.1" 200 31255 "-" "Mozilla/5.0 (Linux; Android 6.0.1; Nexus 5X Build/MMB29P) AppleWebKit/537.36 (KHTML, like Gecko) Chrome/141.0.7390.122 Mobile Safari/537.36 (compatible; GoogleOther)" 
66.249.68.134 - - [24/Oct/2025:16:50:20 -0700] "GET /shopdetail186399904?kg=0184846691 HTTP/1.1" 200 34068 "-" "Mozilla/5.0 (Linux; Android 6.0.1; Nexus 5X Build/MMB29P) AppleWebKit/537.36 (KHTML, like Gecko) Chrome/141.0.7390.122 Mobile Safari/537.36 (compatible; GoogleOther)" 
66.249.68.134 - - [24/Oct/2025:16:51:04 -0700] "GET /shopdetail71332656?kg=0070738337 HTTP/1.1" 200 35865 "-" "Mozilla/5.0 (Linux; Android 6.0.1; Nexus 5X Build/MMB29P) AppleWebKit/537.36 (KHTML, like Gecko) Chrome/141.0.7390.122 Mobile Safari/537.36 (compatible; GoogleOther)" 
66.249.68.133 - - [24/Oct/2025:16:51:13 -0700] "GET /shopdetail308914000?kg=0306339837 HTTP/1.1" 200 31574 "-" "Mozilla/5.0 (Linux; Android 6.0.1; Nexus 5X Build/MMB29P) AppleWebKit/537.36 (KHTML, like Gecko) Chrome/141.0.7390.122 Mobile Safari/537.36 (compatible; GoogleOther)" 
66.249.68.133 - - [24/Oct/2025:16:51:57 -0700] "GET /shopdetail158285752?kg=0156966824 HTTP/1.1" 200 31337 "-" "Mozilla/5.0 (Linux; Android 6.0.1; Nexus 5X Build/MMB29P) AppleWebKit/537.36 (KHTML, like Gecko) Chrome/141.0.7390.122 Mobile Safari/537.36 (compatible; GoogleOther)" 
66.249.68.133 - - [24/Oct/2025:16:52:06 -0700] "GET /shopdetail57911040?kg=0057428567 HTTP/1.1" 200 32966 "-" "Mozilla/5.0 (Linux; Android 6.0.1; Nexus 5X Build/MMB29P) AppleWebKit/537.36 (KHTML, like Gecko) Chrome/141.0.7390.122 Mobile Safari/537.36 (compatible; GoogleOther)" 
66.249.68.134 - - [24/Oct/2025:16:52:49 -0700] "GET /shopdetail32874224?kg=0032600393 HTTP/1.1" 200 30454 "-" "Mozilla/5.0 (Linux; Android 6.0.1; Nexus 5X Build/MMB29P) AppleWebKit/537.36 (KHTML, like Gecko) Chrome/141.0.7390.122 Mobile Safari/537.36 (compatible; GoogleOther)" 
66.249.68.133 - - [24/Oct/2025:16:52:58 -0700] "GET /shopdetail73004704?kg=0072396451 HTTP/1.1" 200 33046 "-" "Mozilla/5.0 (Linux; Android 6.0.1; Nexus 5X Build/MMB29P) AppleWebKit/537.36 (KHTML, like Gecko) Chrome/141.0.7390.122 Mobile Safari/537.36 (compatible; GoogleOther)" 
66.249.68.135 - - [24/Oct/2025:16:53:42 -0700] "GET /shopdetail308409312?kg=0305839355 HTTP/1.1" 200 31350 "-" "Mozilla/5.0 (Linux; Android 6.0.1; Nexus 5X Build/MMB29P) AppleWebKit/537.36 (KHTML, like Gecko) Chrome/141.0.7390.122 Mobile Safari/537.36 (compatible; GoogleOther)" 
66.249.68.134 - - [24/Oct/2025:16:53:51 -0700] "GET /shopdetail31417776?kg=0031156081 HTTP/1.1" 200 31011 "-" "Mozilla/5.0 (Linux; Android 6.0.1; Nexus 5X Build/MMB29P) AppleWebKit/537.36 (KHTML, like Gecko) Chrome/141.0.7390.122 Mobile Safari/537.36 (compatible; GoogleOther)" 
66.249.68.133 - - [24/Oct/2025:16:54:34 -0700] "GET /shopdetail159625912?kg=0158295816 HTTP/1.1" 200 33168 "-" "Mozilla/5.0 (Linux; Android 6.0.1; Nexus 5X Build/MMB29P) AppleWebKit/537.36 (KHTML, like Gecko) Chrome/141.0.7390.122 Mobile Safari/537.36 (compatible; GoogleOther)" 
66.249.68.134 - - [24/Oct/2025:16:54:44 -0700] "GET /shopdetail187243872?kg=0185683627 HTTP/1.1" 200 32066 "-" "Mozilla/5.0 (Linux; Android 6.0.1; Nexus 5X Build/MMB29P) AppleWebKit/537.36 (KHTML, like Gecko) Chrome/141.0.7390.122 Mobile Safari/537.36 (compatible; GoogleOther)" 
66.249.68.134 - - [24/Oct/2025:16:55:27 -0700] "GET /shopdetail30875368?kg=0030618194 HTTP/1.1" 200 30780 "-" "Mozilla/5.0 (Linux; Android 6.0.1; Nexus 5X Build/MMB29P) AppleWebKit/537.36 (KHTML, like Gecko) Chrome/141.0.7390.122 Mobile Safari/537.36 (compatible; GoogleOther)" 
66.249.68.133 - - [24/Oct/2025:16:55:36 -0700] "GET /shopdetail30743024?kg=0030486953 HTTP/1.1" 200 31245 "-" "Mozilla/5.0 (Linux; Android 6.0.1; Nexus 5X Build/MMB29P) AppleWebKit/537.36 (KHTML, like Gecko) Chrome/141.0.7390.122 Mobile Safari/537.36 (compatible; GoogleOther)" 
66.249.68.134 - - [24/Oct/2025:16:56:20 -0700] "GET /shopdetail57490136?kg=0057011172 HTTP/1.1" 200 32572 "-" "Mozilla/5.0 (Linux; Android 6.0.1; Nexus 5X Build/MMB29P) AppleWebKit/537.36 (KHTML, like Gecko) Chrome/141.0.7390.122 Mobile Safari/537.36 (compatible; GoogleOther)" 
45.11.21.37 - - [24/Oct/2025:16:56:26 -0700] "GET / HTTP/1.1" 301 3711 "http://biblioglow.com" "Mozilla/5.0 (Windows NT 10.0; WOW64) AppleWebKit/537.36 (KHTML, like Gecko) Chrome/114.0.0.0 Safari/537.36" 
64.90.53.137 - - [24/Oct/2025:16:56:26 -0700] "POST /wp-cron.php?doing_wp_cron=1761350186.8694601058959960937500 HTTP/1.1" 200 3634 "https://www.biblioglow.com/wp-cron.php?doing_wp_cron=1761350186.8694601058959960937500" "WordPress/6.1.9; https://www.biblioglow.com" 
66.249.68.133 - - [24/Oct/2025:16:56:29 -0700] "GET /shopdetail158369416?kg=0157049790 HTTP/1.1" 200 30348 "-" "Mozilla/5.0 (Linux; Android 6.0.1; Nexus 5X Build/MMB29P) AppleWebKit/537.36 (KHTML, like Gecko) Chrome/141.0.7390.122 Mobile Safari/537.36 (compatible; GoogleOther)" 
5.183.130.232 - - [24/Oct/2025:16:56:58 -0700] "GET / HTTP/1.1" 200 16916 "-" "Mozilla/5.0 (Windows NT 10.0; WOW64) AppleWebKit/537.36 (KHTML, like Gecko) Chrome/114.0.0.0 Safari/537.36" 
66.249.68.134 - - [24/Oct/2025:16:57:12 -0700] "GET /shopdetail324141928?kg=0321440866 HTTP/1.1" 200 31419 "-" "Mozilla/5.0 (Linux; Android 6.0.1; Nexus 5X Build/MMB29P) AppleWebKit/537.36 (KHTML, like Gecko) Chrome/141.0.7390.122 Mobile Safari/537.36 (compatible; GoogleOther)" 
66.249.68.134 - - [24/Oct/2025:16:57:21 -0700] "GET /shopdetail71703080?kg=0071105674 HTTP/1.1" 200 33056 "-" "Mozilla/5.0 (Linux; Android 6.0.1; Nexus 5X Build/MMB29P) AppleWebKit/537.36 (KHTML, like Gecko) Chrome/141.0.7390.122 Mobile Safari/537.36 (compatible; GoogleOther)" 
66.249.68.133 - - [24/Oct/2025:16:58:05 -0700] "GET /shopdetail186294984?kg=0184742646 HTTP/1.1" 200 30585 "-" "Mozilla/5.0 (Linux; Android 6.0.1; Nexus 5X Build/MMB29P) AppleWebKit/537.36 (KHTML, like Gecko) Chrome/141.0.7390.122 Mobile Safari/537.36 (compatible; GoogleOther)" 
66.249.68.134 - - [24/Oct/2025:16:58:14 -0700] "GET /shopdetail57628104?kg=0057147990 HTTP/1.1" 200 32284 "-" "Mozilla/5.0 (Linux; Android 6.0.1; Nexus 5X Build/MMB29P) AppleWebKit/537.36 (KHTML, like Gecko) Chrome/141.0.7390.122 Mobile Safari/537.36 (compatible; GoogleOther)" 
185.181.245.225 - - [24/Oct/2025:16:58:33 -0700] "GET /wp-login.php?action=register HTTP/1.1" 302 3858 "https://www.biblioglow.com/wp-login.php?action=register" "Mozilla/5.0 (Windows NT 6.3; Win64; x64) AppleWebKit/537.36 (KHTML, like Gecko) Chrome/103.0.0.0 Safari/537.36" 
64.90.53.137 - - [24/Oct/2025:16:58:33 -0700] "POST /wp-cron.php?doing_wp_cron=1761350313.8100419044494628906250 HTTP/1.1" 200 3634 "https://www.biblioglow.com/wp-cron.php?doing_wp_cron=1761350313.8100419044494628906250" "WordPress/6.1.9; https://www.biblioglow.com" 
40.77.167.12 - - [24/Oct/2025:16:58:34 -0700] "GET /shopdetail249346680?kg=0247268912 HTTP/2.0" 200 28464 "-" "Mozilla/5.0 AppleWebKit/537.36 (KHTML, like Gecko; compatible; bingbot/2.0; +http://www.bing.com/bingbot.htm) Chrome/116.0.1938.76 Safari/537.36" 
185.181.245.225 - - [24/Oct/2025:16:58:42 -0700] "GET /wp-login.php?registration=disabled HTTP/1.1" 200 5694 "https://www.biblioglow.com/wp-login.php?action=register" "Mozilla/5.0 (Windows NT 6.3; Win64; x64) AppleWebKit/537.36 (KHTML, like Gecko) Chrome/103.0.0.0 Safari/537.36" 
198.235.24.161 - - [24/Oct/2025:16:58:43 -0700] "GET / HTTP/1.1" 301 3667 "-" "-" 
198.235.24.161 - - [24/Oct/2025:16:58:44 -0700] "GET / HTTP/1.1" 200 85875 "-" "-" 
66.249.68.133 - - [24/Oct/2025:16:58:58 -0700] "GET /shopdetail57661576?kg=0057181182 HTTP/1.1" 200 30656 "-" "Mozilla/5.0 (Linux; Android 6.0.1; Nexus 5X Build/MMB29P) AppleWebKit/537.36 (KHTML, like Gecko) Chrome/141.0.7390.122 Mobile Safari/537.36 (compatible; GoogleOther)" 
66.249.68.134 - - [24/Oct/2025:16:59:07 -0700] "GET /shopdetail308915784?kg=0306341606 HTTP/1.1" 200 31211 "-" "Mozilla/5.0 (Linux; Android 6.0.1; Nexus 5X Build/MMB29P) AppleWebKit/537.36 (KHTML, like Gecko) Chrome/141.0.7390.122 Mobile Safari/537.36 (compatible; GoogleOther)" 
66.249.68.133 - - [24/Oct/2025:16:59:50 -0700] "GET /shopdetail30707104?kg=0030451331 HTTP/1.1" 200 31403 "-" "Mozilla/5.0 (Linux; Android 6.0.1; Nexus 5X Build/MMB29P) AppleWebKit/537.36 (KHTML, like Gecko) Chrome/141.0.7390.122 Mobile Safari/537.36 (compatible; GoogleOther)" 
66.249.68.134 - - [24/Oct/2025:17:00:00 -0700] "GET /shopdetail30697504?kg=0030441811 HTTP/1.1" 200 30878 "-" "Mozilla/5.0 (Linux; Android 6.0.1; Nexus 5X Build/MMB29P) AppleWebKit/537.36 (KHTML, like Gecko) Chrome/141.0.7390.122 Mobile Safari/537.36 (compatible; GoogleOther)" 
66.249.68.134 - - [24/Oct/2025:17:00:43 -0700] "GET /shopdetail159855480?kg=0158523472 HTTP/1.1" 200 31252 "-" "Mozilla/5.0 (Linux; Android 6.0.1; Nexus 5X Build/MMB29P) AppleWebKit/537.36 (KHTML, like Gecko) Chrome/141.0.7390.122 Mobile Safari/537.36 (compatible; GoogleOther)" 
66.249.68.133 - - [24/Oct/2025:17:00:52 -0700] "GET /shopdetail32879984?kg=0032606105 HTTP/1.1" 200 31884 "-" "Mozilla/5.0 (Linux; Android 6.0.1; Nexus 5X Build/MMB29P) AppleWebKit/537.36 (KHTML, like Gecko) Chrome/141.0.7390.122 Mobile Safari/537.36 (compatible; GoogleOther)" 
66.249.68.135 - - [24/Oct/2025:17:01:36 -0700] "GET /shopdetail57512904?kg=0057033750 HTTP/1.1" 200 32104 "-" "Mozilla/5.0 (Linux; Android 6.0.1; Nexus 5X Build/MMB29P) AppleWebKit/537.36 (KHTML, like Gecko) Chrome/141.0.7390.122 Mobile Safari/537.36 (compatible; GoogleOther)" 
66.249.68.134 - - [24/Oct/2025:17:01:45 -0700] "GET /shopdetail57348616?kg=0056870830 HTTP/1.1" 200 32986 "-" "Mozilla/5.0 (Linux; Android 6.0.1; Nexus 5X Build/MMB29P) AppleWebKit/537.36 (KHTML, like Gecko) Chrome/141.0.7390.122 Mobile Safari/537.36 (compatible; GoogleOther)" 
66.249.68.134 - - [24/Oct/2025:17:02:28 -0700] "GET /shopdetail31875960?kg=0031610448 HTTP/1.1" 200 30481 "-" "Mozilla/5.0 (Linux; Android 6.0.1; Nexus 5X Build/MMB29P) AppleWebKit/537.36 (KHTML, like Gecko) Chrome/141.0.7390.122 Mobile Safari/537.36 (compatible; GoogleOther)" 
66.249.68.134 - - [24/Oct/2025:17:02:37 -0700] "GET /shopdetail57596144?kg=0057116297 HTTP/1.1" 200 31719 "-" "Mozilla/5.0 (Linux; Android 6.0.1; Nexus 5X Build/MMB29P) AppleWebKit/537.36 (KHTML, like Gecko) Chrome/141.0.7390.122 Mobile Safari/537.36 (compatible; GoogleOther)" 
66.249.68.135 - - [24/Oct/2025:17:03:21 -0700] "GET /shopdetail324144544?kg=0321443459 HTTP/1.1" 200 32505 "-" "Mozilla/5.0 (Linux; Android 6.0.1; Nexus 5X Build/MMB29P) AppleWebKit/537.36 (KHTML, like Gecko) Chrome/141.0.7390.122 Mobile Safari/537.36 (compatible; GoogleOther)" 
66.249.68.134 - - [24/Oct/2025:17:03:30 -0700] "GET /shopdetail186015360?kg=0184465351 HTTP/1.1" 200 31165 "-" "Mozilla/5.0 (Linux; Android 6.0.1; Nexus 5X Build/MMB29P) AppleWebKit/537.36 (KHTML, like Gecko) Chrome/141.0.7390.122 Mobile Safari/537.36 (compatible; GoogleOther)" 
66.249.68.133 - - [24/Oct/2025:17:04:13 -0700] "GET /shopdetail72813656?kg=0072206996 HTTP/1.1" 200 30682 "-" "Mozilla/5.0 (Linux; Android 6.0.1; Nexus 5X Build/MMB29P) AppleWebKit/537.36 (KHTML, like Gecko) Chrome/141.0.7390.122 Mobile Safari/537.36 (compatible; GoogleOther)" 
66.249.68.133 - - [24/Oct/2025:17:04:22 -0700] "GET /shopdetail56902072?kg=0056428008 HTTP/1.1" 200 30718 "-" "Mozilla/5.0 (Linux; Android 6.0.1; Nexus 5X Build/MMB29P) AppleWebKit/537.36 (KHTML, like Gecko) Chrome/141.0.7390.122 Mobile Safari/537.36 (compatible; GoogleOther)" 
91.210.69.139 - - [24/Oct/2025:17:04:34 -0700] "GET /2020/07/03/the-hamilton-affair-discussion-questions/ HTTP/1.0" 200 89613 "https://www.biblioglow.com/2020/07/03/the-hamilton-affair-discussion-questions/#comment-12111" "Mozilla/5.0 (Windows NT 10.0; Win64; x64) AppleWebKit/537.36 (KHTML, like Gecko) Chrome/131.0.0.0 Safari/537.36 Avast/131.0.0.0" 
64.90.53.137 - - [24/Oct/2025:17:04:34 -0700] "POST /wp-cron.php?doing_wp_cron=1761350674.6315500736236572265625 HTTP/1.1" 200 3634 "https://www.biblioglow.com/wp-cron.php?doing_wp_cron=1761350674.6315500736236572265625" "WordPress/6.1.9; https://www.biblioglow.com" 
91.210.69.139 - - [24/Oct/2025:17:04:37 -0700] "POST /wp-comments-post.php HTTP/1.0" 302 4057 "https://www.biblioglow.com/2020/07/03/the-hamilton-affair-discussion-questions/#comment-12111" "Mozilla/5.0 (Windows NT 10.0; Win64; x64) AppleWebKit/537.36 (KHTML, like Gecko) Chrome/131.0.0.0 Safari/537.36 Avast/131.0.0.0" 
91.210.69.139 - - [24/Oct/2025:17:04:39 -0700] "GET /2020/07/03/the-hamilton-affair-discussion-questions/ HTTP/1.0" 200 132693 "https://www.biblioglow.com/2020/07/03/the-hamilton-affair-discussion-questions/#comment-19427" "Mozilla/5.0 (Windows NT 10.0; Win64; x64) AppleWebKit/537.36 (KHTML, like Gecko) Chrome/131.0.0.0 Safari/537.36 Avast/131.0.0.0" 
66.249.68.133 - - [24/Oct/2025:17:05:06 -0700] "GET /shopdetail323791264?kg=0321093123 HTTP/1.1" 200 31308 "-" "Mozilla/5.0 (Linux; Android 6.0.1; Nexus 5X Build/MMB29P) AppleWebKit/537.36 (KHTML, like Gecko) Chrome/141.0.7390.122 Mobile Safari/537.36 (compatible; GoogleOther)" 
40.77.167.28 - - [24/Oct/2025:17:05:09 -0700] "GET /shopdetail80245432?kg=0079576840 HTTP/2.0" 200 27330 "-" "Mozilla/5.0 AppleWebKit/537.36 (KHTML, like Gecko; compatible; bingbot/2.0; +http://www.bing.com/bingbot.htm) Chrome/116.0.1938.76 Safari/537.36" 
66.249.68.134 - - [24/Oct/2025:17:05:15 -0700] "GET /shopdetail57158536?kg=0056682334 HTTP/1.1" 200 32045 "-" "Mozilla/5.0 (Linux; Android 6.0.1; Nexus 5X Build/MMB29P) AppleWebKit/537.36 (KHTML, like Gecko) Chrome/141.0.7390.122 Mobile Safari/537.36 (compatible; GoogleOther)" 
66.249.68.133 - - [24/Oct/2025:17:05:59 -0700] "GET /shopdetail73119360?kg=0072510151 HTTP/1.1" 200 32927 "-" "Mozilla/5.0 (Linux; Android 6.0.1; Nexus 5X Build/MMB29P) AppleWebKit/537.36 (KHTML, like Gecko) Chrome/141.0.7390.122 Mobile Safari/537.36 (compatible; GoogleOther)" 
66.249.68.135 - - [24/Oct/2025:17:06:08 -0700] "GET /shopdetail72829424?kg=0072222633 HTTP/1.1" 200 33689 "-" "Mozilla/5.0 (Linux; Android 6.0.1; Nexus 5X Build/MMB29P) AppleWebKit/537.36 (KHTML, like Gecko) Chrome/141.0.7390.122 Mobile Safari/537.36 (compatible; GoogleOther)" 
66.249.68.134 - - [24/Oct/2025:17:06:51 -0700] "GET /shopdetail158440592?kg=0157120373 HTTP/1.1" 200 31265 "-" "Mozilla/5.0 (Linux; Android 6.0.1; Nexus 5X Build/MMB29P) AppleWebKit/537.36 (KHTML, like Gecko) Chrome/141.0.7390.122 Mobile Safari/537.36 (compatible; GoogleOther)" 
66.249.68.133 - - [24/Oct/2025:17:07:00 -0700] "GET /shopdetail72470944?kg=0071867139 HTTP/1.1" 200 30669 "-" "Mozilla/5.0 (Linux; Android 6.0.1; Nexus 5X Build/MMB29P) AppleWebKit/537.36 (KHTML, like Gecko) Chrome/141.0.7390.122 Mobile Safari/537.36 (compatible; GoogleOther)" 
66.249.68.133 - - [24/Oct/2025:17:07:44 -0700] "GET /shopdetail57917344?kg=0057434819 HTTP/1.1" 200 31233 "-" "Mozilla/5.0 (Linux; Android 6.0.1; Nexus 5X Build/MMB29P) AppleWebKit/537.36 (KHTML, like Gecko) Chrome/141.0.7390.122 Mobile Safari/537.36 (compatible; GoogleOther)" 
66.249.68.133 - - [24/Oct/2025:17:07:53 -0700] "GET /shopdetail32112816?kg=0031845329 HTTP/1.1" 200 30839 "-" "Mozilla/5.0 (Linux; Android 6.0.1; Nexus 5X Build/MMB29P) AppleWebKit/537.36 (KHTML, like Gecko) Chrome/141.0.7390.122 Mobile Safari/537.36 (compatible; GoogleOther)" 
66.249.68.134 - - [24/Oct/2025:17:08:37 -0700] "GET /shopdetail186209552?kg=0184657925 HTTP/1.1" 200 30686 "-" "Mozilla/5.0 (Linux; Android 6.0.1; Nexus 5X Build/MMB29P) AppleWebKit/537.36 (KHTML, like Gecko) Chrome/141.0.7390.122 Mobile Safari/537.36 (compatible; GoogleOther)" 
66.249.68.133 - - [24/Oct/2025:17:08:46 -0700] "GET /shopdetail183592168?kg=0182062354 HTTP/1.1" 200 31377 "-" "Mozilla/5.0 (Linux; Android 6.0.1; Nexus 5X Build/MMB29P) AppleWebKit/537.36 (KHTML, like Gecko) Chrome/141.0.7390.122 Mobile Safari/537.36 (compatible; GoogleOther)" 
66.249.68.133 - - [24/Oct/2025:17:09:29 -0700] "GET /shopdetail73189840?kg=0072580045 HTTP/1.1" 200 30844 "-" "Mozilla/5.0 (Linux; Android 6.0.1; Nexus 5X Build/MMB29P) AppleWebKit/537.36 (KHTML, like Gecko) Chrome/141.0.7390.122 Mobile Safari/537.36 (compatible; GoogleOther)" 
66.249.68.134 - - [24/Oct/2025:17:09:38 -0700] "GET /shopdetail308568128?kg=0305996847 HTTP/1.1" 200 31082 "-" "Mozilla/5.0 (Linux; Android 6.0.1; Nexus 5X Build/MMB29P) AppleWebKit/537.36 (KHTML, like Gecko) Chrome/141.0.7390.122 Mobile Safari/537.36 (compatible; GoogleOther)" 
66.249.68.133 - - [24/Oct/2025:17:10:22 -0700] "GET /shopdetail157548880?kg=0156236093 HTTP/1.1" 200 32095 "-" "Mozilla/5.0 (Linux; Android 6.0.1; Nexus 5X Build/MMB29P) AppleWebKit/537.36 (KHTML, like Gecko) Chrome/141.0.7390.122 Mobile Safari/537.36 (compatible; GoogleOther)" 
66.249.68.134 - - [24/Oct/2025:17:10:31 -0700] "GET /shopdetail185681688?kg=0184134460 HTTP/1.1" 200 31094 "-" "Mozilla/5.0 (Linux; Android 6.0.1; Nexus 5X Build/MMB29P) AppleWebKit/537.36 (KHTML, like Gecko) Chrome/141.0.7390.122 Mobile Safari/537.36 (compatible; GoogleOther)" 
66.249.68.134 - - [24/Oct/2025:17:11:15 -0700] "GET /shopdetail308710480?kg=0306138013 HTTP/1.1" 200 30979 "-" "Mozilla/5.0 (Linux; Android 6.0.1; Nexus 5X Build/MMB29P) AppleWebKit/537.36 (KHTML, like Gecko) Chrome/141.0.7390.122 Mobile Safari/537.36 (compatible; GoogleOther)" 
66.249.68.134 - - [24/Oct/2025:17:11:24 -0700] "GET /shopdetail157911896?kg=0156596084 HTTP/1.1" 200 31180 "-" "Mozilla/5.0 (Linux; Android 6.0.1; Nexus 5X Build/MMB29P) AppleWebKit/537.36 (KHTML, like Gecko) Chrome/141.0.7390.122 Mobile Safari/537.36 (compatible; GoogleOther)" 
66.249.68.135 - - [24/Oct/2025:17:12:07 -0700] "GET /shopdetail57966296?kg=0057483364 HTTP/1.1" 200 30937 "-" "Mozilla/5.0 (Linux; Android 6.0.1; Nexus 5X Build/MMB29P) AppleWebKit/537.36 (KHTML, like Gecko) Chrome/141.0.7390.122 Mobile Safari/537.36 (compatible; GoogleOther)" 
66.249.68.134 - - [24/Oct/2025:17:12:16 -0700] "GET /shopdetail307974168?kg=0305407836 HTTP/1.1" 200 32394 "-" "Mozilla/5.0 (Linux; Android 6.0.1; Nexus 5X Build/MMB29P) AppleWebKit/537.36 (KHTML, like Gecko) Chrome/141.0.7390.122 Mobile Safari/537.36 (compatible; GoogleOther)" 
114.119.148.10 - - [24/Oct/2025:17:12:43 -0700] "GET /shopdetail68886576?kg=0068312641 HTTP/1.1" 301 3731 "https://biblioglow.com/sitemap.xml" "Mozilla/5.0 (Linux; Android 7.0;) AppleWebKit/537.36 (KHTML, like Gecko) Mobile Safari/537.36 (compatible; PetalBot;+https://webmaster.petalsearch.com/site/petalbot)" 
64.90.53.137 - - [24/Oct/2025:17:12:44 -0700] "POST /wp-cron.php?doing_wp_cron=1761351164.1423599720001220703125 HTTP/1.1" 200 3634 "https://www.biblioglow.com/wp-cron.php?doing_wp_cron=1761351164.1423599720001220703125" "WordPress/6.1.9; https://www.biblioglow.com" 
114.119.148.10 - - [24/Oct/2025:17:12:46 -0700] "GET /shopdetail68886576?kg=0068312641 HTTP/1.1" 404 51132 "https://biblioglow.com/sitemap.xml" "Mozilla/5.0 (Linux; Android 7.0;) AppleWebKit/537.36 (KHTML, like Gecko) Mobile Safari/537.36 (compatible; PetalBot;+https://webmaster.petalsearch.com/site/petalbot)" 
66.249.68.134 - - [24/Oct/2025:17:13:00 -0700] "GET /shopdetail186018096?kg=0184468065 HTTP/1.1" 200 30452 "-" "Mozilla/5.0 (Linux; Android 6.0.1; Nexus 5X Build/MMB29P) AppleWebKit/537.36 (KHTML, like Gecko) Chrome/141.0.7390.122 Mobile Safari/537.36 (compatible; GoogleOther)" 
66.249.68.133 - - [24/Oct/2025:17:13:11 -0700] "GET /shopdetail183602736?kg=0182072833 HTTP/1.1" 200 30355 "-" "Mozilla/5.0 (Linux; Android 6.0.1; Nexus 5X Build/MMB29P) AppleWebKit/537.36 (KHTML, like Gecko) Chrome/141.0.7390.122 Mobile Safari/537.36 (compatible; GoogleOther)" 
66.249.68.133 - - [24/Oct/2025:17:13:52 -0700] "GET /shopdetail32678400?kg=0032406199 HTTP/1.1" 200 31252 "-" "Mozilla/5.0 (Linux; Android 6.0.1; Nexus 5X Build/MMB29P) AppleWebKit/537.36 (KHTML, like Gecko) Chrome/141.0.7390.122 Mobile Safari/537.36 (compatible; GoogleOther)" 
66.249.68.133 - - [24/Oct/2025:17:14:01 -0700] "GET /shopdetail158916616?kg=0157592430 HTTP/1.1" 200 30938 "-" "Mozilla/5.0 (Linux; Android 6.0.1; Nexus 5X Build/MMB29P) AppleWebKit/537.36 (KHTML, like Gecko) Chrome/141.0.7390.122 Mobile Safari/537.36 (compatible; GoogleOther)" 
154.0.167.216 - - [24/Oct/2025:17:14:04 -0700] "GET /wp-login.php HTTP/2.0" 429 354 "-" "Mozilla/5.0 (X11; Linux x86_64) AppleWebKit/537.36 (KHTML, like Gecko) Chrome/66.0.3359.117 Safari/537.36" 
114.119.129.24 - - [24/Oct/2025:17:14:07 -0700] "GET /shopdetail68886168?kg=0068312236 HTTP/1.1" 301 3731 "https://biblioglow.com/sitemap.xml" "Mozilla/5.0 (Linux; Android 7.0;) AppleWebKit/537.36 (KHTML, like Gecko) Mobile Safari/537.36 (compatible; PetalBot;+https://webmaster.petalsearch.com/site/petalbot)" 
64.90.53.137 - - [24/Oct/2025:17:14:08 -0700] "POST /wp-cron.php?doing_wp_cron=1761351248.4729170799255371093750 HTTP/1.1" 200 3634 "https://www.biblioglow.com/wp-cron.php?doing_wp_cron=1761351248.4729170799255371093750" "WordPress/6.1.9; https://www.biblioglow.com" 
114.119.129.24 - - [24/Oct/2025:17:14:10 -0700] "GET /shopdetail68886168?kg=0068312236 HTTP/1.1" 404 51132 "https://biblioglow.com/sitemap.xml" "Mozilla/5.0 (Linux; Android 7.0;) AppleWebKit/537.36 (KHTML, like Gecko) Mobile Safari/537.36 (compatible; PetalBot;+https://webmaster.petalsearch.com/site/petalbot)" 
66.249.68.133 - - [24/Oct/2025:17:14:45 -0700] "GET /shopdetail57473688?kg=0056994860 HTTP/1.1" 200 31845 "-" "Mozilla/5.0 (Linux; Android 6.0.1; Nexus 5X Build/MMB29P) AppleWebKit/537.36 (KHTML, like Gecko) Chrome/141.0.7390.122 Mobile Safari/537.36 (compatible; GoogleOther)" 
66.249.79.5 - - [24/Oct/2025:17:14:50 -0700] "GET /shopdetail6795152?kg=0006738645 HTTP/1.1" 200 33946 "-" "Mozilla/5.0 (compatible; Googlebot/2.1; +http://www.google.com/bot.html)" 
66.249.68.133 - - [24/Oct/2025:17:14:54 -0700] "GET /shopdetail57569264?kg=0057089641 HTTP/1.1" 200 31067 "-" "Mozilla/5.0 (Linux; Android 6.0.1; Nexus 5X Build/MMB29P) AppleWebKit/537.36 (KHTML, like Gecko) Chrome/141.0.7390.122 Mobile Safari/537.36 (compatible; GoogleOther)" 
114.119.129.24 - - [24/Oct/2025:17:15:31 -0700] "GET /shopdetail68885472?kg=0068311547 HTTP/1.1" 301 3731 "https://biblioglow.com/sitemap.xml" "Mozilla/5.0 (Linux; Android 7.0;) AppleWebKit/537.36 (KHTML, like Gecko) Mobile Safari/537.36 (compatible; PetalBot;+https://webmaster.petalsearch.com/site/petalbot)" 
64.90.53.137 - - [24/Oct/2025:17:15:31 -0700] "POST /wp-cron.php?doing_wp_cron=1761351331.7505691051483154296875 HTTP/1.1" 200 3634 "https://www.biblioglow.com/wp-cron.php?doing_wp_cron=1761351331.7505691051483154296875" "WordPress/6.1.9; https://www.biblioglow.com" 
114.119.129.24 - - [24/Oct/2025:17:15:33 -0700] "GET /shopdetail68885472?kg=0068311547 HTTP/1.1" 404 51132 "https://biblioglow.com/sitemap.xml" "Mozilla/5.0 (Linux; Android 7.0;) AppleWebKit/537.36 (KHTML, like Gecko) Mobile Safari/537.36 (compatible; PetalBot;+https://webmaster.petalsearch.com/site/petalbot)" 
66.249.68.134 - - [24/Oct/2025:17:15:38 -0700] "GET /shopdetail185946920?kg=0184397482 HTTP/1.1" 200 31858 "-" "Mozilla/5.0 (Linux; Android 6.0.1; Nexus 5X Build/MMB29P) AppleWebKit/537.36 (KHTML, like Gecko) Chrome/141.0.7390.122 Mobile Safari/537.36 (compatible; GoogleOther)" 
66.249.68.133 - - [24/Oct/2025:17:15:47 -0700] "GET /shopdetail157914088?kg=0156598258 HTTP/1.1" 200 30940 "-" "Mozilla/5.0 (Linux; Android 6.0.1; Nexus 5X Build/MMB29P) AppleWebKit/537.36 (KHTML, like Gecko) Chrome/141.0.7390.122 Mobile Safari/537.36 (compatible; GoogleOther)" 
66.249.68.133 - - [24/Oct/2025:17:16:30 -0700] "GET /shopdetail309102856?kg=0306527118 HTTP/1.1" 200 30868 "-" "Mozilla/5.0 (Linux; Android 6.0.1; Nexus 5X Build/MMB29P) AppleWebKit/537.36 (KHTML, like Gecko) Chrome/141.0.7390.122 Mobile Safari/537.36 (compatible; GoogleOther)" 
66.249.68.134 - - [24/Oct/2025:17:16:39 -0700] "GET /shopdetail309022352?kg=0306447285 HTTP/1.1" 200 32054 "-" "Mozilla/5.0 (Linux; Android 6.0.1; Nexus 5X Build/MMB29P) AppleWebKit/537.36 (KHTML, like Gecko) Chrome/141.0.7390.122 Mobile Safari/537.36 (compatible; GoogleOther)" 
114.119.135.207 - - [24/Oct/2025:17:16:59 -0700] "GET /shopdetail68879304?kg=0068305430 HTTP/1.1" 301 3731 "https://biblioglow.com/sitemap.xml" "Mozilla/5.0 (Linux; Android 7.0;) AppleWebKit/537.36 (KHTML, like Gecko) Mobile Safari/537.36 (compatible; PetalBot;+https://webmaster.petalsearch.com/site/petalbot)" 
114.119.135.207 - - [24/Oct/2025:17:17:01 -0700] "GET /shopdetail68879304?kg=0068305430 HTTP/1.1" 404 51132 "https://biblioglow.com/sitemap.xml" "Mozilla/5.0 (Linux; Android 7.0;) AppleWebKit/537.36 (KHTML, like Gecko) Mobile Safari/537.36 (compatible; PetalBot;+https://webmaster.petalsearch.com/site/petalbot)" 
64.90.53.137 - - [24/Oct/2025:17:16:59 -0700] "POST /wp-cron.php?doing_wp_cron=1761351419.9335379600524902343750 HTTP/1.1" 200 3634 "https://www.biblioglow.com/wp-cron.php?doing_wp_cron=1761351419.9335379600524902343750" "WordPress/6.1.9; https://www.biblioglow.com" 
66.249.68.134 - - [24/Oct/2025:17:17:23 -0700] "GET /shopdetail57756336?kg=0057275153 HTTP/1.1" 200 30217 "-" "Mozilla/5.0 (Linux; Android 6.0.1; Nexus 5X Build/MMB29P) AppleWebKit/537.36 (KHTML, like Gecko) Chrome/141.0.7390.122 Mobile Safari/537.36 (compatible; GoogleOther)" 
66.249.68.134 - - [24/Oct/2025:17:17:32 -0700] "GET /shopdetail308885064?kg=0306311142 HTTP/1.1" 200 30928 "-" "Mozilla/5.0 (Linux; Android 6.0.1; Nexus 5X Build/MMB29P) AppleWebKit/537.36 (KHTML, like Gecko) Chrome/141.0.7390.122 Mobile Safari/537.36 (compatible; GoogleOther)" 
66.249.68.134 - - [24/Oct/2025:17:18:15 -0700] "GET /shopdetail158862992?kg=0157539253 HTTP/1.1" 200 31338 "-" "Mozilla/5.0 (Linux; Android 6.0.1; Nexus 5X Build/MMB29P) AppleWebKit/537.36 (KHTML, like Gecko) Chrome/141.0.7390.122 Mobile Safari/537.36 (compatible; GoogleOther)" 
64.90.53.137 - - [24/Oct/2025:17:18:22 -0700] "POST /wp-cron.php?doing_wp_cron=1761351502.7951750755310058593750 HTTP/1.1" 200 3634 "https://www.biblioglow.com/wp-cron.php?doing_wp_cron=1761351502.7951750755310058593750" "WordPress/6.1.9; https://www.biblioglow.com" 
114.119.141.83 - - [24/Oct/2025:17:18:22 -0700] "GET /shopdetail68855584?kg=0068281907 HTTP/1.1" 301 3731 "https://biblioglow.com/sitemap.xml" "Mozilla/5.0 (Linux; Android 7.0;) AppleWebKit/537.36 (KHTML, like Gecko) Mobile Safari/537.36 (compatible; PetalBot;+https://webmaster.petalsearch.com/site/petalbot)" 
114.119.141.83 - - [24/Oct/2025:17:18:24 -0700] "GET /shopdetail68855584?kg=0068281907 HTTP/1.1" 404 51132 "https://biblioglow.com/sitemap.xml" "Mozilla/5.0 (Linux; Android 7.0;) AppleWebKit/537.36 (KHTML, like Gecko) Mobile Safari/537.36 (compatible; PetalBot;+https://webmaster.petalsearch.com/site/petalbot)" 
66.249.68.134 - - [24/Oct/2025:17:18:25 -0700] "GET /shopdetail158101296?kg=0156783905 HTTP/1.1" 200 30690 "-" "Mozilla/5.0 (Linux; Android 6.0.1; Nexus 5X Build/MMB29P) AppleWebKit/537.36 (KHTML, like Gecko) Chrome/141.0.7390.122 Mobile Safari/537.36 (compatible; GoogleOther)" 
66.249.68.134 - - [24/Oct/2025:17:19:08 -0700] "GET /shopdetail70964152?kg=0070372904 HTTP/1.1" 200 30752 "-" "Mozilla/5.0 (Linux; Android 6.0.1; Nexus 5X Build/MMB29P) AppleWebKit/537.36 (KHTML, like Gecko) Chrome/141.0.7390.122 Mobile Safari/537.36 (compatible; GoogleOther)" 
66.249.68.134 - - [24/Oct/2025:17:19:17 -0700] "GET /shopdetail57181440?kg=0056705047 HTTP/1.1" 200 31461 "-" "Mozilla/5.0 (Linux; Android 6.0.1; Nexus 5X Build/MMB29P) AppleWebKit/537.36 (KHTML, like Gecko) Chrome/141.0.7390.122 Mobile Safari/537.36 (compatible; GoogleOther)" 
64.90.53.137 - - [24/Oct/2025:17:19:42 -0700] "POST /wp-cron.php?doing_wp_cron=1761351582.8184549808502197265625 HTTP/1.1" 200 3634 "https://www.biblioglow.com/wp-cron.php?doing_wp_cron=1761351582.8184549808502197265625" "WordPress/6.1.9; https://www.biblioglow.com" 
114.119.130.109 - - [24/Oct/2025:17:19:42 -0700] "GET /shopdetail68817320?kg=0068243962 HTTP/1.1" 301 3731 "https://biblioglow.com/sitemap.xml" "Mozilla/5.0 (Linux; Android 7.0;) AppleWebKit/537.36 (KHTML, like Gecko) Mobile Safari/537.36 (compatible; PetalBot;+https://webmaster.petalsearch.com/site/petalbot)" 
114.119.130.109 - - [24/Oct/2025:17:19:44 -0700] "GET /shopdetail68817320?kg=0068243962 HTTP/1.1" 404 51132 "https://biblioglow.com/sitemap.xml" "Mozilla/5.0 (Linux; Android 7.0;) AppleWebKit/537.36 (KHTML, like Gecko) Mobile Safari/537.36 (compatible; PetalBot;+https://webmaster.petalsearch.com/site/petalbot)" 
66.249.68.135 - - [24/Oct/2025:17:20:01 -0700] "GET /shopdetail323963792?kg=0321264213 HTTP/1.1" 200 31091 "-" "Mozilla/5.0 (Linux; Android 6.0.1; Nexus 5X Build/MMB29P) AppleWebKit/537.36 (KHTML, like Gecko) Chrome/141.0.7390.122 Mobile Safari/537.36 (compatible; GoogleOther)" 
66.249.68.134 - - [24/Oct/2025:17:20:10 -0700] "GET /shopdetail31716192?kg=0031452011 HTTP/1.1" 200 31555 "-" "Mozilla/5.0 (Linux; Android 6.0.1; Nexus 5X Build/MMB29P) AppleWebKit/537.36 (KHTML, like Gecko) Chrome/141.0.7390.122 Mobile Safari/537.36 (compatible; GoogleOther)" 
66.249.68.134 - - [24/Oct/2025:17:21:01 -0700] "GET /shopdetail308408224?kg=0305838275 HTTP/1.1" 200 30818 "-" "Mozilla/5.0 (Linux; Android 6.0.1; Nexus 5X Build/MMB29P) AppleWebKit/537.36 (KHTML, like Gecko) Chrome/141.0.7390.122 Mobile Safari/537.36 (compatible; GoogleOther)" 
66.249.68.133 - - [24/Oct/2025:17:21:05 -0700] "GET /shopdetail159468608?kg=0158139823 HTTP/1.1" 200 31544 "-" "Mozilla/5.0 (Linux; Android 6.0.1; Nexus 5X Build/MMB29P) AppleWebKit/537.36 (KHTML, like Gecko) Chrome/141.0.7390.122 Mobile Safari/537.36 (compatible; GoogleOther)" 
64.90.53.137 - - [24/Oct/2025:17:21:06 -0700] "POST /wp-cron.php?doing_wp_cron=1761351666.7505359649658203125000 HTTP/1.1" 200 3634 "https://www.biblioglow.com/wp-cron.php?doing_wp_cron=1761351666.7505359649658203125000" "WordPress/6.1.9; https://www.biblioglow.com" 
114.119.151.155 - - [24/Oct/2025:17:21:06 -0700] "GET /shopdetail68813072?kg=0068239749 HTTP/1.1" 301 3731 "https://biblioglow.com/sitemap.xml" "Mozilla/5.0 (Linux; Android 7.0;) AppleWebKit/537.36 (KHTML, like Gecko) Mobile Safari/537.36 (compatible; PetalBot;+https://webmaster.petalsearch.com/site/petalbot)" 
114.119.151.155 - - [24/Oct/2025:17:21:08 -0700] "GET /shopdetail68813072?kg=0068239749 HTTP/1.1" 404 51132 "https://biblioglow.com/sitemap.xml" "Mozilla/5.0 (Linux; Android 7.0;) AppleWebKit/537.36 (KHTML, like Gecko) Mobile Safari/537.36 (compatible; PetalBot;+https://webmaster.petalsearch.com/site/petalbot)" 
66.249.68.133 - - [24/Oct/2025:17:21:49 -0700] "GET /shopdetail32464312?kg=0032193896 HTTP/1.1" 200 30528 "-" "Mozilla/5.0 (Linux; Android 6.0.1; Nexus 5X Build/MMB29P) AppleWebKit/537.36 (KHTML, like Gecko) Chrome/141.0.7390.122 Mobile Safari/537.36 (compatible; GoogleOther)" 
66.249.68.133 - - [24/Oct/2025:17:21:53 -0700] "GET /shopdetail31723736?kg=0031459492 HTTP/1.1" 200 28018 "-" "Mozilla/5.0 (Linux; Android 6.0.1; Nexus 5X Build/MMB29P) AppleWebKit/537.36 (KHTML, like Gecko) Chrome/141.0.7390.122 Mobile Safari/537.36 (compatible; GoogleOther)" 
114.119.148.10 - - [24/Oct/2025:17:22:28 -0700] "GET /shopdetail68804968?kg=0068231714 HTTP/1.1" 301 3731 "https://biblioglow.com/sitemap.xml" "Mozilla/5.0 (Linux; Android 7.0;) AppleWebKit/537.36 (KHTML, like Gecko) Mobile Safari/537.36 (compatible; PetalBot;+https://webmaster.petalsearch.com/site/petalbot)" 
114.119.148.10 - - [24/Oct/2025:17:22:30 -0700] "GET /shopdetail68804968?kg=0068231714 HTTP/1.1" 404 51132 "https://biblioglow.com/sitemap.xml" "Mozilla/5.0 (Linux; Android 7.0;) AppleWebKit/537.36 (KHTML, like Gecko) Mobile Safari/537.36 (compatible; PetalBot;+https://webmaster.petalsearch.com/site/petalbot)" 
64.90.53.137 - - [24/Oct/2025:17:22:28 -0700] "POST /wp-cron.php?doing_wp_cron=1761351748.6648879051208496093750 HTTP/1.1" 200 3634 "https://www.biblioglow.com/wp-cron.php?doing_wp_cron=1761351748.6648879051208496093750" "WordPress/6.1.9; https://www.biblioglow.com" 
66.249.68.135 - - [24/Oct/2025:17:22:42 -0700] "GET /shopdetail72640040?kg=0072034826 HTTP/1.1" 200 30495 "-" "Mozilla/5.0 (Linux; Android 6.0.1; Nexus 5X Build/MMB29P) AppleWebKit/537.36 (KHTML, like Gecko) Chrome/141.0.7390.122 Mobile Safari/537.36 (compatible; GoogleOther)" 
66.249.68.133 - - [24/Oct/2025:17:22:47 -0700] "GET /shopdetail72261664?kg=0071659603 HTTP/1.1" 200 31276 "-" "Mozilla/5.0 (Linux; Android 6.0.1; Nexus 5X Build/MMB29P) AppleWebKit/537.36 (KHTML, like Gecko) Chrome/141.0.7390.122 Mobile Safari/537.36 (compatible; GoogleOther)" 
66.249.68.134 - - [24/Oct/2025:17:23:33 -0700] "GET /shopdetail70943304?kg=0070352230 HTTP/1.1" 200 30981 "-" "Mozilla/5.0 (Linux; Android 6.0.1; Nexus 5X Build/MMB29P) AppleWebKit/537.36 (KHTML, like Gecko) Chrome/141.0.7390.122 Mobile Safari/537.36 (compatible; GoogleOther)" 
66.249.68.133 - - [24/Oct/2025:17:23:38 -0700] "GET /shopdetail186768544?kg=0185212259 HTTP/1.1" 200 31201 "-" "Mozilla/5.0 (Linux; Android 6.0.1; Nexus 5X Build/MMB29P) AppleWebKit/537.36 (KHTML, like Gecko) Chrome/141.0.7390.122 Mobile Safari/537.36 (compatible; GoogleOther)" 
64.90.53.137 - - [24/Oct/2025:17:23:53 -0700] "POST /wp-cron.php?doing_wp_cron=1761351833.8583989143371582031250 HTTP/1.1" 200 3634 "https://www.biblioglow.com/wp-cron.php?doing_wp_cron=1761351833.8583989143371582031250" "WordPress/6.1.9; https://www.biblioglow.com" 
114.119.130.109 - - [24/Oct/2025:17:23:53 -0700] "GET /shopdetail68804560?kg=0068231309 HTTP/1.1" 301 3731 "https://biblioglow.com/sitemap.xml" "Mozilla/5.0 (Linux; Android 7.0;) AppleWebKit/537.36 (KHTML, like Gecko) Mobile Safari/537.36 (compatible; PetalBot;+https://webmaster.petalsearch.com/site/petalbot)" 
114.119.130.109 - - [24/Oct/2025:17:23:54 -0700] "GET /shopdetail68804560?kg=0068231309 HTTP/1.1" 404 51132 "https://biblioglow.com/sitemap.xml" "Mozilla/5.0 (Linux; Android 7.0;) AppleWebKit/537.36 (KHTML, like Gecko) Mobile Safari/537.36 (compatible; PetalBot;+https://webmaster.petalsearch.com/site/petalbot)" 
66.249.68.135 - - [24/Oct/2025:17:24:28 -0700] "GET /shopdetail308557984?kg=0305986787 HTTP/1.1" 200 31125 "-" "Mozilla/5.0 (Linux; Android 6.0.1; Nexus 5X Build/MMB29P) AppleWebKit/537.36 (KHTML, like Gecko) Chrome/141.0.7390.122 Mobile Safari/537.36 (compatible; GoogleOther)" 
66.249.68.134 - - [24/Oct/2025:17:24:37 -0700] "GET /shopdetail31730600?kg=0031466298 HTTP/1.1" 200 32753 "-" "Mozilla/5.0 (Linux; Android 6.0.1; Nexus 5X Build/MMB29P) AppleWebKit/537.36 (KHTML, like Gecko) Chrome/141.0.7390.122 Mobile Safari/537.36 (compatible; GoogleOther)" 
66.249.79.4 - - [24/Oct/2025:17:24:59 -0700] "GET /shopdetail6773472?kg=0006717147 HTTP/1.1" 200 30854 "-" "Mozilla/5.0 (compatible; Googlebot/2.1; +http://www.google.com/bot.html)" 
66.249.68.133 - - [24/Oct/2025:17:25:15 -0700] "GET /shopdetail72650456?kg=0072045156 HTTP/1.1" 200 30667 "-" "Mozilla/5.0 (Linux; Android 6.0.1; Nexus 5X Build/MMB29P) AppleWebKit/537.36 (KHTML, like Gecko) Chrome/141.0.7390.122 Mobile Safari/537.36 (compatible; GoogleOther)" 
64.90.53.137 - - [24/Oct/2025:17:25:18 -0700] "POST /wp-cron.php?doing_wp_cron=1761351918.2333939075469970703125 HTTP/1.1" 200 3634 "https://www.biblioglow.com/wp-cron.php?doing_wp_cron=1761351918.2333939075469970703125" "WordPress/6.1.9; https://www.biblioglow.com" 
114.119.130.109 - - [24/Oct/2025:17:25:17 -0700] "GET /shopdetail68784680?kg=0068211594 HTTP/1.1" 301 3731 "https://biblioglow.com/sitemap.xml" "Mozilla/5.0 (Linux; Android 7.0;) AppleWebKit/537.36 (KHTML, like Gecko) Mobile Safari/537.36 (compatible; PetalBot;+https://webmaster.petalsearch.com/site/petalbot)" 
114.119.130.109 - - [24/Oct/2025:17:25:19 -0700] "GET /shopdetail68784680?kg=0068211594 HTTP/1.1" 404 51132 "https://biblioglow.com/sitemap.xml" "Mozilla/5.0 (Linux; Android 7.0;) AppleWebKit/537.36 (KHTML, like Gecko) Mobile Safari/537.36 (compatible; PetalBot;+https://webmaster.petalsearch.com/site/petalbot)" 
45.157.54.25 - - [24/Oct/2025:17:25:24 -0700] "POST /xmlrpc.php HTTP/2.0" 429 348 "-" "Mozilla/5.0 (Windows NT 10.0; Win64; x64) AppleWebKit/537.36 (KHTML, like Gecko) Chrome/127.0.0.0 Safari/537.36" 
66.249.68.134 - - [24/Oct/2025:17:25:26 -0700] "GET /shopdetail57645656?kg=0057165396 HTTP/1.1" 200 32029 "-" "Mozilla/5.0 (Linux; Android 6.0.1; Nexus 5X Build/MMB29P) AppleWebKit/537.36 (KHTML, like Gecko) Chrome/141.0.7390.122 Mobile Safari/537.36 (compatible; GoogleOther)" 
66.249.68.135 - - [24/Oct/2025:17:26:06 -0700] "GET /shopdetail72253440?kg=0071651447 HTTP/1.1" 200 30870 "-" "Mozilla/5.0 (Linux; Android 6.0.1; Nexus 5X Build/MMB29P) AppleWebKit/537.36 (KHTML, like Gecko) Chrome/141.0.7390.122 Mobile Safari/537.36 (compatible; GoogleOther)" 
66.249.68.133 - - [24/Oct/2025:17:26:20 -0700] "GET /shopdetail324356968?kg=0321654114 HTTP/1.1" 200 30640 "-" "Mozilla/5.0 (Linux; Android 6.0.1; Nexus 5X Build/MMB29P) AppleWebKit/537.36 (KHTML, like Gecko) Chrome/141.0.7390.122 Mobile Safari/537.36 (compatible; GoogleOther)" 
64.90.53.137 - - [24/Oct/2025:17:26:32 -0700] "POST /wp-cron.php?doing_wp_cron=1761351992.2460858821868896484375 HTTP/1.1" 200 3634 "https://www.biblioglow.com/wp-cron.php?doing_wp_cron=1761351992.2460858821868896484375" "WordPress/6.1.9; https://www.biblioglow.com" 
83.221.20.121 - - [24/Oct/2025:17:26:31 -0700] "GET /wp-content/plugins/WordPressCore/include.php HTTP/1.1" 301 3751 "-" "Mozilla/5.0 (Macintosh; Intel Mac OS X 10_15_7) AppleWebKit/537.36 (KHTML, like Gecko) Chrome/139.0.0.0 Safari/537.36" 
83.221.20.121 - - [24/Oct/2025:17:26:33 -0700] "GET /wp-content/plugins/WordPressCore/include.php HTTP/1.1" 404 51166 "-" "Mozilla/5.0 (Macintosh; Intel Mac OS X 10_15_7) AppleWebKit/537.36 (KHTML, like Gecko) Chrome/139.0.0.0 Safari/537.36" 
114.119.151.155 - - [24/Oct/2025:17:26:40 -0700] "GET /shopdetail197697864?kg=0196050502 HTTP/1.1" 301 3732 "https://biblioglow.com/sitemap.xml" "Mozilla/5.0 (Linux; Android 7.0;) AppleWebKit/537.36 (KHTML, like Gecko) Mobile Safari/537.36 (compatible; PetalBot;+https://webmaster.petalsearch.com/site/petalbot)" 
114.119.151.155 - - [24/Oct/2025:17:26:41 -0700] "GET /shopdetail197697864?kg=0196050502 HTTP/1.1" 404 51133 "https://biblioglow.com/sitemap.xml" "Mozilla/5.0 (Linux; Android 7.0;) AppleWebKit/537.36 (KHTML, like Gecko) Mobile Safari/537.36 (compatible; PetalBot;+https://webmaster.petalsearch.com/site/petalbot)" 
66.249.68.133 - - [24/Oct/2025:17:26:57 -0700] "GET /shopdetail30394008?kg=0030140844 HTTP/1.1" 200 31199 "-" "Mozilla/5.0 (Linux; Android 6.0.1; Nexus 5X Build/MMB29P) AppleWebKit/537.36 (KHTML, like Gecko) Chrome/141.0.7390.122 Mobile Safari/537.36 (compatible; GoogleOther)" 
66.249.68.134 - - [24/Oct/2025:17:27:14 -0700] "GET /shopdetail186246440?kg=0184694506 HTTP/1.1" 200 30591 "-" "Mozilla/5.0 (Linux; Android 6.0.1; Nexus 5X Build/MMB29P) AppleWebKit/537.36 (KHTML, like Gecko) Chrome/141.0.7390.122 Mobile Safari/537.36 (compatible; GoogleOther)" 
66.249.68.134 - - [24/Oct/2025:17:27:47 -0700] "GET /shopdetail158435512?kg=0157115336 HTTP/1.1" 200 30794 "-" "Mozilla/5.0 (Linux; Android 6.0.1; Nexus 5X Build/MMB29P) AppleWebKit/537.36 (KHTML, like Gecko) Chrome/141.0.7390.122 Mobile Safari/537.36 (compatible; GoogleOther)" 
64.90.53.137 - - [24/Oct/2025:17:28:03 -0700] "POST /wp-cron.php?doing_wp_cron=1761352083.6086549758911132812500 HTTP/1.1" 200 3634 "https://www.biblioglow.com/wp-cron.php?doing_wp_cron=1761352083.6086549758911132812500" "WordPress/6.1.9; https://www.biblioglow.com" 
114.119.151.155 - - [24/Oct/2025:17:28:03 -0700] "GET /shopdetail68849128?kg=0068275506 HTTP/1.1" 301 3731 "https://biblioglow.com/sitemap.xml" "Mozilla/5.0 (Linux; Android 7.0;) AppleWebKit/537.36 (KHTML, like Gecko) Mobile Safari/537.36 (compatible; PetalBot;+https://webmaster.petalsearch.com/site/petalbot)" 
114.119.151.155 - - [24/Oct/2025:17:28:04 -0700] "GET /shopdetail68849128?kg=0068275506 HTTP/1.1" 404 51132 "https://biblioglow.com/sitemap.xml" "Mozilla/5.0 (Linux; Android 7.0;) AppleWebKit/537.36 (KHTML, like Gecko) Mobile Safari/537.36 (compatible; PetalBot;+https://webmaster.petalsearch.com/site/petalbot)" 
66.249.68.134 - - [24/Oct/2025:17:28:09 -0700] "GET /shopdetail186121776?kg=0184570881 HTTP/1.1" 200 30600 "-" "Mozilla/5.0 (Linux; Android 6.0.1; Nexus 5X Build/MMB29P) AppleWebKit/537.36 (KHTML, like Gecko) Chrome/141.0.7390.122 Mobile Safari/537.36 (compatible; GoogleOther)" 
66.249.79.6 - - [24/Oct/2025:17:28:09 -0700] "GET /shopdetail8041080?kg=0007974192 HTTP/1.1" 200 31332 "-" "Mozilla/5.0 (Linux; Android 6.0.1; Nexus 5X Build/MMB29P) AppleWebKit/537.36 (KHTML, like Gecko) Chrome/141.0.7390.122 Mobile Safari/537.36 (compatible; Googlebot/2.1; +http://www.google.com/bot.html)" 
66.249.68.133 - - [24/Oct/2025:17:28:38 -0700] "GET /shopdetail159643872?kg=0158313627 HTTP/1.1" 200 32373 "-" "Mozilla/5.0 (Linux; Android 6.0.1; Nexus 5X Build/MMB29P) AppleWebKit/537.36 (KHTML, like Gecko) Chrome/141.0.7390.122 Mobile Safari/537.36 (compatible; GoogleOther)" 
66.249.68.135 - - [24/Oct/2025:17:29:03 -0700] "GET /shopdetail57747552?kg=0057266443 HTTP/1.1" 200 32729 "-" "Mozilla/5.0 (Linux; Android 6.0.1; Nexus 5X Build/MMB29P) AppleWebKit/537.36 (KHTML, like Gecko) Chrome/141.0.7390.122 Mobile Safari/537.36 (compatible; GoogleOther)" 
64.90.53.137 - - [24/Oct/2025:17:29:29 -0700] "POST /wp-cron.php?doing_wp_cron=1761352169.1742858886718750000000 HTTP/1.1" 200 3634 "https://www.biblioglow.com/wp-cron.php?doing_wp_cron=1761352169.1742858886718750000000" "WordPress/6.1.9; https://www.biblioglow.com" 
114.119.129.24 - - [24/Oct/2025:17:29:28 -0700] "GET /shopdetail68819104?kg=0068245731 HTTP/1.1" 301 3731 "https://biblioglow.com/sitemap.xml" "Mozilla/5.0 (Linux; Android 7.0;) AppleWebKit/537.36 (KHTML, like Gecko) Mobile Safari/537.36 (compatible; PetalBot;+https://webmaster.petalsearch.com/site/petalbot)" 
66.249.68.133 - - [24/Oct/2025:17:29:29 -0700] "GET /shopdetail31975528?kg=0031709186 HTTP/1.1" 200 33301 "-" "Mozilla/5.0 (Linux; Android 6.0.1; Nexus 5X Build/MMB29P) AppleWebKit/537.36 (KHTML, like Gecko) Chrome/141.0.7390.122 Mobile Safari/537.36 (compatible; GoogleOther)" 
114.119.129.24 - - [24/Oct/2025:17:29:30 -0700] "GET /shopdetail68819104?kg=0068245731 HTTP/1.1" 404 51132 "https://biblioglow.com/sitemap.xml" "Mozilla/5.0 (Linux; Android 7.0;) AppleWebKit/537.36 (KHTML, like Gecko) Mobile Safari/537.36 (compatible; PetalBot;+https://webmaster.petalsearch.com/site/petalbot)" 
66.249.68.133 - - [24/Oct/2025:17:29:57 -0700] "GET /shopdetail324164968?kg=0321463714 HTTP/1.1" 200 30947 "-" "Mozilla/5.0 (Linux; Android 6.0.1; Nexus 5X Build/MMB29P) AppleWebKit/537.36 (KHTML, like Gecko) Chrome/141.0.7390.122 Mobile Safari/537.36 (compatible; GoogleOther)" 
66.249.68.133 - - [24/Oct/2025:17:30:22 -0700] "GET /shopdetail185469656?kg=0183924196 HTTP/1.1" 200 30469 "-" "Mozilla/5.0 (Linux; Android 6.0.1; Nexus 5X Build/MMB29P) AppleWebKit/537.36 (KHTML, like Gecko) Chrome/141.0.7390.122 Mobile Safari/537.36 (compatible; GoogleOther)" 
66.249.68.134 - - [24/Oct/2025:17:30:51 -0700] "GET /shopdetail32855992?kg=0032582312 HTTP/1.1" 200 32004 "-" "Mozilla/5.0 (Linux; Android 6.0.1; Nexus 5X Build/MMB29P) AppleWebKit/537.36 (KHTML, like Gecko) Chrome/141.0.7390.122 Mobile Safari/537.36 (compatible; GoogleOther)" 
114.119.141.83 - - [24/Oct/2025:17:30:53 -0700] "GET /shopdetail197690320?kg=0196043021 HTTP/1.1" 301 3732 "https://biblioglow.com/sitemap.xml" "Mozilla/5.0 (Linux; Android 7.0;) AppleWebKit/537.36 (KHTML, like Gecko) Mobile Safari/537.36 (compatible; PetalBot;+https://webmaster.petalsearch.com/site/petalbot)" 
64.90.53.137 - - [24/Oct/2025:17:30:54 -0700] "POST /wp-cron.php?doing_wp_cron=1761352254.6746621131896972656250 HTTP/1.1" 200 3634 "https://www.biblioglow.com/wp-cron.php?doing_wp_cron=1761352254.6746621131896972656250" "WordPress/6.1.9; https://www.biblioglow.com" 
114.119.141.83 - - [24/Oct/2025:17:30:58 -0700] "GET /shopdetail197690320?kg=0196043021 HTTP/1.1" 404 51133 "https://biblioglow.com/sitemap.xml" "Mozilla/5.0 (Linux; Android 7.0;) AppleWebKit/537.36 (KHTML, like Gecko) Mobile Safari/537.36 (compatible; PetalBot;+https://webmaster.petalsearch.com/site/petalbot)" 
66.249.68.134 - - [24/Oct/2025:17:31:11 -0700] "GET /shopdetail159667336?kg=0158336894 HTTP/1.1" 200 30598 "-" "Mozilla/5.0 (Linux; Android 6.0.1; Nexus 5X Build/MMB29P) AppleWebKit/537.36 (KHTML, like Gecko) Chrome/141.0.7390.122 Mobile Safari/537.36 (compatible; GoogleOther)" 
40.77.167.243 - - [24/Oct/2025:17:31:28 -0700] "GET /shopdetail138904592?kg=0137747173 HTTP/2.0" 200 29945 "-" "Mozilla/5.0 AppleWebKit/537.36 (KHTML, like Gecko; compatible; bingbot/2.0; +http://www.bing.com/bingbot.htm) Chrome/116.0.1938.76 Safari/537.36" 
66.249.68.134 - - [24/Oct/2025:17:31:46 -0700] "GET /shopdetail71706360?kg=0071108928 HTTP/1.1" 200 30151 "-" "Mozilla/5.0 (Linux; Android 6.0.1; Nexus 5X Build/MMB29P) AppleWebKit/537.36 (KHTML, like Gecko) Chrome/141.0.7390.122 Mobile Safari/537.36 (compatible; GoogleOther)" 
66.249.68.135 - - [24/Oct/2025:17:32:02 -0700] "GET /shopdetail159653760?kg=0158323431 HTTP/1.1" 200 30727 "-" "Mozilla/5.0 (Linux; Android 6.0.1; Nexus 5X Build/MMB29P) AppleWebKit/537.36 (KHTML, like Gecko) Chrome/141.0.7390.122 Mobile Safari/537.36 (compatible; GoogleOther)" 
66.249.79.6 - - [24/Oct/2025:17:32:10 -0700] "GET /?shopdetail10077520?kg=0009993661 HTTP/1.1" 200 31887 "-" "Mozilla/5.0 (Linux; Android 6.0.1; Nexus 5X Build/MMB29P) AppleWebKit/537.36 (KHTML, like Gecko) Chrome/141.0.7390.122 Mobile Safari/537.36 (compatible; Googlebot/2.1; +http://www.google.com/bot.html)" 
