114.119.151.155 - - [24/Oct/2025:21:32:06 -0700] "GET /shopdetail68818560?kg=0068245191 HTTP/1.1" 404 51132 "https://biblioglow.com/sitemap.xml" "Mozilla/5.0 (Linux; Android 7.0;) AppleWebKit/537.36 (KHTML, like Gecko) Mobile Safari/537.36 (compatible; PetalBot;+https://webmaster.petalsearch.com/site/petalbot)" 
66.249.68.135 - - [24/Oct/2025:21:32:08 -0700] "GET /shopdetail33559256?kg=0033279716 HTTP/1.1" 200 31603 "-" "Mozilla/5.0 (Linux; Android 6.0.1; Nexus 5X Build/MMB29P) AppleWebKit/537.36 (KHTML, like Gecko) Chrome/141.0.7390.122 Mobile Safari/537.36 (compatible; GoogleOther)" 
66.249.68.133 - - [24/Oct/2025:21:32:15 -0700] "GET /shopdetail73663536?kg=0073049793 HTTP/1.1" 200 30882 "-" "Mozilla/5.0 (Linux; Android 6.0.1; Nexus 5X Build/MMB29P) AppleWebKit/537.36 (KHTML, like Gecko) Chrome/141.0.7390.122 Mobile Safari/537.36 (compatible; GoogleOther)" 
66.249.68.133 - - [24/Oct/2025:21:32:54 -0700] "GET /shopdetail71342392?kg=0070747992 HTTP/1.1" 200 31039 "-" "Mozilla/5.0 (Linux; Android 6.0.1; Nexus 5X Build/MMB29P) AppleWebKit/537.36 (KHTML, like Gecko) Chrome/141.0.7390.122 Mobile Safari/537.36 (compatible; GoogleOther)" 
64.90.53.137 - - [24/Oct/2025:21:32:56 -0700] "POST /wp-cron.php?doing_wp_cron=1761366776.3878719806671142578125 HTTP/1.1" 200 3634 "https://www.biblioglow.com/wp-cron.php?doing_wp_cron=1761366776.3878719806671142578125" "WordPress/6.1.9; https://www.biblioglow.com" 
91.242.127.163 - - [24/Oct/2025:21:32:55 -0700] "GET / HTTP/2.0" 301 158 "-" "Mozilla/5.0 (Macintosh; Intel Mac OS X 10_15_7) AppleWebKit/537.36 (KHTML, like Gecko) Chrome/125.0.0.0 Safari/537.36" 
91.242.127.163 - - [24/Oct/2025:21:32:57 -0700] "GET / HTTP/2.0" 200 13221 "-" "Mozilla/5.0 (Macintosh; Intel Mac OS X 10_15_7) AppleWebKit/537.36 (KHTML, like Gecko) Chrome/125.0.0.0 Safari/537.36" 
91.242.127.163 - - [24/Oct/2025:21:32:58 -0700] "GET /wp-includes/js/jquery/jquery-migrate.min.js?ver=3.3.2 HTTP/2.0" 200 4260 "https://www.biblioglow.com/" "Mozilla/5.0 (Macintosh; Intel Mac OS X 10_15_7) AppleWebKit/537.36 (KHTML, like Gecko) Chrome/125.0.0.0 Safari/537.36" 
91.242.127.163 - - [24/Oct/2025:21:32:58 -0700] "GET /wp-includes/css/dist/block-library/style.min.css?ver=6.1.9 HTTP/2.0" 200 13052 "https://www.biblioglow.com/" "Mozilla/5.0 (Macintosh; Intel Mac OS X 10_15_7) AppleWebKit/537.36 (KHTML, like Gecko) Chrome/125.0.0.0 Safari/537.36" 
91.242.127.163 - - [24/Oct/2025:21:32:58 -0700] "GET /wp-includes/css/classic-themes.min.css?ver=1 HTTP/2.0" 200 251 "https://www.biblioglow.com/" "Mozilla/5.0 (Macintosh; Intel Mac OS X 10_15_7) AppleWebKit/537.36 (KHTML, like Gecko) Chrome/125.0.0.0 Safari/537.36" 
91.242.127.163 - - [24/Oct/2025:21:32:58 -0700] "GET /wp-includes/js/jquery/jquery.min.js?ver=3.6.1 HTTP/2.0" 200 31652 "https://www.biblioglow.com/" "Mozilla/5.0 (Macintosh; Intel Mac OS X 10_15_7) AppleWebKit/537.36 (KHTML, like Gecko) Chrome/125.0.0.0 Safari/537.36" 
91.242.127.163 - - [24/Oct/2025:21:32:58 -0700] "GET /wp-content/themes/pro/framework/dist/css/site/stacks/integrity-light.css?ver=3.2.3 HTTP/2.0" 200 28774 "https://www.biblioglow.com/" "Mozilla/5.0 (Macintosh; Intel Mac OS X 10_15_7) AppleWebKit/537.36 (KHTML, like Gecko) Chrome/125.0.0.0 Safari/537.36" 
91.242.127.163 - - [24/Oct/2025:21:32:58 -0700] "GET /wp-content/themes/pro/framework/dist/js/site/x.js?ver=3.2.3 HTTP/2.0" 200 24718 "https://www.biblioglow.com/" "Mozilla/5.0 (Macintosh; Intel Mac OS X 10_15_7) AppleWebKit/537.36 (KHTML, like Gecko) Chrome/125.0.0.0 Safari/537.36" 
91.242.127.163 - - [24/Oct/2025:21:32:58 -0700] "GET /wp-content/themes/pro/cornerstone/assets/dist/js/site/cs.0ce70e6.js HTTP/2.0" 200 55550 "https://www.biblioglow.com/" "Mozilla/5.0 (Macintosh; Intel Mac OS X 10_15_7) AppleWebKit/537.36 (KHTML, like Gecko) Chrome/125.0.0.0 Safari/537.36" 
91.242.127.163 - - [24/Oct/2025:21:32:59 -0700] "GET /wp-includes/js/wp-emoji-release.min.js?ver=6.1.9 HTTP/2.0" 200 5188 "https://www.biblioglow.com/" "Mozilla/5.0 (Macintosh; Intel Mac OS X 10_15_7) AppleWebKit/537.36 (KHTML, like Gecko) Chrome/125.0.0.0 Safari/537.36" 
91.242.127.163 - - [24/Oct/2025:21:32:59 -0700] "GET /wp-includes/js/comment-reply.min.js?ver=6.1.9 HTTP/2.0" 200 1407 "https://www.biblioglow.com/" "Mozilla/5.0 (Macintosh; Intel Mac OS X 10_15_7) AppleWebKit/537.36 (KHTML, like Gecko) Chrome/125.0.0.0 Safari/537.36" 
91.242.127.163 - - [24/Oct/2025:21:32:59 -0700] "GET /wp-content/themes/pro/cornerstone/assets/dist/fonts/fa-solid-900.woff2 HTTP/2.0" 200 138181 "https://www.biblioglow.com/" "Mozilla/5.0 (Macintosh; Intel Mac OS X 10_15_7) AppleWebKit/537.36 (KHTML, like Gecko) Chrome/125.0.0.0 Safari/537.36" 
91.242.127.163 - - [24/Oct/2025:21:33:00 -0700] "GET /favicon.ico HTTP/2.0" 200 134 "https://www.biblioglow.com/" "Mozilla/5.0 (Macintosh; Intel Mac OS X 10_15_7) AppleWebKit/537.36 (KHTML, like Gecko) Chrome/125.0.0.0 Safari/537.36" 
66.249.68.134 - - [24/Oct/2025:21:33:05 -0700] "GET /shopdetail159166624?kg=0157840355 HTTP/1.1" 200 30892 "-" "Mozilla/5.0 (Linux; Android 6.0.1; Nexus 5X Build/MMB29P) AppleWebKit/537.36 (KHTML, like Gecko) Chrome/141.0.7390.122 Mobile Safari/537.36 (compatible; GoogleOther)" 
91.242.127.163 - - [24/Oct/2025:21:33:05 -0700] "GET /about/contact/ HTTP/2.0" 200 14798 "-" "Mozilla/5.0 (Macintosh; Intel Mac OS X 10_15_7) AppleWebKit/537.36 (KHTML, like Gecko) Chrome/125.0.0.0 Safari/537.36" 
91.242.127.163 - - [24/Oct/2025:21:33:06 -0700] "GET /wp-content/plugins/wpforms-lite/assets/css/wpforms-base.min.css?ver=1.7.8 HTTP/2.0" 200 4093 "https://www.biblioglow.com/about/contact/" "Mozilla/5.0 (Macintosh; Intel Mac OS X 10_15_7) AppleWebKit/537.36 (KHTML, like Gecko) Chrome/125.0.0.0 Safari/537.36" 
91.242.127.163 - - [24/Oct/2025:21:33:06 -0700] "GET /wp-content/plugins/wpforms-lite/assets/lib/punycode.min.js?ver=1.0.0 HTTP/2.0" 200 940 "https://www.biblioglow.com/about/contact/" "Mozilla/5.0 (Macintosh; Intel Mac OS X 10_15_7) AppleWebKit/537.36 (KHTML, like Gecko) Chrome/125.0.0.0 Safari/537.36" 
91.242.127.163 - - [24/Oct/2025:21:33:06 -0700] "GET /wp-content/plugins/wpforms-lite/assets/lib/jquery.validate.min.js?ver=1.19.5 HTTP/2.0" 200 8042 "https://www.biblioglow.com/about/contact/" "Mozilla/5.0 (Macintosh; Intel Mac OS X 10_15_7) AppleWebKit/537.36 (KHTML, like Gecko) Chrome/125.0.0.0 Safari/537.36" 
91.242.127.163 - - [24/Oct/2025:21:33:06 -0700] "GET /wp-content/plugins/wpforms-lite/assets/js/wpforms.min.js?ver=1.7.8 HTTP/2.0" 200 9903 "https://www.biblioglow.com/about/contact/" "Mozilla/5.0 (Macintosh; Intel Mac OS X 10_15_7) AppleWebKit/537.36 (KHTML, like Gecko) Chrome/125.0.0.0 Safari/537.36" 
91.242.127.163 - - [24/Oct/2025:21:33:06 -0700] "GET /wp-content/plugins/wpforms-lite/assets/js/utils.min.js?ver=1.7.8 HTTP/2.0" 200 204 "https://www.biblioglow.com/about/contact/" "Mozilla/5.0 (Macintosh; Intel Mac OS X 10_15_7) AppleWebKit/537.36 (KHTML, like Gecko) Chrome/125.0.0.0 Safari/537.36" 
91.242.127.163 - - [24/Oct/2025:21:33:06 -0700] "GET /wp-content/plugins/wpforms-lite/assets/lib/mailcheck.min.js?ver=1.1.2 HTTP/2.0" 200 1742 "https://www.biblioglow.com/about/contact/" "Mozilla/5.0 (Macintosh; Intel Mac OS X 10_15_7) AppleWebKit/537.36 (KHTML, like Gecko) Chrome/125.0.0.0 Safari/537.36" 
64.90.53.137 - - [24/Oct/2025:21:33:22 -0700] "POST /wp-cron.php?doing_wp_cron=1761366802.5711948871612548828125 HTTP/1.1" 200 3634 "https://www.biblioglow.com/wp-cron.php?doing_wp_cron=1761366802.5711948871612548828125" "WordPress/6.1.9; https://www.biblioglow.com" 
91.242.127.163 - - [24/Oct/2025:21:33:22 -0700] "POST /about/contact/ HTTP/2.0" 200 14122 "https://www.biblioglow.com/about/contact/" "Mozilla/5.0 (Macintosh; Intel Mac OS X 10_15_7) AppleWebKit/537.36 (KHTML, like Gecko) Chrome/125.0.0.0 Safari/537.36" 
91.242.127.163 - - [24/Oct/2025:21:33:23 -0700] "GET /wp-content/plugins/wpforms-lite/assets/js/wpforms-confirmation.min.js?ver=1.7.8 HTTP/2.0" 200 423 "https://www.biblioglow.com/about/contact/" "Mozilla/5.0 (Macintosh; Intel Mac OS X 10_15_7) AppleWebKit/537.36 (KHTML, like Gecko) Chrome/125.0.0.0 Safari/537.36" 
114.119.141.83 - - [24/Oct/2025:21:33:30 -0700] "GET /shopdetail68788384?kg=0068215267 HTTP/1.1" 301 3731 "https://biblioglow.com/sitemap.xml" "Mozilla/5.0 (Linux; Android 7.0;) AppleWebKit/537.36 (KHTML, like Gecko) Mobile Safari/537.36 (compatible; PetalBot;+https://webmaster.petalsearch.com/site/petalbot)" 
114.119.141.83 - - [24/Oct/2025:21:33:36 -0700] "GET /shopdetail68788384?kg=0068215267 HTTP/1.1" 404 51132 "https://biblioglow.com/sitemap.xml" "Mozilla/5.0 (Linux; Android 7.0;) AppleWebKit/537.36 (KHTML, like Gecko) Mobile Safari/537.36 (compatible; PetalBot;+https://webmaster.petalsearch.com/site/petalbot)" 
66.249.68.134 - - [24/Oct/2025:21:33:40 -0700] "GET /shopdetail187306416?kg=0185745649 HTTP/1.1" 200 30579 "-" "Mozilla/5.0 (Linux; Android 6.0.1; Nexus 5X Build/MMB29P) AppleWebKit/537.36 (KHTML, like Gecko) Chrome/141.0.7390.122 Mobile Safari/537.36 (compatible; GoogleOther)" 
66.249.68.133 - - [24/Oct/2025:21:33:44 -0700] "GET /shopdetail325264448?kg=0322554031 HTTP/1.1" 200 30854 "-" "Mozilla/5.0 (Linux; Android 6.0.1; Nexus 5X Build/MMB29P) AppleWebKit/537.36 (KHTML, like Gecko) Chrome/141.0.7390.122 Mobile Safari/537.36 (compatible; GoogleOther)" 
66.249.68.133 - - [24/Oct/2025:21:34:26 -0700] "GET /shopdetail33386592?kg=0033108491 HTTP/1.1" 200 31788 "-" "Mozilla/5.0 (Linux; Android 6.0.1; Nexus 5X Build/MMB29P) AppleWebKit/537.36 (KHTML, like Gecko) Chrome/141.0.7390.122 Mobile Safari/537.36 (compatible; GoogleOther)" 
66.249.68.134 - - [24/Oct/2025:21:34:29 -0700] "GET /shopdetail160764064?kg=0159424483 HTTP/1.1" 200 34106 "-" "Mozilla/5.0 (Linux; Android 6.0.1; Nexus 5X Build/MMB29P) AppleWebKit/537.36 (KHTML, like Gecko) Chrome/141.0.7390.122 Mobile Safari/537.36 (compatible; GoogleOther)" 
64.90.53.137 - - [24/Oct/2025:21:34:51 -0700] "POST /wp-cron.php?doing_wp_cron=1761366891.5832939147949218750000 HTTP/1.1" 200 3634 "https://www.biblioglow.com/wp-cron.php?doing_wp_cron=1761366891.5832939147949218750000" "WordPress/6.1.9; https://www.biblioglow.com" 
114.119.135.207 - - [24/Oct/2025:21:34:50 -0700] "GET /shopdetail197695808?kg=0196048463 HTTP/1.1" 301 3732 "https://biblioglow.com/sitemap.xml" "Mozilla/5.0 (Linux; Android 7.0;) AppleWebKit/537.36 (KHTML, like Gecko) Mobile Safari/537.36 (compatible; PetalBot;+https://webmaster.petalsearch.com/site/petalbot)" 
114.119.135.207 - - [24/Oct/2025:21:34:55 -0700] "GET /shopdetail197695808?kg=0196048463 HTTP/1.1" 404 51133 "https://biblioglow.com/sitemap.xml" "Mozilla/5.0 (Linux; Android 7.0;) AppleWebKit/537.36 (KHTML, like Gecko) Mobile Safari/537.36 (compatible; PetalBot;+https://webmaster.petalsearch.com/site/petalbot)" 
66.249.68.133 - - [24/Oct/2025:21:35:12 -0700] "GET /shopdetail309478072?kg=0306899208 HTTP/1.1" 200 33047 "-" "Mozilla/5.0 (Linux; Android 6.0.1; Nexus 5X Build/MMB29P) AppleWebKit/537.36 (KHTML, like Gecko) Chrome/141.0.7390.122 Mobile Safari/537.36 (compatible; GoogleOther)" 
66.249.68.134 - - [24/Oct/2025:21:35:15 -0700] "GET /shopdetail59282040?kg=0058788144 HTTP/1.1" 200 30874 "-" "Mozilla/5.0 (Linux; Android 6.0.1; Nexus 5X Build/MMB29P) AppleWebKit/537.36 (KHTML, like Gecko) Chrome/141.0.7390.122 Mobile Safari/537.36 (compatible; GoogleOther)" 
66.249.68.134 - - [24/Oct/2025:21:35:58 -0700] "GET /shopdetail32723104?kg=0032450531 HTTP/1.1" 200 30871 "-" "Mozilla/5.0 (Linux; Android 6.0.1; Nexus 5X Build/MMB29P) AppleWebKit/537.36 (KHTML, like Gecko) Chrome/141.0.7390.122 Mobile Safari/537.36 (compatible; GoogleOther)" 
66.249.68.133 - - [24/Oct/2025:21:36:01 -0700] "GET /shopdetail73849504?kg=0073234211 HTTP/1.1" 200 30764 "-" "Mozilla/5.0 (Linux; Android 6.0.1; Nexus 5X Build/MMB29P) AppleWebKit/537.36 (KHTML, like Gecko) Chrome/141.0.7390.122 Mobile Safari/537.36 (compatible; GoogleOther)" 
114.119.141.83 - - [24/Oct/2025:21:36:12 -0700] "GET /shopdetail197687312?kg=0196040037 HTTP/1.1" 301 3732 "https://biblioglow.com/sitemap.xml" "Mozilla/5.0 (Linux; Android 7.0;) AppleWebKit/537.36 (KHTML, like Gecko) Mobile Safari/537.36 (compatible; PetalBot;+https://webmaster.petalsearch.com/site/petalbot)" 
64.90.53.137 - - [24/Oct/2025:21:36:12 -0700] "POST /wp-cron.php?doing_wp_cron=1761366972.8079400062561035156250 HTTP/1.1" 200 3634 "https://www.biblioglow.com/wp-cron.php?doing_wp_cron=1761366972.8079400062561035156250" "WordPress/6.1.9; https://www.biblioglow.com" 
114.119.141.83 - - [24/Oct/2025:21:36:16 -0700] "GET /shopdetail197687312?kg=0196040037 HTTP/1.1" 404 51133 "https://biblioglow.com/sitemap.xml" "Mozilla/5.0 (Linux; Android 7.0;) AppleWebKit/537.36 (KHTML, like Gecko) Mobile Safari/537.36 (compatible; PetalBot;+https://webmaster.petalsearch.com/site/petalbot)" 
66.249.68.133 - - [24/Oct/2025:21:36:44 -0700] "GET /shopdetail187344272?kg=0185783189 HTTP/1.1" 200 31064 "-" "Mozilla/5.0 (Linux; Android 6.0.1; Nexus 5X Build/MMB29P) AppleWebKit/537.36 (KHTML, like Gecko) Chrome/141.0.7390.122 Mobile Safari/537.36 (compatible; GoogleOther)" 
66.249.68.133 - - [24/Oct/2025:21:36:46 -0700] "GET /shopdetail31438896?kg=0031177025 HTTP/1.1" 200 28525 "-" "Mozilla/5.0 (Linux; Android 6.0.1; Nexus 5X Build/MMB29P) AppleWebKit/537.36 (KHTML, like Gecko) Chrome/141.0.7390.122 Mobile Safari/537.36 (compatible; GoogleOther)" 
66.249.68.133 - - [24/Oct/2025:21:37:28 -0700] "GET /shopdetail74236648?kg=0073618130 HTTP/1.1" 200 31064 "-" "Mozilla/5.0 (Linux; Android 6.0.1; Nexus 5X Build/MMB29P) AppleWebKit/537.36 (KHTML, like Gecko) Chrome/141.0.7390.122 Mobile Safari/537.36 (compatible; GoogleOther)" 
66.249.68.134 - - [24/Oct/2025:21:37:31 -0700] "GET /shopdetail186815576?kg=0185258900 HTTP/1.1" 200 33018 "-" "Mozilla/5.0 (Linux; Android 6.0.1; Nexus 5X Build/MMB29P) AppleWebKit/537.36 (KHTML, like Gecko) Chrome/141.0.7390.122 Mobile Safari/537.36 (compatible; GoogleOther)" 
114.119.156.60 - - [24/Oct/2025:21:37:35 -0700] "GET /shopdetail197675368?kg=0196028194 HTTP/1.1" 301 3732 "https://biblioglow.com/sitemap.xml" "Mozilla/5.0 (Linux; Android 7.0;) AppleWebKit/537.36 (KHTML, like Gecko) Mobile Safari/537.36 (compatible; PetalBot;+https://webmaster.petalsearch.com/site/petalbot)" 
64.90.53.137 - - [24/Oct/2025:21:37:35 -0700] "POST /wp-cron.php?doing_wp_cron=1761367055.8100039958953857421875 HTTP/1.1" 200 3634 "https://www.biblioglow.com/wp-cron.php?doing_wp_cron=1761367055.8100039958953857421875" "WordPress/6.1.9; https://www.biblioglow.com" 
114.119.156.60 - - [24/Oct/2025:21:37:37 -0700] "GET /shopdetail197675368?kg=0196028194 HTTP/1.1" 404 51133 "https://biblioglow.com/sitemap.xml" "Mozilla/5.0 (Linux; Android 7.0;) AppleWebKit/537.36 (KHTML, like Gecko) Mobile Safari/537.36 (compatible; PetalBot;+https://webmaster.petalsearch.com/site/petalbot)" 
66.249.68.134 - - [24/Oct/2025:21:38:13 -0700] "GET /shopdetail74252296?kg=0073633646 HTTP/1.1" 200 31136 "-" "Mozilla/5.0 (Linux; Android 6.0.1; Nexus 5X Build/MMB29P) AppleWebKit/537.36 (KHTML, like Gecko) Chrome/141.0.7390.122 Mobile Safari/537.36 (compatible; GoogleOther)" 
66.249.68.135 - - [24/Oct/2025:21:38:17 -0700] "GET /shopdetail309745904?kg=0307164809 HTTP/1.1" 200 31995 "-" "Mozilla/5.0 (Linux; Android 6.0.1; Nexus 5X Build/MMB29P) AppleWebKit/537.36 (KHTML, like Gecko) Chrome/141.0.7390.122 Mobile Safari/537.36 (compatible; GoogleOther)" 
66.249.68.133 - - [24/Oct/2025:21:38:58 -0700] "GET /shopdetail33094752?kg=0032819083 HTTP/1.1" 200 31185 "-" "Mozilla/5.0 (Linux; Android 6.0.1; Nexus 5X Build/MMB29P) AppleWebKit/537.36 (KHTML, like Gecko) Chrome/141.0.7390.122 Mobile Safari/537.36 (compatible; GoogleOther)" 
66.249.68.135 - - [24/Oct/2025:21:39:03 -0700] "GET /shopdetail188578136?kg=0187006772 HTTP/1.1" 200 31040 "-" "Mozilla/5.0 (Linux; Android 6.0.1; Nexus 5X Build/MMB29P) AppleWebKit/537.36 (KHTML, like Gecko) Chrome/141.0.7390.122 Mobile Safari/537.36 (compatible; GoogleOther)" 
114.119.130.109 - - [24/Oct/2025:21:39:12 -0700] "GET /shopdetail197674008?kg=0196026844 HTTP/1.1" 301 3732 "https://biblioglow.com/sitemap.xml" "Mozilla/5.0 (Linux; Android 7.0;) AppleWebKit/537.36 (KHTML, like Gecko) Mobile Safari/537.36 (compatible; PetalBot;+https://webmaster.petalsearch.com/site/petalbot)" 
64.90.53.137 - - [24/Oct/2025:21:39:13 -0700] "POST /wp-cron.php?doing_wp_cron=1761367153.1030740737915039062500 HTTP/1.1" 200 3634 "https://www.biblioglow.com/wp-cron.php?doing_wp_cron=1761367153.1030740737915039062500" "WordPress/6.1.9; https://www.biblioglow.com" 
114.119.130.109 - - [24/Oct/2025:21:39:16 -0700] "GET /shopdetail197674008?kg=0196026844 HTTP/1.1" 404 51133 "https://biblioglow.com/sitemap.xml" "Mozilla/5.0 (Linux; Android 7.0;) AppleWebKit/537.36 (KHTML, like Gecko) Mobile Safari/537.36 (compatible; PetalBot;+https://webmaster.petalsearch.com/site/petalbot)" 
66.249.68.133 - - [24/Oct/2025:21:39:43 -0700] "GET /?shopdetail159610416?kg=0158280449 HTTP/1.1" 200 31818 "-" "Mozilla/5.0 (Linux; Android 6.0.1; Nexus 5X Build/MMB29P) AppleWebKit/537.36 (KHTML, like Gecko) Chrome/141.0.7390.122 Mobile Safari/537.36 (compatible; GoogleOther)" 
66.249.68.133 - - [24/Oct/2025:21:39:51 -0700] "GET /shopdetail160383768?kg=0159047356 HTTP/1.1" 200 32258 "-" "Mozilla/5.0 (Linux; Android 6.0.1; Nexus 5X Build/MMB29P) AppleWebKit/537.36 (KHTML, like Gecko) Chrome/141.0.7390.122 Mobile Safari/537.36 (compatible; GoogleOther)" 
66.249.68.135 - - [24/Oct/2025:21:40:28 -0700] "GET /shopdetail32925656?kg=0032651396 HTTP/1.1" 200 31460 "-" "Mozilla/5.0 (Linux; Android 6.0.1; Nexus 5X Build/MMB29P) AppleWebKit/537.36 (KHTML, like Gecko) Chrome/141.0.7390.122 Mobile Safari/537.36 (compatible; GoogleOther)" 
66.249.68.134 - - [24/Oct/2025:21:40:35 -0700] "GET /shopdetail188036968?kg=0186470114 HTTP/1.1" 200 30900 "-" "Mozilla/5.0 (Linux; Android 6.0.1; Nexus 5X Build/MMB29P) AppleWebKit/537.36 (KHTML, like Gecko) Chrome/141.0.7390.122 Mobile Safari/537.36 (compatible; GoogleOther)" 
64.38.145.230 - - [24/Oct/2025:21:40:44 -0700] "POST /xmlrpc.php HTTP/2.0" 429 351 "-" "Mozilla/5.0 (Windows NT 6.1; WOW64; Trident/7.0; CTL_IE11; rv:11.0) like Gecko" 
64.38.145.230 - - [24/Oct/2025:21:40:54 -0700] "POST /xmlrpc.php HTTP/2.0" 429 351 "-" "Mozilla/5.0 (Windows NT 6.1; WOW64; Trident/7.0; CTL_IE11; rv:11.0) like Gecko" 
114.119.135.207 - - [24/Oct/2025:21:40:56 -0700] "GET /author-sitemap.xml HTTP/1.1" 200 11318 "-" "Mozilla/5.0 (Linux; Android 7.0;) AppleWebKit/537.36 (KHTML, like Gecko) Mobile Safari/537.36 (compatible; PetalBot;+https://webmaster.petalsearch.com/site/petalbot)" 
66.249.79.5 - - [24/Oct/2025:21:40:57 -0700] "GET /shopdetail8196616?kg=0008128430 HTTP/1.1" 200 31689 "-" "Mozilla/5.0 (Linux; Android 6.0.1; Nexus 5X Build/MMB29P) AppleWebKit/537.36 (KHTML, like Gecko) Chrome/141.0.7390.122 Mobile Safari/537.36 (compatible; Googlebot/2.1; +http://www.google.com/bot.html)" 
66.249.68.135 - - [24/Oct/2025:21:41:12 -0700] "GET /shopdetail74241184?kg=0073622627 HTTP/1.1" 200 30633 "-" "Mozilla/5.0 (Linux; Android 6.0.1; Nexus 5X Build/MMB29P) AppleWebKit/537.36 (KHTML, like Gecko) Chrome/141.0.7390.122 Mobile Safari/537.36 (compatible; GoogleOther)" 
66.249.68.133 - - [24/Oct/2025:21:41:21 -0700] "GET /shopdetail187523376?kg=0185960801 HTTP/1.1" 200 35021 "-" "Mozilla/5.0 (Linux; Android 6.0.1; Nexus 5X Build/MMB29P) AppleWebKit/537.36 (KHTML, like Gecko) Chrome/141.0.7390.122 Mobile Safari/537.36 (compatible; GoogleOther)" 
66.249.68.133 - - [24/Oct/2025:21:41:57 -0700] "GET /shopdetail32924008?kg=0032649762 HTTP/1.1" 200 31765 "-" "Mozilla/5.0 (Linux; Android 6.0.1; Nexus 5X Build/MMB29P) AppleWebKit/537.36 (KHTML, like Gecko) Chrome/141.0.7390.122 Mobile Safari/537.36 (compatible; GoogleOther)" 
114.119.130.109 - - [24/Oct/2025:21:41:57 -0700] "GET /shopdetail68839528?kg=0068265986 HTTP/1.1" 301 3731 "https://biblioglow.com/sitemap.xml" "Mozilla/5.0 (Linux; Android 7.0;) AppleWebKit/537.36 (KHTML, like Gecko) Mobile Safari/537.36 (compatible; PetalBot;+https://webmaster.petalsearch.com/site/petalbot)" 
64.90.53.137 - - [24/Oct/2025:21:41:58 -0700] "POST /wp-cron.php?doing_wp_cron=1761367318.0822350978851318359375 HTTP/1.1" 200 3634 "https://www.biblioglow.com/wp-cron.php?doing_wp_cron=1761367318.0822350978851318359375" "WordPress/6.1.9; https://www.biblioglow.com" 
114.119.130.109 - - [24/Oct/2025:21:42:00 -0700] "GET /shopdetail68839528?kg=0068265986 HTTP/1.1" 404 51132 "https://biblioglow.com/sitemap.xml" "Mozilla/5.0 (Linux; Android 7.0;) AppleWebKit/537.36 (KHTML, like Gecko) Mobile Safari/537.36 (compatible; PetalBot;+https://webmaster.petalsearch.com/site/petalbot)" 
66.249.68.133 - - [24/Oct/2025:21:42:08 -0700] "GET /shopdetail324932424?kg=0322224774 HTTP/1.1" 200 32347 "-" "Mozilla/5.0 (Linux; Android 6.0.1; Nexus 5X Build/MMB29P) AppleWebKit/537.36 (KHTML, like Gecko) Chrome/141.0.7390.122 Mobile Safari/537.36 (compatible; GoogleOther)" 
66.249.68.134 - - [24/Oct/2025:21:42:42 -0700] "GET /shopdetail74460336?kg=0073839953 HTTP/1.1" 200 30767 "-" "Mozilla/5.0 (Linux; Android 6.0.1; Nexus 5X Build/MMB29P) AppleWebKit/537.36 (KHTML, like Gecko) Chrome/141.0.7390.122 Mobile Safari/537.36 (compatible; GoogleOther)" 
66.249.68.133 - - [24/Oct/2025:21:42:54 -0700] "GET /shopdetail324858512?kg=0322151477 HTTP/1.1" 200 30652 "-" "Mozilla/5.0 (Linux; Android 6.0.1; Nexus 5X Build/MMB29P) AppleWebKit/537.36 (KHTML, like Gecko) Chrome/141.0.7390.122 Mobile Safari/537.36 (compatible; GoogleOther)" 
114.119.141.83 - - [24/Oct/2025:21:43:12 -0700] "GET /shopdetail68821160?kg=0068247770 HTTP/1.1" 301 3731 "https://biblioglow.com/sitemap.xml" "Mozilla/5.0 (Linux; Android 7.0;) AppleWebKit/537.36 (KHTML, like Gecko) Mobile Safari/537.36 (compatible; PetalBot;+https://webmaster.petalsearch.com/site/petalbot)" 
64.90.53.137 - - [24/Oct/2025:21:43:12 -0700] "POST /wp-cron.php?doing_wp_cron=1761367392.7065780162811279296875 HTTP/1.1" 200 3634 "https://www.biblioglow.com/wp-cron.php?doing_wp_cron=1761367392.7065780162811279296875" "WordPress/6.1.9; https://www.biblioglow.com" 
114.119.141.83 - - [24/Oct/2025:21:43:14 -0700] "GET /shopdetail68821160?kg=0068247770 HTTP/1.1" 404 51132 "https://biblioglow.com/sitemap.xml" "Mozilla/5.0 (Linux; Android 7.0;) AppleWebKit/537.36 (KHTML, like Gecko) Mobile Safari/537.36 (compatible; PetalBot;+https://webmaster.petalsearch.com/site/petalbot)" 
66.249.68.134 - - [24/Oct/2025:21:43:27 -0700] "GET /shopdetail309547328?kg=0306967887 HTTP/1.1" 200 31464 "-" "Mozilla/5.0 (Linux; Android 6.0.1; Nexus 5X Build/MMB29P) AppleWebKit/537.36 (KHTML, like Gecko) Chrome/141.0.7390.122 Mobile Safari/537.36 (compatible; GoogleOther)" 
66.249.68.133 - - [24/Oct/2025:21:43:40 -0700] "GET /shopdetail32739144?kg=0032466438 HTTP/1.1" 200 30700 "-" "Mozilla/5.0 (Linux; Android 6.0.1; Nexus 5X Build/MMB29P) AppleWebKit/537.36 (KHTML, like Gecko) Chrome/141.0.7390.122 Mobile Safari/537.36 (compatible; GoogleOther)" 
34.146.150.151 - - [24/Oct/2025:21:43:58 -0700] "GET /shopdetail43001680?kg=0042643453 HTTP/1.1" 200 30717 "-" "Mozilla/5.0 (compatible; Googlebot/2.1; +http://www.google.com/bot.html)" 
66.249.68.133 - - [24/Oct/2025:21:44:11 -0700] "GET /shopdetail59279304?kg=0058785430 HTTP/1.1" 200 32159 "-" "Mozilla/5.0 (Linux; Android 6.0.1; Nexus 5X Build/MMB29P) AppleWebKit/537.36 (KHTML, like Gecko) Chrome/141.0.7390.122 Mobile Safari/537.36 (compatible; GoogleOther)" 
66.249.68.133 - - [24/Oct/2025:21:44:26 -0700] "GET /shopdetail325393496?kg=0322682004 HTTP/1.1" 200 32259 "-" "Mozilla/5.0 (Linux; Android 6.0.1; Nexus 5X Build/MMB29P) AppleWebKit/537.36 (KHTML, like Gecko) Chrome/141.0.7390.122 Mobile Safari/537.36 (compatible; GoogleOther)" 
64.90.53.137 - - [24/Oct/2025:21:44:45 -0700] "POST /wp-cron.php?doing_wp_cron=1761367485.6567080020904541015625 HTTP/1.1" 200 3634 "https://www.biblioglow.com/wp-cron.php?doing_wp_cron=1761367485.6567080020904541015625" "WordPress/6.1.9; https://www.biblioglow.com" 
114.119.151.155 - - [24/Oct/2025:21:44:45 -0700] "GET /shopdetail68818544?kg=0068245177 HTTP/1.1" 301 3731 "https://biblioglow.com/sitemap.xml" "Mozilla/5.0 (Linux; Android 7.0;) AppleWebKit/537.36 (KHTML, like Gecko) Mobile Safari/537.36 (compatible; PetalBot;+https://webmaster.petalsearch.com/site/petalbot)" 
114.119.151.155 - - [24/Oct/2025:21:44:49 -0700] "GET /shopdetail68818544?kg=0068245177 HTTP/1.1" 404 51132 "https://biblioglow.com/sitemap.xml" "Mozilla/5.0 (Linux; Android 7.0;) AppleWebKit/537.36 (KHTML, like Gecko) Mobile Safari/537.36 (compatible; PetalBot;+https://webmaster.petalsearch.com/site/petalbot)" 
66.249.68.133 - - [24/Oct/2025:21:44:56 -0700] "GET /shopdetail74462392?kg=0073841992 HTTP/1.1" 200 31020 "-" "Mozilla/5.0 (Linux; Android 6.0.1; Nexus 5X Build/MMB29P) AppleWebKit/537.36 (KHTML, like Gecko) Chrome/141.0.7390.122 Mobile Safari/537.36 (compatible; GoogleOther)" 
66.249.68.134 - - [24/Oct/2025:21:45:12 -0700] "GET /shopdetail31433136?kg=0031171313 HTTP/1.1" 200 30881 "-" "Mozilla/5.0 (Linux; Android 6.0.1; Nexus 5X Build/MMB29P) AppleWebKit/537.36 (KHTML, like Gecko) Chrome/141.0.7390.122 Mobile Safari/537.36 (compatible; GoogleOther)" 
64.90.53.137 - - [24/Oct/2025:21:45:18 -0700] "POST /wp-cron.php?doing_wp_cron=1761367518.3321859836578369140625 HTTP/1.1" 200 3634 "https://www.biblioglow.com/wp-cron.php?doing_wp_cron=1761367518.3321859836578369140625" "WordPress/6.1.9; https://www.biblioglow.com" 
85.208.96.209 - - [24/Oct/2025:21:45:17 -0700] "GET /shopdetail194969816?kg=0193345188 HTTP/1.1" 301 3732 "-" "Mozilla/5.0 (compatible; SemrushBot/7~bl; +http://www.semrush.com/bot.html)" 
85.208.96.198 - - [24/Oct/2025:21:45:19 -0700] "GET /shopdetail194969816?kg=0193345188 HTTP/1.1" 404 51133 "-" "Mozilla/5.0 (compatible; SemrushBot/7~bl; +http://www.semrush.com/bot.html)" 
66.249.68.133 - - [24/Oct/2025:21:45:41 -0700] "GET /shopdetail187340280?kg=0185779232 HTTP/1.1" 200 31688 "-" "Mozilla/5.0 (Linux; Android 6.0.1; Nexus 5X Build/MMB29P) AppleWebKit/537.36 (KHTML, like Gecko) Chrome/141.0.7390.122 Mobile Safari/537.36 (compatible; GoogleOther)" 
66.249.68.133 - - [24/Oct/2025:21:45:58 -0700] "GET /shopdetail186940104?kg=0185382390 HTTP/1.1" 200 30528 "-" "Mozilla/5.0 (Linux; Android 6.0.1; Nexus 5X Build/MMB29P) AppleWebKit/537.36 (KHTML, like Gecko) Chrome/141.0.7390.122 Mobile Safari/537.36 (compatible; GoogleOther)" 
114.119.141.83 - - [24/Oct/2025:21:46:00 -0700] "GET /shopdetail68808128?kg=0068234847 HTTP/1.1" 301 3731 "https://biblioglow.com/sitemap.xml" "Mozilla/5.0 (Linux; Android 7.0;) AppleWebKit/537.36 (KHTML, like Gecko) Mobile Safari/537.36 (compatible; PetalBot;+https://webmaster.petalsearch.com/site/petalbot)" 
114.119.141.83 - - [24/Oct/2025:21:46:03 -0700] "GET /shopdetail68808128?kg=0068234847 HTTP/1.1" 404 51132 "https://biblioglow.com/sitemap.xml" "Mozilla/5.0 (Linux; Android 7.0;) AppleWebKit/537.36 (KHTML, like Gecko) Mobile Safari/537.36 (compatible; PetalBot;+https://webmaster.petalsearch.com/site/petalbot)" 
66.249.68.134 - - [24/Oct/2025:21:46:26 -0700] "GET /shopdetail75010136?kg=0074385172 HTTP/1.1" 200 31211 "-" "Mozilla/5.0 (Linux; Android 6.0.1; Nexus 5X Build/MMB29P) AppleWebKit/537.36 (KHTML, like Gecko) Chrome/141.0.7390.122 Mobile Safari/537.36 (compatible; GoogleOther)" 
66.249.68.134 - - [24/Oct/2025:21:46:45 -0700] "GET /shopdetail325773248?kg=0323058591 HTTP/1.1" 200 30818 "-" "Mozilla/5.0 (Linux; Android 6.0.1; Nexus 5X Build/MMB29P) AppleWebKit/537.36 (KHTML, like Gecko) Chrome/141.0.7390.122 Mobile Safari/537.36 (compatible; GoogleOther)" 
66.249.68.134 - - [24/Oct/2025:21:47:10 -0700] "GET /shopdetail73866920?kg=0073251482 HTTP/1.1" 200 32308 "-" "Mozilla/5.0 (Linux; Android 6.0.1; Nexus 5X Build/MMB29P) AppleWebKit/537.36 (KHTML, like Gecko) Chrome/141.0.7390.122 Mobile Safari/537.36 (compatible; GoogleOther)" 
66.249.68.134 - - [24/Oct/2025:21:47:31 -0700] "GET /shopdetail160179416?kg=0158844708 HTTP/1.1" 200 33040 "-" "Mozilla/5.0 (Linux; Android 6.0.1; Nexus 5X Build/MMB29P) AppleWebKit/537.36 (KHTML, like Gecko) Chrome/141.0.7390.122 Mobile Safari/537.36 (compatible; GoogleOther)" 
64.90.53.137 - - [24/Oct/2025:21:47:34 -0700] "POST /wp-cron.php?doing_wp_cron=1761367653.9145429134368896484375 HTTP/1.1" 200 3634 "https://www.biblioglow.com/wp-cron.php?doing_wp_cron=1761367653.9145429134368896484375" "WordPress/6.1.9; https://www.biblioglow.com" 
114.119.130.109 - - [24/Oct/2025:21:47:33 -0700] "GET /shopdetail68807992?kg=0068234712 HTTP/1.1" 301 3731 "https://biblioglow.com/sitemap.xml" "Mozilla/5.0 (Linux; Android 7.0;) AppleWebKit/537.36 (KHTML, like Gecko) Mobile Safari/537.36 (compatible; PetalBot;+https://webmaster.petalsearch.com/site/petalbot)" 
114.119.130.109 - - [24/Oct/2025:21:47:36 -0700] "GET /shopdetail68807992?kg=0068234712 HTTP/1.1" 404 51132 "https://biblioglow.com/sitemap.xml" "Mozilla/5.0 (Linux; Android 7.0;) AppleWebKit/537.36 (KHTML, like Gecko) Mobile Safari/537.36 (compatible; PetalBot;+https://webmaster.petalsearch.com/site/petalbot)" 
185.191.171.4 - - [24/Oct/2025:21:47:39 -0700] "GET /shopdetail195053480?kg=0193428154 HTTP/1.1" 301 3732 "-" "Mozilla/5.0 (compatible; SemrushBot/7~bl; +http://www.semrush.com/bot.html)" 
85.208.96.210 - - [24/Oct/2025:21:47:41 -0700] "GET /shopdetail195053480?kg=0193428154 HTTP/1.1" 404 51133 "-" "Mozilla/5.0 (compatible; SemrushBot/7~bl; +http://www.semrush.com/bot.html)" 
66.249.68.133 - - [24/Oct/2025:21:47:55 -0700] "GET /shopdetail33450240?kg=0033171607 HTTP/1.1" 200 31725 "-" "Mozilla/5.0 (Linux; Android 6.0.1; Nexus 5X Build/MMB29P) AppleWebKit/537.36 (KHTML, like Gecko) Chrome/141.0.7390.122 Mobile Safari/537.36 (compatible; GoogleOther)" 
85.208.96.193 - - [24/Oct/2025:21:48:05 -0700] "GET /shopdetail195022080?kg=0193397015 HTTP/1.1" 301 3732 "-" "Mozilla/5.0 (compatible; SemrushBot/7~bl; +http://www.semrush.com/bot.html)" 
85.208.96.196 - - [24/Oct/2025:21:48:06 -0700] "GET /shopdetail195022080?kg=0193397015 HTTP/1.1" 404 51133 "-" "Mozilla/5.0 (compatible; SemrushBot/7~bl; +http://www.semrush.com/bot.html)" 
66.249.68.135 - - [24/Oct/2025:21:48:17 -0700] "GET /shopdetail32897824?kg=0032623795 HTTP/1.1" 200 31188 "-" "Mozilla/5.0 (Linux; Android 6.0.1; Nexus 5X Build/MMB29P) AppleWebKit/537.36 (KHTML, like Gecko) Chrome/141.0.7390.122 Mobile Safari/537.36 (compatible; GoogleOther)" 
66.249.68.133 - - [24/Oct/2025:21:48:40 -0700] "GET /shopdetail74251736?kg=0073633092 HTTP/1.1" 200 32161 "-" "Mozilla/5.0 (Linux; Android 6.0.1; Nexus 5X Build/MMB29P) AppleWebKit/537.36 (KHTML, like Gecko) Chrome/141.0.7390.122 Mobile Safari/537.36 (compatible; GoogleOther)" 
114.119.148.10 - - [24/Oct/2025:21:48:56 -0700] "GET /shopdetail68792360?kg=0068219210 HTTP/1.1" 301 3731 "https://biblioglow.com/sitemap.xml" "Mozilla/5.0 (Linux; Android 7.0;) AppleWebKit/537.36 (KHTML, like Gecko) Mobile Safari/537.36 (compatible; PetalBot;+https://webmaster.petalsearch.com/site/petalbot)" 
64.90.53.137 - - [24/Oct/2025:21:48:57 -0700] "POST /wp-cron.php?doing_wp_cron=1761367737.2812321186065673828125 HTTP/1.1" 200 3634 "https://www.biblioglow.com/wp-cron.php?doing_wp_cron=1761367737.2812321186065673828125" "WordPress/6.1.9; https://www.biblioglow.com" 
114.119.148.10 - - [24/Oct/2025:21:48:59 -0700] "GET /shopdetail68792360?kg=0068219210 HTTP/1.1" 404 51132 "https://biblioglow.com/sitemap.xml" "Mozilla/5.0 (Linux; Android 7.0;) AppleWebKit/537.36 (KHTML, like Gecko) Mobile Safari/537.36 (compatible; PetalBot;+https://webmaster.petalsearch.com/site/petalbot)" 
66.249.68.133 - - [24/Oct/2025:21:49:03 -0700] "GET /shopdetail325053384?kg=0322344726 HTTP/1.1" 200 31500 "-" "Mozilla/5.0 (Linux; Android 6.0.1; Nexus 5X Build/MMB29P) AppleWebKit/537.36 (KHTML, like Gecko) Chrome/141.0.7390.122 Mobile Safari/537.36 (compatible; GoogleOther)" 
66.249.68.130 - - [24/Oct/2025:21:49:25 -0700] "GET /shopdetail32916464?kg=0032642281 HTTP/1.1" 200 32670 "-" "Mozilla/5.0 (Linux; Android 6.0.1; Nexus 5X Build/MMB29P) AppleWebKit/537.36 (KHTML, like Gecko) Chrome/141.0.7390.122 Mobile Safari/537.36 (compatible; GoogleOther)" 
66.249.68.133 - - [24/Oct/2025:21:49:49 -0700] "GET /shopdetail30760456?kg=0030504238 HTTP/1.1" 200 31839 "-" "Mozilla/5.0 (Linux; Android 6.0.1; Nexus 5X Build/MMB29P) AppleWebKit/537.36 (KHTML, like Gecko) Chrome/141.0.7390.122 Mobile Safari/537.36 (compatible; GoogleOther)" 
64.90.53.137 - - [24/Oct/2025:21:50:09 -0700] "POST /wp-cron.php?doing_wp_cron=1761367809.6212179660797119140625 HTTP/1.1" 200 3634 "https://www.biblioglow.com/wp-cron.php?doing_wp_cron=1761367809.6212179660797119140625" "WordPress/6.1.9; https://www.biblioglow.com" 
114.119.130.109 - - [24/Oct/2025:21:50:09 -0700] "GET /shopdetail197669744?kg=0196022617 HTTP/1.1" 301 3732 "https://biblioglow.com/sitemap.xml" "Mozilla/5.0 (Linux; Android 7.0;) AppleWebKit/537.36 (KHTML, like Gecko) Mobile Safari/537.36 (compatible; PetalBot;+https://webmaster.petalsearch.com/site/petalbot)" 
66.249.68.133 - - [24/Oct/2025:21:50:10 -0700] "GET /shopdetail188925384?kg=0187351126 HTTP/1.1" 200 31313 "-" "Mozilla/5.0 (Linux; Android 6.0.1; Nexus 5X Build/MMB29P) AppleWebKit/537.36 (KHTML, like Gecko) Chrome/141.0.7390.122 Mobile Safari/537.36 (compatible; GoogleOther)" 
114.119.130.109 - - [24/Oct/2025:21:50:12 -0700] "GET /shopdetail197669744?kg=0196022617 HTTP/1.1" 404 51133 "https://biblioglow.com/sitemap.xml" "Mozilla/5.0 (Linux; Android 7.0;) AppleWebKit/537.36 (KHTML, like Gecko) Mobile Safari/537.36 (compatible; PetalBot;+https://webmaster.petalsearch.com/site/petalbot)" 
66.249.68.133 - - [24/Oct/2025:21:50:35 -0700] "GET /shopdetail309751256?kg=0307170116 HTTP/1.1" 200 32431 "-" "Mozilla/5.0 (Linux; Android 6.0.1; Nexus 5X Build/MMB29P) AppleWebKit/537.36 (KHTML, like Gecko) Chrome/141.0.7390.122 Mobile Safari/537.36 (compatible; GoogleOther)" 
66.249.68.133 - - [24/Oct/2025:21:50:54 -0700] "GET /shopdetail75017816?kg=0074392788 HTTP/1.1" 200 32421 "-" "Mozilla/5.0 (Linux; Android 6.0.1; Nexus 5X Build/MMB29P) AppleWebKit/537.36 (KHTML, like Gecko) Chrome/141.0.7390.122 Mobile Safari/537.36 (compatible; GoogleOther)" 
139.59.9.251 - - [24/Oct/2025:21:51:07 -0700] "POST /xmlrpc.php HTTP/2.0" 429 351 "-" "Mozilla/5.0 (Windows NT 10.0; WOW64) AppleWebKit/537.36 (KHTML, like Gecko) Chrome/66.0.3359.139 Safari/537.36" 
66.249.68.134 - - [24/Oct/2025:21:51:21 -0700] "GET /shopdetail187510616?kg=0185948148 HTTP/1.1" 200 31518 "-" "Mozilla/5.0 (Linux; Android 6.0.1; Nexus 5X Build/MMB29P) AppleWebKit/537.36 (KHTML, like Gecko) Chrome/141.0.7390.122 Mobile Safari/537.36 (compatible; GoogleOther)" 
139.59.9.251 - - [24/Oct/2025:21:51:33 -0700] "POST /xmlrpc.php HTTP/2.0" 429 351 "-" "Mozilla/5.0 (Windows NT 10.0; WOW64) AppleWebKit/537.36 (KHTML, like Gecko) Chrome/66.0.3359.139 Safari/537.36" 
114.119.130.109 - - [24/Oct/2025:21:51:34 -0700] "GET /shopdetail197652056?kg=0196005076 HTTP/1.1" 301 3732 "https://biblioglow.com/sitemap.xml" "Mozilla/5.0 (Linux; Android 7.0;) AppleWebKit/537.36 (KHTML, like Gecko) Mobile Safari/537.36 (compatible; PetalBot;+https://webmaster.petalsearch.com/site/petalbot)" 
64.90.53.137 - - [24/Oct/2025:21:51:34 -0700] "POST /wp-cron.php?doing_wp_cron=1761367894.8403038978576660156250 HTTP/1.1" 200 3634 "https://www.biblioglow.com/wp-cron.php?doing_wp_cron=1761367894.8403038978576660156250" "WordPress/6.1.9; https://www.biblioglow.com" 
114.119.130.109 - - [24/Oct/2025:21:51:37 -0700] "GET /shopdetail197652056?kg=0196005076 HTTP/1.1" 404 51133 "https://biblioglow.com/sitemap.xml" "Mozilla/5.0 (Linux; Android 7.0;) AppleWebKit/537.36 (KHTML, like Gecko) Mobile Safari/537.36 (compatible; PetalBot;+https://webmaster.petalsearch.com/site/petalbot)" 
66.249.68.133 - - [24/Oct/2025:21:51:39 -0700] "GET /shopdetail188944992?kg=0187370571 HTTP/1.1" 200 30844 "-" "Mozilla/5.0 (Linux; Android 6.0.1; Nexus 5X Build/MMB29P) AppleWebKit/537.36 (KHTML, like Gecko) Chrome/141.0.7390.122 Mobile Safari/537.36 (compatible; GoogleOther)" 
139.59.9.251 - - [24/Oct/2025:21:51:57 -0700] "POST /xmlrpc.php HTTP/2.0" 429 351 "-" "Mozilla/5.0 (Windows NT 10.0; WOW64) AppleWebKit/537.36 (KHTML, like Gecko) Chrome/66.0.3359.139 Safari/537.36" 
66.249.68.135 - - [24/Oct/2025:21:52:08 -0700] "GET /shopdetail309823672?kg=0307241928 HTTP/1.1" 200 30984 "-" "Mozilla/5.0 (Linux; Android 6.0.1; Nexus 5X Build/MMB29P) AppleWebKit/537.36 (KHTML, like Gecko) Chrome/141.0.7390.122 Mobile Safari/537.36 (compatible; GoogleOther)" 
66.249.68.133 - - [24/Oct/2025:21:52:24 -0700] "GET /shopdetail309546240?kg=0306966807 HTTP/1.1" 200 31521 "-" "Mozilla/5.0 (Linux; Android 6.0.1; Nexus 5X Build/MMB29P) AppleWebKit/537.36 (KHTML, like Gecko) Chrome/141.0.7390.122 Mobile Safari/537.36 (compatible; GoogleOther)" 
114.119.148.10 - - [24/Oct/2025:21:52:55 -0700] "GET /shopdetail197643288?kg=0195996380 HTTP/1.1" 301 3732 "https://biblioglow.com/sitemap.xml" "Mozilla/5.0 (Linux; Android 7.0;) AppleWebKit/537.36 (KHTML, like Gecko) Mobile Safari/537.36 (compatible; PetalBot;+https://webmaster.petalsearch.com/site/petalbot)" 
64.90.53.137 - - [24/Oct/2025:21:52:55 -0700] "POST /wp-cron.php?doing_wp_cron=1761367975.6958110332489013671875 HTTP/1.1" 200 3634 "https://www.biblioglow.com/wp-cron.php?doing_wp_cron=1761367975.6958110332489013671875" "WordPress/6.1.9; https://www.biblioglow.com" 
66.249.68.133 - - [24/Oct/2025:21:52:58 -0700] "GET /shopdetail186811192?kg=0185254552 HTTP/1.1" 200 31011 "-" "Mozilla/5.0 (Linux; Android 6.0.1; Nexus 5X Build/MMB29P) AppleWebKit/537.36 (KHTML, like Gecko) Chrome/141.0.7390.122 Mobile Safari/537.36 (compatible; GoogleOther)" 
114.119.148.10 - - [24/Oct/2025:21:53:00 -0700] "GET /shopdetail197643288?kg=0195996380 HTTP/1.1" 404 51133 "https://biblioglow.com/sitemap.xml" "Mozilla/5.0 (Linux; Android 7.0;) AppleWebKit/537.36 (KHTML, like Gecko) Mobile Safari/537.36 (compatible; PetalBot;+https://webmaster.petalsearch.com/site/petalbot)" 
66.249.68.133 - - [24/Oct/2025:21:53:09 -0700] "GET /shopdetail188931824?kg=0187357513 HTTP/1.1" 200 31457 "-" "Mozilla/5.0 (Linux; Android 6.0.1; Nexus 5X Build/MMB29P) AppleWebKit/537.36 (KHTML, like Gecko) Chrome/141.0.7390.122 Mobile Safari/537.36 (compatible; GoogleOther)" 
66.249.68.133 - - [24/Oct/2025:21:53:40 -0700] "GET /shopdetail74121872?kg=0073504309 HTTP/1.1" 200 30951 "-" "Mozilla/5.0 (Linux; Android 6.0.1; Nexus 5X Build/MMB29P) AppleWebKit/537.36 (KHTML, like Gecko) Chrome/141.0.7390.122 Mobile Safari/537.36 (compatible; GoogleOther)" 
66.249.68.133 - - [24/Oct/2025:21:53:53 -0700] "GET /shopdetail187341656?kg=0185780596 HTTP/1.1" 200 31937 "-" "Mozilla/5.0 (Linux; Android 6.0.1; Nexus 5X Build/MMB29P) AppleWebKit/537.36 (KHTML, like Gecko) Chrome/141.0.7390.122 Mobile Safari/537.36 (compatible; GoogleOther)" 
66.249.79.4 - - [24/Oct/2025:21:54:07 -0700] "GET /shopdetail8867920?kg=0008794141 HTTP/1.1" 200 32351 "-" "Mozilla/5.0 (Linux; Android 6.0.1; Nexus 5X Build/MMB29P) AppleWebKit/537.36 (KHTML, like Gecko) Chrome/141.0.7390.122 Mobile Safari/537.36 (compatible; Googlebot/2.1; +http://www.google.com/bot.html)" 
66.249.79.5 - - [24/Oct/2025:21:54:08 -0700] "GET /shopdetail8867920?kg=0008794141 HTTP/1.1" 200 32351 "-" "Mozilla/5.0 (compatible; Googlebot/2.1; +http://www.google.com/bot.html)" 
114.119.141.83 - - [24/Oct/2025:21:54:20 -0700] "GET /shopdetail197632856?kg=0195986036 HTTP/1.1" 301 3732 "https://biblioglow.com/sitemap.xml" "Mozilla/5.0 (Linux; Android 7.0;) AppleWebKit/537.36 (KHTML, like Gecko) Mobile Safari/537.36 (compatible; PetalBot;+https://webmaster.petalsearch.com/site/petalbot)" 
64.90.53.137 - - [24/Oct/2025:21:54:21 -0700] "POST /wp-cron.php?doing_wp_cron=1761368061.7001819610595703125000 HTTP/1.1" 200 3634 "https://www.biblioglow.com/wp-cron.php?doing_wp_cron=1761368061.7001819610595703125000" "WordPress/6.1.9; https://www.biblioglow.com" 
114.119.141.83 - - [24/Oct/2025:21:54:23 -0700] "GET /shopdetail197632856?kg=0195986036 HTTP/1.1" 404 51133 "https://biblioglow.com/sitemap.xml" "Mozilla/5.0 (Linux; Android 7.0;) AppleWebKit/537.36 (KHTML, like Gecko) Mobile Safari/537.36 (compatible; PetalBot;+https://webmaster.petalsearch.com/site/petalbot)" 
66.249.68.133 - - [24/Oct/2025:21:54:26 -0700] "GET /shopdetail325601128?kg=0322887906 HTTP/1.1" 200 31256 "-" "Mozilla/5.0 (Linux; Android 6.0.1; Nexus 5X Build/MMB29P) AppleWebKit/537.36 (KHTML, like Gecko) Chrome/141.0.7390.122 Mobile Safari/537.36 (compatible; GoogleOther)" 
66.249.68.133 - - [24/Oct/2025:21:54:39 -0700] "GET /shopdetail325255800?kg=0322545456 HTTP/1.1" 200 31674 "-" "Mozilla/5.0 (Linux; Android 6.0.1; Nexus 5X Build/MMB29P) AppleWebKit/537.36 (KHTML, like Gecko) Chrome/141.0.7390.122 Mobile Safari/537.36 (compatible; GoogleOther)" 
66.249.68.133 - - [24/Oct/2025:21:55:12 -0700] "GET /shopdetail75030032?kg=0074404901 HTTP/1.1" 200 32497 "-" "Mozilla/5.0 (Linux; Android 6.0.1; Nexus 5X Build/MMB29P) AppleWebKit/537.36 (KHTML, like Gecko) Chrome/141.0.7390.122 Mobile Safari/537.36 (compatible; GoogleOther)" 
34.146.150.144 - - [24/Oct/2025:21:55:16 -0700] "GET /shopdetail286176816?kg=0283792129 HTTP/1.1" 200 30574 "-" "Mozilla/5.0 (compatible; Googlebot/2.1; +http://www.google.com/bot.html)" 
66.249.68.133 - - [24/Oct/2025:21:55:23 -0700] "GET /shopdetail310191480?kg=0307606672 HTTP/1.1" 200 30598 "-" "Mozilla/5.0 (Linux; Android 6.0.1; Nexus 5X Build/MMB29P) AppleWebKit/537.36 (KHTML, like Gecko) Chrome/141.0.7390.122 Mobile Safari/537.36 (compatible; GoogleOther)" 
172.241.238.225 - - [24/Oct/2025:21:55:30 -0700] "GET /about/contact/ HTTP/1.1" 200 18495 "-" "Mozilla/5.0 (Windows NT 10.0; Win64; x64) AppleWebKit/537.36 (KHTML, like Gecko) Chrome/114.0.0.0 Safari/537.36" 
172.241.238.225 - - [24/Oct/2025:21:55:33 -0700] "POST /about/contact/ HTTP/1.1" 200 17819 "https://www.biblioglow.com/about/contact/" "Mozilla/5.0 (Windows NT 10.0; Win64; x64) AppleWebKit/537.36 (KHTML, like Gecko) Chrome/114.0.0.0 Safari/537.36" 
64.90.53.137 - - [24/Oct/2025:21:55:30 -0700] "POST /wp-cron.php?doing_wp_cron=1761368130.7873721122741699218750 HTTP/1.1" 200 3634 "https://www.biblioglow.com/wp-cron.php?doing_wp_cron=1761368130.7873721122741699218750" "WordPress/6.1.9; https://www.biblioglow.com" 
114.119.151.155 - - [24/Oct/2025:21:55:52 -0700] "GET /shopdetail197630800?kg=0195983997 HTTP/1.1" 301 3732 "https://biblioglow.com/sitemap.xml" "Mozilla/5.0 (Linux; Android 7.0;) AppleWebKit/537.36 (KHTML, like Gecko) Mobile Safari/537.36 (compatible; PetalBot;+https://webmaster.petalsearch.com/site/petalbot)" 
114.119.151.155 - - [24/Oct/2025:21:55:56 -0700] "GET /shopdetail197630800?kg=0195983997 HTTP/1.1" 404 51133 "https://biblioglow.com/sitemap.xml" "Mozilla/5.0 (Linux; Android 7.0;) AppleWebKit/537.36 (KHTML, like Gecko) Mobile Safari/537.36 (compatible; PetalBot;+https://webmaster.petalsearch.com/site/petalbot)" 
66.249.68.133 - - [24/Oct/2025:21:55:58 -0700] "GET /shopdetail188047808?kg=0186480863 HTTP/1.1" 200 31141 "-" "Mozilla/5.0 (Linux; Android 6.0.1; Nexus 5X Build/MMB29P) AppleWebKit/537.36 (KHTML, like Gecko) Chrome/141.0.7390.122 Mobile Safari/537.36 (compatible; GoogleOther)" 
66.249.68.135 - - [24/Oct/2025:21:56:08 -0700] "GET /shopdetail325265416?kg=0322554990 HTTP/1.1" 200 30790 "-" "Mozilla/5.0 (Linux; Android 6.0.1; Nexus 5X Build/MMB29P) AppleWebKit/537.36 (KHTML, like Gecko) Chrome/141.0.7390.122 Mobile Safari/537.36 (compatible; GoogleOther)" 
66.249.68.134 - - [24/Oct/2025:21:56:45 -0700] "GET /shopdetail310131008?kg=0307546703 HTTP/1.1" 200 30566 "-" "Mozilla/5.0 (Linux; Android 6.0.1; Nexus 5X Build/MMB29P) AppleWebKit/537.36 (KHTML, like Gecko) Chrome/141.0.7390.122 Mobile Safari/537.36 (compatible; GoogleOther)" 
66.249.68.133 - - [24/Oct/2025:21:56:52 -0700] "GET /shopdetail32727760?kg=0032455149 HTTP/1.1" 200 31009 "-" "Mozilla/5.0 (Linux; Android 6.0.1; Nexus 5X Build/MMB29P) AppleWebKit/537.36 (KHTML, like Gecko) Chrome/141.0.7390.122 Mobile Safari/537.36 (compatible; GoogleOther)" 
51.161.65.20 - - [24/Oct/2025:21:57:12 -0700] "GET /sitemap.xml HTTP/2.0" 200 7695 "-" "Mozilla/5.0 (compatible; AhrefsBot/7.0; +http://ahrefs.com/robot/)" 
64.90.53.137 - - [24/Oct/2025:21:57:25 -0700] "POST /wp-cron.php?doing_wp_cron=1761368245.9832420349121093750000 HTTP/1.1" 200 3634 "https://www.biblioglow.com/wp-cron.php?doing_wp_cron=1761368245.9832420349121093750000" "WordPress/6.1.9; https://www.biblioglow.com" 
114.119.151.155 - - [24/Oct/2025:21:57:25 -0700] "GET /shopdetail197625600?kg=0195978839 HTTP/1.1" 301 3732 "https://biblioglow.com/sitemap.xml" "Mozilla/5.0 (Linux; Android 7.0;) AppleWebKit/537.36 (KHTML, like Gecko) Mobile Safari/537.36 (compatible; PetalBot;+https://webmaster.petalsearch.com/site/petalbot)" 
114.119.151.155 - - [24/Oct/2025:21:57:27 -0700] "GET /shopdetail197625600?kg=0195978839 HTTP/1.1" 404 51133 "https://biblioglow.com/sitemap.xml" "Mozilla/5.0 (Linux; Android 7.0;) AppleWebKit/537.36 (KHTML, like Gecko) Mobile Safari/537.36 (compatible; PetalBot;+https://webmaster.petalsearch.com/site/petalbot)" 
66.249.68.135 - - [24/Oct/2025:21:57:31 -0700] "GET /shopdetail59104856?kg=0058612436 HTTP/1.1" 200 32633 "-" "Mozilla/5.0 (Linux; Android 6.0.1; Nexus 5X Build/MMB29P) AppleWebKit/537.36 (KHTML, like Gecko) Chrome/141.0.7390.122 Mobile Safari/537.36 (compatible; GoogleOther)" 
66.249.68.134 - - [24/Oct/2025:21:57:37 -0700] "GET /shopdetail325220152?kg=0322510104 HTTP/1.1" 200 33723 "-" "Mozilla/5.0 (Linux; Android 6.0.1; Nexus 5X Build/MMB29P) AppleWebKit/537.36 (KHTML, like Gecko) Chrome/141.0.7390.122 Mobile Safari/537.36 (compatible; GoogleOther)" 
66.249.68.134 - - [24/Oct/2025:21:58:17 -0700] "GET /shopdetail188581704?kg=0187010310 HTTP/1.1" 200 30864 "-" "Mozilla/5.0 (Linux; Android 6.0.1; Nexus 5X Build/MMB29P) AppleWebKit/537.36 (KHTML, like Gecko) Chrome/141.0.7390.122 Mobile Safari/537.36 (compatible; GoogleOther)" 
66.249.68.133 - - [24/Oct/2025:21:58:22 -0700] "GET /shopdetail74077288?kg=0073460098 HTTP/1.1" 200 30552 "-" "Mozilla/5.0 (Linux; Android 6.0.1; Nexus 5X Build/MMB29P) AppleWebKit/537.36 (KHTML, like Gecko) Chrome/141.0.7390.122 Mobile Safari/537.36 (compatible; GoogleOther)" 
64.90.53.137 - - [24/Oct/2025:21:58:41 -0700] "POST /wp-cron.php?doing_wp_cron=1761368321.0150320529937744140625 HTTP/1.1" 200 3634 "https://www.biblioglow.com/wp-cron.php?doing_wp_cron=1761368321.0150320529937744140625" "WordPress/6.1.9; https://www.biblioglow.com" 
114.119.130.109 - - [24/Oct/2025:21:58:40 -0700] "GET /shopdetail197623664?kg=0195976921 HTTP/1.1" 301 3732 "https://biblioglow.com/sitemap.xml" "Mozilla/5.0 (Linux; Android 7.0;) AppleWebKit/537.36 (KHTML, like Gecko) Mobile Safari/537.36 (compatible; PetalBot;+https://webmaster.petalsearch.com/site/petalbot)" 
114.119.130.109 - - [24/Oct/2025:21:58:43 -0700] "GET /shopdetail197623664?kg=0195976921 HTTP/1.1" 404 51133 "https://biblioglow.com/sitemap.xml" "Mozilla/5.0 (Linux; Android 7.0;) AppleWebKit/537.36 (KHTML, like Gecko) Mobile Safari/537.36 (compatible; PetalBot;+https://webmaster.petalsearch.com/site/petalbot)" 
66.249.68.134 - - [24/Oct/2025:21:59:03 -0700] "GET /shopdetail58927944?kg=0058436998 HTTP/1.1" 200 30859 "-" "Mozilla/5.0 (Linux; Android 6.0.1; Nexus 5X Build/MMB29P) AppleWebKit/537.36 (KHTML, like Gecko) Chrome/141.0.7390.122 Mobile Safari/537.36 (compatible; GoogleOther)" 
66.249.68.134 - - [24/Oct/2025:21:59:07 -0700] "GET /shopdetail32984360?kg=0032709610 HTTP/1.1" 200 27994 "-" "Mozilla/5.0 (Linux; Android 6.0.1; Nexus 5X Build/MMB29P) AppleWebKit/537.36 (KHTML, like Gecko) Chrome/141.0.7390.122 Mobile Safari/537.36 (compatible; GoogleOther)" 
34.146.150.150 - - [24/Oct/2025:21:59:46 -0700] "GET /shop/cart/cart.aspx HTTP/1.1" 200 31821 "https://biblioglow.com/shopdetail286176816?kg=0283792129" "Mozilla/5.0 (compatible; Googlebot/2.1; +http://www.google.com/bot.html)" 
66.249.68.133 - - [24/Oct/2025:21:59:49 -0700] "GET /shopdetail73653664?kg=0073040003 HTTP/1.1" 200 32958 "-" "Mozilla/5.0 (Linux; Android 6.0.1; Nexus 5X Build/MMB29P) AppleWebKit/537.36 (KHTML, like Gecko) Chrome/141.0.7390.122 Mobile Safari/537.36 (compatible; GoogleOther)" 
66.249.68.133 - - [24/Oct/2025:21:59:52 -0700] "GET /shopdetail32143536?kg=0031875793 HTTP/1.1" 200 27866 "-" "Mozilla/5.0 (Linux; Android 6.0.1; Nexus 5X Build/MMB29P) AppleWebKit/537.36 (KHTML, like Gecko) Chrome/141.0.7390.122 Mobile Safari/537.36 (compatible; GoogleOther)" 
114.119.130.109 - - [24/Oct/2025:22:00:10 -0700] "GET /shopdetail197622984?kg=0195976246 HTTP/1.1" 301 3732 "https://biblioglow.com/sitemap.xml" "Mozilla/5.0 (Linux; Android 7.0;) AppleWebKit/537.36 (KHTML, like Gecko) Mobile Safari/537.36 (compatible; PetalBot;+https://webmaster.petalsearch.com/site/petalbot)" 
64.90.53.137 - - [24/Oct/2025:22:00:11 -0700] "POST /wp-cron.php?doing_wp_cron=1761368411.5935680866241455078125 HTTP/1.1" 200 3634 "https://www.biblioglow.com/wp-cron.php?doing_wp_cron=1761368411.5935680866241455078125" "WordPress/6.1.9; https://www.biblioglow.com" 
114.119.130.109 - - [24/Oct/2025:22:00:15 -0700] "GET /shopdetail197622984?kg=0195976246 HTTP/1.1" 404 51133 "https://biblioglow.com/sitemap.xml" "Mozilla/5.0 (Linux; Android 7.0;) AppleWebKit/537.36 (KHTML, like Gecko) Mobile Safari/537.36 (compatible; PetalBot;+https://webmaster.petalsearch.com/site/petalbot)" 
66.249.68.135 - - [24/Oct/2025:22:00:35 -0700] "GET /shopdetail325622672?kg=0322909269 HTTP/1.1" 200 30863 "-" "Mozilla/5.0 (Linux; Android 6.0.1; Nexus 5X Build/MMB29P) AppleWebKit/537.36 (KHTML, like Gecko) Chrome/141.0.7390.122 Mobile Safari/537.36 (compatible; GoogleOther)" 
66.249.68.133 - - [24/Oct/2025:22:00:38 -0700] "GET /shopdetail186435416?kg=0184881908 HTTP/1.1" 200 30205 "-" "Mozilla/5.0 (Linux; Android 6.0.1; Nexus 5X Build/MMB29P) AppleWebKit/537.36 (KHTML, like Gecko) Chrome/141.0.7390.122 Mobile Safari/537.36 (compatible; GoogleOther)" 
64.90.53.137 - - [24/Oct/2025:22:01:17 -0700] "POST /wp-cron.php?doing_wp_cron=1761368477.9007871150970458984375 HTTP/1.1" 200 3634 "https://www.biblioglow.com/wp-cron.php?doing_wp_cron=1761368477.9007871150970458984375" "WordPress/6.1.9; https://www.biblioglow.com" 
