66.249.79.5 - - [24/Oct/2025:02:49:13 -0700] "GET /?shopdetail7159664?kg=0007100121 HTTP/1.1" 200 30407 "-" "Mozilla/5.0 (Linux; Android 6.0.1; Nexus 5X Build/MMB29P) AppleWebKit/537.36 (KHTML, like Gecko) Chrome/141.0.7390.122 Mobile Safari/537.36 (compatible; Googlebot/2.1; +http://www.google.com/bot.html)" 
66.249.68.135 - - [24/Oct/2025:02:49:31 -0700] "GET /shopdetail56630400?kg=0056158599 HTTP/1.1" 200 30855 "-" "Mozilla/5.0 (Linux; Android 6.0.1; Nexus 5X Build/MMB29P) AppleWebKit/537.36 (KHTML, like Gecko) Chrome/141.0.7390.122 Mobile Safari/537.36 (compatible; GoogleOther)" 
66.249.68.134 - - [24/Oct/2025:02:49:49 -0700] "GET /shopdetail285740296?kg=0283359246 HTTP/1.1" 200 31853 "-" "Mozilla/5.0 (compatible; Googlebot/2.1; +http://www.google.com/bot.html)" 
74.125.150.133 - - [24/Oct/2025:02:50:07 -0700] "GET /?shopdetail7672864?kg=0007609043 HTTP/1.1" 301 3745 "-" "Mozilla/5.0 (X11; Linux x86_64) AppleWebKit/537.36 (KHTML, like Gecko) Chrome/140.0.7339.207 Safari/537.36" 
72.14.199.99 - - [24/Oct/2025:02:50:11 -0700] "GET /?shopdetail7672864%3Fkg=0007609043 HTTP/1.1" 200 16916 "-" "Mozilla/5.0 (X11; Linux x86_64) AppleWebKit/537.36 (KHTML, like Gecko) Chrome/140.0.7339.207 Safari/537.36" 
72.14.199.99 - - [24/Oct/2025:02:50:13 -0700] "GET /wp-content/uploads/2020/06/InstaAct.png HTTP/1.1" 200 9907 "https://www.biblioglow.com/?shopdetail7672864%3Fkg=0007609043" "Mozilla/5.0 (X11; Linux x86_64) AppleWebKit/537.36 (KHTML, like Gecko) Chrome/140.0.7339.207 Safari/537.36" 
64.90.53.137 - - [24/Oct/2025:02:50:10 -0700] "POST /wp-cron.php?doing_wp_cron=1761299410.0035259723663330078125 HTTP/1.1" 200 3634 "https://www.biblioglow.com/wp-cron.php?doing_wp_cron=1761299410.0035259723663330078125" "WordPress/6.1.9; https://www.biblioglow.com" 
72.14.199.101 - - [24/Oct/2025:02:50:14 -0700] "GET /wp-content/uploads/2020/07/Asset-2.png HTTP/1.1" 200 16078 "https://www.biblioglow.com/?shopdetail7672864%3Fkg=0007609043" "Mozilla/5.0 (X11; Linux x86_64) AppleWebKit/537.36 (KHTML, like Gecko) Chrome/140.0.7339.207 Safari/537.36" 
72.14.199.100 - - [24/Oct/2025:02:50:16 -0700] "GET /wp-content/uploads/2020/06/Asset-8.png HTTP/1.1" 200 13186 "https://www.biblioglow.com/?shopdetail7672864%3Fkg=0007609043" "Mozilla/5.0 (X11; Linux x86_64) AppleWebKit/537.36 (KHTML, like Gecko) Chrome/140.0.7339.207 Safari/537.36" 
72.14.199.99 - - [24/Oct/2025:02:50:17 -0700] "GET /wp-content/uploads/2020/06/Asset-1-1.png HTTP/1.1" 200 7261 "https://www.biblioglow.com/?shopdetail7672864%3Fkg=0007609043" "Mozilla/5.0 (X11; Linux x86_64) AppleWebKit/537.36 (KHTML, like Gecko) Chrome/140.0.7339.207 Safari/537.36" 
72.14.199.100 - - [24/Oct/2025:02:50:17 -0700] "GET /wp-content/uploads/2020/06/FacebookAct.png HTTP/1.1" 200 7278 "https://www.biblioglow.com/?shopdetail7672864%3Fkg=0007609043" "Mozilla/5.0 (X11; Linux x86_64) AppleWebKit/537.36 (KHTML, like Gecko) Chrome/140.0.7339.207 Safari/537.36" 
72.14.199.99 - - [24/Oct/2025:02:50:18 -0700] "GET /wp-content/uploads/2020/06/TwitterAct.png HTTP/1.1" 200 15008 "https://www.biblioglow.com/?shopdetail7672864%3Fkg=0007609043" "Mozilla/5.0 (X11; Linux x86_64) AppleWebKit/537.36 (KHTML, like Gecko) Chrome/140.0.7339.207 Safari/537.36" 
72.14.199.99 - - [24/Oct/2025:02:50:19 -0700] "GET /wp-content/uploads/2020/07/Asset-1.png HTTP/1.1" 200 13555 "https://www.biblioglow.com/?shopdetail7672864%3Fkg=0007609043" "Mozilla/5.0 (X11; Linux x86_64) AppleWebKit/537.36 (KHTML, like Gecko) Chrome/140.0.7339.207 Safari/537.36" 
72.14.199.100 - - [24/Oct/2025:02:50:19 -0700] "GET /wp-content/uploads/2020/06/Asset-2-1.png HTTP/1.1" 200 14505 "https://www.biblioglow.com/?shopdetail7672864%3Fkg=0007609043" "Mozilla/5.0 (X11; Linux x86_64) AppleWebKit/537.36 (KHTML, like Gecko) Chrome/140.0.7339.207 Safari/537.36" 
72.14.199.99 - - [24/Oct/2025:02:50:20 -0700] "GET /wp-content/uploads/2020/06/Asset-2.png HTTP/1.1" 200 143230 "https://www.biblioglow.com/?shopdetail7672864%3Fkg=0007609043" "Mozilla/5.0 (X11; Linux x86_64) AppleWebKit/537.36 (KHTML, like Gecko) Chrome/140.0.7339.207 Safari/537.36" 
72.14.199.99 - - [24/Oct/2025:02:50:20 -0700] "GET /wp-includes/js/comment-reply.min.js?ver=6.1.9 HTTP/1.1" 200 1783 "https://www.biblioglow.com/?shopdetail7672864%3Fkg=0007609043" "Mozilla/5.0 (X11; Linux x86_64) AppleWebKit/537.36 (KHTML, like Gecko) Chrome/140.0.7339.207 Safari/537.36" 
72.14.199.99 - - [24/Oct/2025:02:50:21 -0700] "GET /wp-content/uploads/2020/07/Brooklyn-Banner-881x492.png HTTP/1.1" 200 891002 "https://www.biblioglow.com/?shopdetail7672864%3Fkg=0007609043" "Mozilla/5.0 (X11; Linux x86_64) AppleWebKit/537.36 (KHTML, like Gecko) Chrome/140.0.7339.207 Safari/537.36" 
72.14.199.99 - - [24/Oct/2025:02:50:22 -0700] "GET /wp-content/uploads/2020/06/Hamilton-Affair-Banner-1-1-881x492.png HTTP/1.1" 200 634528 "https://www.biblioglow.com/?shopdetail7672864%3Fkg=0007609043" "Mozilla/5.0 (X11; Linux x86_64) AppleWebKit/537.36 (KHTML, like Gecko) Chrome/140.0.7339.207 Safari/537.36" 
72.14.199.99 - - [24/Oct/2025:02:50:22 -0700] "GET /wp-content/uploads/2020/07/Hamilton-Affair-Discussion-Banner-881x492.png HTTP/1.1" 200 197241 "https://www.biblioglow.com/?shopdetail7672864%3Fkg=0007609043" "Mozilla/5.0 (X11; Linux x86_64) AppleWebKit/537.36 (KHTML, like Gecko) Chrome/140.0.7339.207 Safari/537.36" 
66.249.68.134 - - [24/Oct/2025:02:50:26 -0700] "GET /shopdetail71765472?kg=0071167547 HTTP/1.1" 200 31260 "-" "Mozilla/5.0 (Linux; Android 6.0.1; Nexus 5X Build/MMB29P) AppleWebKit/537.36 (KHTML, like Gecko) Chrome/141.0.7390.122 Mobile Safari/537.36 (compatible; GoogleOther)" 
66.249.68.133 - - [24/Oct/2025:02:51:06 -0700] "GET /shopdetail43511176?kg=0043148702 HTTP/1.1" 200 30501 "-" "Mozilla/5.0 (Linux; Android 6.0.1; Nexus 5X Build/MMB29P) AppleWebKit/537.36 (KHTML, like Gecko) Chrome/141.0.7390.122 Mobile Safari/537.36 (compatible; Googlebot/2.1; +http://www.google.com/bot.html)" 
66.249.68.135 - - [24/Oct/2025:02:51:07 -0700] "GET /shopdetail43511176?kg=0043148702 HTTP/1.1" 200 30501 "-" "Mozilla/5.0 (Linux; Android 6.0.1; Nexus 5X Build/MMB29P) AppleWebKit/537.36 (KHTML, like Gecko) Chrome/141.0.7390.122 Mobile Safari/537.36 (compatible; Googlebot/2.1; +http://www.google.com/bot.html)" 
66.249.68.133 - - [24/Oct/2025:02:52:21 -0700] "GET /shopdetail29997520?kg=0029747661 HTTP/1.1" 200 32453 "-" "Mozilla/5.0 (Linux; Android 6.0.1; Nexus 5X Build/MMB29P) AppleWebKit/537.36 (KHTML, like Gecko) Chrome/141.0.7390.122 Mobile Safari/537.36 (compatible; GoogleOther)" 
18.214.124.6 - - [24/Oct/2025:02:52:49 -0700] "GET /2020/07/03/the-hamilton-affair-discussion-questions/ HTTP/1.1" 200 18830 "-" "Mozilla/5.0 AppleWebKit/537.36 (KHTML, like Gecko; compatible; Amazonbot/0.1; +https://developer.amazon.com/support/amazonbot) Chrome/119.0.6045.214 Safari/537.36" 
64.90.53.137 - - [24/Oct/2025:02:52:50 -0700] "POST /wp-cron.php?doing_wp_cron=1761299570.2789690494537353515625 HTTP/1.1" 200 3634 "https://www.biblioglow.com/wp-cron.php?doing_wp_cron=1761299570.2789690494537353515625" "WordPress/6.1.9; https://www.biblioglow.com" 
66.249.68.133 - - [24/Oct/2025:02:52:53 -0700] "GET /shopdetail185201280?kg=0183658055 HTTP/1.1" 200 30789 "-" "Mozilla/5.0 (Linux; Android 6.0.1; Nexus 5X Build/MMB29P) AppleWebKit/537.36 (KHTML, like Gecko) Chrome/141.0.7390.122 Mobile Safari/537.36 (compatible; GoogleOther)" 
66.249.79.6 - - [24/Oct/2025:02:54:17 -0700] "GET /shopdetail7160768?kg=0007101215 HTTP/1.1" 200 31032 "-" "Mozilla/5.0 (Linux; Android 6.0.1; Nexus 5X Build/MMB29P) AppleWebKit/537.36 (KHTML, like Gecko) Chrome/141.0.7390.122 Mobile Safari/537.36 (compatible; Googlebot/2.1; +http://www.google.com/bot.html)" 
178.20.45.182 - - [24/Oct/2025:02:54:19 -0700] "GET /2020/07/03/the-hamilton-affair-discussion-questions/ HTTP/1.0" 429 3582 "https://www.biblioglow.com/2020/07/03/the-hamilton-affair-discussion-questions/" "Mozilla/5.0 (Windows NT 10.0; Win64; x64) AppleWebKit/537.36 (KHTML, like Gecko) Chrome/131.0.0.0 Safari/537.36 Avast/131.0.0.0" 
66.249.79.4 - - [24/Oct/2025:02:54:19 -0700] "GET /?shopdetail7992536?kg=0007926052 HTTP/1.1" 200 34264 "-" "Mozilla/5.0 (Linux; Android 6.0.1; Nexus 5X Build/MMB29P) AppleWebKit/537.36 (KHTML, like Gecko) Chrome/141.0.7390.122 Mobile Safari/537.36 (compatible; Googlebot/2.1; +http://www.google.com/bot.html)" 
178.20.45.182 - - [24/Oct/2025:02:54:19 -0700] "GET / HTTP/1.0" 429 3582 "https://www.biblioglow.com/" "Mozilla/5.0 (Windows NT 10.0; Win64; x64) AppleWebKit/537.36 (KHTML, like Gecko) Chrome/131.0.0.0 Safari/537.36 Avast/131.0.0.0" 
126.179.144.233 - - [24/Oct/2025:02:55:00 -0700] "GET /shopdetail285957664?kg=0283574803 HTTP/2.0" 200 27023 "https://search.yahoo.co.jp/" "Mozilla/5.0 (Linux; Android 13; A101FC Build/V71RS50A; wv) AppleWebKit/537.36 (KHTML, like Gecko) Version/4.0 Chrome/141.0.7390.97 Mobile Safari/537.36 YJApp-ANDROID jp.co.yahoo.android.yjtop/3.205.1" 
66.249.68.135 - - [24/Oct/2025:02:55:11 -0700] "GET /shopdetail157346464?kg=0156035363 HTTP/1.1" 200 30866 "-" "Mozilla/5.0 (Linux; Android 6.0.1; Nexus 5X Build/MMB29P) AppleWebKit/537.36 (KHTML, like Gecko) Chrome/141.0.7390.122 Mobile Safari/537.36 (compatible; GoogleOther)" 
66.249.68.133 - - [24/Oct/2025:02:55:21 -0700] "GET /shopdetail307920000?kg=0305354119 HTTP/1.1" 200 30807 "-" "Mozilla/5.0 (Linux; Android 6.0.1; Nexus 5X Build/MMB29P) AppleWebKit/537.36 (KHTML, like Gecko) Chrome/141.0.7390.122 Mobile Safari/537.36 (compatible; GoogleOther)" 
178.20.45.182 - - [24/Oct/2025:02:56:23 -0700] "GET /2020/07/03/the-hamilton-affair-discussion-questions/ HTTP/1.0" 429 3582 "https://www.biblioglow.com/2020/07/03/the-hamilton-affair-discussion-questions/" "Mozilla/5.0 (Windows NT 10.0; Win64; x64) AppleWebKit/537.36 (KHTML, like Gecko) Chrome/129.0.0.0 Safari/537.36" 
178.20.45.182 - - [24/Oct/2025:02:56:23 -0700] "GET / HTTP/1.0" 429 3582 "https://www.biblioglow.com/" "Mozilla/5.0 (Windows NT 10.0; Win64; x64) AppleWebKit/537.36 (KHTML, like Gecko) Chrome/129.0.0.0 Safari/537.36" 
52.167.144.146 - - [24/Oct/2025:02:56:25 -0700] "GET /shopdetail267466552?kg=0265237784 HTTP/2.0" 200 26788 "-" "Mozilla/5.0 AppleWebKit/537.36 (KHTML, like Gecko; compatible; bingbot/2.0; +http://www.bing.com/bingbot.htm) Chrome/116.0.1938.76 Safari/537.36" 
40.77.167.243 - - [24/Oct/2025:02:56:58 -0700] "GET /shopdetail80250376?kg=0079581742 HTTP/2.0" 200 28408 "-" "Mozilla/5.0 AppleWebKit/537.36 (KHTML, like Gecko; compatible; bingbot/2.0; +http://www.bing.com/bingbot.htm) Chrome/116.0.1938.76 Safari/537.36" 
66.249.68.134 - - [24/Oct/2025:02:57:48 -0700] "GET /shopdetail71746560?kg=0071148791 HTTP/1.1" 200 30621 "-" "Mozilla/5.0 (Linux; Android 6.0.1; Nexus 5X Build/MMB29P) AppleWebKit/537.36 (KHTML, like Gecko) Chrome/141.0.7390.122 Mobile Safari/537.36 (compatible; GoogleOther)" 
66.249.68.133 - - [24/Oct/2025:02:58:01 -0700] "GET /shopdetail56524784?kg=0056053865 HTTP/1.1" 200 31823 "-" "Mozilla/5.0 (Linux; Android 6.0.1; Nexus 5X Build/MMB29P) AppleWebKit/537.36 (KHTML, like Gecko) Chrome/141.0.7390.122 Mobile Safari/537.36 (compatible; GoogleOther)" 
178.20.45.182 - - [24/Oct/2025:02:58:21 -0700] "GET /2020/07/03/the-hamilton-affair-discussion-questions/ HTTP/1.0" 429 3582 "https://www.biblioglow.com/2020/07/03/the-hamilton-affair-discussion-questions/" "Mozilla/5.0 (Windows NT 10.0; Win64; x64) AppleWebKit/537.36 (KHTML, like Gecko) Chrome/130.0.0.0 Safari/537.36 CCleaner/130.0.0.0" 
178.20.45.182 - - [24/Oct/2025:02:58:21 -0700] "GET / HTTP/1.0" 429 3582 "https://www.biblioglow.com/" "Mozilla/5.0 (Windows NT 10.0; Win64; x64) AppleWebKit/537.36 (KHTML, like Gecko) Chrome/130.0.0.0 Safari/537.36 CCleaner/130.0.0.0" 
66.249.68.135 - - [24/Oct/2025:03:00:16 -0700] "GET /shopdetail185406024?kg=0183861094 HTTP/1.1" 200 30975 "-" "Mozilla/5.0 (Linux; Android 6.0.1; Nexus 5X Build/MMB29P) AppleWebKit/537.36 (KHTML, like Gecko) Chrome/141.0.7390.122 Mobile Safari/537.36 (compatible; GoogleOther)" 
66.249.68.134 - - [24/Oct/2025:03:00:51 -0700] "GET /shopdetail70564384?kg=0069976467 HTTP/1.1" 200 30959 "-" "Mozilla/5.0 (Linux; Android 6.0.1; Nexus 5X Build/MMB29P) AppleWebKit/537.36 (KHTML, like Gecko) Chrome/141.0.7390.122 Mobile Safari/537.36 (compatible; GoogleOther)" 
66.249.68.135 - - [24/Oct/2025:03:01:21 -0700] "GET /shopdetail1885424?kg=0001869833 HTTP/1.1" 200 30611 "-" "Mozilla/5.0 (compatible; Googlebot/2.1; +http://www.google.com/bot.html)" 
66.249.68.133 - - [24/Oct/2025:03:02:44 -0700] "GET /shopdetail307911896?kg=0305346084 HTTP/1.1" 200 30601 "-" "Mozilla/5.0 (Linux; Android 6.0.1; Nexus 5X Build/MMB29P) AppleWebKit/537.36 (KHTML, like Gecko) Chrome/141.0.7390.122 Mobile Safari/537.36 (compatible; GoogleOther)" 
178.20.45.182 - - [24/Oct/2025:03:03:34 -0700] "GET /2020/07/03/the-hamilton-affair-discussion-questions/ HTTP/1.0" 429 3582 "https://www.biblioglow.com/2020/07/03/the-hamilton-affair-discussion-questions/" "Mozilla/5.0 (Windows NT 10.0; Win64; x64) AppleWebKit/537.36 (KHTML, like Gecko) Chrome/130.0.0.0 Safari/537.36 CCleaner/130.0.0.0" 
178.20.45.182 - - [24/Oct/2025:03:03:35 -0700] "GET / HTTP/1.0" 429 3582 "https://www.biblioglow.com/" "Mozilla/5.0 (Windows NT 10.0; Win64; x64) AppleWebKit/537.36 (KHTML, like Gecko) Chrome/130.0.0.0 Safari/537.36 CCleaner/130.0.0.0" 
66.249.68.135 - - [24/Oct/2025:03:03:40 -0700] "GET /shopdetail56629024?kg=0056157235 HTTP/1.1" 200 30640 "-" "Mozilla/5.0 (Linux; Android 6.0.1; Nexus 5X Build/MMB29P) AppleWebKit/537.36 (KHTML, like Gecko) Chrome/141.0.7390.122 Mobile Safari/537.36 (compatible; GoogleOther)" 
66.249.68.135 - - [24/Oct/2025:03:05:11 -0700] "GET /shopdetail157778464?kg=0156463763 HTTP/1.1" 200 32404 "-" "Mozilla/5.0 (Linux; Android 6.0.1; Nexus 5X Build/MMB29P) AppleWebKit/537.36 (KHTML, like Gecko) Chrome/141.0.7390.122 Mobile Safari/537.36 (compatible; GoogleOther)" 
40.77.167.9 - - [24/Oct/2025:03:05:38 -0700] "GET /shopdetail227203200?kg=0225309959 HTTP/2.0" 200 27281 "-" "Mozilla/5.0 AppleWebKit/537.36 (KHTML, like Gecko; compatible; bingbot/2.0; +http://www.bing.com/bingbot.htm) Chrome/116.0.1938.76 Safari/537.36" 
85.114.135.165 - - [24/Oct/2025:03:06:26 -0700] "POST /xmlrpc.php HTTP/2.0" 429 351 "-" "Mozilla/5.0 (Macintosh; Intel Mac OS X 10_10_5) AppleWebKit/537.36 (KHTML, like Gecko) Chrome/66.0.3359.181 Safari/537.36" 
66.249.68.135 - - [24/Oct/2025:03:06:30 -0700] "GET /shopdetail157774352?kg=0156459685 HTTP/1.1" 200 30502 "-" "Mozilla/5.0 (Linux; Android 6.0.1; Nexus 5X Build/MMB29P) AppleWebKit/537.36 (KHTML, like Gecko) Chrome/141.0.7390.122 Mobile Safari/537.36 (compatible; GoogleOther)" 
66.249.68.135 - - [24/Oct/2025:03:07:39 -0700] "GET /shopdetail323214024?kg=0320520694 HTTP/1.1" 200 31057 "-" "Mozilla/5.0 (Linux; Android 6.0.1; Nexus 5X Build/MMB29P) AppleWebKit/537.36 (KHTML, like Gecko) Chrome/141.0.7390.122 Mobile Safari/537.36 (compatible; GoogleOther)" 
66.249.79.6 - - [24/Oct/2025:03:07:54 -0700] "GET /shopdetail7768864?kg=0007704243 HTTP/1.1" 200 30472 "-" "Mozilla/5.0 (Linux; Android 6.0.1; Nexus 5X Build/MMB29P) AppleWebKit/537.36 (KHTML, like Gecko) Chrome/141.0.7390.122 Mobile Safari/537.36 (compatible; Googlebot/2.1; +http://www.google.com/bot.html)" 
207.46.13.87 - - [24/Oct/2025:03:09:10 -0700] "GET /shopdetail227192496?kg=0225299345 HTTP/2.0" 200 27568 "-" "Mozilla/5.0 AppleWebKit/537.36 (KHTML, like Gecko; compatible; bingbot/2.0; +http://www.bing.com/bingbot.htm) Chrome/116.0.1938.76 Safari/537.36" 
66.249.68.135 - - [24/Oct/2025:03:09:20 -0700] "GET /shopdetail155222400?kg=0153928999 HTTP/1.1" 200 32270 "-" "Mozilla/5.0 (Linux; Android 6.0.1; Nexus 5X Build/MMB29P) AppleWebKit/537.36 (KHTML, like Gecko) Chrome/141.0.7390.122 Mobile Safari/537.36 (compatible; GoogleOther)" 
66.249.68.133 - - [24/Oct/2025:03:10:09 -0700] "GET /shopdetail71768632?kg=0071170680 HTTP/1.1" 200 31912 "-" "Mozilla/5.0 (Linux; Android 6.0.1; Nexus 5X Build/MMB29P) AppleWebKit/537.36 (KHTML, like Gecko) Chrome/141.0.7390.122 Mobile Safari/537.36 (compatible; GoogleOther)" 
66.249.68.133 - - [24/Oct/2025:03:10:56 -0700] "GET /shopdetail43289544?kg=0042928918 HTTP/1.1" 200 30692 "-" "Mozilla/5.0 (Linux; Android 6.0.1; Nexus 5X Build/MMB29P) AppleWebKit/537.36 (KHTML, like Gecko) Chrome/141.0.7390.122 Mobile Safari/537.36 (compatible; Googlebot/2.1; +http://www.google.com/bot.html)" 
40.77.167.32 - - [24/Oct/2025:03:10:56 -0700] "GET /shopdetail302413424?kg=0299893433 HTTP/2.0" 200 26704 "-" "Mozilla/5.0 AppleWebKit/537.36 (KHTML, like Gecko; compatible; bingbot/2.0; +http://www.bing.com/bingbot.htm) Chrome/116.0.1938.76 Safari/537.36" 
66.249.68.135 - - [24/Oct/2025:03:12:10 -0700] "GET /shopdetail184491560?kg=0182954250 HTTP/1.1" 200 31257 "-" "Mozilla/5.0 (Linux; Android 6.0.1; Nexus 5X Build/MMB29P) AppleWebKit/537.36 (KHTML, like Gecko) Chrome/141.0.7390.122 Mobile Safari/537.36 (compatible; GoogleOther)" 
89.117.74.114 - - [24/Oct/2025:03:12:17 -0700] "POST /xmlrpc.php HTTP/2.0" 429 351 "-" "Mozilla/5.0 (Windows NT 6.1; WOW64; Trident/7.0; MALCJS; rv:11.0) like Gecko" 
66.249.68.134 - - [24/Oct/2025:03:12:34 -0700] "GET /shopdetail307908328?kg=0305342546 HTTP/1.1" 200 32021 "-" "Mozilla/5.0 (Linux; Android 6.0.1; Nexus 5X Build/MMB29P) AppleWebKit/537.36 (KHTML, like Gecko) Chrome/141.0.7390.122 Mobile Safari/537.36 (compatible; GoogleOther)" 
89.117.74.114 - - [24/Oct/2025:03:12:39 -0700] "POST /xmlrpc.php HTTP/2.0" 429 351 "-" "Mozilla/5.0 (Windows NT 6.1; WOW64; Trident/7.0; MALCJS; rv:11.0) like Gecko" 
89.117.74.114 - - [24/Oct/2025:03:12:49 -0700] "POST /xmlrpc.php HTTP/2.0" 429 351 "-" "Mozilla/5.0 (Windows NT 6.1; WOW64; Trident/7.0; MALCJS; rv:11.0) like Gecko" 
66.249.68.133 - - [24/Oct/2025:03:15:00 -0700] "GET /shopdetail157530648?kg=0156218012 HTTP/1.1" 200 33074 "-" "Mozilla/5.0 (Linux; Android 6.0.1; Nexus 5X Build/MMB29P) AppleWebKit/537.36 (KHTML, like Gecko) Chrome/141.0.7390.122 Mobile Safari/537.36 (compatible; GoogleOther)" 
66.249.68.134 - - [24/Oct/2025:03:15:02 -0700] "GET /shopdetail185418376?kg=0183873342 HTTP/1.1" 200 30750 "-" "Mozilla/5.0 (Linux; Android 6.0.1; Nexus 5X Build/MMB29P) AppleWebKit/537.36 (KHTML, like Gecko) Chrome/141.0.7390.122 Mobile Safari/537.36 (compatible; GoogleOther)" 
66.249.68.134 - - [24/Oct/2025:03:17:29 -0700] "GET /shopdetail320414664?kg=0317744662 HTTP/1.1" 200 30679 "-" "Mozilla/5.0 (Linux; Android 6.0.1; Nexus 5X Build/MMB29P) AppleWebKit/537.36 (KHTML, like Gecko) Chrome/141.0.7390.122 Mobile Safari/537.36 (compatible; GoogleOther)" 
66.249.68.134 - - [24/Oct/2025:03:17:49 -0700] "GET /shopdetail29433736?kg=0029188574 HTTP/1.1" 200 30732 "-" "Mozilla/5.0 (Linux; Android 6.0.1; Nexus 5X Build/MMB29P) AppleWebKit/537.36 (KHTML, like Gecko) Chrome/141.0.7390.122 Mobile Safari/537.36 (compatible; GoogleOther)" 
66.249.68.133 - - [24/Oct/2025:03:19:56 -0700] "GET /shopdetail185420160?kg=0183875111 HTTP/1.1" 200 30984 "-" "Mozilla/5.0 (Linux; Android 6.0.1; Nexus 5X Build/MMB29P) AppleWebKit/537.36 (KHTML, like Gecko) Chrome/141.0.7390.122 Mobile Safari/537.36 (compatible; GoogleOther)" 
66.249.68.134 - - [24/Oct/2025:03:20:39 -0700] "GET /shopdetail29458544?kg=0029213177 HTTP/1.1" 200 33682 "-" "Mozilla/5.0 (Linux; Android 6.0.1; Nexus 5X Build/MMB29P) AppleWebKit/537.36 (KHTML, like Gecko) Chrome/141.0.7390.122 Mobile Safari/537.36 (compatible; GoogleOther)" 
66.249.68.135 - - [24/Oct/2025:03:22:56 -0700] "GET /shopdetail71725560?kg=0071127968 HTTP/1.1" 200 31760 "-" "Mozilla/5.0 (Linux; Android 6.0.1; Nexus 5X Build/MMB29P) AppleWebKit/537.36 (KHTML, like Gecko) Chrome/141.0.7390.122 Mobile Safari/537.36 (compatible; GoogleOther)" 
66.249.68.133 - - [24/Oct/2025:03:23:39 -0700] "GET /shopdetail29445800?kg=0029200538 HTTP/1.1" 200 31269 "-" "Mozilla/5.0 (Linux; Android 6.0.1; Nexus 5X Build/MMB29P) AppleWebKit/537.36 (KHTML, like Gecko) Chrome/141.0.7390.122 Mobile Safari/537.36 (compatible; GoogleOther)" 
66.249.68.135 - - [24/Oct/2025:03:25:56 -0700] "GET /shopdetail184315056?kg=0182779217 HTTP/1.1" 200 30634 "-" "Mozilla/5.0 (Linux; Android 6.0.1; Nexus 5X Build/MMB29P) AppleWebKit/537.36 (KHTML, like Gecko) Chrome/141.0.7390.122 Mobile Safari/537.36 (compatible; GoogleOther)" 
66.249.68.133 - - [24/Oct/2025:03:26:39 -0700] "GET /shopdetail155226088?kg=0153932658 HTTP/1.1" 200 30759 "-" "Mozilla/5.0 (Linux; Android 6.0.1; Nexus 5X Build/MMB29P) AppleWebKit/537.36 (KHTML, like Gecko) Chrome/141.0.7390.122 Mobile Safari/537.36 (compatible; GoogleOther)" 
207.46.13.170 - - [24/Oct/2025:03:27:38 -0700] "GET /shopdetail267469424?kg=0265240633 HTTP/2.0" 200 28252 "-" "Mozilla/5.0 AppleWebKit/537.36 (KHTML, like Gecko; compatible; bingbot/2.0; +http://www.bing.com/bingbot.htm) Chrome/116.0.1938.76 Safari/537.36" 
66.249.68.134 - - [24/Oct/2025:03:28:56 -0700] "GET /shopdetail56338968?kg=0055869596 HTTP/1.1" 200 31429 "-" "Mozilla/5.0 (Linux; Android 6.0.1; Nexus 5X Build/MMB29P) AppleWebKit/537.36 (KHTML, like Gecko) Chrome/141.0.7390.122 Mobile Safari/537.36 (compatible; GoogleOther)" 
66.249.68.133 - - [24/Oct/2025:03:29:39 -0700] "GET /shopdetail29458000?kg=0029212637 HTTP/1.1" 200 33747 "-" "Mozilla/5.0 (Linux; Android 6.0.1; Nexus 5X Build/MMB29P) AppleWebKit/537.36 (KHTML, like Gecko) Chrome/141.0.7390.122 Mobile Safari/537.36 (compatible; GoogleOther)" 
66.249.68.135 - - [24/Oct/2025:03:30:14 -0700] "GET /shopdetail69068008?kg=0068492562 HTTP/1.1" 200 30400 "-" "Mozilla/5.0 (compatible; Googlebot/2.1; +http://www.google.com/bot.html)" 
66.249.68.134 - - [24/Oct/2025:03:30:37 -0700] "GET /shopdetail286502944?kg=0284115539 HTTP/1.1" 200 31048 "-" "Mozilla/5.0 (Linux; Android 6.0.1; Nexus 5X Build/MMB29P) AppleWebKit/537.36 (KHTML, like Gecko) Chrome/141.0.7390.122 Mobile Safari/537.36 (compatible; Googlebot/2.1; +http://www.google.com/bot.html)" 
66.249.68.133 - - [24/Oct/2025:03:31:56 -0700] "GET /shopdetail157143760?kg=0155834349 HTTP/1.1" 200 31017 "-" "Mozilla/5.0 (Linux; Android 6.0.1; Nexus 5X Build/MMB29P) AppleWebKit/537.36 (KHTML, like Gecko) Chrome/141.0.7390.122 Mobile Safari/537.36 (compatible; GoogleOther)" 
66.249.68.135 - - [24/Oct/2025:03:32:39 -0700] "GET /shopdetail71956928?kg=0071357407 HTTP/1.1" 200 30832 "-" "Mozilla/5.0 (Linux; Android 6.0.1; Nexus 5X Build/MMB29P) AppleWebKit/537.36 (KHTML, like Gecko) Chrome/141.0.7390.122 Mobile Safari/537.36 (compatible; GoogleOther)" 
98.70.40.140 - - [24/Oct/2025:03:32:43 -0700] "GET /wp-login.php HTTP/2.0" 429 351 "-" "Mozilla/5.0 (Macintosh; Intel Mac OS X 10_10_5) AppleWebKit/603.2.5 (KHTML, like Gecko) Version/10.1.1 Safari/603.2.5" 
98.70.40.140 - - [24/Oct/2025:03:32:44 -0700] "POST /wp-login.php HTTP/2.0" 429 278 "https://www.biblioglow.com/wp-login.php" "Mozilla/5.0 (Macintosh; Intel Mac OS X 10_10_5) AppleWebKit/603.2.5 (KHTML, like Gecko) Version/10.1.1 Safari/603.2.5" 
66.249.68.134 - - [24/Oct/2025:03:33:02 -0700] "GET /shopdetail43289408?kg=0042928783 HTTP/1.1" 200 31047 "-" "Mozilla/5.0 (Linux; Android 6.0.1; Nexus 5X Build/MMB29P) AppleWebKit/537.36 (KHTML, like Gecko) Chrome/141.0.7390.122 Mobile Safari/537.36 (compatible; Googlebot/2.1; +http://www.google.com/bot.html)" 
72.14.199.100 - - [24/Oct/2025:03:33:24 -0700] "GET /shopdetail7991856?kg=0007925377 HTTP/1.1" 404 51168 "-" "Mozilla/5.0 (X11; Linux x86_64) AppleWebKit/537.36 (KHTML, like Gecko) Chrome/140.0.7339.207 Safari/537.36" 
72.14.199.99 - - [24/Oct/2025:03:33:30 -0700] "GET /wp-includes/css/dist/block-library/style.min.css?ver=6.1.9 HTTP/1.1" 200 16825 "https://www.biblioglow.com/shopdetail7991856?kg=0007925377" "Mozilla/5.0 (X11; Linux x86_64) AppleWebKit/537.36 (KHTML, like Gecko) Chrome/140.0.7339.207 Safari/537.36" 
72.14.199.100 - - [24/Oct/2025:03:33:31 -0700] "GET /wp-includes/css/classic-themes.min.css?ver=1 HTTP/1.1" 200 612 "https://www.biblioglow.com/shopdetail7991856?kg=0007925377" "Mozilla/5.0 (X11; Linux x86_64) AppleWebKit/537.36 (KHTML, like Gecko) Chrome/140.0.7339.207 Safari/537.36" 
72.14.199.99 - - [24/Oct/2025:03:33:32 -0700] "GET /wp-content/themes/pro/cornerstone/assets/dist/js/site/cs.0ce70e6.js HTTP/1.1" 200 56249 "https://www.biblioglow.com/shopdetail7991856?kg=0007925377" "Mozilla/5.0 (X11; Linux x86_64) AppleWebKit/537.36 (KHTML, like Gecko) Chrome/140.0.7339.207 Safari/537.36" 
72.14.199.99 - - [24/Oct/2025:03:33:32 -0700] "GET /wp-content/themes/pro/framework/dist/js/site/x.js?ver=3.2.3 HTTP/1.1" 200 25286 "https://www.biblioglow.com/shopdetail7991856?kg=0007925377" "Mozilla/5.0 (X11; Linux x86_64) AppleWebKit/537.36 (KHTML, like Gecko) Chrome/140.0.7339.207 Safari/537.36" 
64.90.53.137 - - [24/Oct/2025:03:33:32 -0700] "GET / HTTP/1.1" 200 16894 "https://www.biblioglow.com/" "WordPress/6.1.9; https://www.biblioglow.com" 
64.90.53.137 - - [24/Oct/2025:03:33:27 -0700] "POST /wp-cron.php?doing_wp_cron=1761302007.9584488868713378906250 HTTP/1.1" 200 3634 "https://www.biblioglow.com/wp-cron.php?doing_wp_cron=1761302007.9584488868713378906250" "WordPress/6.1.9; https://www.biblioglow.com" 
72.14.199.100 - - [24/Oct/2025:03:33:33 -0700] "GET /wp-includes/js/wp-emoji-release.min.js?ver=6.1.9 HTTP/1.1" 200 5518 "https://www.biblioglow.com/shopdetail7991856?kg=0007925377" "Mozilla/5.0 (X11; Linux x86_64) AppleWebKit/537.36 (KHTML, like Gecko) Chrome/140.0.7339.207 Safari/537.36" 
72.14.199.99 - - [24/Oct/2025:03:33:34 -0700] "GET /wp-includes/js/jquery/jquery.min.js?ver=3.6.1 HTTP/1.1" 200 32130 "https://www.biblioglow.com/shopdetail7991856?kg=0007925377" "Mozilla/5.0 (X11; Linux x86_64) AppleWebKit/537.36 (KHTML, like Gecko) Chrome/140.0.7339.207 Safari/537.36" 
72.14.199.99 - - [24/Oct/2025:03:33:34 -0700] "GET /wp-content/themes/pro/framework/legacy/cranium/dist/css/site/integrity-light.css?ver=3.2.3 HTTP/1.1" 200 2957 "https://www.biblioglow.com/shopdetail7991856?kg=0007925377" "Mozilla/5.0 (X11; Linux x86_64) AppleWebKit/537.36 (KHTML, like Gecko) Chrome/140.0.7339.207 Safari/537.36" 
72.14.199.99 - - [24/Oct/2025:03:33:35 -0700] "GET /wp-includes/js/jquery/jquery-migrate.min.js?ver=3.3.2 HTTP/1.1" 200 4637 "https://www.biblioglow.com/shopdetail7991856?kg=0007925377" "Mozilla/5.0 (X11; Linux x86_64) AppleWebKit/537.36 (KHTML, like Gecko) Chrome/140.0.7339.207 Safari/537.36" 
72.14.199.99 - - [24/Oct/2025:03:33:35 -0700] "GET /wp-content/themes/pro/framework/dist/css/site/stacks/integrity-light.css?ver=3.2.3 HTTP/1.1" 200 29292 "https://www.biblioglow.com/shopdetail7991856?kg=0007925377" "Mozilla/5.0 (X11; Linux x86_64) AppleWebKit/537.36 (KHTML, like Gecko) Chrome/140.0.7339.207 Safari/537.36" 
72.14.199.99 - - [24/Oct/2025:03:33:36 -0700] "GET /wp-content/themes/pro/cornerstone/assets/dist/fonts/fa-solid-900.woff2 HTTP/1.1" 200 138767 "https://www.biblioglow.com/shopdetail7991856?kg=0007925377" "Mozilla/5.0 (X11; Linux x86_64) AppleWebKit/537.36 (KHTML, like Gecko) Chrome/140.0.7339.207 Safari/537.36" 
66.249.68.134 - - [24/Oct/2025:03:34:56 -0700] "GET /shopdetail183096672?kg=0181570987 HTTP/1.1" 200 39310 "-" "Mozilla/5.0 (Linux; Android 6.0.1; Nexus 5X Build/MMB29P) AppleWebKit/537.36 (KHTML, like Gecko) Chrome/141.0.7390.122 Mobile Safari/537.36 (compatible; GoogleOther)" 
66.249.68.134 - - [24/Oct/2025:03:35:39 -0700] "GET /shopdetail184496640?kg=0182959287 HTTP/1.1" 200 30790 "-" "Mozilla/5.0 (Linux; Android 6.0.1; Nexus 5X Build/MMB29P) AppleWebKit/537.36 (KHTML, like Gecko) Chrome/141.0.7390.122 Mobile Safari/537.36 (compatible; GoogleOther)" 
79.104.11.18 - - [24/Oct/2025:03:37:08 -0700] "GET /2020/07/03/the-hamilton-affair-discussion-questions/ HTTP/1.0" 301 3575 "https://biblioglow.com/2020/07/03/the-hamilton-affair-discussion-questions/" "Mozilla/5.0 (Windows NT 10.0; Win64; x64) AppleWebKit/537.36 (KHTML, like Gecko) Chrome/130.0.0.0 Safari/537.36" 
64.90.53.137 - - [24/Oct/2025:03:37:10 -0700] "POST /wp-cron.php?doing_wp_cron=1761302230.2460498809814453125000 HTTP/1.1" 200 3634 "https://www.biblioglow.com/wp-cron.php?doing_wp_cron=1761302230.2460498809814453125000" "WordPress/6.1.9; https://www.biblioglow.com" 
79.104.11.18 - - [24/Oct/2025:03:37:12 -0700] "GET /2020/07/03/the-hamilton-affair-discussion-questions/ HTTP/1.0" 200 89613 "https://www.biblioglow.com/2020/07/03/the-hamilton-affair-discussion-questions/" "Mozilla/5.0 (Windows NT 10.0; Win64; x64) AppleWebKit/537.36 (KHTML, like Gecko) Chrome/130.0.0.0 Safari/537.36" 
79.104.11.18 - - [24/Oct/2025:03:37:14 -0700] "POST /wp-comments-post.php HTTP/1.0" 302 4009 "https://www.biblioglow.com/2020/07/03/the-hamilton-affair-discussion-questions/" "Mozilla/5.0 (Windows NT 10.0; Win64; x64) AppleWebKit/537.36 (KHTML, like Gecko) Chrome/130.0.0.0 Safari/537.36" 
64.90.53.137 - - [24/Oct/2025:03:37:15 -0700] "POST /wp-cron.php?doing_wp_cron=1761302235.2233879566192626953125 HTTP/1.1" 200 3634 "https://www.biblioglow.com/wp-cron.php?doing_wp_cron=1761302235.2233879566192626953125" "WordPress/6.1.9; https://www.biblioglow.com" 
79.104.11.18 - - [24/Oct/2025:03:37:18 -0700] "GET /2020/07/03/the-hamilton-affair-discussion-questions/ HTTP/1.0" 200 112134 "https://www.biblioglow.com/2020/07/03/the-hamilton-affair-discussion-questions/#comment-19411" "Mozilla/5.0 (Windows NT 10.0; Win64; x64) AppleWebKit/537.36 (KHTML, like Gecko) Chrome/130.0.0.0 Safari/537.36" 
52.167.144.199 - - [24/Oct/2025:03:37:48 -0700] "GET /shopdetail302369688?kg=0299850060 HTTP/2.0" 200 27243 "-" "Mozilla/5.0 AppleWebKit/537.36 (KHTML, like Gecko; compatible; bingbot/2.0; +http://www.bing.com/bingbot.htm) Chrome/116.0.1938.76 Safari/537.36" 
66.249.68.134 - - [24/Oct/2025:03:37:56 -0700] "GET /shopdetail156785688?kg=0155479260 HTTP/1.1" 200 36037 "-" "Mozilla/5.0 (Linux; Android 6.0.1; Nexus 5X Build/MMB29P) AppleWebKit/537.36 (KHTML, like Gecko) Chrome/141.0.7390.122 Mobile Safari/537.36 (compatible; GoogleOther)" 
66.249.68.133 - - [24/Oct/2025:03:38:42 -0700] "GET /shopdetail72885240?kg=0072277984 HTTP/1.1" 200 30622 "-" "Mozilla/5.0 (Linux; Android 6.0.1; Nexus 5X Build/MMB29P) AppleWebKit/537.36 (KHTML, like Gecko) Chrome/141.0.7390.122 Mobile Safari/537.36 (compatible; GoogleOther)" 
66.249.79.4 - - [24/Oct/2025:03:40:29 -0700] "GET /shopdetail7650368?kg=0007586735 HTTP/1.1" 200 32368 "-" "Mozilla/5.0 (Linux; Android 6.0.1; Nexus 5X Build/MMB29P) AppleWebKit/537.36 (KHTML, like Gecko) Chrome/141.0.7390.122 Mobile Safari/537.36 (compatible; Googlebot/2.1; +http://www.google.com/bot.html)" 
114.119.148.10 - - [24/Oct/2025:03:40:29 -0700] "GET /category/discussion HTTP/1.1" 301 3694 "https://www.biblioglow.com/about/" "Mozilla/5.0 (Linux; Android 7.0;) AppleWebKit/537.36 (KHTML, like Gecko) Mobile Safari/537.36 (compatible; PetalBot;+https://webmaster.petalsearch.com/site/petalbot)" 
64.90.53.137 - - [24/Oct/2025:03:40:34 -0700] "POST /wp-cron.php?doing_wp_cron=1761302434.2193388938903808593750 HTTP/1.1" 200 3634 "https://www.biblioglow.com/wp-cron.php?doing_wp_cron=1761302434.2193388938903808593750" "WordPress/6.1.9; https://www.biblioglow.com" 
114.119.148.10 - - [24/Oct/2025:03:40:37 -0700] "GET /category/discussion/ HTTP/1.1" 200 16895 "https://www.biblioglow.com/about/" "Mozilla/5.0 (Linux; Android 7.0;) AppleWebKit/537.36 (KHTML, like Gecko) Mobile Safari/537.36 (compatible; PetalBot;+https://webmaster.petalsearch.com/site/petalbot)" 
66.249.68.133 - - [24/Oct/2025:03:40:56 -0700] "GET /shopdetail156960680?kg=0155652794 HTTP/1.1" 200 30595 "-" "Mozilla/5.0 (Linux; Android 6.0.1; Nexus 5X Build/MMB29P) AppleWebKit/537.36 (KHTML, like Gecko) Chrome/141.0.7390.122 Mobile Safari/537.36 (compatible; GoogleOther)" 
66.249.68.134 - - [24/Oct/2025:03:41:28 -0700] "GET /shopdetail286160624?kg=0283776073 HTTP/1.1" 200 31047 "-" "Mozilla/5.0 (Linux; Android 6.0.1; Nexus 5X Build/MMB29P) AppleWebKit/537.36 (KHTML, like Gecko) Chrome/141.0.7390.122 Mobile Safari/537.36 (compatible; Googlebot/2.1; +http://www.google.com/bot.html)" 
66.249.68.133 - - [24/Oct/2025:03:41:39 -0700] "GET /shopdetail184510624?kg=0182973155 HTTP/1.1" 200 30861 "-" "Mozilla/5.0 (Linux; Android 6.0.1; Nexus 5X Build/MMB29P) AppleWebKit/537.36 (KHTML, like Gecko) Chrome/141.0.7390.122 Mobile Safari/537.36 (compatible; GoogleOther)" 
66.249.79.6 - - [24/Oct/2025:03:43:31 -0700] "GET /shopdetail7424776?kg=0007363022 HTTP/1.1" 200 30640 "-" "Mozilla/5.0 (compatible; Googlebot/2.1; +http://www.google.com/bot.html)" 
66.249.68.134 - - [24/Oct/2025:03:43:56 -0700] "GET /shopdetail56830216?kg=0056356750 HTTP/1.1" 200 30651 "-" "Mozilla/5.0 (Linux; Android 6.0.1; Nexus 5X Build/MMB29P) AppleWebKit/537.36 (KHTML, like Gecko) Chrome/141.0.7390.122 Mobile Safari/537.36 (compatible; GoogleOther)" 
66.249.68.133 - - [24/Oct/2025:03:44:39 -0700] "GET /shopdetail323407808?kg=0320712863 HTTP/1.1" 200 31523 "-" "Mozilla/5.0 (Linux; Android 6.0.1; Nexus 5X Build/MMB29P) AppleWebKit/537.36 (KHTML, like Gecko) Chrome/141.0.7390.122 Mobile Safari/537.36 (compatible; GoogleOther)" 
207.46.13.116 - - [24/Oct/2025:03:45:58 -0700] "GET /shopdetail227239680?kg=0225346135 HTTP/2.0" 200 28566 "-" "Mozilla/5.0 AppleWebKit/537.36 (KHTML, like Gecko; compatible; bingbot/2.0; +http://www.bing.com/bingbot.htm) Chrome/116.0.1938.76 Safari/537.36" 
66.249.68.133 - - [24/Oct/2025:03:46:56 -0700] "GET /shopdetail29278488?kg=0029034620 HTTP/1.1" 200 31899 "-" "Mozilla/5.0 (Linux; Android 6.0.1; Nexus 5X Build/MMB29P) AppleWebKit/537.36 (KHTML, like Gecko) Chrome/141.0.7390.122 Mobile Safari/537.36 (compatible; GoogleOther)" 
15.235.96.45 - - [24/Oct/2025:03:47:35 -0700] "GET /sitemap.xml HTTP/2.0" 200 7745 "-" "Mozilla/5.0 (compatible; AhrefsBot/7.0; +http://ahrefs.com/robot/)" 
66.249.68.133 - - [24/Oct/2025:03:47:39 -0700] "GET /shopdetail72898680?kg=0072291312 HTTP/1.1" 200 31976 "-" "Mozilla/5.0 (Linux; Android 6.0.1; Nexus 5X Build/MMB29P) AppleWebKit/537.36 (KHTML, like Gecko) Chrome/141.0.7390.122 Mobile Safari/537.36 (compatible; GoogleOther)" 
66.249.68.133 - - [24/Oct/2025:03:49:56 -0700] "GET /shopdetail56136808?kg=0055669122 HTTP/1.1" 200 30403 "-" "Mozilla/5.0 (Linux; Android 6.0.1; Nexus 5X Build/MMB29P) AppleWebKit/537.36 (KHTML, like Gecko) Chrome/141.0.7390.122 Mobile Safari/537.36 (compatible; GoogleOther)" 
66.249.68.135 - - [24/Oct/2025:03:50:39 -0700] "GET /shopdetail72909520?kg=0072302061 HTTP/1.1" 200 30856 "-" "Mozilla/5.0 (Linux; Android 6.0.1; Nexus 5X Build/MMB29P) AppleWebKit/537.36 (KHTML, like Gecko) Chrome/141.0.7390.122 Mobile Safari/537.36 (compatible; GoogleOther)" 
66.249.68.134 - - [24/Oct/2025:03:50:53 -0700] "GET /shopdetail7669976?kg=0007606180 HTTP/1.1" 200 31165 "-" "Mozilla/5.0 (compatible; Googlebot/2.1; +http://www.google.com/bot.html)" 
66.249.68.133 - - [24/Oct/2025:03:52:56 -0700] "GET /shopdetail183910616?kg=0182378148 HTTP/1.1" 200 30922 "-" "Mozilla/5.0 (Linux; Android 6.0.1; Nexus 5X Build/MMB29P) AppleWebKit/537.36 (KHTML, like Gecko) Chrome/141.0.7390.122 Mobile Safari/537.36 (compatible; GoogleOther)" 
66.249.68.134 - - [24/Oct/2025:03:53:39 -0700] "GET /shopdetail184669560?kg=0183130768 HTTP/1.1" 200 30998 "-" "Mozilla/5.0 (Linux; Android 6.0.1; Nexus 5X Build/MMB29P) AppleWebKit/537.36 (KHTML, like Gecko) Chrome/141.0.7390.122 Mobile Safari/537.36 (compatible; GoogleOther)" 
57.141.6.66 - - [24/Oct/2025:03:54:29 -0700] "GET /index.html HTTP/2.0" 429 351 "-" "meta-externalagent/1.1 (+https://developers.facebook.com/docs/sharing/webmasters/crawler)" 
66.249.68.135 - - [24/Oct/2025:03:54:46 -0700] "GET /shopdetail69063216?kg=0068487809 HTTP/1.1" 200 31030 "-" "Mozilla/5.0 (compatible; Googlebot/2.1; +http://www.google.com/bot.html)" 
66.249.68.135 - - [24/Oct/2025:03:56:05 -0700] "GET /shopdetail72681312?kg=0072075755 HTTP/1.1" 200 33180 "-" "Mozilla/5.0 (Linux; Android 6.0.1; Nexus 5X Build/MMB29P) AppleWebKit/537.36 (KHTML, like Gecko) Chrome/141.0.7390.122 Mobile Safari/537.36 (compatible; GoogleOther)" 
66.249.68.134 - - [24/Oct/2025:03:56:40 -0700] "GET /shopdetail29626960?kg=0029380189 HTTP/1.1" 200 30590 "-" "Mozilla/5.0 (Linux; Android 6.0.1; Nexus 5X Build/MMB29P) AppleWebKit/537.36 (KHTML, like Gecko) Chrome/141.0.7390.122 Mobile Safari/537.36 (compatible; GoogleOther)" 
66.249.79.6 - - [24/Oct/2025:03:57:32 -0700] "GET /shopdetail6798432?kg=0006741899 HTTP/1.1" 200 30441 "-" "Mozilla/5.0 (compatible; Googlebot/2.1; +http://www.google.com/bot.html)" 
66.249.68.133 - - [24/Oct/2025:03:57:34 -0700] "GET /shopdetail43288728?kg=0042928108 HTTP/1.1" 200 31230 "-" "Mozilla/5.0 (Linux; Android 6.0.1; Nexus 5X Build/MMB29P) AppleWebKit/537.36 (KHTML, like Gecko) Chrome/141.0.7390.122 Mobile Safari/537.36 (compatible; Googlebot/2.1; +http://www.google.com/bot.html)" 
66.249.68.133 - - [24/Oct/2025:03:58:57 -0700] "GET /shopdetail156967528?kg=0155659586 HTTP/1.1" 200 30721 "-" "Mozilla/5.0 (Linux; Android 6.0.1; Nexus 5X Build/MMB29P) AppleWebKit/537.36 (KHTML, like Gecko) Chrome/141.0.7390.122 Mobile Safari/537.36 (compatible; GoogleOther)" 
66.249.68.134 - - [24/Oct/2025:03:59:39 -0700] "GET /shopdetail184674096?kg=0183135265 HTTP/1.1" 200 30921 "-" "Mozilla/5.0 (Linux; Android 6.0.1; Nexus 5X Build/MMB29P) AppleWebKit/537.36 (KHTML, like Gecko) Chrome/141.0.7390.122 Mobile Safari/537.36 (compatible; GoogleOther)" 
66.249.68.134 - - [24/Oct/2025:04:01:56 -0700] "GET /shopdetail30456400?kg=0030202717 HTTP/1.1" 200 31118 "-" "Mozilla/5.0 (Linux; Android 6.0.1; Nexus 5X Build/MMB29P) AppleWebKit/537.36 (KHTML, like Gecko) Chrome/141.0.7390.122 Mobile Safari/537.36 (compatible; GoogleOther)" 
66.249.68.134 - - [24/Oct/2025:04:02:39 -0700] "GET /shopdetail185595968?kg=0184049455 HTTP/1.1" 200 31075 "-" "Mozilla/5.0 (Linux; Android 6.0.1; Nexus 5X Build/MMB29P) AppleWebKit/537.36 (KHTML, like Gecko) Chrome/141.0.7390.122 Mobile Safari/537.36 (compatible; GoogleOther)" 
66.249.79.5 - - [24/Oct/2025:04:03:35 -0700] "GET /shopdetail7159664?kg=0007100121 HTTP/1.1" 200 30407 "-" "Mozilla/5.0 (Linux; Android 6.0.1; Nexus 5X Build/MMB29P) AppleWebKit/537.36 (KHTML, like Gecko) Chrome/141.0.7390.122 Mobile Safari/537.36 (compatible; Googlebot/2.1; +http://www.google.com/bot.html)" 
216.107.138.85 - - [24/Oct/2025:04:04:01 -0700] "POST /xmlrpc.php HTTP/2.0" 429 351 "-" "Mozilla/5.0 (Windows NT 6.1; rv:60.0) Gecko/20100101 Firefox/60.0" 
216.107.138.85 - - [24/Oct/2025:04:04:29 -0700] "POST /xmlrpc.php HTTP/2.0" 429 351 "-" "Mozilla/5.0 (Windows NT 6.1; rv:60.0) Gecko/20100101 Firefox/60.0" 
66.249.68.135 - - [24/Oct/2025:04:04:56 -0700] "GET /shopdetail30446528?kg=0030192927 HTTP/1.1" 200 30615 "-" "Mozilla/5.0 (Linux; Android 6.0.1; Nexus 5X Build/MMB29P) AppleWebKit/537.36 (KHTML, like Gecko) Chrome/141.0.7390.122 Mobile Safari/537.36 (compatible; GoogleOther)" 
66.249.68.133 - - [24/Oct/2025:04:05:39 -0700] "GET /shopdetail323216080?kg=0320522733 HTTP/1.1" 200 33344 "-" "Mozilla/5.0 (Linux; Android 6.0.1; Nexus 5X Build/MMB29P) AppleWebKit/537.36 (KHTML, like Gecko) Chrome/141.0.7390.122 Mobile Safari/537.36 (compatible; GoogleOther)" 
66.249.68.133 - - [24/Oct/2025:04:07:56 -0700] "GET /shopdetail319764888?kg=0317100300 HTTP/1.1" 200 32031 "-" "Mozilla/5.0 (Linux; Android 6.0.1; Nexus 5X Build/MMB29P) AppleWebKit/537.36 (KHTML, like Gecko) Chrome/141.0.7390.122 Mobile Safari/537.36 (compatible; GoogleOther)" 
66.249.68.133 - - [24/Oct/2025:04:08:39 -0700] "GET /shopdetail184665448?kg=0183126690 HTTP/1.1" 200 31248 "-" "Mozilla/5.0 (Linux; Android 6.0.1; Nexus 5X Build/MMB29P) AppleWebKit/537.36 (KHTML, like Gecko) Chrome/141.0.7390.122 Mobile Safari/537.36 (compatible; GoogleOther)" 
66.249.68.134 - - [24/Oct/2025:04:10:56 -0700] "GET /shopdetail56147104?kg=0055679331 HTTP/1.1" 200 32806 "-" "Mozilla/5.0 (Linux; Android 6.0.1; Nexus 5X Build/MMB29P) AppleWebKit/537.36 (KHTML, like Gecko) Chrome/141.0.7390.122 Mobile Safari/537.36 (compatible; GoogleOther)" 
66.249.68.133 - - [24/Oct/2025:04:11:39 -0700] "GET /shopdetail323390528?kg=0320695727 HTTP/1.1" 200 30557 "-" "Mozilla/5.0 (Linux; Android 6.0.1; Nexus 5X Build/MMB29P) AppleWebKit/537.36 (KHTML, like Gecko) Chrome/141.0.7390.122 Mobile Safari/537.36 (compatible; GoogleOther)" 
114.119.141.83 - - [24/Oct/2025:04:12:11 -0700] "GET /the-shelf/reviews HTTP/1.1" 301 3692 "https://www.biblioglow.com/the-shelf/prizes-awards/" "Mozilla/5.0 (Linux; Android 7.0;) AppleWebKit/537.36 (KHTML, like Gecko) Mobile Safari/537.36 (compatible; PetalBot;+https://webmaster.petalsearch.com/site/petalbot)" 
64.90.53.137 - - [24/Oct/2025:04:12:13 -0700] "POST /wp-cron.php?doing_wp_cron=1761304333.5301949977874755859375 HTTP/1.1" 200 3634 "https://www.biblioglow.com/wp-cron.php?doing_wp_cron=1761304333.5301949977874755859375" "WordPress/6.1.9; https://www.biblioglow.com" 
114.119.141.83 - - [24/Oct/2025:04:12:15 -0700] "GET /the-shelf/reviews/ HTTP/1.1" 200 16863 "https://www.biblioglow.com/the-shelf/prizes-awards/" "Mozilla/5.0 (Linux; Android 7.0;) AppleWebKit/537.36 (KHTML, like Gecko) Mobile Safari/537.36 (compatible; PetalBot;+https://webmaster.petalsearch.com/site/petalbot)" 
40.77.167.152 - - [24/Oct/2025:04:13:15 -0700] "GET /shopdetail227243520?kg=0225349943 HTTP/2.0" 200 28040 "-" "Mozilla/5.0 AppleWebKit/537.36 (KHTML, like Gecko; compatible; bingbot/2.0; +http://www.bing.com/bingbot.htm) Chrome/116.0.1938.76 Safari/537.36" 
114.119.130.109 - - [24/Oct/2025:04:13:33 -0700] "GET /privacy-policy HTTP/1.1" 301 3740 "https://www.biblioglow.com/the-shelf/prizes-awards/" "Mozilla/5.0 (Linux; Android 7.0;) AppleWebKit/537.36 (KHTML, like Gecko) Mobile Safari/537.36 (compatible; PetalBot;+https://webmaster.petalsearch.com/site/petalbot)" 
64.90.53.137 - - [24/Oct/2025:04:13:34 -0700] "POST /wp-cron.php?doing_wp_cron=1761304414.3489348888397216796875 HTTP/1.1" 200 3634 "https://www.biblioglow.com/wp-cron.php?doing_wp_cron=1761304414.3489348888397216796875" "WordPress/6.1.9; https://www.biblioglow.com" 
114.119.130.109 - - [24/Oct/2025:04:13:36 -0700] "GET /privacy-policy/ HTTP/1.1" 200 20569 "https://www.biblioglow.com/the-shelf/prizes-awards/" "Mozilla/5.0 (Linux; Android 7.0;) AppleWebKit/537.36 (KHTML, like Gecko) Mobile Safari/537.36 (compatible; PetalBot;+https://webmaster.petalsearch.com/site/petalbot)" 
66.249.68.135 - - [24/Oct/2025:04:13:56 -0700] "GET /shopdetail307727848?kg=0305163570 HTTP/1.1" 200 30947 "-" "Mozilla/5.0 (Linux; Android 6.0.1; Nexus 5X Build/MMB29P) AppleWebKit/537.36 (KHTML, like Gecko) Chrome/141.0.7390.122 Mobile Safari/537.36 (compatible; GoogleOther)" 
66.249.68.133 - - [24/Oct/2025:04:14:43 -0700] "GET /shopdetail72885120?kg=0072277863 HTTP/1.1" 200 31192 "-" "Mozilla/5.0 (Linux; Android 6.0.1; Nexus 5X Build/MMB29P) AppleWebKit/537.36 (KHTML, like Gecko) Chrome/141.0.7390.122 Mobile Safari/537.36 (compatible; GoogleOther)" 
114.119.130.109 - - [24/Oct/2025:04:14:57 -0700] "GET /2020/06/28/post-3 HTTP/1.1" 301 3743 "https://www.biblioglow.com/" "Mozilla/5.0 (Linux; Android 7.0;) AppleWebKit/537.36 (KHTML, like Gecko) Mobile Safari/537.36 (compatible; PetalBot;+https://webmaster.petalsearch.com/site/petalbot)" 
64.90.53.137 - - [24/Oct/2025:04:14:57 -0700] "POST /wp-cron.php?doing_wp_cron=1761304497.8299510478973388671875 HTTP/1.1" 200 3634 "https://www.biblioglow.com/wp-cron.php?doing_wp_cron=1761304497.8299510478973388671875" "WordPress/6.1.9; https://www.biblioglow.com" 
114.119.130.109 - - [24/Oct/2025:04:14:59 -0700] "GET /2020/06/28/post-3/ HTTP/1.1" 200 18332 "https://www.biblioglow.com/" "Mozilla/5.0 (Linux; Android 7.0;) AppleWebKit/537.36 (KHTML, like Gecko) Mobile Safari/537.36 (compatible; PetalBot;+https://webmaster.petalsearch.com/site/petalbot)" 
66.249.79.6 - - [24/Oct/2025:04:15:55 -0700] "GET /?shopdetail6998536?kg=0006940334 HTTP/1.1" 200 31733 "-" "Mozilla/5.0 (Linux; Android 6.0.1; Nexus 5X Build/MMB29P) AppleWebKit/537.36 (KHTML, like Gecko) Chrome/141.0.7390.122 Mobile Safari/537.36 (compatible; Googlebot/2.1; +http://www.google.com/bot.html)" 
74.125.150.133 - - [24/Oct/2025:04:16:33 -0700] "GET /?shopdetail7672864?kg=0007609043 HTTP/1.1" 301 3745 "-" "Mozilla/5.0 (X11; Linux x86_64) AppleWebKit/537.36 (KHTML, like Gecko) Chrome/140.0.7339.207 Safari/537.36" 
64.90.53.137 - - [24/Oct/2025:04:16:34 -0700] "POST /wp-cron.php?doing_wp_cron=1761304594.2180058956146240234375 HTTP/1.1" 200 3634 "https://www.biblioglow.com/wp-cron.php?doing_wp_cron=1761304594.2180058956146240234375" "WordPress/6.1.9; https://www.biblioglow.com" 
72.14.199.99 - - [24/Oct/2025:04:16:41 -0700] "GET /?shopdetail7672864%3Fkg=0007609043 HTTP/1.1" 200 16916 "-" "Mozilla/5.0 (X11; Linux x86_64) AppleWebKit/537.36 (KHTML, like Gecko) Chrome/140.0.7339.207 Safari/537.36" 
72.14.199.100 - - [24/Oct/2025:04:16:44 -0700] "GET /wp-content/uploads/2020/07/Asset-1.png HTTP/1.1" 200 16892 "https://www.biblioglow.com/?shopdetail7672864%3Fkg=0007609043" "Mozilla/5.0 (X11; Linux x86_64) AppleWebKit/537.36 (KHTML, like Gecko) Chrome/140.0.7339.207 Safari/537.36" 
72.14.199.99 - - [24/Oct/2025:04:16:47 -0700] "GET /wp-content/uploads/2020/06/Asset-2.png HTTP/1.1" 200 146567 "https://www.biblioglow.com/?shopdetail7672864%3Fkg=0007609043" "Mozilla/5.0 (X11; Linux x86_64) AppleWebKit/537.36 (KHTML, like Gecko) Chrome/140.0.7339.207 Safari/537.36" 
72.14.199.100 - - [24/Oct/2025:04:16:49 -0700] "GET /wp-content/uploads/2020/06/TwitterAct.png HTTP/1.1" 200 18345 "https://www.biblioglow.com/?shopdetail7672864%3Fkg=0007609043" "Mozilla/5.0 (X11; Linux x86_64) AppleWebKit/537.36 (KHTML, like Gecko) Chrome/140.0.7339.207 Safari/537.36" 
72.14.199.99 - - [24/Oct/2025:04:16:52 -0700] "GET /wp-content/uploads/2020/06/Asset-1-1.png HTTP/1.1" 200 10598 "https://www.biblioglow.com/?shopdetail7672864%3Fkg=0007609043" "Mozilla/5.0 (X11; Linux x86_64) AppleWebKit/537.36 (KHTML, like Gecko) Chrome/140.0.7339.207 Safari/537.36" 
72.14.199.99 - - [24/Oct/2025:04:16:55 -0700] "GET /wp-content/uploads/2020/06/FacebookAct.png HTTP/1.1" 200 7278 "https://www.biblioglow.com/?shopdetail7672864%3Fkg=0007609043" "Mozilla/5.0 (X11; Linux x86_64) AppleWebKit/537.36 (KHTML, like Gecko) Chrome/140.0.7339.207 Safari/537.36" 
72.14.199.99 - - [24/Oct/2025:04:16:57 -0700] "GET /wp-includes/js/comment-reply.min.js?ver=6.1.9 HTTP/1.1" 200 1783 "https://www.biblioglow.com/?shopdetail7672864%3Fkg=0007609043" "Mozilla/5.0 (X11; Linux x86_64) AppleWebKit/537.36 (KHTML, like Gecko) Chrome/140.0.7339.207 Safari/537.36" 
66.249.68.133 - - [24/Oct/2025:04:17:00 -0700] "GET /shopdetail30486576?kg=0030232641 HTTP/1.1" 200 30502 "-" "Mozilla/5.0 (Linux; Android 6.0.1; Nexus 5X Build/MMB29P) AppleWebKit/537.36 (KHTML, like Gecko) Chrome/141.0.7390.122 Mobile Safari/537.36 (compatible; GoogleOther)" 
72.14.199.99 - - [24/Oct/2025:04:17:02 -0700] "GET /wp-content/uploads/2020/06/Asset-2-1.png HTTP/1.1" 200 17842 "https://www.biblioglow.com/?shopdetail7672864%3Fkg=0007609043" "Mozilla/5.0 (X11; Linux x86_64) AppleWebKit/537.36 (KHTML, like Gecko) Chrome/140.0.7339.207 Safari/537.36" 
72.14.199.99 - - [24/Oct/2025:04:17:05 -0700] "GET /wp-content/uploads/2020/06/Asset-8.png HTTP/1.1" 200 9849 "https://www.biblioglow.com/?shopdetail7672864%3Fkg=0007609043" "Mozilla/5.0 (X11; Linux x86_64) AppleWebKit/537.36 (KHTML, like Gecko) Chrome/140.0.7339.207 Safari/537.36" 
72.14.199.99 - - [24/Oct/2025:04:17:07 -0700] "GET /wp-content/uploads/2020/07/Asset-2.png HTTP/1.1" 200 12741 "https://www.biblioglow.com/?shopdetail7672864%3Fkg=0007609043" "Mozilla/5.0 (X11; Linux x86_64) AppleWebKit/537.36 (KHTML, like Gecko) Chrome/140.0.7339.207 Safari/537.36" 
72.14.199.99 - - [24/Oct/2025:04:17:10 -0700] "GET /wp-content/uploads/2020/06/InstaAct.png HTTP/1.1" 200 9907 "https://www.biblioglow.com/?shopdetail7672864%3Fkg=0007609043" "Mozilla/5.0 (X11; Linux x86_64) AppleWebKit/537.36 (KHTML, like Gecko) Chrome/140.0.7339.207 Safari/537.36" 
72.14.199.99 - - [24/Oct/2025:04:17:12 -0700] "GET /wp-content/uploads/2020/07/Brooklyn-Banner-881x492.png HTTP/1.1" 200 891002 "https://www.biblioglow.com/?shopdetail7672864%3Fkg=0007609043" "Mozilla/5.0 (X11; Linux x86_64) AppleWebKit/537.36 (KHTML, like Gecko) Chrome/140.0.7339.207 Safari/537.36" 
72.14.199.99 - - [24/Oct/2025:04:17:14 -0700] "GET /wp-content/uploads/2020/06/Hamilton-Affair-Banner-1-1-881x492.png HTTP/1.1" 200 634528 "https://www.biblioglow.com/?shopdetail7672864%3Fkg=0007609043" "Mozilla/5.0 (X11; Linux x86_64) AppleWebKit/537.36 (KHTML, like Gecko) Chrome/140.0.7339.207 Safari/537.36" 
72.14.199.99 - - [24/Oct/2025:04:17:17 -0700] "GET /wp-content/uploads/2020/07/Hamilton-Affair-Discussion-Banner-881x492.png HTTP/1.1" 200 197241 "https://www.biblioglow.com/?shopdetail7672864%3Fkg=0007609043" "Mozilla/5.0 (X11; Linux x86_64) AppleWebKit/537.36 (KHTML, like Gecko) Chrome/140.0.7339.207 Safari/537.36" 
142.44.233.132 - - [24/Oct/2025:04:17:39 -0700] "GET /the-shelf/discussion-guides/ HTTP/2.0" 200 13125 "-" "Mozilla/5.0 (compatible; AhrefsBot/7.0; +http://ahrefs.com/robot/)" 
66.249.68.133 - - [24/Oct/2025:04:17:39 -0700] "GET /shopdetail29619416?kg=0029372708 HTTP/1.1" 200 31129 "-" "Mozilla/5.0 (Linux; Android 6.0.1; Nexus 5X Build/MMB29P) AppleWebKit/537.36 (KHTML, like Gecko) Chrome/141.0.7390.122 Mobile Safari/537.36 (compatible; GoogleOther)" 
64.90.53.137 - - [24/Oct/2025:04:17:39 -0700] "POST /wp-cron.php?doing_wp_cron=1761304659.8183751106262207031250 HTTP/1.1" 200 3634 "https://www.biblioglow.com/wp-cron.php?doing_wp_cron=1761304659.8183751106262207031250" "WordPress/6.1.9; https://www.biblioglow.com" 
66.249.68.134 - - [24/Oct/2025:04:19:56 -0700] "GET /shopdetail56830352?kg=0056356885 HTTP/1.1" 200 30264 "-" "Mozilla/5.0 (Linux; Android 6.0.1; Nexus 5X Build/MMB29P) AppleWebKit/537.36 (KHTML, like Gecko) Chrome/141.0.7390.122 Mobile Safari/537.36 (compatible; GoogleOther)" 
66.249.68.135 - - [24/Oct/2025:04:20:39 -0700] "GET /shopdetail72908976?kg=0072301521 HTTP/1.1" 200 31873 "-" "Mozilla/5.0 (Linux; Android 6.0.1; Nexus 5X Build/MMB29P) AppleWebKit/537.36 (KHTML, like Gecko) Chrome/141.0.7390.122 Mobile Safari/537.36 (compatible; GoogleOther)" 
66.249.68.134 - - [24/Oct/2025:04:20:56 -0700] "GET /shopdetail1185048?kg=0001175292 HTTP/1.1" 200 31035 "-" "Mozilla/5.0 (Linux; Android 6.0.1; Nexus 5X Build/MMB29P) AppleWebKit/537.36 (KHTML, like Gecko) Chrome/141.0.7390.122 Mobile Safari/537.36 (compatible; Googlebot/2.1; +http://www.google.com/bot.html)" 
