52.167.144.167 - - [24/Oct/2025:04:21:05 -0700] "GET /shopdetail267436784?kg=0265208265 HTTP/2.0" 200 28578 "-" "Mozilla/5.0 AppleWebKit/537.36 (KHTML, like Gecko; compatible; bingbot/2.0; +http://www.bing.com/bingbot.htm) Chrome/116.0.1938.76 Safari/537.36" 
66.249.79.4 - - [24/Oct/2025:04:21:57 -0700] "GET /shopdetail7150200?kg=0007090736 HTTP/1.1" 200 32631 "-" "Mozilla/5.0 (Linux; Android 6.0.1; Nexus 5X Build/MMB29P) AppleWebKit/537.36 (KHTML, like Gecko) Chrome/141.0.7390.122 Mobile Safari/537.36 (compatible; Googlebot/2.1; +http://www.google.com/bot.html)" 
66.249.68.135 - - [24/Oct/2025:04:22:56 -0700] "GET /shopdetail156809952?kg=0155503323 HTTP/1.1" 200 31020 "-" "Mozilla/5.0 (Linux; Android 6.0.1; Nexus 5X Build/MMB29P) AppleWebKit/537.36 (KHTML, like Gecko) Chrome/141.0.7390.122 Mobile Safari/537.36 (compatible; GoogleOther)" 
66.249.68.133 - - [24/Oct/2025:04:23:39 -0700] "GET /shopdetail70550944?kg=0069963139 HTTP/1.1" 200 30892 "-" "Mozilla/5.0 (Linux; Android 6.0.1; Nexus 5X Build/MMB29P) AppleWebKit/537.36 (KHTML, like Gecko) Chrome/141.0.7390.122 Mobile Safari/537.36 (compatible; GoogleOther)" 
66.249.68.135 - - [24/Oct/2025:04:24:39 -0700] "GET /shopdetail2079360?kg=0002062151 HTTP/1.1" 200 30607 "-" "Mozilla/5.0 (Linux; Android 6.0.1; Nexus 5X Build/MMB29P) AppleWebKit/537.36 (KHTML, like Gecko) Chrome/141.0.7390.122 Mobile Safari/537.36 (compatible; Googlebot/2.1; +http://www.google.com/bot.html)" 
66.249.68.135 - - [24/Oct/2025:04:25:56 -0700] "GET /shopdetail155271216?kg=0153977409 HTTP/1.1" 200 30485 "-" "Mozilla/5.0 (Linux; Android 6.0.1; Nexus 5X Build/MMB29P) AppleWebKit/537.36 (KHTML, like Gecko) Chrome/141.0.7390.122 Mobile Safari/537.36 (compatible; GoogleOther)" 
66.249.68.133 - - [24/Oct/2025:04:26:39 -0700] "GET /shopdetail71956520?kg=0071357002 HTTP/1.1" 200 30585 "-" "Mozilla/5.0 (Linux; Android 6.0.1; Nexus 5X Build/MMB29P) AppleWebKit/537.36 (KHTML, like Gecko) Chrome/141.0.7390.122 Mobile Safari/537.36 (compatible; GoogleOther)" 
46.232.89.227 - - [24/Oct/2025:04:27:37 -0700] "GET /2020/07/03/the-hamilton-affair-discussion-questions/ HTTP/1.0" 200 89614 "https://www.biblioglow.com/2020/07/03/the-hamilton-affair-discussion-questions/#comment-10432" "Mozilla/5.0 (Windows NT 10.0; Win64; x64) AppleWebKit/537.36 (KHTML, like Gecko) Chrome/131.0.0.0 Safari/537.36" 
64.90.53.137 - - [24/Oct/2025:04:27:39 -0700] "POST /wp-cron.php?doing_wp_cron=1761305259.6711618900299072265625 HTTP/1.1" 200 3634 "https://www.biblioglow.com/wp-cron.php?doing_wp_cron=1761305259.6711618900299072265625" "WordPress/6.1.9; https://www.biblioglow.com" 
46.232.89.227 - - [24/Oct/2025:04:27:52 -0700] "POST /wp-comments-post.php HTTP/1.0" 302 4049 "https://www.biblioglow.com/2020/07/03/the-hamilton-affair-discussion-questions/#comment-10432" "Mozilla/5.0 (Windows NT 10.0; Win64; x64) AppleWebKit/537.36 (KHTML, like Gecko) Chrome/131.0.0.0 Safari/537.36" 
46.232.89.227 - - [24/Oct/2025:04:27:55 -0700] "GET /2020/07/03/the-hamilton-affair-discussion-questions/ HTTP/1.0" 200 96067 "https://www.biblioglow.com/2020/07/03/the-hamilton-affair-discussion-questions/#comment-19412" "Mozilla/5.0 (Windows NT 10.0; Win64; x64) AppleWebKit/537.36 (KHTML, like Gecko) Chrome/131.0.0.0 Safari/537.36" 
66.249.68.135 - - [24/Oct/2025:04:28:56 -0700] "GET /shopdetail320179608?kg=0317511564 HTTP/1.1" 200 31183 "-" "Mozilla/5.0 (Linux; Android 6.0.1; Nexus 5X Build/MMB29P) AppleWebKit/537.36 (KHTML, like Gecko) Chrome/141.0.7390.122 Mobile Safari/537.36 (compatible; GoogleOther)" 
66.249.68.133 - - [24/Oct/2025:04:29:39 -0700] "GET /shopdetail185585416?kg=0184038990 HTTP/1.1" 200 32048 "-" "Mozilla/5.0 (Linux; Android 6.0.1; Nexus 5X Build/MMB29P) AppleWebKit/537.36 (KHTML, like Gecko) Chrome/141.0.7390.122 Mobile Safari/537.36 (compatible; GoogleOther)" 
4.227.36.42 - - [24/Oct/2025:04:30:00 -0700] "GET /robots.txt HTTP/2.0" 200 270 "-" "Mozilla/5.0 (Macintosh; Intel Mac OS X 10_15_7) AppleWebKit/537.36 (KHTML, like Gecko) Chrome/131.0.0.0 Safari/537.36; compatible; OAI-SearchBot/1.0; +https://openai.com/searchbot" 
52.167.144.215 - - [24/Oct/2025:04:30:18 -0700] "GET /shopdetail227259288?kg=0225365580 HTTP/2.0" 200 26845 "-" "Mozilla/5.0 AppleWebKit/537.36 (KHTML, like Gecko; compatible; bingbot/2.0; +http://www.bing.com/bingbot.htm) Chrome/116.0.1938.76 Safari/537.36" 
52.167.144.215 - - [24/Oct/2025:04:31:46 -0700] "GET /shopdetail267521128?kg=0265291906 HTTP/2.0" 200 26807 "-" "Mozilla/5.0 AppleWebKit/537.36 (KHTML, like Gecko; compatible; bingbot/2.0; +http://www.bing.com/bingbot.htm) Chrome/116.0.1938.76 Safari/537.36" 
66.249.68.134 - - [24/Oct/2025:04:32:02 -0700] "GET /shopdetail156278672?kg=0154976469 HTTP/1.1" 200 31047 "-" "Mozilla/5.0 (Linux; Android 6.0.1; Nexus 5X Build/MMB29P) AppleWebKit/537.36 (KHTML, like Gecko) Chrome/141.0.7390.122 Mobile Safari/537.36 (compatible; GoogleOther)" 
66.249.68.133 - - [24/Oct/2025:04:32:39 -0700] "GET /shopdetail30188296?kg=0029936846 HTTP/1.1" 200 30582 "-" "Mozilla/5.0 (Linux; Android 6.0.1; Nexus 5X Build/MMB29P) AppleWebKit/537.36 (KHTML, like Gecko) Chrome/141.0.7390.122 Mobile Safari/537.36 (compatible; GoogleOther)" 
3.93.191.111 - - [24/Oct/2025:04:32:55 -0700] "POST /xmlrpc.php HTTP/2.0" 429 351 "-" "Mozilla/5.0 (Windows NT 6.1; WOW64; Trident/7.0; MANM; MANM; rv:11.0) like Gecko" 
3.93.191.111 - - [24/Oct/2025:04:32:57 -0700] "POST /xmlrpc.php HTTP/2.0" 429 351 "-" "Mozilla/5.0 (Windows NT 6.1; WOW64; Trident/7.0; MANM; MANM; rv:11.0) like Gecko" 
3.93.191.111 - - [24/Oct/2025:04:33:06 -0700] "POST /xmlrpc.php HTTP/2.0" 429 351 "-" "Mozilla/5.0 (Windows NT 6.1; WOW64; Trident/7.0; MANM; MANM; rv:11.0) like Gecko" 
66.249.79.6 - - [24/Oct/2025:04:33:18 -0700] "GET /shopdetail6380840?kg=0006327786 HTTP/1.1" 200 31969 "-" "Mozilla/5.0 (Linux; Android 6.0.1; Nexus 5X Build/MMB29P) AppleWebKit/537.36 (KHTML, like Gecko) Chrome/141.0.7390.122 Mobile Safari/537.36 (compatible; Googlebot/2.1; +http://www.google.com/bot.html)" 
176.67.86.251 - - [24/Oct/2025:04:33:36 -0700] "GET /2020/07/03/the-hamilton-affair-discussion-questions/ HTTP/1.0" 429 3583 "https://biblioglow.com/2020/07/03/the-hamilton-affair-discussion-questions/" "Mozilla/5.0 (Windows NT 10.0; Win64; x64) AppleWebKit/537.36 (KHTML, like Gecko) Chrome/131.0.0.0 Safari/537.36 Avast/131.0.0.0" 
176.67.86.251 - - [24/Oct/2025:04:33:39 -0700] "GET / HTTP/1.0" 429 3583 "https://biblioglow.com/" "Mozilla/5.0 (Windows NT 10.0; Win64; x64) AppleWebKit/537.36 (KHTML, like Gecko) Chrome/131.0.0.0 Safari/537.36 Avast/131.0.0.0" 
66.249.68.133 - - [24/Oct/2025:04:34:16 -0700] "GET /shopdetail8053160?kg=0007986170 HTTP/1.1" 200 31387 "-" "Mozilla/5.0 (compatible; Googlebot/2.1; +http://www.google.com/bot.html)" 
216.131.105.30 - - [24/Oct/2025:04:34:25 -0700] "GET /2020/07/03/the-hamilton-affair-discussion-questions/ HTTP/1.0" 200 89614 "https://www.biblioglow.com/2020/07/03/the-hamilton-affair-discussion-questions/" "Mozilla/5.0 (Windows NT 10.0; Win64; x64) AppleWebKit/537.36 (KHTML, like Gecko) Chrome/131.0.0.0 Safari/537.36" 
64.90.53.137 - - [24/Oct/2025:04:34:27 -0700] "POST /wp-cron.php?doing_wp_cron=1761305667.4205360412597656250000 HTTP/1.1" 200 3634 "https://www.biblioglow.com/wp-cron.php?doing_wp_cron=1761305667.4205360412597656250000" "WordPress/6.1.9; https://www.biblioglow.com" 
216.131.105.30 - - [24/Oct/2025:04:34:30 -0700] "POST /wp-comments-post.php HTTP/1.0" 302 4032 "https://www.biblioglow.com/2020/07/03/the-hamilton-affair-discussion-questions/" "Mozilla/5.0 (Windows NT 10.0; Win64; x64) AppleWebKit/537.36 (KHTML, like Gecko) Chrome/131.0.0.0 Safari/537.36" 
216.131.105.30 - - [24/Oct/2025:04:34:32 -0700] "GET /2020/07/03/the-hamilton-affair-discussion-questions/ HTTP/1.0" 200 91661 "https://www.biblioglow.com/2020/07/03/the-hamilton-affair-discussion-questions/#comment-19413" "Mozilla/5.0 (Windows NT 10.0; Win64; x64) AppleWebKit/537.36 (KHTML, like Gecko) Chrome/131.0.0.0 Safari/537.36" 
66.249.68.134 - - [24/Oct/2025:04:34:56 -0700] "GET /shopdetail184074512?kg=0182540677 HTTP/1.1" 200 30736 "-" "Mozilla/5.0 (Linux; Android 6.0.1; Nexus 5X Build/MMB29P) AppleWebKit/537.36 (KHTML, like Gecko) Chrome/141.0.7390.122 Mobile Safari/537.36 (compatible; GoogleOther)" 
66.249.68.135 - - [24/Oct/2025:04:35:39 -0700] "GET /shopdetail157543256?kg=0156230516 HTTP/1.1" 200 31119 "-" "Mozilla/5.0 (Linux; Android 6.0.1; Nexus 5X Build/MMB29P) AppleWebKit/537.36 (KHTML, like Gecko) Chrome/141.0.7390.122 Mobile Safari/537.36 (compatible; GoogleOther)" 
52.167.144.215 - - [24/Oct/2025:04:37:28 -0700] "GET /shopdetail227196880?kg=0225303693 HTTP/2.0" 200 28139 "-" "Mozilla/5.0 AppleWebKit/537.36 (KHTML, like Gecko; compatible; bingbot/2.0; +http://www.bing.com/bingbot.htm) Chrome/116.0.1938.76 Safari/537.36" 
66.249.68.134 - - [24/Oct/2025:04:37:56 -0700] "GET /shopdetail155712408?kg=0154414924 HTTP/1.1" 200 30723 "-" "Mozilla/5.0 (Linux; Android 6.0.1; Nexus 5X Build/MMB29P) AppleWebKit/537.36 (KHTML, like Gecko) Chrome/141.0.7390.122 Mobile Safari/537.36 (compatible; GoogleOther)" 
66.249.68.135 - - [24/Oct/2025:04:38:39 -0700] "GET /shopdetail29262720?kg=0029018983 HTTP/1.1" 200 31521 "-" "Mozilla/5.0 (Linux; Android 6.0.1; Nexus 5X Build/MMB29P) AppleWebKit/537.36 (KHTML, like Gecko) Chrome/141.0.7390.122 Mobile Safari/537.36 (compatible; GoogleOther)" 
157.55.39.201 - - [24/Oct/2025:04:40:37 -0700] "GET /shopdetail302401088?kg=0299881199 HTTP/2.0" 200 26866 "-" "Mozilla/5.0 AppleWebKit/537.36 (KHTML, like Gecko; compatible; bingbot/2.0; +http://www.bing.com/bingbot.htm) Chrome/116.0.1938.76 Safari/537.36" 
66.249.79.4 - - [24/Oct/2025:04:40:46 -0700] "GET /shopdetail6963976?kg=0006906062 HTTP/1.1" 200 31494 "-" "Mozilla/5.0 (Linux; Android 6.0.1; Nexus 5X Build/MMB29P) AppleWebKit/537.36 (KHTML, like Gecko) Chrome/141.0.7390.122 Mobile Safari/537.36 (compatible; Googlebot/2.1; +http://www.google.com/bot.html)" 
84.54.44.19 - - [24/Oct/2025:04:40:48 -0700] "GET /2020/07/03/the-hamilton-affair-discussion-questions/ HTTP/1.0" 429 3583 "https://www.biblioglow.com/2020/07/03/the-hamilton-affair-discussion-questions/#comment-1462/" "Mozilla/5.0 (Windows NT 10.0; Win64; x64) AppleWebKit/537.36 (KHTML, like Gecko) Chrome/131.0.0.0 Safari/537.36 Avast/131.0.0.0" 
84.54.44.19 - - [24/Oct/2025:04:40:49 -0700] "GET / HTTP/1.0" 429 3583 "https://www.biblioglow.com/" "Mozilla/5.0 (Windows NT 10.0; Win64; x64) AppleWebKit/537.36 (KHTML, like Gecko) Chrome/131.0.0.0 Safari/537.36 Avast/131.0.0.0" 
66.249.68.133 - - [24/Oct/2025:04:41:11 -0700] "GET /shopdetail304463712?kg=0301926635 HTTP/1.1" 200 32882 "-" "Mozilla/5.0 (Linux; Android 6.0.1; Nexus 5X Build/MMB29P) AppleWebKit/537.36 (KHTML, like Gecko) Chrome/141.0.7390.122 Mobile Safari/537.36 (compatible; GoogleOther)" 
66.249.68.134 - - [24/Oct/2025:04:41:55 -0700] "GET /shopdetail29271488?kg=0029027679 HTTP/1.1" 200 30764 "-" "Mozilla/5.0 (Linux; Android 6.0.1; Nexus 5X Build/MMB29P) AppleWebKit/537.36 (KHTML, like Gecko) Chrome/141.0.7390.122 Mobile Safari/537.36 (compatible; GoogleOther)" 
40.77.167.241 - - [24/Oct/2025:04:42:46 -0700] "GET /shopdetail73941528?kg=0073325468 HTTP/2.0" 200 28045 "-" "Mozilla/5.0 AppleWebKit/537.36 (KHTML, like Gecko; compatible; bingbot/2.0; +http://www.bing.com/bingbot.htm) Chrome/116.0.1938.76 Safari/537.36" 
66.249.68.134 - - [24/Oct/2025:04:43:56 -0700] "GET /shopdetail183066648?kg=0181541212 HTTP/1.1" 200 30536 "-" "Mozilla/5.0 (Linux; Android 6.0.1; Nexus 5X Build/MMB29P) AppleWebKit/537.36 (KHTML, like Gecko) Chrome/141.0.7390.122 Mobile Safari/537.36 (compatible; GoogleOther)" 
66.249.68.133 - - [24/Oct/2025:04:44:39 -0700] "GET /shopdetail308096624?kg=0305529273 HTTP/1.1" 200 32523 "-" "Mozilla/5.0 (Linux; Android 6.0.1; Nexus 5X Build/MMB29P) AppleWebKit/537.36 (KHTML, like Gecko) Chrome/141.0.7390.122 Mobile Safari/537.36 (compatible; GoogleOther)" 
66.249.68.134 - - [24/Oct/2025:04:46:02 -0700] "GET /shopdetail8469256?kg=0008398798 HTTP/1.1" 200 30904 "-" "Mozilla/5.0 (Linux; Android 6.0.1; Nexus 5X Build/MMB29P) AppleWebKit/537.36 (KHTML, like Gecko) Chrome/141.0.7390.122 Mobile Safari/537.36 (compatible; Googlebot/2.1; +http://www.google.com/bot.html)" 
66.249.68.133 - - [24/Oct/2025:04:46:56 -0700] "GET /shopdetail321787192?kg=0319105752 HTTP/1.1" 200 30774 "-" "Mozilla/5.0 (Linux; Android 6.0.1; Nexus 5X Build/MMB29P) AppleWebKit/537.36 (KHTML, like Gecko) Chrome/141.0.7390.122 Mobile Safari/537.36 (compatible; GoogleOther)" 
40.77.167.241 - - [24/Oct/2025:04:47:35 -0700] "GET /shopdetail302327040?kg=0299807767 HTTP/2.0" 200 27108 "-" "Mozilla/5.0 AppleWebKit/537.36 (KHTML, like Gecko; compatible; bingbot/2.0; +http://www.bing.com/bingbot.htm) Chrome/116.0.1938.76 Safari/537.36" 
66.249.68.135 - - [24/Oct/2025:04:47:39 -0700] "GET /shopdetail307595096?kg=0305031924 HTTP/1.1" 200 31002 "-" "Mozilla/5.0 (Linux; Android 6.0.1; Nexus 5X Build/MMB29P) AppleWebKit/537.36 (KHTML, like Gecko) Chrome/141.0.7390.122 Mobile Safari/537.36 (compatible; GoogleOther)" 
66.249.68.134 - - [24/Oct/2025:04:49:16 -0700] "GET /shopdetail8066600?kg=0007999498 HTTP/1.1" 200 31321 "-" "Mozilla/5.0 (compatible; Googlebot/2.1; +http://www.google.com/bot.html)" 
142.44.225.114 - - [24/Oct/2025:04:49:49 -0700] "GET /2020/06/27/whats-more-patriotic-than-equality/ HTTP/2.0" 200 14772 "-" "Mozilla/5.0 (compatible; AhrefsBot/7.0; +http://ahrefs.com/robot/)" 
64.90.53.137 - - [24/Oct/2025:04:49:54 -0700] "POST /wp-cron.php?doing_wp_cron=1761306594.4422860145568847656250 HTTP/1.1" 200 3634 "https://www.biblioglow.com/wp-cron.php?doing_wp_cron=1761306594.4422860145568847656250" "WordPress/6.1.9; https://www.biblioglow.com" 
66.249.68.133 - - [24/Oct/2025:04:50:25 -0700] "GET /shopdetail156259472?kg=0154957429 HTTP/1.1" 200 31303 "-" "Mozilla/5.0 (Linux; Android 6.0.1; Nexus 5X Build/MMB29P) AppleWebKit/537.36 (KHTML, like Gecko) Chrome/141.0.7390.122 Mobile Safari/537.36 (compatible; GoogleOther)" 
66.249.68.134 - - [24/Oct/2025:04:50:31 -0700] "GET /shopdetail793232?kg=0000786741 HTTP/1.1" 200 30699 "-" "Mozilla/5.0 (Linux; Android 6.0.1; Nexus 5X Build/MMB29P) AppleWebKit/537.36 (KHTML, like Gecko) Chrome/141.0.7390.122 Mobile Safari/537.36 (compatible; Googlebot/2.1; +http://www.google.com/bot.html)" 
98.70.40.140 - - [24/Oct/2025:04:50:32 -0700] "POST /xmlrpc.php HTTP/2.0" 429 351 "-" "Mozilla/5.0 (Windows NT 6.3; Win64; x64; Trident/7.0; rv:11.0) like Gecko" 
98.70.40.140 - - [24/Oct/2025:04:50:45 -0700] "POST /xmlrpc.php HTTP/2.0" 429 351 "-" "Mozilla/5.0 (Windows NT 6.3; Win64; x64; Trident/7.0; rv:11.0) like Gecko" 
66.249.68.133 - - [24/Oct/2025:04:50:50 -0700] "GET /shopdetail185605160?kg=0184058570 HTTP/1.1" 200 30978 "-" "Mozilla/5.0 (Linux; Android 6.0.1; Nexus 5X Build/MMB29P) AppleWebKit/537.36 (KHTML, like Gecko) Chrome/141.0.7390.122 Mobile Safari/537.36 (compatible; GoogleOther)" 
98.70.40.140 - - [24/Oct/2025:04:50:58 -0700] "POST /xmlrpc.php HTTP/2.0" 429 351 "-" "Mozilla/5.0 (Windows NT 6.3; Win64; x64; Trident/7.0; rv:11.0) like Gecko" 
66.249.68.133 - - [24/Oct/2025:04:51:03 -0700] "GET /shopdetail286389936?kg=0284003473 HTTP/1.1" 200 30774 "-" "Mozilla/5.0 (Linux; Android 6.0.1; Nexus 5X Build/MMB29P) AppleWebKit/537.36 (KHTML, like Gecko) Chrome/141.0.7390.122 Mobile Safari/537.36 (compatible; Googlebot/2.1; +http://www.google.com/bot.html)" 
66.249.68.133 - - [24/Oct/2025:04:52:56 -0700] "GET /shopdetail304646536?kg=0302107934 HTTP/1.1" 200 30514 "-" "Mozilla/5.0 (Linux; Android 6.0.1; Nexus 5X Build/MMB29P) AppleWebKit/537.36 (KHTML, like Gecko) Chrome/141.0.7390.122 Mobile Safari/537.36 (compatible; GoogleOther)" 
66.249.68.135 - - [24/Oct/2025:04:53:06 -0700] "GET /shopdetail43290920?kg=0042930282 HTTP/1.1" 200 33983 "-" "Mozilla/5.0 (Linux; Android 6.0.1; Nexus 5X Build/MMB29P) AppleWebKit/537.36 (KHTML, like Gecko) Chrome/141.0.7390.122 Mobile Safari/537.36 (compatible; Googlebot/2.1; +http://www.google.com/bot.html)" 
66.249.68.133 - - [24/Oct/2025:04:53:39 -0700] "GET /shopdetail157950432?kg=0156634299 HTTP/1.1" 200 30995 "-" "Mozilla/5.0 (Linux; Android 6.0.1; Nexus 5X Build/MMB29P) AppleWebKit/537.36 (KHTML, like Gecko) Chrome/141.0.7390.122 Mobile Safari/537.36 (compatible; GoogleOther)" 
66.249.68.134 - - [24/Oct/2025:04:55:56 -0700] "GET /shopdetail321220520?kg=0318543802 HTTP/1.1" 200 30975 "-" "Mozilla/5.0 (Linux; Android 6.0.1; Nexus 5X Build/MMB29P) AppleWebKit/537.36 (KHTML, like Gecko) Chrome/141.0.7390.122 Mobile Safari/537.36 (compatible; GoogleOther)" 
40.77.167.16 - - [24/Oct/2025:04:56:29 -0700] "GET /shopdetail227165344?kg=0225272419 HTTP/2.0" 200 27439 "-" "Mozilla/5.0 AppleWebKit/537.36 (KHTML, like Gecko; compatible; bingbot/2.0; +http://www.bing.com/bingbot.htm) Chrome/116.0.1938.76 Safari/537.36" 
66.249.68.134 - - [24/Oct/2025:04:56:39 -0700] "GET /shopdetail307603184?kg=0305039945 HTTP/1.1" 200 30934 "-" "Mozilla/5.0 (Linux; Android 6.0.1; Nexus 5X Build/MMB29P) AppleWebKit/537.36 (KHTML, like Gecko) Chrome/141.0.7390.122 Mobile Safari/537.36 (compatible; GoogleOther)" 
66.249.68.133 - - [24/Oct/2025:04:58:56 -0700] "GET /shopdetail319459200?kg=0316797159 HTTP/1.1" 200 33116 "-" "Mozilla/5.0 (Linux; Android 6.0.1; Nexus 5X Build/MMB29P) AppleWebKit/537.36 (KHTML, like Gecko) Chrome/141.0.7390.122 Mobile Safari/537.36 (compatible; GoogleOther)" 
66.249.68.135 - - [24/Oct/2025:04:59:39 -0700] "GET /shopdetail56523424?kg=0056052515 HTTP/1.1" 200 31846 "-" "Mozilla/5.0 (Linux; Android 6.0.1; Nexus 5X Build/MMB29P) AppleWebKit/537.36 (KHTML, like Gecko) Chrome/141.0.7390.122 Mobile Safari/537.36 (compatible; GoogleOther)" 
130.33.52.240 - - [24/Oct/2025:05:01:34 -0700] "POST /wp-plain.php HTTP/1.1" 429 3822 "www.google.com" "Mozilla/5.0 (Linux; Android 7.0; SM-G892A Bulid/NRD90M; wv) AppleWebKit/537.36 (KHTML, like Gecko) Version/4.0 Chrome/60.0.3112.107 Moblie Safari/537.36" 
130.33.52.240 - - [24/Oct/2025:05:01:34 -0700] "GET /hundvrab.php?Fox=d3wL7 HTTP/1.1" 429 507 "www.google.com" "Mozilla/5.0 (Linux; Android 7.0; SM-G892A Bulid/NRD90M; wv) AppleWebKit/537.36 (KHTML, like Gecko) Version/4.0 Chrome/60.0.3112.107 Moblie Safari/537.36" 
130.33.52.240 - - [24/Oct/2025:05:01:34 -0700] "GET / HTTP/1.1" 429 3822 "-" "Mozlila/5.0 (Linux; Android 7.0; SM-G892A Bulid/NRD90M; wv) AppleWebKit/537.36 (KHTML, like Gecko) Version/4.0 Chrome/60.0.3112.107 Moblie Safari/537.36" 
130.33.52.240 - - [24/Oct/2025:05:01:34 -0700] "GET /wp-content/themes/seotheme/db.php?u HTTP/1.1" 429 3822 "www.google.com" "Mozlila/5.0 (Linux; Android 7.0; SM-G892A Bulid/NRD90M; wv) AppleWebKit/537.36 (KHTML, like Gecko) Version/4.0 Chrome/60.0.3112.107 Moblie Safari/537.36" 
130.33.52.240 - - [24/Oct/2025:05:01:34 -0700] "GET /wp-content/themes/seotheme/db.php?u HTTP/1.1" 429 507 "www.google.com" "Mozlila/5.0 (Linux; Android 7.0; SM-G892A Bulid/NRD90M; wv) AppleWebKit/537.36 (KHTML, like Gecko) Version/4.0 Chrome/60.0.3112.107 Moblie Safari/537.36" 
66.249.68.133 - - [24/Oct/2025:05:01:56 -0700] "GET /shopdetail71390664?kg=0070795862 HTTP/1.1" 200 32083 "-" "Mozilla/5.0 (Linux; Android 6.0.1; Nexus 5X Build/MMB29P) AppleWebKit/537.36 (KHTML, like Gecko) Chrome/141.0.7390.122 Mobile Safari/537.36 (compatible; GoogleOther)" 
66.249.68.133 - - [24/Oct/2025:05:02:44 -0700] "GET /shopdetail71760680?kg=0071162794 HTTP/1.1" 200 31869 "-" "Mozilla/5.0 (Linux; Android 6.0.1; Nexus 5X Build/MMB29P) AppleWebKit/537.36 (KHTML, like Gecko) Chrome/141.0.7390.122 Mobile Safari/537.36 (compatible; GoogleOther)" 
66.249.68.135 - - [24/Oct/2025:05:04:56 -0700] "GET /shopdetail185128320?kg=0183585703 HTTP/1.1" 200 30457 "-" "Mozilla/5.0 (Linux; Android 6.0.1; Nexus 5X Build/MMB29P) AppleWebKit/537.36 (KHTML, like Gecko) Chrome/141.0.7390.122 Mobile Safari/537.36 (compatible; GoogleOther)" 
66.249.68.134 - - [24/Oct/2025:05:05:39 -0700] "GET /shopdetail29983808?kg=0029734063 HTTP/1.1" 200 31234 "-" "Mozilla/5.0 (Linux; Android 6.0.1; Nexus 5X Build/MMB29P) AppleWebKit/537.36 (KHTML, like Gecko) Chrome/141.0.7390.122 Mobile Safari/537.36 (compatible; GoogleOther)" 
66.249.68.135 - - [24/Oct/2025:05:07:56 -0700] "GET /shopdetail71727480?kg=0071129872 HTTP/1.1" 200 30794 "-" "Mozilla/5.0 (Linux; Android 6.0.1; Nexus 5X Build/MMB29P) AppleWebKit/537.36 (KHTML, like Gecko) Chrome/141.0.7390.122 Mobile Safari/537.36 (compatible; GoogleOther)" 
66.249.68.134 - - [24/Oct/2025:05:08:39 -0700] "GET /shopdetail56423024?kg=0055952953 HTTP/1.1" 200 30928 "-" "Mozilla/5.0 (Linux; Android 6.0.1; Nexus 5X Build/MMB29P) AppleWebKit/537.36 (KHTML, like Gecko) Chrome/141.0.7390.122 Mobile Safari/537.36 (compatible; GoogleOther)" 
173.208.28.39 - - [24/Oct/2025:05:09:55 -0700] "GET /about/contact/ HTTP/1.1" 200 18499 "-" "Mozilla/5.0 (Windows NT 10.0; Win64; x64) AppleWebKit/537.36 (KHTML, like Gecko) Chrome/114.0.0.0 YaBrowser/22.7.0 Yowser/2.5 Safari/537.36" 
64.90.53.137 - - [24/Oct/2025:05:09:57 -0700] "POST /wp-cron.php?doing_wp_cron=1761307797.8674139976501464843750 HTTP/1.1" 200 3634 "https://www.biblioglow.com/wp-cron.php?doing_wp_cron=1761307797.8674139976501464843750" "WordPress/6.1.9; https://www.biblioglow.com" 
173.208.28.39 - - [24/Oct/2025:05:10:00 -0700] "POST /about/contact/ HTTP/1.1" 200 17819 "https://www.biblioglow.com/about/contact/" "Mozilla/5.0 (Windows NT 10.0; Win64; x64) AppleWebKit/537.36 (KHTML, like Gecko) Chrome/114.0.0.0 YaBrowser/22.7.0 Yowser/2.5 Safari/537.36" 
66.249.68.135 - - [24/Oct/2025:05:11:08 -0700] "GET /shopdetail71758352?kg=0071160485 HTTP/1.1" 200 32988 "-" "Mozilla/5.0 (Linux; Android 6.0.1; Nexus 5X Build/MMB29P) AppleWebKit/537.36 (KHTML, like Gecko) Chrome/141.0.7390.122 Mobile Safari/537.36 (compatible; GoogleOther)" 
66.249.68.133 - - [24/Oct/2025:05:11:45 -0700] "GET /shopdetail184294616?kg=0182758948 HTTP/1.1" 200 30847 "-" "Mozilla/5.0 (Linux; Android 6.0.1; Nexus 5X Build/MMB29P) AppleWebKit/537.36 (KHTML, like Gecko) Chrome/141.0.7390.122 Mobile Safari/537.36 (compatible; GoogleOther)" 
66.249.68.133 - - [24/Oct/2025:05:13:56 -0700] "GET /shopdetail307910672?kg=0305344869 HTTP/1.1" 200 30823 "-" "Mozilla/5.0 (Linux; Android 6.0.1; Nexus 5X Build/MMB29P) AppleWebKit/537.36 (KHTML, like Gecko) Chrome/141.0.7390.122 Mobile Safari/537.36 (compatible; GoogleOther)" 
66.249.68.135 - - [24/Oct/2025:05:14:39 -0700] "GET /shopdetail56413440?kg=0055943447 HTTP/1.1" 200 30615 "-" "Mozilla/5.0 (Linux; Android 6.0.1; Nexus 5X Build/MMB29P) AppleWebKit/537.36 (KHTML, like Gecko) Chrome/141.0.7390.122 Mobile Safari/537.36 (compatible; GoogleOther)" 
199.192.27.11 - - [24/Oct/2025:05:15:50 -0700] "POST /xmlrpc.php HTTP/2.0" 429 351 "-" "Mozilla/5.0 (Windows NT 10.0; Win64; x64) AppleWebKit/537.36 (KHTML, like Gecko) Chrome/65.0.3325.181 Safari/537.36 OPR/52.0.2871.99" 
199.192.27.11 - - [24/Oct/2025:05:15:50 -0700] "POST /xmlrpc.php HTTP/2.0" 429 351 "-" "Mozilla/5.0 (Windows NT 10.0; Win64; x64) AppleWebKit/537.36 (KHTML, like Gecko) Chrome/65.0.3325.181 Safari/537.36 OPR/52.0.2871.99" 
199.192.27.11 - - [24/Oct/2025:05:15:51 -0700] "POST /xmlrpc.php HTTP/2.0" 429 351 "-" "Mozilla/5.0 (Windows NT 10.0; Win64; x64) AppleWebKit/537.36 (KHTML, like Gecko) Chrome/65.0.3325.181 Safari/537.36 OPR/52.0.2871.99" 
66.249.68.134 - - [24/Oct/2025:05:16:56 -0700] "GET /shopdetail185126536?kg=0183583934 HTTP/1.1" 200 31791 "-" "Mozilla/5.0 (Linux; Android 6.0.1; Nexus 5X Build/MMB29P) AppleWebKit/537.36 (KHTML, like Gecko) Chrome/141.0.7390.122 Mobile Safari/537.36 (compatible; GoogleOther)" 
66.249.68.134 - - [24/Oct/2025:05:16:58 -0700] "GET /shopdetail286408168?kg=0284021554 HTTP/1.1" 200 31641 "-" "Mozilla/5.0 (compatible; Googlebot/2.1; +http://www.google.com/bot.html)" 
40.77.167.136 - - [24/Oct/2025:05:16:59 -0700] "GET /shopdetail302393272?kg=0299873448 HTTP/2.0" 200 26563 "-" "Mozilla/5.0 AppleWebKit/537.36 (KHTML, like Gecko; compatible; bingbot/2.0; +http://www.bing.com/bingbot.htm) Chrome/116.0.1938.76 Safari/537.36" 
66.249.68.135 - - [24/Oct/2025:05:17:39 -0700] "GET /shopdetail308103488?kg=0305536079 HTTP/1.1" 200 30312 "-" "Mozilla/5.0 (Linux; Android 6.0.1; Nexus 5X Build/MMB29P) AppleWebKit/537.36 (KHTML, like Gecko) Chrome/141.0.7390.122 Mobile Safari/537.36 (compatible; GoogleOther)" 
66.249.79.5 - - [24/Oct/2025:05:18:18 -0700] "GET /shopdetail6801592?kg=0006745032 HTTP/1.1" 200 32906 "-" "Mozilla/5.0 (Linux; Android 6.0.1; Nexus 5X Build/MMB29P) AppleWebKit/537.36 (KHTML, like Gecko) Chrome/141.0.7390.122 Mobile Safari/537.36 (compatible; Googlebot/2.1; +http://www.google.com/bot.html)" 
36.111.67.189 - - [24/Oct/2025:05:19:10 -0700] "GET / HTTP/1.1" 429 3774 "http://biblioglow.com" "Mozilla/5.0 (iPhone; CPU iPhone OS 13_2_3 like Mac OS X) AppleWebKit/605.1.15 (KHTML, like Gecko) Version/13.0.3 Mobile/15E148 Safari/604.1" 
84.54.44.204 - - [24/Oct/2025:05:19:16 -0700] "GET /2020/07/03/the-hamilton-affair-discussion-questions/ HTTP/1.0" 429 3582 "https://www.biblioglow.com/2020/07/03/the-hamilton-affair-discussion-questions/#comment-1799/" "Mozilla/5.0 (Windows NT 10.0; Win64; x64) AppleWebKit/537.36 (KHTML, like Gecko) Chrome/130.0.0.0 Safari/537.36 CCleaner/130.0.0.0" 
84.54.44.204 - - [24/Oct/2025:05:19:17 -0700] "GET / HTTP/1.0" 429 3582 "https://www.biblioglow.com/" "Mozilla/5.0 (Windows NT 10.0; Win64; x64) AppleWebKit/537.36 (KHTML, like Gecko) Chrome/130.0.0.0 Safari/537.36 CCleaner/130.0.0.0" 
66.249.68.133 - - [24/Oct/2025:05:19:29 -0700] "GET /shopdetail8254064?kg=0008185401 HTTP/1.1" 200 31044 "-" "Mozilla/5.0 (compatible; Googlebot/2.1; +http://www.google.com/bot.html)" 
66.249.68.133 - - [24/Oct/2025:05:19:43 -0700] "GET /shopdetail69062112?kg=0068486715 HTTP/1.1" 200 30603 "-" "Mozilla/5.0 (compatible; Googlebot/2.1; +http://www.google.com/bot.html)" 
66.249.68.133 - - [24/Oct/2025:05:19:56 -0700] "GET /shopdetail71758080?kg=0071160215 HTTP/1.1" 200 32843 "-" "Mozilla/5.0 (Linux; Android 6.0.1; Nexus 5X Build/MMB29P) AppleWebKit/537.36 (KHTML, like Gecko) Chrome/141.0.7390.122 Mobile Safari/537.36 (compatible; GoogleOther)" 
66.249.68.135 - - [24/Oct/2025:05:20:04 -0700] "GET /shopdetail2283424?kg=0002264515 HTTP/1.1" 200 31897 "-" "Mozilla/5.0 (compatible; Googlebot/2.1; +http://www.google.com/bot.html)" 
66.249.68.133 - - [24/Oct/2025:05:20:39 -0700] "GET /shopdetail30843832?kg=0030586920 HTTP/1.1" 200 31468 "-" "Mozilla/5.0 (Linux; Android 6.0.1; Nexus 5X Build/MMB29P) AppleWebKit/537.36 (KHTML, like Gecko) Chrome/141.0.7390.122 Mobile Safari/537.36 (compatible; GoogleOther)" 
66.249.68.134 - - [24/Oct/2025:05:22:56 -0700] "GET /shopdetail56316200?kg=0055847018 HTTP/1.1" 200 32055 "-" "Mozilla/5.0 (Linux; Android 6.0.1; Nexus 5X Build/MMB29P) AppleWebKit/537.36 (KHTML, like Gecko) Chrome/141.0.7390.122 Mobile Safari/537.36 (compatible; GoogleOther)" 
66.249.68.133 - - [24/Oct/2025:05:23:39 -0700] "GET /shopdetail72120960?kg=0071520071 HTTP/1.1" 200 30431 "-" "Mozilla/5.0 (Linux; Android 6.0.1; Nexus 5X Build/MMB29P) AppleWebKit/537.36 (KHTML, like Gecko) Chrome/141.0.7390.122 Mobile Safari/537.36 (compatible; GoogleOther)" 
66.249.68.133 - - [24/Oct/2025:05:25:56 -0700] "GET /shopdetail71729128?kg=0071131506 HTTP/1.1" 200 33747 "-" "Mozilla/5.0 (Linux; Android 6.0.1; Nexus 5X Build/MMB29P) AppleWebKit/537.36 (KHTML, like Gecko) Chrome/141.0.7390.122 Mobile Safari/537.36 (compatible; GoogleOther)" 
52.167.144.167 - - [24/Oct/2025:05:26:30 -0700] "GET /shopdetail227255448?kg=0225361772 HTTP/2.0" 200 26960 "-" "Mozilla/5.0 AppleWebKit/537.36 (KHTML, like Gecko; compatible; bingbot/2.0; +http://www.bing.com/bingbot.htm) Chrome/116.0.1938.76 Safari/537.36" 
66.249.68.133 - - [24/Oct/2025:05:26:39 -0700] "GET /shopdetail308111848?kg=0305544370 HTTP/1.1" 200 32473 "-" "Mozilla/5.0 (Linux; Android 6.0.1; Nexus 5X Build/MMB29P) AppleWebKit/537.36 (KHTML, like Gecko) Chrome/141.0.7390.122 Mobile Safari/537.36 (compatible; GoogleOther)" 
185.101.201.129 - - [24/Oct/2025:05:26:56 -0700] "GET /2020/07/03/the-hamilton-affair-discussion-questions/ HTTP/1.0" 200 89614 "https://www.biblioglow.com/2020/07/03/the-hamilton-affair-discussion-questions/#comment-12060" "Mozilla/5.0 (Windows NT 10.0; Win64; x64) AppleWebKit/537.36 (KHTML, like Gecko) Chrome/130.0.0.0 Safari/537.36 CCleaner/130.0.0.0" 
64.90.53.137 - - [24/Oct/2025:05:26:59 -0700] "POST /wp-cron.php?doing_wp_cron=1761308819.8441510200500488281250 HTTP/1.1" 200 3634 "https://www.biblioglow.com/wp-cron.php?doing_wp_cron=1761308819.8441510200500488281250" "WordPress/6.1.9; https://www.biblioglow.com" 
185.101.201.129 - - [24/Oct/2025:05:27:02 -0700] "POST /wp-comments-post.php HTTP/1.0" 302 4056 "https://www.biblioglow.com/2020/07/03/the-hamilton-affair-discussion-questions/#comment-12060" "Mozilla/5.0 (Windows NT 10.0; Win64; x64) AppleWebKit/537.36 (KHTML, like Gecko) Chrome/130.0.0.0 Safari/537.36 CCleaner/130.0.0.0" 
64.90.53.137 - - [24/Oct/2025:05:27:21 -0700] "POST /wp-cron.php?doing_wp_cron=1761308840.9759130477905273437500 HTTP/1.1" 200 3634 "https://www.biblioglow.com/wp-cron.php?doing_wp_cron=1761308840.9759130477905273437500" "WordPress/6.1.9; https://www.biblioglow.com" 
185.101.201.129 - - [24/Oct/2025:05:27:20 -0700] "GET /2020/07/03/the-hamilton-affair-discussion-questions/ HTTP/1.0" 200 130625 "https://www.biblioglow.com/2020/07/03/the-hamilton-affair-discussion-questions/#comment-19414" "Mozilla/5.0 (Windows NT 10.0; Win64; x64) AppleWebKit/537.36 (KHTML, like Gecko) Chrome/130.0.0.0 Safari/537.36 CCleaner/130.0.0.0" 
195.2.75.64 - - [24/Oct/2025:05:28:45 -0700] "GET /2020/06/28/post-5/ HTTP/1.0" 200 86551 "https://www.biblioglow.com/2020/06/28/post-5/" "Mozilla/5.0 (Windows NT 10.0; Win64; x64) AppleWebKit/537.36 (KHTML, like Gecko) Chrome/131.0.0.0 Safari/537.36 Avast/131.0.0.0" 
64.90.53.137 - - [24/Oct/2025:05:28:45 -0700] "POST /wp-cron.php?doing_wp_cron=1761308925.6862881183624267578125 HTTP/1.1" 200 3634 "https://www.biblioglow.com/wp-cron.php?doing_wp_cron=1761308925.6862881183624267578125" "WordPress/6.1.9; https://www.biblioglow.com" 
195.2.75.64 - - [24/Oct/2025:05:28:48 -0700] "POST /wp-comments-post.php HTTP/1.0" 302 4013 "https://www.biblioglow.com/2020/06/28/post-5/" "Mozilla/5.0 (Windows NT 10.0; Win64; x64) AppleWebKit/537.36 (KHTML, like Gecko) Chrome/131.0.0.0 Safari/537.36 Avast/131.0.0.0" 
195.2.75.64 - - [24/Oct/2025:05:28:50 -0700] "GET /2020/06/28/post-5/ HTTP/1.0" 200 88643 "https://www.biblioglow.com/2020/06/28/post-5/#comment-19415" "Mozilla/5.0 (Windows NT 10.0; Win64; x64) AppleWebKit/537.36 (KHTML, like Gecko) Chrome/131.0.0.0 Safari/537.36 Avast/131.0.0.0" 
66.249.68.135 - - [24/Oct/2025:05:28:56 -0700] "GET /shopdetail29973800?kg=0029724138 HTTP/1.1" 200 30796 "-" "Mozilla/5.0 (Linux; Android 6.0.1; Nexus 5X Build/MMB29P) AppleWebKit/537.36 (KHTML, like Gecko) Chrome/141.0.7390.122 Mobile Safari/537.36 (compatible; GoogleOther)" 
66.249.68.133 - - [24/Oct/2025:05:29:39 -0700] "GET /shopdetail30833688?kg=0030576860 HTTP/1.1" 200 30685 "-" "Mozilla/5.0 (Linux; Android 6.0.1; Nexus 5X Build/MMB29P) AppleWebKit/537.36 (KHTML, like Gecko) Chrome/141.0.7390.122 Mobile Safari/537.36 (compatible; GoogleOther)" 
66.249.68.133 - - [24/Oct/2025:05:30:28 -0700] "GET /shopdetail285542400?kg=0283162999 HTTP/1.1" 200 30785 "-" "Mozilla/5.0 (compatible; Googlebot/2.1; +http://www.google.com/bot.html)" 
66.249.68.133 - - [24/Oct/2025:05:31:18 -0700] "GET /shopdetail1542168?kg=0001529436 HTTP/1.1" 200 30427 "-" "Mozilla/5.0 (Linux; Android 6.0.1; Nexus 5X Build/MMB29P) AppleWebKit/537.36 (KHTML, like Gecko) Chrome/141.0.7390.122 Mobile Safari/537.36 (compatible; Googlebot/2.1; +http://www.google.com/bot.html)" 
40.77.167.68 - - [24/Oct/2025:05:31:20 -0700] "GET /shopdetail267460792?kg=0265232072 HTTP/2.0" 200 26831 "-" "Mozilla/5.0 AppleWebKit/537.36 (KHTML, like Gecko; compatible; bingbot/2.0; +http://www.bing.com/bingbot.htm) Chrome/116.0.1938.76 Safari/537.36" 
66.249.68.133 - - [24/Oct/2025:05:31:56 -0700] "GET /shopdetail56440592?kg=0055970373 HTTP/1.1" 200 31106 "-" "Mozilla/5.0 (Linux; Android 6.0.1; Nexus 5X Build/MMB29P) AppleWebKit/537.36 (KHTML, like Gecko) Chrome/141.0.7390.122 Mobile Safari/537.36 (compatible; GoogleOther)" 
40.77.167.235 - - [24/Oct/2025:05:32:22 -0700] "GET /shopdetail249369720?kg=0247291760 HTTP/2.0" 200 27228 "-" "Mozilla/5.0 AppleWebKit/537.36 (KHTML, like Gecko; compatible; bingbot/2.0; +http://www.bing.com/bingbot.htm) Chrome/116.0.1938.76 Safari/537.36" 
66.249.68.135 - - [24/Oct/2025:05:32:39 -0700] "GET /shopdetail157938912?kg=0156622875 HTTP/1.1" 200 32750 "-" "Mozilla/5.0 (Linux; Android 6.0.1; Nexus 5X Build/MMB29P) AppleWebKit/537.36 (KHTML, like Gecko) Chrome/141.0.7390.122 Mobile Safari/537.36 (compatible; GoogleOther)" 
66.249.68.133 - - [24/Oct/2025:05:34:56 -0700] "GET /shopdetail56610640?kg=0056139005 HTTP/1.1" 200 30715 "-" "Mozilla/5.0 (Linux; Android 6.0.1; Nexus 5X Build/MMB29P) AppleWebKit/537.36 (KHTML, like Gecko) Chrome/141.0.7390.122 Mobile Safari/537.36 (compatible; GoogleOther)" 
66.249.68.133 - - [24/Oct/2025:05:35:39 -0700] "GET /shopdetail29996976?kg=0029747121 HTTP/1.1" 200 31167 "-" "Mozilla/5.0 (Linux; Android 6.0.1; Nexus 5X Build/MMB29P) AppleWebKit/537.36 (KHTML, like Gecko) Chrome/141.0.7390.122 Mobile Safari/537.36 (compatible; GoogleOther)" 
34.1.27.52 - - [24/Oct/2025:05:35:41 -0700] "GET / HTTP/2.0" 301 155 "http://biblioglow.com/" "Mozilla/5.0 (Macintosh; Intel Mac OS X 10_15_7) AppleWebKit/537.36 (KHTML, like Gecko) Chrome/135.0.0.0 Safari/537.36" 
64.90.53.137 - - [24/Oct/2025:05:35:45 -0700] "POST /wp-cron.php?doing_wp_cron=1761309345.0556390285491943359375 HTTP/1.1" 200 3634 "https://www.biblioglow.com/wp-cron.php?doing_wp_cron=1761309345.0556390285491943359375" "WordPress/6.1.9; https://www.biblioglow.com" 
34.1.27.52 - - [24/Oct/2025:05:35:46 -0700] "GET / HTTP/2.0" 200 0 "https://biblioglow.com/" "Mozilla/5.0 (Macintosh; Intel Mac OS X 10_15_7) AppleWebKit/537.36 (KHTML, like Gecko) Chrome/135.0.0.0 Safari/537.36" 
34.1.27.52 - - [24/Oct/2025:05:35:51 -0700] "GET / HTTP/2.0" 301 155 "http://www.biblioglow.com/" "Mozilla/5.0 (Macintosh; Intel Mac OS X 10_15_7) AppleWebKit/537.36 (KHTML, like Gecko) Chrome/135.0.0.0 Safari/537.36" 
34.1.27.52 - - [24/Oct/2025:05:35:53 -0700] "GET / HTTP/2.0" 200 13218 "https://biblioglow.com/" "Mozilla/5.0 (Macintosh; Intel Mac OS X 10_15_7) AppleWebKit/537.36 (KHTML, like Gecko) Chrome/135.0.0.0 Safari/537.36" 
34.1.27.52 - - [24/Oct/2025:05:35:55 -0700] "GET /app/ HTTP/2.0" 404 47377 "-" "Mozilla/5.0 (Macintosh; Intel Mac OS X 10_15_7) AppleWebKit/537.36 (KHTML, like Gecko) Chrome/135.0.0.0 Safari/537.36" 
34.1.27.52 - - [24/Oct/2025:05:35:57 -0700] "GET /login/ HTTP/2.0" 302 99 "-" "Mozilla/5.0 (Macintosh; Intel Mac OS X 10_15_7) AppleWebKit/537.36 (KHTML, like Gecko) Chrome/135.0.0.0 Safari/537.36" 
34.1.27.52 - - [24/Oct/2025:05:35:59 -0700] "GET /wp-login.php HTTP/2.0" 200 1950 "https://www.biblioglow.com/login/" "Mozilla/5.0 (Macintosh; Intel Mac OS X 10_15_7) AppleWebKit/537.36 (KHTML, like Gecko) Chrome/135.0.0.0 Safari/537.36" 
34.1.27.52 - - [24/Oct/2025:05:36:01 -0700] "GET //wp-includes//js//zxcvbn.min.js HTTP/2.0" 200 406589 "-" "Mozilla/5.0 (Macintosh; Intel Mac OS X 10_15_7) AppleWebKit/537.36 (KHTML, like Gecko) Chrome/135.0.0.0 Safari/537.36" 
66.249.79.6 - - [24/Oct/2025:05:37:52 -0700] "GET /robots.txt HTTP/1.1" 200 3853 "-" "Mozilla/5.0 (compatible; Googlebot/2.1; +http://www.google.com/bot.html)" 
66.249.79.4 - - [24/Oct/2025:05:37:52 -0700] "GET /shopdetail7442040?kg=0007380144 HTTP/1.1" 200 30992 "-" "Mozilla/5.0 (Linux; Android 6.0.1; Nexus 5X Build/MMB29P) AppleWebKit/537.36 (KHTML, like Gecko) Chrome/141.0.7390.122 Mobile Safari/537.36 (compatible; Googlebot/2.1; +http://www.google.com/bot.html)" 
66.249.68.134 - - [24/Oct/2025:05:37:56 -0700] "GET /shopdetail157945504?kg=0156629411 HTTP/1.1" 200 31318 "-" "Mozilla/5.0 (Linux; Android 6.0.1; Nexus 5X Build/MMB29P) AppleWebKit/537.36 (KHTML, like Gecko) Chrome/141.0.7390.122 Mobile Safari/537.36 (compatible; GoogleOther)" 
66.249.68.135 - - [24/Oct/2025:05:38:14 -0700] "GET /shopdetail1921360?kg=0001905469 HTTP/1.1" 200 30564 "-" "Mozilla/5.0 (Linux; Android 6.0.1; Nexus 5X Build/MMB29P) AppleWebKit/537.36 (KHTML, like Gecko) Chrome/141.0.7390.122 Mobile Safari/537.36 (compatible; Googlebot/2.1; +http://www.google.com/bot.html)" 
66.249.68.134 - - [24/Oct/2025:05:38:39 -0700] "GET /shopdetail323587184?kg=0320890745 HTTP/1.1" 200 30810 "-" "Mozilla/5.0 (Linux; Android 6.0.1; Nexus 5X Build/MMB29P) AppleWebKit/537.36 (KHTML, like Gecko) Chrome/141.0.7390.122 Mobile Safari/537.36 (compatible; GoogleOther)" 
66.249.79.4 - - [24/Oct/2025:05:39:55 -0700] "GET /robots.txt HTTP/1.1" 200 3853 "-" "Mozilla/5.0 (compatible; Googlebot/2.1; +http://www.google.com/bot.html)" 
66.249.79.5 - - [24/Oct/2025:05:39:55 -0700] "GET /shopdetail7823984?kg=0007758905 HTTP/1.1" 200 30697 "-" "Mozilla/5.0 (Linux; Android 6.0.1; Nexus 5X Build/MMB29P) AppleWebKit/537.36 (KHTML, like Gecko) Chrome/141.0.7390.122 Mobile Safari/537.36 (compatible; Googlebot/2.1; +http://www.google.com/bot.html)" 
66.249.68.134 - - [24/Oct/2025:05:40:13 -0700] "GET /shopdetail43290224?kg=0042929593 HTTP/1.1" 200 31369 "-" "Mozilla/5.0 (Linux; Android 6.0.1; Nexus 5X Build/MMB29P) AppleWebKit/537.36 (KHTML, like Gecko) Chrome/141.0.7390.122 Mobile Safari/537.36 (compatible; Googlebot/2.1; +http://www.google.com/bot.html)" 
66.249.68.133 - - [24/Oct/2025:05:40:56 -0700] "GET /shopdetail56620920?kg=0056149200 HTTP/1.1" 200 30579 "-" "Mozilla/5.0 (Linux; Android 6.0.1; Nexus 5X Build/MMB29P) AppleWebKit/537.36 (KHTML, like Gecko) Chrome/141.0.7390.122 Mobile Safari/537.36 (compatible; GoogleOther)" 
66.249.68.134 - - [24/Oct/2025:05:41:39 -0700] "GET /shopdetail157954408?kg=0156638242 HTTP/1.1" 200 30158 "-" "Mozilla/5.0 (Linux; Android 6.0.1; Nexus 5X Build/MMB29P) AppleWebKit/537.36 (KHTML, like Gecko) Chrome/141.0.7390.122 Mobile Safari/537.36 (compatible; GoogleOther)" 
207.46.13.36 - - [24/Oct/2025:05:42:50 -0700] "GET /shopdetail227233224?kg=0225339734 HTTP/2.0" 200 26761 "-" "Mozilla/5.0 AppleWebKit/537.36 (KHTML, like Gecko; compatible; bingbot/2.0; +http://www.bing.com/bingbot.htm) Chrome/116.0.1938.76 Safari/537.36" 
66.249.79.6 - - [24/Oct/2025:05:43:16 -0700] "GET /robots.txt HTTP/1.1" 200 3853 "-" "Mozilla/5.0 (compatible; Googlebot/2.1; +http://www.google.com/bot.html)" 
66.249.79.5 - - [24/Oct/2025:05:43:17 -0700] "GET /?shopdetail8142024?kg=0008074294 HTTP/1.1" 200 38323 "-" "Mozilla/5.0 (Linux; Android 6.0.1; Nexus 5X Build/MMB29P) AppleWebKit/537.36 (KHTML, like Gecko) Chrome/141.0.7390.122 Mobile Safari/537.36 (compatible; Googlebot/2.1; +http://www.google.com/bot.html)" 
66.249.68.133 - - [24/Oct/2025:05:43:53 -0700] "GET /shopdetail185398480?kg=0183853613 HTTP/1.1" 200 31559 "-" "Mozilla/5.0 (Linux; Android 6.0.1; Nexus 5X Build/MMB29P) AppleWebKit/537.36 (KHTML, like Gecko) Chrome/141.0.7390.122 Mobile Safari/537.36 (compatible; GoogleOther)" 
66.249.68.134 - - [24/Oct/2025:05:44:24 -0700] "GET /shopdetail43126480?kg=0042767213 HTTP/1.1" 200 31807 "-" "Mozilla/5.0 (Linux; Android 6.0.1; Nexus 5X Build/MMB29P) AppleWebKit/537.36 (KHTML, like Gecko) Chrome/141.0.7390.122 Mobile Safari/537.36 (compatible; Googlebot/2.1; +http://www.google.com/bot.html)" 
66.249.68.133 - - [24/Oct/2025:05:44:58 -0700] "GET /shopdetail308114328?kg=0305546828 HTTP/1.1" 200 30346 "-" "Mozilla/5.0 (Linux; Android 6.0.1; Nexus 5X Build/MMB29P) AppleWebKit/537.36 (KHTML, like Gecko) Chrome/141.0.7390.122 Mobile Safari/537.36 (compatible; GoogleOther)" 
194.35.120.34 - - [24/Oct/2025:05:45:09 -0700] "GET /wp-login.php HTTP/2.0" 200 2052 "-" "Mozilla/5.0 (Windows NT 6.1; Win64; x64) AppleWebKit/537.36 (KHTML, like Gecko) Chrome/52.0.2743.116 Safari/537.36 Edge/15.15063" 
64.90.53.137 - - [24/Oct/2025:05:45:12 -0700] "POST /wp-cron.php?doing_wp_cron=1761309912.3382370471954345703125 HTTP/1.1" 200 3634 "https://www.biblioglow.com/wp-cron.php?doing_wp_cron=1761309912.3382370471954345703125" "WordPress/6.1.9; https://www.biblioglow.com" 
194.35.120.34 - - [24/Oct/2025:05:45:15 -0700] "POST /wp-login.php HTTP/2.0" 200 2065 "https://www.biblioglow.com/wp-login.php" "Mozilla/5.0 (Windows NT 6.1; Win64; x64) AppleWebKit/537.36 (KHTML, like Gecko) Chrome/52.0.2743.116 Safari/537.36 Edge/15.15063" 
66.249.68.135 - - [24/Oct/2025:05:45:29 -0700] "GET /shopdetail68352120?kg=0067782640 HTTP/1.1" 200 30911 "-" "Mozilla/5.0 (Linux; Android 6.0.1; Nexus 5X Build/MMB29P) AppleWebKit/537.36 (KHTML, like Gecko) Chrome/141.0.7390.122 Mobile Safari/537.36 (compatible; Googlebot/2.1; +http://www.google.com/bot.html)" 
37.139.53.46 - - [24/Oct/2025:05:45:57 -0700] "GET /2020/07/03/the-hamilton-affair-discussion-questions/ HTTP/1.0" 301 3575 "https://biblioglow.com/2020/07/03/the-hamilton-affair-discussion-questions/" "Mozilla/5.0 (Windows NT 10.0; Win64; x64) AppleWebKit/537.36 (KHTML, like Gecko) Chrome/130.0.0.0 Safari/537.36 CCleaner/130.0.0.0" 
37.139.53.46 - - [24/Oct/2025:05:45:58 -0700] "GET /2020/07/03/the-hamilton-affair-discussion-questions/ HTTP/1.0" 200 89613 "https://www.biblioglow.com/2020/07/03/the-hamilton-affair-discussion-questions/" "Mozilla/5.0 (Windows NT 10.0; Win64; x64) AppleWebKit/537.36 (KHTML, like Gecko) Chrome/130.0.0.0 Safari/537.36 CCleaner/130.0.0.0" 
37.139.53.46 - - [24/Oct/2025:05:46:01 -0700] "POST /wp-comments-post.php HTTP/1.0" 302 4025 "https://www.biblioglow.com/2020/07/03/the-hamilton-affair-discussion-questions/" "Mozilla/5.0 (Windows NT 10.0; Win64; x64) AppleWebKit/537.36 (KHTML, like Gecko) Chrome/130.0.0.0 Safari/537.36 CCleaner/130.0.0.0" 
37.139.53.46 - - [24/Oct/2025:05:46:17 -0700] "GET /2020/07/03/the-hamilton-affair-discussion-questions/ HTTP/1.0" 200 91817 "https://www.biblioglow.com/2020/07/03/the-hamilton-affair-discussion-questions/#comment-19416" "Mozilla/5.0 (Windows NT 10.0; Win64; x64) AppleWebKit/537.36 (KHTML, like Gecko) Chrome/130.0.0.0 Safari/537.36 CCleaner/130.0.0.0" 
64.90.53.137 - - [24/Oct/2025:05:46:19 -0700] "POST /wp-cron.php?doing_wp_cron=1761309979.5498239994049072265625 HTTP/1.1" 200 3634 "https://www.biblioglow.com/wp-cron.php?doing_wp_cron=1761309979.5498239994049072265625" "WordPress/6.1.9; https://www.biblioglow.com" 
66.249.68.134 - - [24/Oct/2025:05:46:27 -0700] "GET /shopdetail318982072?kg=0316324008 HTTP/1.1" 200 30671 "-" "Mozilla/5.0 (Linux; Android 6.0.1; Nexus 5X Build/MMB29P) AppleWebKit/537.36 (KHTML, like Gecko) Chrome/141.0.7390.122 Mobile Safari/537.36 (compatible; GoogleOther)" 
66.249.79.4 - - [24/Oct/2025:05:46:53 -0700] "GET /robots.txt HTTP/1.1" 200 3853 "-" "Mozilla/5.0 (compatible; Googlebot/2.1; +http://www.google.com/bot.html)" 
66.249.79.4 - - [24/Oct/2025:05:46:54 -0700] "GET /shopdetail7773248?kg=0007708591 HTTP/1.1" 200 27773 "-" "Mozilla/5.0 (compatible; Googlebot/2.1; +http://www.google.com/bot.html)" 
66.249.68.135 - - [24/Oct/2025:05:47:04 -0700] "GET /shopdetail320399984?kg=0317730105 HTTP/1.1" 200 31095 "-" "Mozilla/5.0 (Linux; Android 6.0.1; Nexus 5X Build/MMB29P) AppleWebKit/537.36 (KHTML, like Gecko) Chrome/141.0.7390.122 Mobile Safari/537.36 (compatible; GoogleOther)" 
66.249.68.133 - - [24/Oct/2025:05:48:50 -0700] "GET /shopdetail305619008?kg=0303072303 HTTP/1.1" 200 31625 "-" "Mozilla/5.0 (Linux; Android 6.0.1; Nexus 5X Build/MMB29P) AppleWebKit/537.36 (KHTML, like Gecko) Chrome/141.0.7390.122 Mobile Safari/537.36 (compatible; GoogleOther)" 
66.249.68.134 - - [24/Oct/2025:05:49:43 -0700] "GET /shopdetail307603472?kg=0305040229 HTTP/1.1" 200 31887 "-" "Mozilla/5.0 (Linux; Android 6.0.1; Nexus 5X Build/MMB29P) AppleWebKit/537.36 (KHTML, like Gecko) Chrome/141.0.7390.122 Mobile Safari/537.36 (compatible; GoogleOther)" 
66.249.68.133 - - [24/Oct/2025:05:51:39 -0700] "GET /shopdetail72179376?kg=0071578001 HTTP/1.1" 200 33902 "-" "Mozilla/5.0 (Linux; Android 6.0.1; Nexus 5X Build/MMB29P) AppleWebKit/537.36 (KHTML, like Gecko) Chrome/141.0.7390.122 Mobile Safari/537.36 (compatible; GoogleOther)" 
66.249.68.135 - - [24/Oct/2025:05:52:22 -0700] "GET /shopdetail185392040?kg=0183847226 HTTP/1.1" 200 30908 "-" "Mozilla/5.0 (Linux; Android 6.0.1; Nexus 5X Build/MMB29P) AppleWebKit/537.36 (KHTML, like Gecko) Chrome/141.0.7390.122 Mobile Safari/537.36 (compatible; GoogleOther)" 
66.249.68.133 - - [24/Oct/2025:05:53:26 -0700] "GET /shopdetail6510432?kg=0006456299 HTTP/1.1" 200 30563 "-" "Mozilla/5.0 (Linux; Android 6.0.1; Nexus 5X Build/MMB29P) AppleWebKit/537.36 (KHTML, like Gecko) Chrome/141.0.7390.122 Mobile Safari/537.36 (compatible; Googlebot/2.1; +http://www.google.com/bot.html)" 
66.249.79.4 - - [24/Oct/2025:05:53:27 -0700] "GET /shopdetail7141160?kg=0007081770 HTTP/1.1" 200 30735 "-" "Mozilla/5.0 (Linux; Android 6.0.1; Nexus 5X Build/MMB29P) AppleWebKit/537.36 (KHTML, like Gecko) Chrome/141.0.7390.122 Mobile Safari/537.36 (compatible; Googlebot/2.1; +http://www.google.com/bot.html)" 
52.167.144.193 - - [24/Oct/2025:05:53:45 -0700] "GET /shopdetail227255720?kg=0225362042 HTTP/2.0" 200 27529 "-" "Mozilla/5.0 AppleWebKit/537.36 (KHTML, like Gecko; compatible; bingbot/2.0; +http://www.bing.com/bingbot.htm) Chrome/116.0.1938.76 Safari/537.36" 
66.249.68.134 - - [24/Oct/2025:05:54:17 -0700] "GET /shopdetail72510704?kg=0071906569 HTTP/1.1" 200 30848 "-" "Mozilla/5.0 (Linux; Android 6.0.1; Nexus 5X Build/MMB29P) AppleWebKit/537.36 (KHTML, like Gecko) Chrome/141.0.7390.122 Mobile Safari/537.36 (compatible; GoogleOther)" 
66.249.68.133 - - [24/Oct/2025:05:54:59 -0700] "GET /shopdetail29260240?kg=0029016525 HTTP/1.1" 200 32271 "-" "Mozilla/5.0 (Linux; Android 6.0.1; Nexus 5X Build/MMB29P) AppleWebKit/537.36 (KHTML, like Gecko) Chrome/141.0.7390.122 Mobile Safari/537.36 (compatible; GoogleOther)" 
43.157.158.178 - - [24/Oct/2025:05:55:10 -0700] "GET / HTTP/1.1" 301 3674 "http://biblioglow.com" "Mozilla/5.0 (iPhone; CPU iPhone OS 13_2_3 like Mac OS X) AppleWebKit/605.1.15 (KHTML, like Gecko) Version/13.0.3 Mobile/15E148 Safari/604.1" 
64.90.53.137 - - [24/Oct/2025:05:55:15 -0700] "POST /wp-cron.php?doing_wp_cron=1761310515.5454409122467041015625 HTTP/1.1" 200 3634 "https://www.biblioglow.com/wp-cron.php?doing_wp_cron=1761310515.5454409122467041015625" "WordPress/6.1.9; https://www.biblioglow.com" 
43.157.158.178 - - [24/Oct/2025:05:55:17 -0700] "GET / HTTP/1.1" 200 16879 "https://biblioglow.com/" "Mozilla/5.0 (iPhone; CPU iPhone OS 13_2_3 like Mac OS X) AppleWebKit/605.1.15 (KHTML, like Gecko) Version/13.0.3 Mobile/15E148 Safari/604.1" 
66.249.68.134 - - [24/Oct/2025:05:56:44 -0700] "GET /shopdetail185026272?kg=0183484507 HTTP/1.1" 200 32498 "-" "Mozilla/5.0 (Linux; Android 6.0.1; Nexus 5X Build/MMB29P) AppleWebKit/537.36 (KHTML, like Gecko) Chrome/141.0.7390.122 Mobile Safari/537.36 (compatible; GoogleOther)" 
66.249.68.134 - - [24/Oct/2025:05:57:29 -0700] "GET /shopdetail185381472?kg=0183836747 HTTP/1.1" 200 30985 "-" "Mozilla/5.0 (Linux; Android 6.0.1; Nexus 5X Build/MMB29P) AppleWebKit/537.36 (KHTML, like Gecko) Chrome/141.0.7390.122 Mobile Safari/537.36 (compatible; GoogleOther)" 
66.249.68.133 - - [24/Oct/2025:05:59:36 -0700] "GET /shopdetail30257552?kg=0030005525 HTTP/1.1" 200 35036 "-" "Mozilla/5.0 (Linux; Android 6.0.1; Nexus 5X Build/MMB29P) AppleWebKit/537.36 (KHTML, like Gecko) Chrome/141.0.7390.122 Mobile Safari/537.36 (compatible; GoogleOther)" 
66.249.68.135 - - [24/Oct/2025:06:00:05 -0700] "GET /shopdetail185392856?kg=0183848036 HTTP/1.1" 200 33048 "-" "Mozilla/5.0 (Linux; Android 6.0.1; Nexus 5X Build/MMB29P) AppleWebKit/537.36 (KHTML, like Gecko) Chrome/141.0.7390.122 Mobile Safari/537.36 (compatible; GoogleOther)" 
66.249.68.133 - - [24/Oct/2025:06:00:49 -0700] "GET /?shopdetail285745496?kg=0283364404 HTTP/1.1" 200 31148 "-" "Mozilla/5.0 (compatible; Googlebot/2.1; +http://www.google.com/bot.html)" 
66.249.68.133 - - [24/Oct/2025:06:00:51 -0700] "GET /?shopdetail285745496?kg=0283364404 HTTP/1.1" 200 27811 "-" "Mozilla/5.0 (compatible; Googlebot/2.1; +http://www.google.com/bot.html)" 
157.55.39.15 - - [24/Oct/2025:06:02:05 -0700] "GET /shopdetail80255168?kg=0079586495 HTTP/2.0" 200 26825 "-" "Mozilla/5.0 AppleWebKit/537.36 (KHTML, like Gecko; compatible; bingbot/2.0; +http://www.bing.com/bingbot.htm) Chrome/116.0.1938.76 Safari/537.36" 
66.249.68.135 - - [24/Oct/2025:06:02:11 -0700] "GET /shopdetail319737736?kg=0317073374 HTTP/1.1" 200 31631 "-" "Mozilla/5.0 (Linux; Android 6.0.1; Nexus 5X Build/MMB29P) AppleWebKit/537.36 (KHTML, like Gecko) Chrome/141.0.7390.122 Mobile Safari/537.36 (compatible; GoogleOther)" 
66.249.68.133 - - [24/Oct/2025:06:02:54 -0700] "GET /shopdetail29999848?kg=0029749970 HTTP/1.1" 200 31354 "-" "Mozilla/5.0 (Linux; Android 6.0.1; Nexus 5X Build/MMB29P) AppleWebKit/537.36 (KHTML, like Gecko) Chrome/141.0.7390.122 Mobile Safari/537.36 (compatible; GoogleOther)" 
66.249.68.135 - - [24/Oct/2025:06:05:03 -0700] "GET /shopdetail56274912?kg=0055806075 HTTP/1.1" 200 30513 "-" "Mozilla/5.0 (Linux; Android 6.0.1; Nexus 5X Build/MMB29P) AppleWebKit/537.36 (KHTML, like Gecko) Chrome/141.0.7390.122 Mobile Safari/537.36 (compatible; GoogleOther)" 
66.249.68.133 - - [24/Oct/2025:06:05:50 -0700] "GET /shopdetail308086344?kg=0305519078 HTTP/1.1" 200 31099 "-" "Mozilla/5.0 (Linux; Android 6.0.1; Nexus 5X Build/MMB29P) AppleWebKit/537.36 (KHTML, like Gecko) Chrome/141.0.7390.122 Mobile Safari/537.36 (compatible; GoogleOther)" 
66.249.68.135 - - [24/Oct/2025:06:07:15 -0700] "GET /shopdetail30844240?kg=0030587325 HTTP/1.1" 200 30908 "-" "Mozilla/5.0 (Linux; Android 6.0.1; Nexus 5X Build/MMB29P) AppleWebKit/537.36 (KHTML, like Gecko) Chrome/141.0.7390.122 Mobile Safari/537.36 (compatible; GoogleOther)" 
66.249.68.133 - - [24/Oct/2025:06:07:58 -0700] "GET /shopdetail319914224?kg=0317248393 HTTP/1.1" 200 30675 "-" "Mozilla/5.0 (Linux; Android 6.0.1; Nexus 5X Build/MMB29P) AppleWebKit/537.36 (KHTML, like Gecko) Chrome/141.0.7390.122 Mobile Safari/537.36 (compatible; GoogleOther)" 
