66.249.68.133 - - [24/Oct/2025:23:01:48 -0700] "GET /shopdetail324500288?kg=0321796239 HTTP/1.1" 200 31223 "-" "Mozilla/5.0 (Linux; Android 6.0.1; Nexus 5X Build/MMB29P) AppleWebKit/537.36 (KHTML, like Gecko) Chrome/141.0.7390.122 Mobile Safari/537.36 (compatible; GoogleOther)" 
66.249.68.135 - - [24/Oct/2025:23:02:07 -0700] "GET /shopdetail58017728?kg=0057534367 HTTP/1.1" 200 31191 "-" "Mozilla/5.0 (Linux; Android 6.0.1; Nexus 5X Build/MMB29P) AppleWebKit/537.36 (KHTML, like Gecko) Chrome/141.0.7390.122 Mobile Safari/537.36 (compatible; GoogleOther)" 
66.249.68.134 - - [24/Oct/2025:23:02:30 -0700] "GET /shopdetail68359392?kg=0067789851 HTTP/1.1" 200 30722 "-" "Mozilla/5.0 (compatible; Googlebot/2.1; +http://www.google.com/bot.html)" 
66.249.68.133 - - [24/Oct/2025:23:02:33 -0700] "GET /shopdetail187649688?kg=0186086060 HTTP/1.1" 200 30700 "-" "Mozilla/5.0 (Linux; Android 6.0.1; Nexus 5X Build/MMB29P) AppleWebKit/537.36 (KHTML, like Gecko) Chrome/141.0.7390.122 Mobile Safari/537.36 (compatible; GoogleOther)" 
64.90.53.137 - - [24/Oct/2025:23:02:38 -0700] "POST /wp-cron.php?doing_wp_cron=1761372158.7079811096191406250000 HTTP/1.1" 200 3634 "https://www.biblioglow.com/wp-cron.php?doing_wp_cron=1761372158.7079811096191406250000" "WordPress/6.1.9; https://www.biblioglow.com" 
114.119.156.60 - - [24/Oct/2025:23:02:38 -0700] "GET /shopdetail197605568?kg=0195958975 HTTP/1.1" 301 3732 "https://biblioglow.com/sitemap.xml" "Mozilla/5.0 (Linux; Android 7.0;) AppleWebKit/537.36 (KHTML, like Gecko) Mobile Safari/537.36 (compatible; PetalBot;+https://webmaster.petalsearch.com/site/petalbot)" 
114.119.156.60 - - [24/Oct/2025:23:02:41 -0700] "GET /shopdetail197605568?kg=0195958975 HTTP/1.1" 404 51133 "https://biblioglow.com/sitemap.xml" "Mozilla/5.0 (Linux; Android 7.0;) AppleWebKit/537.36 (KHTML, like Gecko) Mobile Safari/537.36 (compatible; PetalBot;+https://webmaster.petalsearch.com/site/petalbot)" 
66.249.68.133 - - [24/Oct/2025:23:02:54 -0700] "GET /shopdetail325090968?kg=0322381996 HTTP/1.1" 200 32020 "-" "Mozilla/5.0 (Linux; Android 6.0.1; Nexus 5X Build/MMB29P) AppleWebKit/537.36 (KHTML, like Gecko) Chrome/141.0.7390.122 Mobile Safari/537.36 (compatible; GoogleOther)" 
66.249.68.133 - - [24/Oct/2025:23:03:17 -0700] "GET /shopdetail309504680?kg=0306925594 HTTP/1.1" 200 30501 "-" "Mozilla/5.0 (Linux; Android 6.0.1; Nexus 5X Build/MMB29P) AppleWebKit/537.36 (KHTML, like Gecko) Chrome/141.0.7390.122 Mobile Safari/537.36 (compatible; GoogleOther)" 
52.167.144.180 - - [24/Oct/2025:23:03:33 -0700] "GET /shopdetail302365560?kg=0299845968 HTTP/2.0" 200 26943 "-" "Mozilla/5.0 AppleWebKit/537.36 (KHTML, like Gecko; compatible; bingbot/2.0; +http://www.bing.com/bingbot.htm) Chrome/116.0.1938.76 Safari/537.36" 
66.249.68.134 - - [24/Oct/2025:23:03:40 -0700] "GET /shopdetail310010320?kg=0307427021 HTTP/1.1" 200 30598 "-" "Mozilla/5.0 (Linux; Android 6.0.1; Nexus 5X Build/MMB29P) AppleWebKit/537.36 (KHTML, like Gecko) Chrome/141.0.7390.122 Mobile Safari/537.36 (compatible; GoogleOther)" 
64.90.53.137 - - [24/Oct/2025:23:03:59 -0700] "POST /wp-cron.php?doing_wp_cron=1761372238.9954059123992919921875 HTTP/1.1" 200 3634 "https://www.biblioglow.com/wp-cron.php?doing_wp_cron=1761372238.9954059123992919921875" "WordPress/6.1.9; https://www.biblioglow.com" 
114.119.156.60 - - [24/Oct/2025:23:03:58 -0700] "GET /shopdetail197604616?kg=0195958030 HTTP/1.1" 301 3732 "https://biblioglow.com/sitemap.xml" "Mozilla/5.0 (Linux; Android 7.0;) AppleWebKit/537.36 (KHTML, like Gecko) Mobile Safari/537.36 (compatible; PetalBot;+https://webmaster.petalsearch.com/site/petalbot)" 
114.119.156.60 - - [24/Oct/2025:23:04:00 -0700] "GET /shopdetail197604616?kg=0195958030 HTTP/1.1" 404 51133 "https://biblioglow.com/sitemap.xml" "Mozilla/5.0 (Linux; Android 7.0;) AppleWebKit/537.36 (KHTML, like Gecko) Mobile Safari/537.36 (compatible; PetalBot;+https://webmaster.petalsearch.com/site/petalbot)" 
66.249.68.135 - - [24/Oct/2025:23:04:02 -0700] "GET /shopdetail159433080?kg=0158104592 HTTP/1.1" 200 31563 "-" "Mozilla/5.0 (Linux; Android 6.0.1; Nexus 5X Build/MMB29P) AppleWebKit/537.36 (KHTML, like Gecko) Chrome/141.0.7390.122 Mobile Safari/537.36 (compatible; GoogleOther)" 
66.249.68.133 - - [24/Oct/2025:23:04:26 -0700] "GET /shopdetail184345912?kg=0182809816 HTTP/1.1" 200 30536 "-" "Mozilla/5.0 (Linux; Android 6.0.1; Nexus 5X Build/MMB29P) AppleWebKit/537.36 (KHTML, like Gecko) Chrome/141.0.7390.122 Mobile Safari/537.36 (compatible; GoogleOther)" 
66.249.68.133 - - [24/Oct/2025:23:04:47 -0700] "GET /shopdetail320226640?kg=0317558205 HTTP/1.1" 200 31527 "-" "Mozilla/5.0 (Linux; Android 6.0.1; Nexus 5X Build/MMB29P) AppleWebKit/537.36 (KHTML, like Gecko) Chrome/141.0.7390.122 Mobile Safari/537.36 (compatible; GoogleOther)" 
34.146.150.145 - - [24/Oct/2025:23:04:57 -0700] "GET /favicon.ico HTTP/1.1" 200 3690 "https://biblioglow.com/shopdetail69062112?kg=0068486715" "Mozilla/5.0 (compatible; Googlebot/2.1; +http://www.google.com/bot.html)" 
34.146.150.149 - - [24/Oct/2025:23:05:07 -0700] "GET /shopdetail69062112?kg=0068486715 HTTP/1.1" 200 30558 "-" "Mozilla/5.0 (compatible; Googlebot/2.1; +http://www.google.com/bot.html)" 
66.249.68.133 - - [24/Oct/2025:23:05:12 -0700] "GET /shopdetail324340792?kg=0321638072 HTTP/1.1" 200 30425 "-" "Mozilla/5.0 (Linux; Android 6.0.1; Nexus 5X Build/MMB29P) AppleWebKit/537.36 (KHTML, like Gecko) Chrome/141.0.7390.122 Mobile Safari/537.36 (compatible; GoogleOther)" 
64.90.53.137 - - [24/Oct/2025:23:05:23 -0700] "POST /wp-cron.php?doing_wp_cron=1761372322.9976160526275634765625 HTTP/1.1" 200 3634 "https://www.biblioglow.com/wp-cron.php?doing_wp_cron=1761372322.9976160526275634765625" "WordPress/6.1.9; https://www.biblioglow.com" 
114.119.130.109 - - [24/Oct/2025:23:05:22 -0700] "GET /shopdetail197603784?kg=0195957206 HTTP/1.1" 301 3732 "https://biblioglow.com/sitemap.xml" "Mozilla/5.0 (Linux; Android 7.0;) AppleWebKit/537.36 (KHTML, like Gecko) Mobile Safari/537.36 (compatible; PetalBot;+https://webmaster.petalsearch.com/site/petalbot)" 
114.119.130.109 - - [24/Oct/2025:23:05:24 -0700] "GET /shopdetail197603784?kg=0195957206 HTTP/1.1" 404 51133 "https://biblioglow.com/sitemap.xml" "Mozilla/5.0 (Linux; Android 7.0;) AppleWebKit/537.36 (KHTML, like Gecko) Mobile Safari/537.36 (compatible; PetalBot;+https://webmaster.petalsearch.com/site/petalbot)" 
66.249.68.133 - - [24/Oct/2025:23:05:32 -0700] "GET /shopdetail187141432?kg=0185582040 HTTP/1.1" 200 30994 "-" "Mozilla/5.0 (Linux; Android 6.0.1; Nexus 5X Build/MMB29P) AppleWebKit/537.36 (KHTML, like Gecko) Chrome/141.0.7390.122 Mobile Safari/537.36 (compatible; GoogleOther)" 
66.249.68.133 - - [24/Oct/2025:23:05:58 -0700] "GET /shopdetail309383040?kg=0306804967 HTTP/1.1" 200 30772 "-" "Mozilla/5.0 (Linux; Android 6.0.1; Nexus 5X Build/MMB29P) AppleWebKit/537.36 (KHTML, like Gecko) Chrome/141.0.7390.122 Mobile Safari/537.36 (compatible; GoogleOther)" 
66.249.68.135 - - [24/Oct/2025:23:06:17 -0700] "GET /shopdetail187449040?kg=0185887085 HTTP/1.1" 200 31832 "-" "Mozilla/5.0 (Linux; Android 6.0.1; Nexus 5X Build/MMB29P) AppleWebKit/537.36 (KHTML, like Gecko) Chrome/141.0.7390.122 Mobile Safari/537.36 (compatible; GoogleOther)" 
66.249.68.134 - - [24/Oct/2025:23:06:44 -0700] "GET /shopdetail308768352?kg=0306195403 HTTP/1.1" 200 31982 "-" "Mozilla/5.0 (Linux; Android 6.0.1; Nexus 5X Build/MMB29P) AppleWebKit/537.36 (KHTML, like Gecko) Chrome/141.0.7390.122 Mobile Safari/537.36 (compatible; GoogleOther)" 
64.90.53.137 - - [24/Oct/2025:23:06:47 -0700] "POST /wp-cron.php?doing_wp_cron=1761372407.0020968914031982421875 HTTP/1.1" 200 3634 "https://www.biblioglow.com/wp-cron.php?doing_wp_cron=1761372407.0020968914031982421875" "WordPress/6.1.9; https://www.biblioglow.com" 
114.119.130.109 - - [24/Oct/2025:23:06:46 -0700] "GET /shopdetail197601728?kg=0195955167 HTTP/1.1" 301 3732 "https://biblioglow.com/sitemap.xml" "Mozilla/5.0 (Linux; Android 7.0;) AppleWebKit/537.36 (KHTML, like Gecko) Mobile Safari/537.36 (compatible; PetalBot;+https://webmaster.petalsearch.com/site/petalbot)" 
114.119.130.109 - - [24/Oct/2025:23:06:48 -0700] "GET /shopdetail197601728?kg=0195955167 HTTP/1.1" 404 51133 "https://biblioglow.com/sitemap.xml" "Mozilla/5.0 (Linux; Android 7.0;) AppleWebKit/537.36 (KHTML, like Gecko) Mobile Safari/537.36 (compatible; PetalBot;+https://webmaster.petalsearch.com/site/petalbot)" 
66.249.68.134 - - [24/Oct/2025:23:07:01 -0700] "GET /shopdetail159865368?kg=0158533276 HTTP/1.1" 200 30819 "-" "Mozilla/5.0 (Linux; Android 6.0.1; Nexus 5X Build/MMB29P) AppleWebKit/537.36 (KHTML, like Gecko) Chrome/141.0.7390.122 Mobile Safari/537.36 (compatible; GoogleOther)" 
66.249.68.133 - - [24/Oct/2025:23:07:30 -0700] "GET /shopdetail32146408?kg=0031878642 HTTP/1.1" 200 30604 "-" "Mozilla/5.0 (Linux; Android 6.0.1; Nexus 5X Build/MMB29P) AppleWebKit/537.36 (KHTML, like Gecko) Chrome/141.0.7390.122 Mobile Safari/537.36 (compatible; GoogleOther)" 
66.249.68.133 - - [24/Oct/2025:23:07:46 -0700] "GET /shopdetail58284472?kg=0057798888 HTTP/1.1" 200 30266 "-" "Mozilla/5.0 (Linux; Android 6.0.1; Nexus 5X Build/MMB29P) AppleWebKit/537.36 (KHTML, like Gecko) Chrome/141.0.7390.122 Mobile Safari/537.36 (compatible; GoogleOther)" 
64.90.53.137 - - [24/Oct/2025:23:08:10 -0700] "POST /wp-cron.php?doing_wp_cron=1761372490.4080290794372558593750 HTTP/1.1" 200 3634 "https://www.biblioglow.com/wp-cron.php?doing_wp_cron=1761372490.4080290794372558593750" "WordPress/6.1.9; https://www.biblioglow.com" 
114.119.156.60 - - [24/Oct/2025:23:08:09 -0700] "GET /shopdetail197601048?kg=0195954492 HTTP/1.1" 301 3732 "https://biblioglow.com/sitemap.xml" "Mozilla/5.0 (Linux; Android 7.0;) AppleWebKit/537.36 (KHTML, like Gecko) Mobile Safari/537.36 (compatible; PetalBot;+https://webmaster.petalsearch.com/site/petalbot)" 
114.119.156.60 - - [24/Oct/2025:23:08:11 -0700] "GET /shopdetail197601048?kg=0195954492 HTTP/1.1" 404 51133 "https://biblioglow.com/sitemap.xml" "Mozilla/5.0 (Linux; Android 7.0;) AppleWebKit/537.36 (KHTML, like Gecko) Mobile Safari/537.36 (compatible; PetalBot;+https://webmaster.petalsearch.com/site/petalbot)" 
66.249.79.6 - - [24/Oct/2025:23:08:14 -0700] "GET /2020/06/29/the-hamilton-affair-review HTTP/1.1" 200 31904 "-" "Mozilla/5.0 (Linux; Android 6.0.1; Nexus 5X Build/MMB29P) AppleWebKit/537.36 (KHTML, like Gecko) Chrome/141.0.7390.122 Mobile Safari/537.36 (compatible; Googlebot/2.1; +http://www.google.com/bot.html)" 
66.249.68.133 - - [24/Oct/2025:23:08:17 -0700] "GET /shopdetail75595464?kg=0074965622 HTTP/1.1" 200 31179 "-" "Mozilla/5.0 (Linux; Android 6.0.1; Nexus 5X Build/MMB29P) AppleWebKit/537.36 (KHTML, like Gecko) Chrome/141.0.7390.122 Mobile Safari/537.36 (compatible; GoogleOther)" 
66.249.68.134 - - [24/Oct/2025:23:08:31 -0700] "GET /shopdetail58157072?kg=0057672549 HTTP/1.1" 200 30801 "-" "Mozilla/5.0 (Linux; Android 6.0.1; Nexus 5X Build/MMB29P) AppleWebKit/537.36 (KHTML, like Gecko) Chrome/141.0.7390.122 Mobile Safari/537.36 (compatible; GoogleOther)" 
66.249.68.134 - - [24/Oct/2025:23:09:03 -0700] "GET /shopdetail34016640?kg=0033733287 HTTP/1.1" 200 30498 "-" "Mozilla/5.0 (Linux; Android 6.0.1; Nexus 5X Build/MMB29P) AppleWebKit/537.36 (KHTML, like Gecko) Chrome/141.0.7390.122 Mobile Safari/537.36 (compatible; GoogleOther)" 
66.249.68.133 - - [24/Oct/2025:23:09:16 -0700] "GET /shopdetail324539368?kg=0321834994 HTTP/1.1" 200 30883 "-" "Mozilla/5.0 (Linux; Android 6.0.1; Nexus 5X Build/MMB29P) AppleWebKit/537.36 (KHTML, like Gecko) Chrome/141.0.7390.122 Mobile Safari/537.36 (compatible; GoogleOther)" 
34.146.150.150 - - [24/Oct/2025:23:09:20 -0700] "GET /shop/pg/1005024164 HTTP/1.1" 200 31024 "https://biblioglow.com/shopdetail69062112?kg=0068486715" "Mozilla/5.0 (compatible; Googlebot/2.1; +http://www.google.com/bot.html)" 
64.90.53.137 - - [24/Oct/2025:23:09:25 -0700] "POST /wp-cron.php?doing_wp_cron=1761372565.3392050266265869140625 HTTP/1.1" 200 3634 "https://www.biblioglow.com/wp-cron.php?doing_wp_cron=1761372565.3392050266265869140625" "WordPress/6.1.9; https://www.biblioglow.com" 
83.217.213.120 - - [24/Oct/2025:23:09:24 -0700] "GET /2020/07/03/the-hamilton-affair-discussion-questions/ HTTP/1.0" 200 89614 "https://www.biblioglow.com/2020/07/03/the-hamilton-affair-discussion-questions/" "Mozilla/5.0 (Windows NT 10.0; Win64; x64) AppleWebKit/537.36 (KHTML, like Gecko) Chrome/130.0.0.0 Safari/537.36 CCleaner/130.0.0.0" 
83.217.213.120 - - [24/Oct/2025:23:09:27 -0700] "GET /category/discussion/ HTTP/1.0" 200 82058 "https://www.biblioglow.com/category/discussion/" "Mozilla/5.0 (Windows NT 10.0; Win64; x64) AppleWebKit/537.36 (KHTML, like Gecko) Chrome/130.0.0.0 Safari/537.36 CCleaner/130.0.0.0" 
83.217.213.120 - - [24/Oct/2025:23:09:29 -0700] "GET /2020/07/03/the-hamilton-affair-discussion-questions/ HTTP/1.0" 200 89613 "https://www.biblioglow.com/2020/07/03/the-hamilton-affair-discussion-questions/" "Mozilla/5.0 (Windows NT 10.0; Win64; x64) AppleWebKit/537.36 (KHTML, like Gecko) Chrome/130.0.0.0 Safari/537.36 CCleaner/130.0.0.0" 
83.217.213.120 - - [24/Oct/2025:23:09:32 -0700] "GET /the-shelf/discussion-guides/ HTTP/1.0" 200 84381 "https://www.biblioglow.com/the-shelf/discussion-guides/" "Mozilla/5.0 (Windows NT 10.0; Win64; x64) AppleWebKit/537.36 (KHTML, like Gecko) Chrome/130.0.0.0 Safari/537.36 CCleaner/130.0.0.0" 
114.119.129.24 - - [24/Oct/2025:23:09:36 -0700] "GET /shopdetail197599944?kg=0195953398 HTTP/1.1" 301 3732 "https://biblioglow.com/sitemap.xml" "Mozilla/5.0 (Linux; Android 7.0;) AppleWebKit/537.36 (KHTML, like Gecko) Mobile Safari/537.36 (compatible; PetalBot;+https://webmaster.petalsearch.com/site/petalbot)" 
114.119.129.24 - - [24/Oct/2025:23:09:39 -0700] "GET /shopdetail197599944?kg=0195953398 HTTP/1.1" 404 51133 "https://biblioglow.com/sitemap.xml" "Mozilla/5.0 (Linux; Android 7.0;) AppleWebKit/537.36 (KHTML, like Gecko) Mobile Safari/537.36 (compatible; PetalBot;+https://webmaster.petalsearch.com/site/petalbot)" 
66.249.68.133 - - [24/Oct/2025:23:09:49 -0700] "GET /shopdetail160934808?kg=0159593804 HTTP/1.1" 200 31033 "-" "Mozilla/5.0 (Linux; Android 6.0.1; Nexus 5X Build/MMB29P) AppleWebKit/537.36 (KHTML, like Gecko) Chrome/141.0.7390.122 Mobile Safari/537.36 (compatible; GoogleOther)" 
66.249.68.135 - - [24/Oct/2025:23:10:00 -0700] "GET /shopdetail32036016?kg=0031769169 HTTP/1.1" 200 30895 "-" "Mozilla/5.0 (Linux; Android 6.0.1; Nexus 5X Build/MMB29P) AppleWebKit/537.36 (KHTML, like Gecko) Chrome/141.0.7390.122 Mobile Safari/537.36 (compatible; GoogleOther)" 
34.146.150.144 - - [24/Oct/2025:23:10:05 -0700] "GET /shop/cart/cart.aspx HTTP/1.1" 200 31821 "-" "Mozilla/5.0 (compatible; Googlebot/2.1; +http://www.google.com/bot.html)" 
66.249.68.133 - - [24/Oct/2025:23:10:35 -0700] "GET /shopdetail324913496?kg=0322206004 HTTP/1.1" 200 30876 "-" "Mozilla/5.0 (Linux; Android 6.0.1; Nexus 5X Build/MMB29P) AppleWebKit/537.36 (KHTML, like Gecko) Chrome/141.0.7390.122 Mobile Safari/537.36 (compatible; GoogleOther)" 
66.249.68.133 - - [24/Oct/2025:23:10:45 -0700] "GET /shopdetail187459472?kg=0185897429 HTTP/1.1" 200 31628 "-" "Mozilla/5.0 (Linux; Android 6.0.1; Nexus 5X Build/MMB29P) AppleWebKit/537.36 (KHTML, like Gecko) Chrome/141.0.7390.122 Mobile Safari/537.36 (compatible; GoogleOther)" 
64.90.53.137 - - [24/Oct/2025:23:11:04 -0700] "POST /wp-cron.php?doing_wp_cron=1761372664.7893590927124023437500 HTTP/1.1" 200 3634 "https://www.biblioglow.com/wp-cron.php?doing_wp_cron=1761372664.7893590927124023437500" "WordPress/6.1.9; https://www.biblioglow.com" 
114.119.130.109 - - [24/Oct/2025:23:11:04 -0700] "GET /shopdetail197599536?kg=0195952993 HTTP/1.1" 301 3732 "https://biblioglow.com/sitemap.xml" "Mozilla/5.0 (Linux; Android 7.0;) AppleWebKit/537.36 (KHTML, like Gecko) Mobile Safari/537.36 (compatible; PetalBot;+https://webmaster.petalsearch.com/site/petalbot)" 
114.119.130.109 - - [24/Oct/2025:23:11:06 -0700] "GET /shopdetail197599536?kg=0195952993 HTTP/1.1" 404 51133 "https://biblioglow.com/sitemap.xml" "Mozilla/5.0 (Linux; Android 7.0;) AppleWebKit/537.36 (KHTML, like Gecko) Mobile Safari/537.36 (compatible; PetalBot;+https://webmaster.petalsearch.com/site/petalbot)" 
66.249.68.134 - - [24/Oct/2025:23:11:21 -0700] "GET /shopdetail33434048?kg=0033155551 HTTP/1.1" 200 30893 "-" "Mozilla/5.0 (Linux; Android 6.0.1; Nexus 5X Build/MMB29P) AppleWebKit/537.36 (KHTML, like Gecko) Chrome/141.0.7390.122 Mobile Safari/537.36 (compatible; GoogleOther)" 
66.249.68.133 - - [24/Oct/2025:23:11:30 -0700] "GET /shopdetail308957888?kg=0306383359 HTTP/1.1" 200 30853 "-" "Mozilla/5.0 (Linux; Android 6.0.1; Nexus 5X Build/MMB29P) AppleWebKit/537.36 (KHTML, like Gecko) Chrome/141.0.7390.122 Mobile Safari/537.36 (compatible; GoogleOther)" 
66.249.68.133 - - [24/Oct/2025:23:12:07 -0700] "GET /shopdetail34019376?kg=0033736001 HTTP/1.1" 200 30631 "-" "Mozilla/5.0 (Linux; Android 6.0.1; Nexus 5X Build/MMB29P) AppleWebKit/537.36 (KHTML, like Gecko) Chrome/141.0.7390.122 Mobile Safari/537.36 (compatible; GoogleOther)" 
66.249.68.133 - - [24/Oct/2025:23:12:15 -0700] "GET /shopdetail73363608?kg=0072752364 HTTP/1.1" 200 31481 "-" "Mozilla/5.0 (Linux; Android 6.0.1; Nexus 5X Build/MMB29P) AppleWebKit/537.36 (KHTML, like Gecko) Chrome/141.0.7390.122 Mobile Safari/537.36 (compatible; GoogleOther)" 
64.90.53.137 - - [24/Oct/2025:23:12:21 -0700] "POST /wp-cron.php?doing_wp_cron=1761372741.7118060588836669921875 HTTP/1.1" 200 3634 "https://www.biblioglow.com/wp-cron.php?doing_wp_cron=1761372741.7118060588836669921875" "WordPress/6.1.9; https://www.biblioglow.com" 
114.119.130.109 - - [24/Oct/2025:23:12:20 -0700] "GET /shopdetail197598720?kg=0195952183 HTTP/1.1" 301 3732 "https://biblioglow.com/sitemap.xml" "Mozilla/5.0 (Linux; Android 7.0;) AppleWebKit/537.36 (KHTML, like Gecko) Mobile Safari/537.36 (compatible; PetalBot;+https://webmaster.petalsearch.com/site/petalbot)" 
114.119.130.109 - - [24/Oct/2025:23:12:23 -0700] "GET /shopdetail197598720?kg=0195952183 HTTP/1.1" 404 51133 "https://biblioglow.com/sitemap.xml" "Mozilla/5.0 (Linux; Android 7.0;) AppleWebKit/537.36 (KHTML, like Gecko) Mobile Safari/537.36 (compatible; PetalBot;+https://webmaster.petalsearch.com/site/petalbot)" 
85.208.96.207 - - [24/Oct/2025:23:12:30 -0700] "GET /shopdetail195027416?kg=0193402308 HTTP/1.1" 301 3732 "-" "Mozilla/5.0 (compatible; SemrushBot/7~bl; +http://www.semrush.com/bot.html)" 
85.208.96.206 - - [24/Oct/2025:23:12:31 -0700] "GET /shopdetail195027416?kg=0193402308 HTTP/1.1" 404 51133 "-" "Mozilla/5.0 (compatible; SemrushBot/7~bl; +http://www.semrush.com/bot.html)" 
66.249.68.133 - - [24/Oct/2025:23:12:54 -0700] "GET /shopdetail33658280?kg=0033377914 HTTP/1.1" 200 30710 "-" "Mozilla/5.0 (Linux; Android 6.0.1; Nexus 5X Build/MMB29P) AppleWebKit/537.36 (KHTML, like Gecko) Chrome/141.0.7390.122 Mobile Safari/537.36 (compatible; GoogleOther)" 
66.249.68.133 - - [24/Oct/2025:23:13:00 -0700] "GET /shopdetail308253248?kg=0305684591 HTTP/1.1" 200 30769 "-" "Mozilla/5.0 (Linux; Android 6.0.1; Nexus 5X Build/MMB29P) AppleWebKit/537.36 (KHTML, like Gecko) Chrome/141.0.7390.122 Mobile Safari/537.36 (compatible; GoogleOther)" 
66.249.68.134 - - [24/Oct/2025:23:13:40 -0700] "GET /shopdetail188086344?kg=0186519078 HTTP/1.1" 200 31028 "-" "Mozilla/5.0 (Linux; Android 6.0.1; Nexus 5X Build/MMB29P) AppleWebKit/537.36 (KHTML, like Gecko) Chrome/141.0.7390.122 Mobile Safari/537.36 (compatible; GoogleOther)" 
66.249.68.133 - - [24/Oct/2025:23:13:46 -0700] "GET /shopdetail57818592?kg=0057336891 HTTP/1.1" 200 30644 "-" "Mozilla/5.0 (Linux; Android 6.0.1; Nexus 5X Build/MMB29P) AppleWebKit/537.36 (KHTML, like Gecko) Chrome/141.0.7390.122 Mobile Safari/537.36 (compatible; GoogleOther)" 
114.119.129.24 - - [24/Oct/2025:23:13:45 -0700] "GET /shopdetail197598568?kg=0195952034 HTTP/1.1" 301 3732 "https://biblioglow.com/sitemap.xml" "Mozilla/5.0 (Linux; Android 7.0;) AppleWebKit/537.36 (KHTML, like Gecko) Mobile Safari/537.36 (compatible; PetalBot;+https://webmaster.petalsearch.com/site/petalbot)" 
64.90.53.137 - - [24/Oct/2025:23:13:46 -0700] "POST /wp-cron.php?doing_wp_cron=1761372826.5887780189514160156250 HTTP/1.1" 200 3634 "https://www.biblioglow.com/wp-cron.php?doing_wp_cron=1761372826.5887780189514160156250" "WordPress/6.1.9; https://www.biblioglow.com" 
114.119.129.24 - - [24/Oct/2025:23:13:48 -0700] "GET /shopdetail197598568?kg=0195952034 HTTP/1.1" 404 51133 "https://biblioglow.com/sitemap.xml" "Mozilla/5.0 (Linux; Android 7.0;) AppleWebKit/537.36 (KHTML, like Gecko) Mobile Safari/537.36 (compatible; PetalBot;+https://webmaster.petalsearch.com/site/petalbot)" 
66.249.68.134 - - [24/Oct/2025:23:14:26 -0700] "GET /shopdetail34000312?kg=0033717096 HTTP/1.1" 200 31269 "-" "Mozilla/5.0 (Linux; Android 6.0.1; Nexus 5X Build/MMB29P) AppleWebKit/537.36 (KHTML, like Gecko) Chrome/141.0.7390.122 Mobile Safari/537.36 (compatible; GoogleOther)" 
66.249.68.135 - - [24/Oct/2025:23:14:29 -0700] "GET /shopdetail57850824?kg=0057368854 HTTP/1.1" 200 30577 "-" "Mozilla/5.0 (Linux; Android 6.0.1; Nexus 5X Build/MMB29P) AppleWebKit/537.36 (KHTML, like Gecko) Chrome/141.0.7390.122 Mobile Safari/537.36 (compatible; GoogleOther)" 
64.90.53.137 - - [24/Oct/2025:23:15:09 -0700] "POST /wp-cron.php?doing_wp_cron=1761372909.2330660820007324218750 HTTP/1.1" 200 3634 "https://www.biblioglow.com/wp-cron.php?doing_wp_cron=1761372909.2330660820007324218750" "WordPress/6.1.9; https://www.biblioglow.com" 
85.208.96.205 - - [24/Oct/2025:23:15:07 -0700] "GET /shopdetail194980928?kg=0193356207 HTTP/1.1" 301 3732 "-" "Mozilla/5.0 (compatible; SemrushBot/7~bl; +http://www.semrush.com/bot.html)" 
114.119.135.207 - - [24/Oct/2025:23:15:09 -0700] "GET /shopdetail197595560?kg=0195949050 HTTP/1.1" 301 3732 "https://biblioglow.com/sitemap.xml" "Mozilla/5.0 (Linux; Android 7.0;) AppleWebKit/537.36 (KHTML, like Gecko) Mobile Safari/537.36 (compatible; PetalBot;+https://webmaster.petalsearch.com/site/petalbot)" 
185.191.171.19 - - [24/Oct/2025:23:15:10 -0700] "GET /shopdetail194980928?kg=0193356207 HTTP/1.1" 404 51133 "-" "Mozilla/5.0 (compatible; SemrushBot/7~bl; +http://www.semrush.com/bot.html)" 
66.249.68.135 - - [24/Oct/2025:23:15:12 -0700] "GET /shopdetail75575040?kg=0074945367 HTTP/1.1" 200 30482 "-" "Mozilla/5.0 (Linux; Android 6.0.1; Nexus 5X Build/MMB29P) AppleWebKit/537.36 (KHTML, like Gecko) Chrome/141.0.7390.122 Mobile Safari/537.36 (compatible; GoogleOther)" 
64.90.53.137 - - [24/Oct/2025:23:15:13 -0700] "POST /wp-cron.php?doing_wp_cron=1761372913.3852739334106445312500 HTTP/1.1" 200 3634 "https://www.biblioglow.com/wp-cron.php?doing_wp_cron=1761372913.3852739334106445312500" "WordPress/6.1.9; https://www.biblioglow.com" 
114.119.135.207 - - [24/Oct/2025:23:15:12 -0700] "GET /shopdetail197595560?kg=0195949050 HTTP/1.1" 404 51133 "https://biblioglow.com/sitemap.xml" "Mozilla/5.0 (Linux; Android 7.0;) AppleWebKit/537.36 (KHTML, like Gecko) Mobile Safari/537.36 (compatible; PetalBot;+https://webmaster.petalsearch.com/site/petalbot)" 
66.249.68.134 - - [24/Oct/2025:23:15:15 -0700] "GET /shopdetail57859608?kg=0057377564 HTTP/1.1" 200 32130 "-" "Mozilla/5.0 (Linux; Android 6.0.1; Nexus 5X Build/MMB29P) AppleWebKit/537.36 (KHTML, like Gecko) Chrome/141.0.7390.122 Mobile Safari/537.36 (compatible; GoogleOther)" 
66.249.68.134 - - [24/Oct/2025:23:15:58 -0700] "GET /shopdetail33721232?kg=0033440341 HTTP/1.1" 200 30279 "-" "Mozilla/5.0 (Linux; Android 6.0.1; Nexus 5X Build/MMB29P) AppleWebKit/537.36 (KHTML, like Gecko) Chrome/141.0.7390.122 Mobile Safari/537.36 (compatible; GoogleOther)" 
66.249.68.133 - - [24/Oct/2025:23:16:01 -0700] "GET /shopdetail57314192?kg=0056836693 HTTP/1.1" 200 30997 "-" "Mozilla/5.0 (Linux; Android 6.0.1; Nexus 5X Build/MMB29P) AppleWebKit/537.36 (KHTML, like Gecko) Chrome/141.0.7390.122 Mobile Safari/537.36 (compatible; GoogleOther)" 
114.119.135.207 - - [24/Oct/2025:23:16:35 -0700] "GET /shopdetail197595152?kg=0195948645 HTTP/1.1" 301 3732 "https://biblioglow.com/sitemap.xml" "Mozilla/5.0 (Linux; Android 7.0;) AppleWebKit/537.36 (KHTML, like Gecko) Mobile Safari/537.36 (compatible; PetalBot;+https://webmaster.petalsearch.com/site/petalbot)" 
64.90.53.137 - - [24/Oct/2025:23:16:36 -0700] "POST /wp-cron.php?doing_wp_cron=1761372995.9942409992218017578125 HTTP/1.1" 200 3634 "https://www.biblioglow.com/wp-cron.php?doing_wp_cron=1761372995.9942409992218017578125" "WordPress/6.1.9; https://www.biblioglow.com" 
114.119.135.207 - - [24/Oct/2025:23:16:38 -0700] "GET /shopdetail197595152?kg=0195948645 HTTP/1.1" 404 51133 "https://biblioglow.com/sitemap.xml" "Mozilla/5.0 (Linux; Android 7.0;) AppleWebKit/537.36 (KHTML, like Gecko) Mobile Safari/537.36 (compatible; PetalBot;+https://webmaster.petalsearch.com/site/petalbot)" 
66.249.68.133 - - [24/Oct/2025:23:16:43 -0700] "GET /shopdetail57697088?kg=0057216399 HTTP/1.1" 200 30826 "-" "Mozilla/5.0 (Linux; Android 6.0.1; Nexus 5X Build/MMB29P) AppleWebKit/537.36 (KHTML, like Gecko) Chrome/141.0.7390.122 Mobile Safari/537.36 (compatible; GoogleOther)" 
66.249.68.133 - - [24/Oct/2025:23:16:46 -0700] "GET /shopdetail75577368?kg=0074947676 HTTP/1.1" 200 27082 "-" "Mozilla/5.0 (Linux; Android 6.0.1; Nexus 5X Build/MMB29P) AppleWebKit/537.36 (KHTML, like Gecko) Chrome/141.0.7390.122 Mobile Safari/537.36 (compatible; GoogleOther)" 
66.249.68.134 - - [24/Oct/2025:23:17:28 -0700] "GET /shopdetail187429568?kg=0185867775 HTTP/1.1" 200 31623 "-" "Mozilla/5.0 (Linux; Android 6.0.1; Nexus 5X Build/MMB29P) AppleWebKit/537.36 (KHTML, like Gecko) Chrome/141.0.7390.122 Mobile Safari/537.36 (compatible; GoogleOther)" 
66.249.68.133 - - [24/Oct/2025:23:17:31 -0700] "GET /shopdetail59836240?kg=0059337725 HTTP/1.1" 200 30604 "-" "Mozilla/5.0 (Linux; Android 6.0.1; Nexus 5X Build/MMB29P) AppleWebKit/537.36 (KHTML, like Gecko) Chrome/141.0.7390.122 Mobile Safari/537.36 (compatible; GoogleOther)" 
114.119.151.155 - - [24/Oct/2025:23:18:01 -0700] "GET /shopdetail197594592?kg=0195948091 HTTP/1.1" 301 3732 "https://biblioglow.com/sitemap.xml" "Mozilla/5.0 (Linux; Android 7.0;) AppleWebKit/537.36 (KHTML, like Gecko) Mobile Safari/537.36 (compatible; PetalBot;+https://webmaster.petalsearch.com/site/petalbot)" 
114.119.151.155 - - [24/Oct/2025:23:18:05 -0700] "GET /shopdetail197594592?kg=0195948091 HTTP/1.1" 404 51133 "https://biblioglow.com/sitemap.xml" "Mozilla/5.0 (Linux; Android 7.0;) AppleWebKit/537.36 (KHTML, like Gecko) Mobile Safari/537.36 (compatible; PetalBot;+https://webmaster.petalsearch.com/site/petalbot)" 
64.90.53.137 - - [24/Oct/2025:23:18:03 -0700] "POST /wp-cron.php?doing_wp_cron=1761373083.0995841026306152343750 HTTP/1.1" 200 3634 "https://www.biblioglow.com/wp-cron.php?doing_wp_cron=1761373083.0995841026306152343750" "WordPress/6.1.9; https://www.biblioglow.com" 
66.249.68.134 - - [24/Oct/2025:23:18:13 -0700] "GET /shopdetail72447360?kg=0071843751 HTTP/1.1" 200 30608 "-" "Mozilla/5.0 (Linux; Android 6.0.1; Nexus 5X Build/MMB29P) AppleWebKit/537.36 (KHTML, like Gecko) Chrome/141.0.7390.122 Mobile Safari/537.36 (compatible; GoogleOther)" 
66.249.68.133 - - [24/Oct/2025:23:18:17 -0700] "GET /shopdetail74814160?kg=0074190829 HTTP/1.1" 200 31529 "-" "Mozilla/5.0 (Linux; Android 6.0.1; Nexus 5X Build/MMB29P) AppleWebKit/537.36 (KHTML, like Gecko) Chrome/141.0.7390.122 Mobile Safari/537.36 (compatible; GoogleOther)" 
40.77.167.241 - - [24/Oct/2025:23:18:29 -0700] "GET /shopdetail144800760?kg=0143594208 HTTP/2.0" 200 27465 "-" "Mozilla/5.0 AppleWebKit/537.36 (KHTML, like Gecko; compatible; bingbot/2.0; +http://www.bing.com/bingbot.htm) Chrome/116.0.1938.76 Safari/537.36" 
66.249.68.134 - - [24/Oct/2025:23:18:58 -0700] "GET /shopdetail31107960?kg=0030848848 HTTP/1.1" 200 31264 "-" "Mozilla/5.0 (Linux; Android 6.0.1; Nexus 5X Build/MMB29P) AppleWebKit/537.36 (KHTML, like Gecko) Chrome/141.0.7390.122 Mobile Safari/537.36 (compatible; GoogleOther)" 
66.249.68.135 - - [24/Oct/2025:23:19:03 -0700] "GET /shopdetail33729184?kg=0033448227 HTTP/1.1" 200 31135 "-" "Mozilla/5.0 (Linux; Android 6.0.1; Nexus 5X Build/MMB29P) AppleWebKit/537.36 (KHTML, like Gecko) Chrome/141.0.7390.122 Mobile Safari/537.36 (compatible; GoogleOther)" 
34.146.150.148 - - [24/Oct/2025:23:19:18 -0700] "GET /shopdetail69062112?kg=0068486715 HTTP/1.1" 200 30564 "-" "Mozilla/5.0 (compatible; Googlebot/2.1; +http://www.google.com/bot.html)" 
64.90.53.137 - - [24/Oct/2025:23:19:20 -0700] "POST /wp-cron.php?doing_wp_cron=1761373160.1981179714202880859375 HTTP/1.1" 200 3634 "https://www.biblioglow.com/wp-cron.php?doing_wp_cron=1761373160.1981179714202880859375" "WordPress/6.1.9; https://www.biblioglow.com" 
114.119.136.150 - - [24/Oct/2025:23:19:19 -0700] "GET /shopdetail197594320?kg=0195947821 HTTP/1.1" 301 3732 "https://biblioglow.com/sitemap.xml" "Mozilla/5.0 (Linux; Android 7.0;) AppleWebKit/537.36 (KHTML, like Gecko) Mobile Safari/537.36 (compatible; PetalBot;+https://webmaster.petalsearch.com/site/petalbot)" 
114.119.136.150 - - [24/Oct/2025:23:19:21 -0700] "GET /shopdetail197594320?kg=0195947821 HTTP/1.1" 404 51111 "https://biblioglow.com/sitemap.xml" "Mozilla/5.0 (Linux; Android 7.0;) AppleWebKit/537.36 (KHTML, like Gecko) Mobile Safari/537.36 (compatible; PetalBot;+https://webmaster.petalsearch.com/site/petalbot)" 
66.249.68.133 - - [24/Oct/2025:23:19:42 -0700] "GET /shopdetail184348800?kg=0182812679 HTTP/1.1" 200 30562 "-" "Mozilla/5.0 (Linux; Android 6.0.1; Nexus 5X Build/MMB29P) AppleWebKit/537.36 (KHTML, like Gecko) Chrome/141.0.7390.122 Mobile Safari/537.36 (compatible; GoogleOther)" 
66.249.68.133 - - [24/Oct/2025:23:19:49 -0700] "GET /shopdetail75596432?kg=0074966581 HTTP/1.1" 200 30638 "-" "Mozilla/5.0 (Linux; Android 6.0.1; Nexus 5X Build/MMB29P) AppleWebKit/537.36 (KHTML, like Gecko) Chrome/141.0.7390.122 Mobile Safari/537.36 (compatible; GoogleOther)" 
125.75.66.97 - - [24/Oct/2025:23:19:52 -0700] "GET / HTTP/1.1" 429 3784 "http://www.biblioglow.com" "Mozilla/5.0 (iPhone; CPU iPhone OS 13_2_3 like Mac OS X) AppleWebKit/605.1.15 (KHTML, like Gecko) Version/13.0.3 Mobile/15E148 Safari/604.1" 
40.77.167.4 - - [24/Oct/2025:23:20:16 -0700] "GET /shopdetail144757024?kg=0143550835 HTTP/2.0" 200 27414 "-" "Mozilla/5.0 AppleWebKit/537.36 (KHTML, like Gecko; compatible; bingbot/2.0; +http://www.bing.com/bingbot.htm) Chrome/116.0.1938.76 Safari/537.36" 
66.249.68.134 - - [24/Oct/2025:23:20:27 -0700] "GET /shopdetail32117336?kg=0031849812 HTTP/1.1" 200 31646 "-" "Mozilla/5.0 (Linux; Android 6.0.1; Nexus 5X Build/MMB29P) AppleWebKit/537.36 (KHTML, like Gecko) Chrome/141.0.7390.122 Mobile Safari/537.36 (compatible; GoogleOther)" 
66.249.68.133 - - [24/Oct/2025:23:20:35 -0700] "GET /shopdetail31462616?kg=0031200548 HTTP/1.1" 200 30691 "-" "Mozilla/5.0 (Linux; Android 6.0.1; Nexus 5X Build/MMB29P) AppleWebKit/537.36 (KHTML, like Gecko) Chrome/141.0.7390.122 Mobile Safari/537.36 (compatible; GoogleOther)" 
64.90.53.137 - - [24/Oct/2025:23:20:43 -0700] "POST /wp-cron.php?doing_wp_cron=1761373243.1902918815612792968750 HTTP/1.1" 200 3634 "https://www.biblioglow.com/wp-cron.php?doing_wp_cron=1761373243.1902918815612792968750" "WordPress/6.1.9; https://www.biblioglow.com" 
114.119.141.83 - - [24/Oct/2025:23:20:42 -0700] "GET /shopdetail197593368?kg=0195946876 HTTP/1.1" 301 3732 "https://biblioglow.com/sitemap.xml" "Mozilla/5.0 (Linux; Android 7.0;) AppleWebKit/537.36 (KHTML, like Gecko) Mobile Safari/537.36 (compatible; PetalBot;+https://webmaster.petalsearch.com/site/petalbot)" 
114.119.141.83 - - [24/Oct/2025:23:20:45 -0700] "GET /shopdetail197593368?kg=0195946876 HTTP/1.1" 404 51133 "https://biblioglow.com/sitemap.xml" "Mozilla/5.0 (Linux; Android 7.0;) AppleWebKit/537.36 (KHTML, like Gecko) Mobile Safari/537.36 (compatible; PetalBot;+https://webmaster.petalsearch.com/site/petalbot)" 
66.249.68.135 - - [24/Oct/2025:23:21:12 -0700] "GET /shopdetail33059648?kg=0032784271 HTTP/1.1" 200 32823 "-" "Mozilla/5.0 (Linux; Android 6.0.1; Nexus 5X Build/MMB29P) AppleWebKit/537.36 (KHTML, like Gecko) Chrome/141.0.7390.122 Mobile Safari/537.36 (compatible; GoogleOther)" 
66.249.68.133 - - [24/Oct/2025:23:21:21 -0700] "GET /shopdetail325488408?kg=0322776124 HTTP/1.1" 200 30636 "-" "Mozilla/5.0 (Linux; Android 6.0.1; Nexus 5X Build/MMB29P) AppleWebKit/537.36 (KHTML, like Gecko) Chrome/141.0.7390.122 Mobile Safari/537.36 (compatible; GoogleOther)" 
66.249.68.133 - - [24/Oct/2025:23:21:57 -0700] "GET /shopdetail31093024?kg=0030834035 HTTP/1.1" 200 30483 "-" "Mozilla/5.0 (Linux; Android 6.0.1; Nexus 5X Build/MMB29P) AppleWebKit/537.36 (KHTML, like Gecko) Chrome/141.0.7390.122 Mobile Safari/537.36 (compatible; GoogleOther)" 
64.90.53.137 - - [24/Oct/2025:23:22:07 -0700] "POST /wp-cron.php?doing_wp_cron=1761373327.5854279994964599609375 HTTP/1.1" 200 3634 "https://www.biblioglow.com/wp-cron.php?doing_wp_cron=1761373327.5854279994964599609375" "WordPress/6.1.9; https://www.biblioglow.com" 
114.119.148.10 - - [24/Oct/2025:23:22:06 -0700] "GET /shopdetail197592808?kg=0195946322 HTTP/1.1" 301 3732 "https://biblioglow.com/sitemap.xml" "Mozilla/5.0 (Linux; Android 7.0;) AppleWebKit/537.36 (KHTML, like Gecko) Mobile Safari/537.36 (compatible; PetalBot;+https://webmaster.petalsearch.com/site/petalbot)" 
66.249.68.133 - - [24/Oct/2025:23:22:07 -0700] "GET /shopdetail33530456?kg=0033251156 HTTP/1.1" 200 32134 "-" "Mozilla/5.0 (Linux; Android 6.0.1; Nexus 5X Build/MMB29P) AppleWebKit/537.36 (KHTML, like Gecko) Chrome/141.0.7390.122 Mobile Safari/537.36 (compatible; GoogleOther)" 
114.119.148.10 - - [24/Oct/2025:23:22:10 -0700] "GET /shopdetail197592808?kg=0195946322 HTTP/1.1" 404 51133 "https://biblioglow.com/sitemap.xml" "Mozilla/5.0 (Linux; Android 7.0;) AppleWebKit/537.36 (KHTML, like Gecko) Mobile Safari/537.36 (compatible; PetalBot;+https://webmaster.petalsearch.com/site/petalbot)" 
185.191.171.9 - - [24/Oct/2025:23:22:12 -0700] "GET /robots.txt HTTP/1.1" 200 3816 "-" "Mozilla/5.0 (compatible; SemrushBot/7~bl; +http://www.semrush.com/bot.html)" 
98.70.40.140 - - [24/Oct/2025:23:22:14 -0700] "POST /xmlrpc.php HTTP/2.0" 429 351 "-" "Mozilla/5.0 (Windows NT 6.1; WOW64; Trident/7.0; MASP; rv:11.0) like Gecko" 
85.208.96.210 - - [24/Oct/2025:23:22:13 -0700] "GET /shopdetail195023712?kg=0193398635 HTTP/1.1" 301 3732 "-" "Mozilla/5.0 (compatible; SemrushBot/7~bl; +http://www.semrush.com/bot.html)" 
64.90.53.137 - - [24/Oct/2025:23:22:14 -0700] "POST /wp-cron.php?doing_wp_cron=1761373334.0047481060028076171875 HTTP/1.1" 200 3634 "https://www.biblioglow.com/wp-cron.php?doing_wp_cron=1761373334.0047481060028076171875" "WordPress/6.1.9; https://www.biblioglow.com" 
85.208.96.206 - - [24/Oct/2025:23:22:15 -0700] "GET /robots.txt HTTP/1.1" 200 3816 "-" "Mozilla/5.0 (compatible; SemrushBot/7~bl; +http://www.semrush.com/bot.html)" 
185.191.171.14 - - [24/Oct/2025:23:22:16 -0700] "GET /shopdetail195023712?kg=0193398635 HTTP/1.1" 404 51133 "-" "Mozilla/5.0 (compatible; SemrushBot/7~bl; +http://www.semrush.com/bot.html)" 
98.70.40.140 - - [24/Oct/2025:23:22:33 -0700] "POST /xmlrpc.php HTTP/2.0" 429 351 "-" "Mozilla/5.0 (Windows NT 6.1; WOW64; Trident/7.0; MASP; rv:11.0) like Gecko" 
66.249.68.134 - - [24/Oct/2025:23:22:42 -0700] "GET /shopdetail319509664?kg=0316847203 HTTP/1.1" 200 30949 "-" "Mozilla/5.0 (Linux; Android 6.0.1; Nexus 5X Build/MMB29P) AppleWebKit/537.36 (KHTML, like Gecko) Chrome/141.0.7390.122 Mobile Safari/537.36 (compatible; GoogleOther)" 
66.249.68.133 - - [24/Oct/2025:23:22:50 -0700] "GET /shopdetail59512728?kg=0059016908 HTTP/1.1" 200 30813 "-" "Mozilla/5.0 (Linux; Android 6.0.1; Nexus 5X Build/MMB29P) AppleWebKit/537.36 (KHTML, like Gecko) Chrome/141.0.7390.122 Mobile Safari/537.36 (compatible; GoogleOther)" 
98.70.40.140 - - [24/Oct/2025:23:23:02 -0700] "POST /xmlrpc.php HTTP/2.0" 429 351 "-" "Mozilla/5.0 (Windows NT 6.1; WOW64; Trident/7.0; MASP; rv:11.0) like Gecko" 
64.90.53.137 - - [24/Oct/2025:23:23:14 -0700] "POST /wp-cron.php?doing_wp_cron=1761373394.4214410781860351562500 HTTP/1.1" 200 3634 "https://www.biblioglow.com/wp-cron.php?doing_wp_cron=1761373394.4214410781860351562500" "WordPress/6.1.9; https://www.biblioglow.com" 
212.102.145.151 - - [24/Oct/2025:23:23:13 -0700] "GET / HTTP/1.0" 301 3472 "https://biblioglow.com/" "Mozilla/5.0 (Windows NT 10.0; Win64; x64) AppleWebKit/537.36 (KHTML, like Gecko) Chrome/131.0.0.0 Safari/537.36" 
212.102.145.151 - - [24/Oct/2025:23:23:16 -0700] "GET / HTTP/1.0" 200 85648 "https://www.biblioglow.com/" "Mozilla/5.0 (Windows NT 10.0; Win64; x64) AppleWebKit/537.36 (KHTML, like Gecko) Chrome/131.0.0.0 Safari/537.36" 
66.249.68.135 - - [24/Oct/2025:23:23:22 -0700] "GET /shopdetail71881504?kg=0071282611 HTTP/1.1" 200 30903 "-" "Mozilla/5.0 (Linux; Android 6.0.1; Nexus 5X Build/MMB29P) AppleWebKit/537.36 (KHTML, like Gecko) Chrome/141.0.7390.122 Mobile Safari/537.36 (compatible; GoogleOther)" 
212.102.145.151 - - [24/Oct/2025:23:23:23 -0700] "GET /2020/07/03/the-hamilton-affair-discussion-questions/ HTTP/1.0" 200 89614 "https://www.biblioglow.com/2020/07/03/the-hamilton-affair-discussion-questions/" "Mozilla/5.0 (Windows NT 10.0; Win64; x64) AppleWebKit/537.36 (KHTML, like Gecko) Chrome/131.0.0.0 Safari/537.36" 
212.102.145.151 - - [24/Oct/2025:23:23:28 -0700] "POST /wp-comments-post.php HTTP/1.0" 302 4053 "https://www.biblioglow.com/2020/07/03/the-hamilton-affair-discussion-questions/" "Mozilla/5.0 (Windows NT 10.0; Win64; x64) AppleWebKit/537.36 (KHTML, like Gecko) Chrome/131.0.0.0 Safari/537.36" 
66.249.68.134 - - [24/Oct/2025:23:23:32 -0700] "GET /shopdetail58367712?kg=0057881435 HTTP/1.1" 200 32599 "-" "Mozilla/5.0 (Linux; Android 6.0.1; Nexus 5X Build/MMB29P) AppleWebKit/537.36 (KHTML, like Gecko) Chrome/141.0.7390.122 Mobile Safari/537.36 (compatible; GoogleOther)" 
212.102.145.151 - - [24/Oct/2025:23:23:31 -0700] "GET /2020/07/03/the-hamilton-affair-discussion-questions/ HTTP/1.0" 200 93411 "https://www.biblioglow.com/2020/07/03/the-hamilton-affair-discussion-questions/#comment-19431" "Mozilla/5.0 (Windows NT 10.0; Win64; x64) AppleWebKit/537.36 (KHTML, like Gecko) Chrome/131.0.0.0 Safari/537.36" 
114.119.151.155 - - [24/Oct/2025:23:23:32 -0700] "GET /shopdetail197591992?kg=0195945512 HTTP/1.1" 301 3732 "https://biblioglow.com/sitemap.xml" "Mozilla/5.0 (Linux; Android 7.0;) AppleWebKit/537.36 (KHTML, like Gecko) Mobile Safari/537.36 (compatible; PetalBot;+https://webmaster.petalsearch.com/site/petalbot)" 
66.249.68.133 - - [24/Oct/2025:23:23:33 -0700] "GET /shopdetail43301896?kg=0042941166 HTTP/1.1" 200 31326 "-" "Mozilla/5.0 (Linux; Android 6.0.1; Nexus 5X Build/MMB29P) AppleWebKit/537.36 (KHTML, like Gecko) Chrome/141.0.7390.122 Mobile Safari/537.36 (compatible; Googlebot/2.1; +http://www.google.com/bot.html)" 
114.119.151.155 - - [24/Oct/2025:23:23:34 -0700] "GET /shopdetail197591992?kg=0195945512 HTTP/1.1" 404 51133 "https://biblioglow.com/sitemap.xml" "Mozilla/5.0 (Linux; Android 7.0;) AppleWebKit/537.36 (KHTML, like Gecko) Mobile Safari/537.36 (compatible; PetalBot;+https://webmaster.petalsearch.com/site/petalbot)" 
66.249.68.135 - - [24/Oct/2025:23:24:05 -0700] "GET /shopdetail324321728?kg=0321619167 HTTP/1.1" 200 31667 "-" "Mozilla/5.0 (Linux; Android 6.0.1; Nexus 5X Build/MMB29P) AppleWebKit/537.36 (KHTML, like Gecko) Chrome/141.0.7390.122 Mobile Safari/537.36 (compatible; GoogleOther)" 
66.249.68.133 - - [24/Oct/2025:23:24:14 -0700] "GET /shopdetail75576808?kg=0074947122 HTTP/1.1" 200 30451 "-" "Mozilla/5.0 (Linux; Android 6.0.1; Nexus 5X Build/MMB29P) AppleWebKit/537.36 (KHTML, like Gecko) Chrome/141.0.7390.122 Mobile Safari/537.36 (compatible; GoogleOther)" 
64.90.53.137 - - [24/Oct/2025:23:24:23 -0700] "POST /wp-cron.php?doing_wp_cron=1761373462.9326720237731933593750 HTTP/1.1" 200 3634 "https://www.biblioglow.com/wp-cron.php?doing_wp_cron=1761373462.9326720237731933593750" "WordPress/6.1.9; https://www.biblioglow.com" 
185.191.171.5 - - [24/Oct/2025:23:24:22 -0700] "GET /shopdetail194954184?kg=0193329686 HTTP/1.1" 301 3732 "-" "Mozilla/5.0 (compatible; SemrushBot/7~bl; +http://www.semrush.com/bot.html)" 
185.191.171.5 - - [24/Oct/2025:23:24:25 -0700] "GET /shopdetail194954184?kg=0193329686 HTTP/1.1" 404 51133 "-" "Mozilla/5.0 (compatible; SemrushBot/7~bl; +http://www.semrush.com/bot.html)" 
66.249.68.133 - - [24/Oct/2025:23:24:47 -0700] "GET /shopdetail32174800?kg=0031906797 HTTP/1.1" 200 30579 "-" "Mozilla/5.0 (Linux; Android 6.0.1; Nexus 5X Build/MMB29P) AppleWebKit/537.36 (KHTML, like Gecko) Chrome/141.0.7390.122 Mobile Safari/537.36 (compatible; GoogleOther)" 
195.2.84.198 - - [24/Oct/2025:23:24:50 -0700] "GET /2020/07/03/the-hamilton-affair-discussion-questions/ HTTP/1.0" 200 89613 "https://www.biblioglow.com/2020/07/03/the-hamilton-affair-discussion-questions/" "Mozilla/5.0 (Windows NT 10.0; Win64; x64) AppleWebKit/537.36 (KHTML, like Gecko) Chrome/130.0.0.0 Safari/537.36" 
195.2.84.198 - - [24/Oct/2025:23:24:52 -0700] "POST /wp-comments-post.php HTTP/1.0" 302 4066 "https://www.biblioglow.com/2020/07/03/the-hamilton-affair-discussion-questions/" "Mozilla/5.0 (Windows NT 10.0; Win64; x64) AppleWebKit/537.36 (KHTML, like Gecko) Chrome/130.0.0.0 Safari/537.36" 
195.2.84.198 - - [24/Oct/2025:23:24:54 -0700] "GET /2020/07/03/the-hamilton-affair-discussion-questions/ HTTP/1.0" 200 123747 "https://www.biblioglow.com/2020/07/03/the-hamilton-affair-discussion-questions/#comment-19432" "Mozilla/5.0 (Windows NT 10.0; Win64; x64) AppleWebKit/537.36 (KHTML, like Gecko) Chrome/130.0.0.0 Safari/537.36" 
66.249.68.133 - - [24/Oct/2025:23:24:56 -0700] "GET /shopdetail34001552?kg=0033718325 HTTP/1.1" 200 31407 "-" "Mozilla/5.0 (Linux; Android 6.0.1; Nexus 5X Build/MMB29P) AppleWebKit/537.36 (KHTML, like Gecko) Chrome/141.0.7390.122 Mobile Safari/537.36 (compatible; GoogleOther)" 
185.191.171.9 - - [24/Oct/2025:23:25:05 -0700] "GET /shopdetail195043336?kg=0193418094 HTTP/1.1" 301 3732 "-" "Mozilla/5.0 (compatible; SemrushBot/7~bl; +http://www.semrush.com/bot.html)" 
185.191.171.8 - - [24/Oct/2025:23:25:06 -0700] "GET /shopdetail195043336?kg=0193418094 HTTP/1.1" 404 51133 "-" "Mozilla/5.0 (compatible; SemrushBot/7~bl; +http://www.semrush.com/bot.html)" 
64.90.53.137 - - [24/Oct/2025:23:25:21 -0700] "POST /wp-cron.php?doing_wp_cron=1761373521.4010488986968994140625 HTTP/1.1" 200 3634 "https://www.biblioglow.com/wp-cron.php?doing_wp_cron=1761373521.4010488986968994140625" "WordPress/6.1.9; https://www.biblioglow.com" 
195.2.84.198 - - [24/Oct/2025:23:25:20 -0700] "GET /2020/07/03/the-hamilton-affair-discussion-questions/ HTTP/1.0" 200 89614 "https://www.biblioglow.com/2020/07/03/the-hamilton-affair-discussion-questions/" "Mozilla/5.0 (Windows NT 10.0; Win64; x64) AppleWebKit/537.36 (KHTML, like Gecko) Chrome/130.0.0.0 Safari/537.36" 
195.2.84.198 - - [24/Oct/2025:23:25:23 -0700] "POST /wp-comments-post.php HTTP/1.0" 302 4121 "https://www.biblioglow.com/2020/07/03/the-hamilton-affair-discussion-questions/" "Mozilla/5.0 (Windows NT 10.0; Win64; x64) AppleWebKit/537.36 (KHTML, like Gecko) Chrome/130.0.0.0 Safari/537.36" 
195.2.84.198 - - [24/Oct/2025:23:25:24 -0700] "GET /2020/07/03/the-hamilton-affair-discussion-questions/ HTTP/1.0" 500 233246 "https://www.biblioglow.com/2020/07/03/the-hamilton-affair-discussion-questions/#comment-19433" "Mozilla/5.0 (Windows NT 10.0; Win64; x64) AppleWebKit/537.36 (KHTML, like Gecko) Chrome/130.0.0.0 Safari/537.36" 
66.249.68.135 - - [24/Oct/2025:23:25:30 -0700] "GET /shopdetail32042048?kg=0031775151 HTTP/1.1" 200 30519 "-" "Mozilla/5.0 (Linux; Android 6.0.1; Nexus 5X Build/MMB29P) AppleWebKit/537.36 (KHTML, like Gecko) Chrome/141.0.7390.122 Mobile Safari/537.36 (compatible; GoogleOther)" 
66.249.68.134 - - [24/Oct/2025:23:25:39 -0700] "GET /shopdetail75586968?kg=0074957196 HTTP/1.1" 200 30749 "-" "Mozilla/5.0 (Linux; Android 6.0.1; Nexus 5X Build/MMB29P) AppleWebKit/537.36 (KHTML, like Gecko) Chrome/141.0.7390.122 Mobile Safari/537.36 (compatible; GoogleOther)" 
66.249.68.133 - - [24/Oct/2025:23:26:13 -0700] "GET /shopdetail324313776?kg=0321611281 HTTP/1.1" 200 31034 "-" "Mozilla/5.0 (Linux; Android 6.0.1; Nexus 5X Build/MMB29P) AppleWebKit/537.36 (KHTML, like Gecko) Chrome/141.0.7390.122 Mobile Safari/537.36 (compatible; GoogleOther)" 
66.249.68.134 - - [24/Oct/2025:23:26:21 -0700] "GET /shopdetail33998664?kg=0033715462 HTTP/1.1" 200 30788 "-" "Mozilla/5.0 (Linux; Android 6.0.1; Nexus 5X Build/MMB29P) AppleWebKit/537.36 (KHTML, like Gecko) Chrome/141.0.7390.122 Mobile Safari/537.36 (compatible; GoogleOther)" 
64.90.53.137 - - [24/Oct/2025:23:26:32 -0700] "POST /wp-cron.php?doing_wp_cron=1761373592.7343840599060058593750 HTTP/1.1" 200 3634 "https://www.biblioglow.com/wp-cron.php?doing_wp_cron=1761373592.7343840599060058593750" "WordPress/6.1.9; https://www.biblioglow.com" 
85.208.96.204 - - [24/Oct/2025:23:26:32 -0700] "GET /shopdetail195002184?kg=0193377286 HTTP/1.1" 301 3732 "-" "Mozilla/5.0 (compatible; SemrushBot/7~bl; +http://www.semrush.com/bot.html)" 
185.191.171.4 - - [24/Oct/2025:23:26:33 -0700] "GET /shopdetail195002184?kg=0193377286 HTTP/1.1" 404 51133 "-" "Mozilla/5.0 (compatible; SemrushBot/7~bl; +http://www.semrush.com/bot.html)" 
66.249.68.133 - - [24/Oct/2025:23:26:55 -0700] "GET /shopdetail187051056?kg=0185492417 HTTP/1.1" 200 32101 "-" "Mozilla/5.0 (Linux; Android 6.0.1; Nexus 5X Build/MMB29P) AppleWebKit/537.36 (KHTML, like Gecko) Chrome/141.0.7390.122 Mobile Safari/537.36 (compatible; GoogleOther)" 
66.249.68.134 - - [24/Oct/2025:23:27:03 -0700] "GET /shopdetail74500384?kg=0073879667 HTTP/1.1" 200 31383 "-" "Mozilla/5.0 (Linux; Android 6.0.1; Nexus 5X Build/MMB29P) AppleWebKit/537.36 (KHTML, like Gecko) Chrome/141.0.7390.122 Mobile Safari/537.36 (compatible; GoogleOther)" 
66.249.68.133 - - [24/Oct/2025:23:27:38 -0700] "GET /shopdetail309304592?kg=0306727173 HTTP/1.1" 200 33006 "-" "Mozilla/5.0 (Linux; Android 6.0.1; Nexus 5X Build/MMB29P) AppleWebKit/537.36 (KHTML, like Gecko) Chrome/141.0.7390.122 Mobile Safari/537.36 (compatible; GoogleOther)" 
66.249.68.133 - - [24/Oct/2025:23:27:45 -0700] "GET /shopdetail74512448?kg=0073891631 HTTP/1.1" 200 30261 "-" "Mozilla/5.0 (Linux; Android 6.0.1; Nexus 5X Build/MMB29P) AppleWebKit/537.36 (KHTML, like Gecko) Chrome/141.0.7390.122 Mobile Safari/537.36 (compatible; GoogleOther)" 
66.249.68.134 - - [24/Oct/2025:23:28:21 -0700] "GET /shopdetail33030032?kg=0032754901 HTTP/1.1" 200 31172 "-" "Mozilla/5.0 (Linux; Android 6.0.1; Nexus 5X Build/MMB29P) AppleWebKit/537.36 (KHTML, like Gecko) Chrome/141.0.7390.122 Mobile Safari/537.36 (compatible; GoogleOther)" 
66.249.68.133 - - [24/Oct/2025:23:28:28 -0700] "GET /shopdetail325495664?kg=0322783321 HTTP/1.1" 200 31466 "-" "Mozilla/5.0 (Linux; Android 6.0.1; Nexus 5X Build/MMB29P) AppleWebKit/537.36 (KHTML, like Gecko) Chrome/141.0.7390.122 Mobile Safari/537.36 (compatible; GoogleOther)" 
66.249.68.135 - - [24/Oct/2025:23:29:03 -0700] "GET /shopdetail158813208?kg=0157489884 HTTP/1.1" 200 31154 "-" "Mozilla/5.0 (Linux; Android 6.0.1; Nexus 5X Build/MMB29P) AppleWebKit/537.36 (KHTML, like Gecko) Chrome/141.0.7390.122 Mobile Safari/537.36 (compatible; GoogleOther)" 
66.249.68.133 - - [24/Oct/2025:23:29:10 -0700] "GET /shopdetail33493160?kg=0033214170 HTTP/1.1" 200 32340 "-" "Mozilla/5.0 (Linux; Android 6.0.1; Nexus 5X Build/MMB29P) AppleWebKit/537.36 (KHTML, like Gecko) Chrome/141.0.7390.122 Mobile Safari/537.36 (compatible; GoogleOther)" 
66.249.68.133 - - [24/Oct/2025:23:29:46 -0700] "GET /shopdetail186436792?kg=0184883272 HTTP/1.1" 200 31631 "-" "Mozilla/5.0 (Linux; Android 6.0.1; Nexus 5X Build/MMB29P) AppleWebKit/537.36 (KHTML, like Gecko) Chrome/141.0.7390.122 Mobile Safari/537.36 (compatible; GoogleOther)" 
66.249.68.133 - - [24/Oct/2025:23:29:52 -0700] "GET /shopdetail74805800?kg=0074182538 HTTP/1.1" 200 30659 "-" "Mozilla/5.0 (Linux; Android 6.0.1; Nexus 5X Build/MMB29P) AppleWebKit/537.36 (KHTML, like Gecko) Chrome/141.0.7390.122 Mobile Safari/537.36 (compatible; GoogleOther)" 
66.249.68.134 - - [24/Oct/2025:23:30:29 -0700] "GET /shopdetail73695360?kg=0073081351 HTTP/1.1" 200 30770 "-" "Mozilla/5.0 (Linux; Android 6.0.1; Nexus 5X Build/MMB29P) AppleWebKit/537.36 (KHTML, like Gecko) Chrome/141.0.7390.122 Mobile Safari/537.36 (compatible; GoogleOther)" 
64.90.53.137 - - [24/Oct/2025:23:30:30 -0700] "POST /wp-cron.php?doing_wp_cron=1761373830.3530089855194091796875 HTTP/1.1" 200 3634 "https://www.biblioglow.com/wp-cron.php?doing_wp_cron=1761373830.3530089855194091796875" "WordPress/6.1.9; https://www.biblioglow.com" 
185.191.171.8 - - [24/Oct/2025:23:30:29 -0700] "GET /shopdetail194976136?kg=0193351454 HTTP/1.1" 301 3732 "-" "Mozilla/5.0 (compatible; SemrushBot/7~bl; +http://www.semrush.com/bot.html)" 
85.208.96.197 - - [24/Oct/2025:23:30:31 -0700] "GET /shopdetail194976136?kg=0193351454 HTTP/1.1" 404 51133 "-" "Mozilla/5.0 (compatible; SemrushBot/7~bl; +http://www.semrush.com/bot.html)" 
66.249.68.133 - - [24/Oct/2025:23:30:34 -0700] "GET /shopdetail33489864?kg=0033210902 HTTP/1.1" 200 31322 "-" "Mozilla/5.0 (Linux; Android 6.0.1; Nexus 5X Build/MMB29P) AppleWebKit/537.36 (KHTML, like Gecko) Chrome/141.0.7390.122 Mobile Safari/537.36 (compatible; GoogleOther)" 
66.249.68.134 - - [24/Oct/2025:23:31:11 -0700] "GET /shopdetail308248864?kg=0305680243 HTTP/1.1" 200 30634 "-" "Mozilla/5.0 (Linux; Android 6.0.1; Nexus 5X Build/MMB29P) AppleWebKit/537.36 (KHTML, like Gecko) Chrome/141.0.7390.122 Mobile Safari/537.36 (compatible; GoogleOther)" 
66.249.68.133 - - [24/Oct/2025:23:31:17 -0700] "GET /shopdetail33432672?kg=0033154187 HTTP/1.1" 200 30556 "-" "Mozilla/5.0 (Linux; Android 6.0.1; Nexus 5X Build/MMB29P) AppleWebKit/537.36 (KHTML, like Gecko) Chrome/141.0.7390.122 Mobile Safari/537.36 (compatible; GoogleOther)" 
64.90.53.137 - - [24/Oct/2025:23:31:45 -0700] "POST /wp-cron.php?doing_wp_cron=1761373905.7230188846588134765625 HTTP/1.1" 200 3634 "https://www.biblioglow.com/wp-cron.php?doing_wp_cron=1761373905.7230188846588134765625" "WordPress/6.1.9; https://www.biblioglow.com" 
185.191.171.3 - - [24/Oct/2025:23:31:45 -0700] "GET /shopdetail194954456?kg=0193329956 HTTP/1.1" 301 3732 "-" "Mozilla/5.0 (compatible; SemrushBot/7~bl; +http://www.semrush.com/bot.html)" 
