66.249.68.134 - - [24/Oct/2025:09:54:03 -0700] "GET /shopdetail319840584?kg=0317175366 HTTP/1.1" 200 30904 "-" "Mozilla/5.0 (Linux; Android 6.0.1; Nexus 5X Build/MMB29P) AppleWebKit/537.36 (KHTML, like Gecko) Chrome/141.0.7390.122 Mobile Safari/537.36 (compatible; GoogleOther)" 
66.249.68.134 - - [24/Oct/2025:09:54:24 -0700] "GET /shopdetail6300744?kg=0006248358 HTTP/1.1" 200 31038 "-" "Mozilla/5.0 (Linux; Android 6.0.1; Nexus 5X Build/MMB29P) AppleWebKit/537.36 (KHTML, like Gecko) Chrome/141.0.7390.122 Mobile Safari/537.36 (compatible; Googlebot/2.1; +http://www.google.com/bot.html)" 
207.46.13.107 - - [24/Oct/2025:09:54:25 -0700] "GET /shopdetail302387240?kg=0299867466 HTTP/2.0" 200 27042 "-" "Mozilla/5.0 AppleWebKit/537.36 (KHTML, like Gecko; compatible; bingbot/2.0; +http://www.bing.com/bingbot.htm) Chrome/116.0.1938.76 Safari/537.36" 
66.249.68.135 - - [24/Oct/2025:09:55:07 -0700] "GET /shopdetail56805240?kg=0056331984 HTTP/1.1" 200 32590 "-" "Mozilla/5.0 (Linux; Android 6.0.1; Nexus 5X Build/MMB29P) AppleWebKit/537.36 (KHTML, like Gecko) Chrome/141.0.7390.122 Mobile Safari/537.36 (compatible; GoogleOther)" 
34.1.20.24 - - [24/Oct/2025:09:55:28 -0700] "GET / HTTP/2.0" 429 339 "http://biblioglow.com/" "Mozilla/5.0 (Macintosh; Intel Mac OS X 10_15_7) AppleWebKit/537.36 (KHTML, like Gecko) Chrome/135.0.0.0 Safari/537.36" 
34.1.20.24 - - [24/Oct/2025:09:55:28 -0700] "GET / HTTP/2.0" 429 279 "http://www.biblioglow.com/" "Mozilla/5.0 (Macintosh; Intel Mac OS X 10_15_7) AppleWebKit/537.36 (KHTML, like Gecko) Chrome/135.0.0.0 Safari/537.36" 
34.1.20.24 - - [24/Oct/2025:09:55:28 -0700] "GET / HTTP/2.0" 429 255 "http://www.biblioglow.com/" "Mozilla/5.0 (Macintosh; Intel Mac OS X 10_15_7) AppleWebKit/537.36 (KHTML, like Gecko) Chrome/135.0.0.0 Safari/537.36" 
66.249.68.133 - - [24/Oct/2025:09:55:39 -0700] "GET /shopdetail158742168?kg=0157419436 HTTP/1.1" 200 32557 "-" "Mozilla/5.0 (Linux; Android 6.0.1; Nexus 5X Build/MMB29P) AppleWebKit/537.36 (KHTML, like Gecko) Chrome/141.0.7390.122 Mobile Safari/537.36 (compatible; GoogleOther)" 
66.249.68.134 - - [24/Oct/2025:09:56:28 -0700] "GET /shopdetail308196616?kg=0305628430 HTTP/1.1" 200 30989 "-" "Mozilla/5.0 (Linux; Android 6.0.1; Nexus 5X Build/MMB29P) AppleWebKit/537.36 (KHTML, like Gecko) Chrome/141.0.7390.122 Mobile Safari/537.36 (compatible; GoogleOther)" 
92.205.110.219 - - [24/Oct/2025:09:57:16 -0700] "GET /wp-login.php HTTP/2.0" 429 351 "-" "Mozilla/5.0 (Windows NT 10.0; Win64; x64) AppleWebKit/537.36 (KHTML, like Gecko) Chrome/66.0.3359.170 Safari/537.36 OPR/53.0.2907.68" 
92.205.110.219 - - [24/Oct/2025:09:57:16 -0700] "POST /wp-login.php HTTP/2.0" 429 255 "https://www.biblioglow.com/wp-login.php" "Mozilla/5.0 (Windows NT 10.0; Win64; x64) AppleWebKit/537.36 (KHTML, like Gecko) Chrome/66.0.3359.170 Safari/537.36 OPR/53.0.2907.68" 
66.249.68.135 - - [24/Oct/2025:09:57:21 -0700] "GET /shopdetail73255256?kg=0072644916 HTTP/1.1" 200 31308 "-" "Mozilla/5.0 (Linux; Android 6.0.1; Nexus 5X Build/MMB29P) AppleWebKit/537.36 (KHTML, like Gecko) Chrome/141.0.7390.122 Mobile Safari/537.36 (compatible; GoogleOther)" 
66.249.68.134 - - [24/Oct/2025:09:57:36 -0700] "GET /shopdetail307774352?kg=0305209685 HTTP/1.1" 200 31173 "-" "Mozilla/5.0 (Linux; Android 6.0.1; Nexus 5X Build/MMB29P) AppleWebKit/537.36 (KHTML, like Gecko) Chrome/141.0.7390.122 Mobile Safari/537.36 (compatible; GoogleOther)" 
178.20.42.76 - - [24/Oct/2025:09:57:51 -0700] "GET /2020/06/28/post-5/ HTTP/1.0" 200 86551 "https://www.biblioglow.com/2020/06/28/post-5/" "Mozilla/5.0 (Windows NT 10.0; Win64; x64) AppleWebKit/537.36 (KHTML, like Gecko) Chrome/131.0.0.0 Safari/537.36" 
64.90.53.137 - - [24/Oct/2025:09:57:52 -0700] "POST /wp-cron.php?doing_wp_cron=1761325072.1913549900054931640625 HTTP/1.1" 200 3634 "https://www.biblioglow.com/wp-cron.php?doing_wp_cron=1761325072.1913549900054931640625" "WordPress/6.1.9; https://www.biblioglow.com" 
178.20.42.76 - - [24/Oct/2025:09:57:54 -0700] "POST /wp-comments-post.php HTTP/1.0" 302 4011 "https://www.biblioglow.com/2020/06/28/post-5/" "Mozilla/5.0 (Windows NT 10.0; Win64; x64) AppleWebKit/537.36 (KHTML, like Gecko) Chrome/131.0.0.0 Safari/537.36" 
178.20.42.76 - - [24/Oct/2025:09:57:56 -0700] "GET /2020/06/28/post-5/ HTTP/1.0" 200 88769 "https://www.biblioglow.com/2020/06/28/post-5/#comment-19423" "Mozilla/5.0 (Windows NT 10.0; Win64; x64) AppleWebKit/537.36 (KHTML, like Gecko) Chrome/131.0.0.0 Safari/537.36" 
66.249.68.134 - - [24/Oct/2025:09:58:50 -0700] "GET /shopdetail31145272?kg=0030885848 HTTP/1.1" 200 31119 "-" "Mozilla/5.0 (Linux; Android 6.0.1; Nexus 5X Build/MMB29P) AppleWebKit/537.36 (KHTML, like Gecko) Chrome/141.0.7390.122 Mobile Safari/537.36 (compatible; GoogleOther)" 
66.249.68.133 - - [24/Oct/2025:09:58:56 -0700] "GET /shopdetail185054256?kg=0183512257 HTTP/1.1" 200 31489 "-" "Mozilla/5.0 (Linux; Android 6.0.1; Nexus 5X Build/MMB29P) AppleWebKit/537.36 (KHTML, like Gecko) Chrome/141.0.7390.122 Mobile Safari/537.36 (compatible; GoogleOther)" 
66.249.79.6 - - [24/Oct/2025:09:59:19 -0700] "GET /shopdetail7153224?kg=0007093734 HTTP/1.1" 200 30784 "-" "Mozilla/5.0 (Linux; Android 6.0.1; Nexus 5X Build/MMB29P) AppleWebKit/537.36 (KHTML, like Gecko) Chrome/141.0.7390.122 Mobile Safari/537.36 (compatible; Googlebot/2.1; +http://www.google.com/bot.html)" 
66.249.68.133 - - [24/Oct/2025:10:00:00 -0700] "GET /shopdetail158738192?kg=0157415493 HTTP/1.1" 200 30665 "-" "Mozilla/5.0 (Linux; Android 6.0.1; Nexus 5X Build/MMB29P) AppleWebKit/537.36 (KHTML, like Gecko) Chrome/141.0.7390.122 Mobile Safari/537.36 (compatible; GoogleOther)" 
207.46.13.107 - - [24/Oct/2025:10:00:36 -0700] "GET /shopdetail144785824?kg=0143579395 HTTP/2.0" 200 28809 "-" "Mozilla/5.0 AppleWebKit/537.36 (KHTML, like Gecko; compatible; bingbot/2.0; +http://www.bing.com/bingbot.htm) Chrome/116.0.1938.76 Safari/537.36" 
66.249.68.133 - - [24/Oct/2025:10:00:39 -0700] "GET /shopdetail157901752?kg=0156586024 HTTP/1.1" 200 30818 "-" "Mozilla/5.0 (Linux; Android 6.0.1; Nexus 5X Build/MMB29P) AppleWebKit/537.36 (KHTML, like Gecko) Chrome/141.0.7390.122 Mobile Safari/537.36 (compatible; GoogleOther)" 
66.249.68.133 - - [24/Oct/2025:10:01:20 -0700] "GET /shopdetail56640120?kg=0056168240 HTTP/1.1" 200 30738 "-" "Mozilla/5.0 (Linux; Android 6.0.1; Nexus 5X Build/MMB29P) AppleWebKit/537.36 (KHTML, like Gecko) Chrome/141.0.7390.122 Mobile Safari/537.36 (compatible; GoogleOther)" 
66.249.68.133 - - [24/Oct/2025:10:02:02 -0700] "GET /shopdetail73055168?kg=0072446495 HTTP/1.1" 200 31112 "-" "Mozilla/5.0 (Linux; Android 6.0.1; Nexus 5X Build/MMB29P) AppleWebKit/537.36 (KHTML, like Gecko) Chrome/141.0.7390.122 Mobile Safari/537.36 (compatible; GoogleOther)" 
66.249.68.134 - - [24/Oct/2025:10:02:31 -0700] "GET /shopdetail320094432?kg=0317427099 HTTP/1.1" 200 30967 "-" "Mozilla/5.0 (Linux; Android 6.0.1; Nexus 5X Build/MMB29P) AppleWebKit/537.36 (KHTML, like Gecko) Chrome/141.0.7390.122 Mobile Safari/537.36 (compatible; GoogleOther)" 
66.249.68.135 - - [24/Oct/2025:10:03:40 -0700] "GET /shopdetail56998072?kg=0056523208 HTTP/1.1" 200 31767 "-" "Mozilla/5.0 (Linux; Android 6.0.1; Nexus 5X Build/MMB29P) AppleWebKit/537.36 (KHTML, like Gecko) Chrome/141.0.7390.122 Mobile Safari/537.36 (compatible; GoogleOther)" 
66.249.68.134 - - [24/Oct/2025:10:03:46 -0700] "GET /shopdetail308261472?kg=0305692747 HTTP/1.1" 200 30562 "-" "Mozilla/5.0 (Linux; Android 6.0.1; Nexus 5X Build/MMB29P) AppleWebKit/537.36 (KHTML, like Gecko) Chrome/141.0.7390.122 Mobile Safari/537.36 (compatible; GoogleOther)" 
64.64.116.18 - - [24/Oct/2025:10:04:13 -0700] "GET /about/contact/ HTTP/1.1" 200 18500 "-" "Mozilla/5.0 (Windows NT 10.0; Win64; x64) AppleWebKit/537.36 (KHTML, like Gecko) Chrome/114.0.0.0 YaBrowser/22.7.0 Yowser/2.5 Safari/537.36" 
64.64.116.22 - - [24/Oct/2025:10:04:15 -0700] "POST /about/contact/ HTTP/1.1" 200 17819 "https://www.biblioglow.com/about/contact/" "Mozilla/5.0 (Windows NT 10.0; Win64; x64) AppleWebKit/537.36 (KHTML, like Gecko) Chrome/114.0.0.0 YaBrowser/22.7.0 Yowser/2.5 Safari/537.36" 
64.90.53.137 - - [24/Oct/2025:10:04:13 -0700] "POST /wp-cron.php?doing_wp_cron=1761325453.5933189392089843750000 HTTP/1.1" 200 3634 "https://www.biblioglow.com/wp-cron.php?doing_wp_cron=1761325453.5933189392089843750000" "WordPress/6.1.9; https://www.biblioglow.com" 
66.249.68.134 - - [24/Oct/2025:10:04:59 -0700] "GET /shopdetail57011648?kg=0056536671 HTTP/1.1" 200 33352 "-" "Mozilla/5.0 (Linux; Android 6.0.1; Nexus 5X Build/MMB29P) AppleWebKit/537.36 (KHTML, like Gecko) Chrome/141.0.7390.122 Mobile Safari/537.36 (compatible; GoogleOther)" 
66.249.68.133 - - [24/Oct/2025:10:05:18 -0700] "GET /shopdetail72282648?kg=0071680412 HTTP/1.1" 200 31254 "-" "Mozilla/5.0 (Linux; Android 6.0.1; Nexus 5X Build/MMB29P) AppleWebKit/537.36 (KHTML, like Gecko) Chrome/141.0.7390.122 Mobile Safari/537.36 (compatible; GoogleOther)" 
66.249.68.133 - - [24/Oct/2025:10:05:37 -0700] "GET /shopdetail7038840?kg=0006980304 HTTP/1.1" 200 30724 "-" "Mozilla/5.0 (Linux; Android 6.0.1; Nexus 5X Build/MMB29P) AppleWebKit/537.36 (KHTML, like Gecko) Chrome/141.0.7390.122 Mobile Safari/537.36 (compatible; Googlebot/2.1; +http://www.google.com/bot.html)" 
66.249.68.135 - - [24/Oct/2025:10:06:08 -0700] "GET /shopdetail31013200?kg=0030754877 HTTP/1.1" 200 30943 "-" "Mozilla/5.0 (Linux; Android 6.0.1; Nexus 5X Build/MMB29P) AppleWebKit/537.36 (KHTML, like Gecko) Chrome/141.0.7390.122 Mobile Safari/537.36 (compatible; GoogleOther)" 
66.249.68.133 - - [24/Oct/2025:10:06:52 -0700] "GET /shopdetail158901104?kg=0157577049 HTTP/1.1" 200 30709 "-" "Mozilla/5.0 (Linux; Android 6.0.1; Nexus 5X Build/MMB29P) AppleWebKit/537.36 (KHTML, like Gecko) Chrome/141.0.7390.122 Mobile Safari/537.36 (compatible; GoogleOther)" 
196.251.86.13 - - [24/Oct/2025:10:07:18 -0700] "GET /assets/jqueryfileupload/server/php/index.php?file=tf2rghf.jpg HTTP/1.1" 429 3822 "-" "ALittle Client" 
66.249.68.135 - - [24/Oct/2025:10:07:22 -0700] "GET /shopdetail307770648?kg=0305206012 HTTP/1.1" 200 30795 "-" "Mozilla/5.0 (Linux; Android 6.0.1; Nexus 5X Build/MMB29P) AppleWebKit/537.36 (KHTML, like Gecko) Chrome/141.0.7390.122 Mobile Safari/537.36 (compatible; GoogleOther)" 
66.249.79.6 - - [24/Oct/2025:10:08:06 -0700] "GET /shopdetail7152544?kg=0007093059 HTTP/1.1" 200 30731 "-" "Mozilla/5.0 (Linux; Android 6.0.1; Nexus 5X Build/MMB29P) AppleWebKit/537.36 (KHTML, like Gecko) Chrome/141.0.7390.122 Mobile Safari/537.36 (compatible; Googlebot/2.1; +http://www.google.com/bot.html)" 
66.249.68.134 - - [24/Oct/2025:10:08:29 -0700] "GET /shopdetail57210088?kg=0056733458 HTTP/1.1" 200 31661 "-" "Mozilla/5.0 (Linux; Android 6.0.1; Nexus 5X Build/MMB29P) AppleWebKit/537.36 (KHTML, like Gecko) Chrome/141.0.7390.122 Mobile Safari/537.36 (compatible; GoogleOther)" 
66.249.68.133 - - [24/Oct/2025:10:08:36 -0700] "GET /shopdetail29434008?kg=0029188844 HTTP/1.1" 200 30603 "-" "Mozilla/5.0 (Linux; Android 6.0.1; Nexus 5X Build/MMB29P) AppleWebKit/537.36 (KHTML, like Gecko) Chrome/141.0.7390.122 Mobile Safari/537.36 (compatible; GoogleOther)" 
66.249.68.134 - - [24/Oct/2025:10:09:50 -0700] "GET /shopdetail30168400?kg=0029917117 HTTP/1.1" 200 31009 "-" "Mozilla/5.0 (Linux; Android 6.0.1; Nexus 5X Build/MMB29P) AppleWebKit/537.36 (KHTML, like Gecko) Chrome/141.0.7390.122 Mobile Safari/537.36 (compatible; GoogleOther)" 
66.249.68.133 - - [24/Oct/2025:10:10:10 -0700] "GET /shopdetail31723056?kg=0031458817 HTTP/1.1" 200 31371 "-" "Mozilla/5.0 (Linux; Android 6.0.1; Nexus 5X Build/MMB29P) AppleWebKit/537.36 (KHTML, like Gecko) Chrome/141.0.7390.122 Mobile Safari/537.36 (compatible; GoogleOther)" 
66.249.68.134 - - [24/Oct/2025:10:11:08 -0700] "GET /shopdetail72870984?kg=0072263846 HTTP/1.1" 200 30724 "-" "Mozilla/5.0 (Linux; Android 6.0.1; Nexus 5X Build/MMB29P) AppleWebKit/537.36 (KHTML, like Gecko) Chrome/141.0.7390.122 Mobile Safari/537.36 (compatible; GoogleOther)" 
66.249.68.133 - - [24/Oct/2025:10:11:43 -0700] "GET /shopdetail320440320?kg=0317770103 HTTP/1.1" 200 34102 "-" "Mozilla/5.0 (Linux; Android 6.0.1; Nexus 5X Build/MMB29P) AppleWebKit/537.36 (KHTML, like Gecko) Chrome/141.0.7390.122 Mobile Safari/537.36 (compatible; GoogleOther)" 
66.249.68.134 - - [24/Oct/2025:10:12:17 -0700] "GET /shopdetail56788792?kg=0056315672 HTTP/1.1" 200 30546 "-" "Mozilla/5.0 (Linux; Android 6.0.1; Nexus 5X Build/MMB29P) AppleWebKit/537.36 (KHTML, like Gecko) Chrome/141.0.7390.122 Mobile Safari/537.36 (compatible; GoogleOther)" 
66.249.68.135 - - [24/Oct/2025:10:13:22 -0700] "GET /shopdetail158069064?kg=0156751942 HTTP/1.1" 200 30967 "-" "Mozilla/5.0 (Linux; Android 6.0.1; Nexus 5X Build/MMB29P) AppleWebKit/537.36 (KHTML, like Gecko) Chrome/141.0.7390.122 Mobile Safari/537.36 (compatible; GoogleOther)" 
66.249.68.133 - - [24/Oct/2025:10:13:32 -0700] "GET /shopdetail184892840?kg=0183352186 HTTP/1.1" 200 30663 "-" "Mozilla/5.0 (Linux; Android 6.0.1; Nexus 5X Build/MMB29P) AppleWebKit/537.36 (KHTML, like Gecko) Chrome/141.0.7390.122 Mobile Safari/537.36 (compatible; GoogleOther)" 
66.249.68.134 - - [24/Oct/2025:10:14:45 -0700] "GET /shopdetail183240536?kg=0181713652 HTTP/1.1" 200 31314 "-" "Mozilla/5.0 (Linux; Android 6.0.1; Nexus 5X Build/MMB29P) AppleWebKit/537.36 (KHTML, like Gecko) Chrome/141.0.7390.122 Mobile Safari/537.36 (compatible; GoogleOther)" 
66.249.68.133 - - [24/Oct/2025:10:14:57 -0700] "GET /shopdetail308848992?kg=0306275371 HTTP/1.1" 200 31573 "-" "Mozilla/5.0 (Linux; Android 6.0.1; Nexus 5X Build/MMB29P) AppleWebKit/537.36 (KHTML, like Gecko) Chrome/141.0.7390.122 Mobile Safari/537.36 (compatible; GoogleOther)" 
52.167.144.211 - - [24/Oct/2025:10:15:16 -0700] "GET /shopdetail138949704?kg=0137791910 HTTP/2.0" 200 28264 "-" "Mozilla/5.0 AppleWebKit/537.36 (KHTML, like Gecko; compatible; bingbot/2.0; +http://www.bing.com/bingbot.htm) Chrome/116.0.1938.76 Safari/537.36" 
66.249.68.133 - - [24/Oct/2025:10:16:02 -0700] "GET /shopdetail158334992?kg=0157015653 HTTP/1.1" 200 30802 "-" "Mozilla/5.0 (Linux; Android 6.0.1; Nexus 5X Build/MMB29P) AppleWebKit/537.36 (KHTML, like Gecko) Chrome/141.0.7390.122 Mobile Safari/537.36 (compatible; GoogleOther)" 
66.249.68.134 - - [24/Oct/2025:10:16:07 -0700] "GET /shopdetail6652936?kg=0006597614 HTTP/1.1" 200 30707 "-" "Mozilla/5.0 (compatible; Googlebot/2.1; +http://www.google.com/bot.html)" 
66.249.79.4 - - [24/Oct/2025:10:16:09 -0700] "GET /shopdetail7151304?kg=0007091830 HTTP/1.1" 200 31148 "-" "Mozilla/5.0 (Linux; Android 6.0.1; Nexus 5X Build/MMB29P) AppleWebKit/537.36 (KHTML, like Gecko) Chrome/141.0.7390.122 Mobile Safari/537.36 (compatible; Googlebot/2.1; +http://www.google.com/bot.html)" 
66.249.68.133 - - [24/Oct/2025:10:16:34 -0700] "GET /shopdetail186139056?kg=0184588017 HTTP/1.1" 200 30797 "-" "Mozilla/5.0 (Linux; Android 6.0.1; Nexus 5X Build/MMB29P) AppleWebKit/537.36 (KHTML, like Gecko) Chrome/141.0.7390.122 Mobile Safari/537.36 (compatible; GoogleOther)" 
66.249.68.133 - - [24/Oct/2025:10:17:19 -0700] "GET /shopdetail184874048?kg=0183333551 HTTP/1.1" 200 30774 "-" "Mozilla/5.0 (Linux; Android 6.0.1; Nexus 5X Build/MMB29P) AppleWebKit/537.36 (KHTML, like Gecko) Chrome/141.0.7390.122 Mobile Safari/537.36 (compatible; GoogleOther)" 
66.249.68.135 - - [24/Oct/2025:10:18:10 -0700] "GET /shopdetail31719488?kg=0031455279 HTTP/1.1" 200 32666 "-" "Mozilla/5.0 (Linux; Android 6.0.1; Nexus 5X Build/MMB29P) AppleWebKit/537.36 (KHTML, like Gecko) Chrome/141.0.7390.122 Mobile Safari/537.36 (compatible; GoogleOther)" 
66.249.68.133 - - [24/Oct/2025:10:18:30 -0700] "GET /shopdetail184491288?kg=0182953980 HTTP/1.1" 200 30911 "-" "Mozilla/5.0 (Linux; Android 6.0.1; Nexus 5X Build/MMB29P) AppleWebKit/537.36 (KHTML, like Gecko) Chrome/141.0.7390.122 Mobile Safari/537.36 (compatible; GoogleOther)" 
66.249.79.6 - - [24/Oct/2025:10:19:09 -0700] "GET /shopdetail8373800?kg=0008304138 HTTP/1.1" 200 30739 "-" "Mozilla/5.0 (compatible; Googlebot/2.1; +http://www.google.com/bot.html)" 
157.55.39.7 - - [24/Oct/2025:10:19:28 -0700] "GET /shopdetail267494400?kg=0265265399 HTTP/2.0" 200 26871 "-" "Mozilla/5.0 AppleWebKit/537.36 (KHTML, like Gecko; compatible; bingbot/2.0; +http://www.bing.com/bingbot.htm) Chrome/116.0.1938.76 Safari/537.36" 
66.249.68.135 - - [24/Oct/2025:10:19:40 -0700] "GET /shopdetail31175448?kg=0030915772 HTTP/1.1" 200 30399 "-" "Mozilla/5.0 (Linux; Android 6.0.1; Nexus 5X Build/MMB29P) AppleWebKit/537.36 (KHTML, like Gecko) Chrome/141.0.7390.122 Mobile Safari/537.36 (compatible; GoogleOther)" 
66.249.68.134 - - [24/Oct/2025:10:19:53 -0700] "GET /shopdetail308837744?kg=0306264217 HTTP/1.1" 200 30826 "-" "Mozilla/5.0 (Linux; Android 6.0.1; Nexus 5X Build/MMB29P) AppleWebKit/537.36 (KHTML, like Gecko) Chrome/141.0.7390.122 Mobile Safari/537.36 (compatible; GoogleOther)" 
37.187.155.79 - - [24/Oct/2025:10:19:57 -0700] "GET /wp-login.php HTTP/2.0" 429 351 "-" "Mozilla/4.0 (compatible; MSIE 7.0; Windows NT 6.1; WOW64; Trident/7.0; SLCC2; .NET CLR 2.0.50727; .NET CLR 3.5.30729; .NET CLR 3.0.30729; InfoPath.2; .NET4.0C; .NET4.0E)" 
37.187.155.79 - - [24/Oct/2025:10:20:25 -0700] "POST /wp-login.php HTTP/2.0" 429 351 "https://www.biblioglow.com/wp-login.php" "Mozilla/4.0 (compatible; MSIE 7.0; Windows NT 6.1; WOW64; Trident/7.0; SLCC2; .NET CLR 2.0.50727; .NET CLR 3.5.30729; .NET CLR 3.0.30729; InfoPath.2; .NET4.0C; .NET4.0E)" 
66.249.68.133 - - [24/Oct/2025:10:21:00 -0700] "GET /shopdetail158158760?kg=0156840890 HTTP/1.1" 200 30635 "-" "Mozilla/5.0 (Linux; Android 6.0.1; Nexus 5X Build/MMB29P) AppleWebKit/537.36 (KHTML, like Gecko) Chrome/141.0.7390.122 Mobile Safari/537.36 (compatible; GoogleOther)" 
66.249.68.133 - - [24/Oct/2025:10:21:33 -0700] "GET /shopdetail57200912?kg=0056724357 HTTP/1.1" 200 33115 "-" "Mozilla/5.0 (Linux; Android 6.0.1; Nexus 5X Build/MMB29P) AppleWebKit/537.36 (KHTML, like Gecko) Chrome/141.0.7390.122 Mobile Safari/537.36 (compatible; GoogleOther)" 
66.249.68.133 - - [24/Oct/2025:10:21:42 -0700] "GET /shopdetail285952720?kg=0283569901 HTTP/1.1" 200 30980 "-" "Mozilla/5.0 (Linux; Android 6.0.1; Nexus 5X Build/MMB29P) AppleWebKit/537.36 (KHTML, like Gecko) Chrome/141.0.7390.122 Mobile Safari/537.36 (compatible; Googlebot/2.1; +http://www.google.com/bot.html)" 
66.249.68.134 - - [24/Oct/2025:10:22:28 -0700] "GET /shopdetail157706184?kg=0156392086 HTTP/1.1" 200 31289 "-" "Mozilla/5.0 (Linux; Android 6.0.1; Nexus 5X Build/MMB29P) AppleWebKit/537.36 (KHTML, like Gecko) Chrome/141.0.7390.122 Mobile Safari/537.36 (compatible; GoogleOther)" 
66.249.68.134 - - [24/Oct/2025:10:23:03 -0700] "GET /shopdetail308675240?kg=0306103066 HTTP/1.1" 200 30722 "-" "Mozilla/5.0 (Linux; Android 6.0.1; Nexus 5X Build/MMB29P) AppleWebKit/537.36 (KHTML, like Gecko) Chrome/141.0.7390.122 Mobile Safari/537.36 (compatible; GoogleOther)" 
66.249.68.133 - - [24/Oct/2025:10:23:24 -0700] "GET /shopdetail158161768?kg=0156843874 HTTP/1.1" 200 31382 "-" "Mozilla/5.0 (Linux; Android 6.0.1; Nexus 5X Build/MMB29P) AppleWebKit/537.36 (KHTML, like Gecko) Chrome/141.0.7390.122 Mobile Safari/537.36 (compatible; GoogleOther)" 
66.249.79.4 - - [24/Oct/2025:10:23:53 -0700] "GET /?shopdetail6792808?kg=0006736322 HTTP/1.1" 200 32277 "-" "Mozilla/5.0 (Linux; Android 6.0.1; Nexus 5X Build/MMB29P) AppleWebKit/537.36 (KHTML, like Gecko) Chrome/141.0.7390.122 Mobile Safari/537.36 (compatible; Googlebot/2.1; +http://www.google.com/bot.html)" 
66.249.68.134 - - [24/Oct/2025:10:24:35 -0700] "GET /shopdetail29646296?kg=0029399364 HTTP/1.1" 200 32229 "-" "Mozilla/5.0 (Linux; Android 6.0.1; Nexus 5X Build/MMB29P) AppleWebKit/537.36 (KHTML, like Gecko) Chrome/141.0.7390.122 Mobile Safari/537.36 (compatible; GoogleOther)" 
66.249.68.134 - - [24/Oct/2025:10:24:40 -0700] "GET /shopdetail186132480?kg=0184581495 HTTP/1.1" 200 31912 "-" "Mozilla/5.0 (Linux; Android 6.0.1; Nexus 5X Build/MMB29P) AppleWebKit/537.36 (KHTML, like Gecko) Chrome/141.0.7390.122 Mobile Safari/537.36 (compatible; GoogleOther)" 
66.249.79.6 - - [24/Oct/2025:10:25:49 -0700] "GET /shopdetail11097600?kg=0011005239 HTTP/1.1" 200 31643 "-" "Mozilla/5.0 (Linux; Android 6.0.1; Nexus 5X Build/MMB29P) AppleWebKit/537.36 (KHTML, like Gecko) Chrome/141.0.7390.122 Mobile Safari/537.36 (compatible; GoogleOther)" 
207.46.13.64 - - [24/Oct/2025:10:26:15 -0700] "GET /shopdetail267511392?kg=0265282251 HTTP/2.0" 200 27145 "-" "Mozilla/5.0 AppleWebKit/537.36 (KHTML, like Gecko; compatible; bingbot/2.0; +http://www.bing.com/bingbot.htm) Chrome/116.0.1938.76 Safari/537.36" 
66.249.68.133 - - [24/Oct/2025:10:26:20 -0700] "GET /shopdetail308369960?kg=0305800330 HTTP/1.1" 200 32127 "-" "Mozilla/5.0 (Linux; Android 6.0.1; Nexus 5X Build/MMB29P) AppleWebKit/537.36 (KHTML, like Gecko) Chrome/141.0.7390.122 Mobile Safari/537.36 (compatible; GoogleOther)" 
47.128.59.160 - - [24/Oct/2025:10:26:25 -0700] "GET /robots.txt HTTP/1.1" 200 3614 "-" "Mozilla/5.0 (Linux; Android 5.0) AppleWebKit/537.36 (KHTML, like Gecko) Mobile Safari/537.36 (compatible; Bytespider; spider-feedback@bytedance.com)" 
66.249.68.134 - - [24/Oct/2025:10:27:08 -0700] "GET /shopdetail184698376?kg=0183159342 HTTP/1.1" 200 30345 "-" "Mozilla/5.0 (Linux; Android 6.0.1; Nexus 5X Build/MMB29P) AppleWebKit/537.36 (KHTML, like Gecko) Chrome/141.0.7390.122 Mobile Safari/537.36 (compatible; GoogleOther)" 
66.249.68.134 - - [24/Oct/2025:10:27:11 -0700] "GET /shopdetail68367632?kg=0067798021 HTTP/1.1" 200 34163 "-" "Mozilla/5.0 (Linux; Android 6.0.1; Nexus 5X Build/MMB29P) AppleWebKit/537.36 (KHTML, like Gecko) Chrome/141.0.7390.122 Mobile Safari/537.36 (compatible; Googlebot/2.1; +http://www.google.com/bot.html)" 
66.249.68.133 - - [24/Oct/2025:10:27:56 -0700] "GET /shopdetail308670432?kg=0306098299 HTTP/1.1" 200 30661 "-" "Mozilla/5.0 (Linux; Android 6.0.1; Nexus 5X Build/MMB29P) AppleWebKit/537.36 (KHTML, like Gecko) Chrome/141.0.7390.122 Mobile Safari/537.36 (compatible; GoogleOther)" 
66.249.68.134 - - [24/Oct/2025:10:28:16 -0700] "GET /shopdetail29451968?kg=0029206655 HTTP/1.1" 200 33696 "-" "Mozilla/5.0 (Linux; Android 6.0.1; Nexus 5X Build/MMB29P) AppleWebKit/537.36 (KHTML, like Gecko) Chrome/141.0.7390.122 Mobile Safari/537.36 (compatible; GoogleOther)" 
66.249.68.133 - - [24/Oct/2025:10:29:42 -0700] "GET /shopdetail308387648?kg=0305817871 HTTP/1.1" 200 32993 "-" "Mozilla/5.0 (Linux; Android 6.0.1; Nexus 5X Build/MMB29P) AppleWebKit/537.36 (KHTML, like Gecko) Chrome/141.0.7390.122 Mobile Safari/537.36 (compatible; GoogleOther)" 
66.249.68.134 - - [24/Oct/2025:10:29:48 -0700] "GET /shopdetail155218968?kg=0153925596 HTTP/1.1" 200 32706 "-" "Mozilla/5.0 (Linux; Android 6.0.1; Nexus 5X Build/MMB29P) AppleWebKit/537.36 (KHTML, like Gecko) Chrome/141.0.7390.122 Mobile Safari/537.36 (compatible; GoogleOther)" 
66.249.68.133 - - [24/Oct/2025:10:30:45 -0700] "GET /shopdetail31173104?kg=0030913449 HTTP/1.1" 200 31104 "-" "Mozilla/5.0 (Linux; Android 6.0.1; Nexus 5X Build/MMB29P) AppleWebKit/537.36 (KHTML, like Gecko) Chrome/141.0.7390.122 Mobile Safari/537.36 (compatible; GoogleOther)" 
66.249.68.135 - - [24/Oct/2025:10:31:07 -0700] "GET /shopdetail186136864?kg=0184585843 HTTP/1.1" 200 32268 "-" "Mozilla/5.0 (Linux; Android 6.0.1; Nexus 5X Build/MMB29P) AppleWebKit/537.36 (KHTML, like Gecko) Chrome/141.0.7390.122 Mobile Safari/537.36 (compatible; GoogleOther)" 
66.249.68.134 - - [24/Oct/2025:10:32:00 -0700] "GET /shopdetail185298776?kg=0183754740 HTTP/1.1" 200 30988 "-" "Mozilla/5.0 (Linux; Android 6.0.1; Nexus 5X Build/MMB29P) AppleWebKit/537.36 (KHTML, like Gecko) Chrome/141.0.7390.122 Mobile Safari/537.36 (compatible; GoogleOther)" 
66.249.68.133 - - [24/Oct/2025:10:32:44 -0700] "GET /shopdetail308693760?kg=0306121431 HTTP/1.1" 200 30833 "-" "Mozilla/5.0 (Linux; Android 6.0.1; Nexus 5X Build/MMB29P) AppleWebKit/537.36 (KHTML, like Gecko) Chrome/141.0.7390.122 Mobile Safari/537.36 (compatible; GoogleOther)" 
66.249.68.134 - - [24/Oct/2025:10:33:15 -0700] "GET /shopdetail184495808?kg=0182958463 HTTP/1.1" 200 30660 "-" "Mozilla/5.0 (Linux; Android 6.0.1; Nexus 5X Build/MMB29P) AppleWebKit/537.36 (KHTML, like Gecko) Chrome/141.0.7390.122 Mobile Safari/537.36 (compatible; GoogleOther)" 
66.249.68.135 - - [24/Oct/2025:10:34:19 -0700] "GET /shopdetail57190480?kg=0056714013 HTTP/1.1" 200 30859 "-" "Mozilla/5.0 (Linux; Android 6.0.1; Nexus 5X Build/MMB29P) AppleWebKit/537.36 (KHTML, like Gecko) Chrome/141.0.7390.122 Mobile Safari/537.36 (compatible; GoogleOther)" 
66.249.68.133 - - [24/Oct/2025:10:34:30 -0700] "GET /shopdetail323402592?kg=0320707691 HTTP/1.1" 200 30611 "-" "Mozilla/5.0 (Linux; Android 6.0.1; Nexus 5X Build/MMB29P) AppleWebKit/537.36 (KHTML, like Gecko) Chrome/141.0.7390.122 Mobile Safari/537.36 (compatible; GoogleOther)" 
54.37.118.81 - - [24/Oct/2025:10:34:54 -0700] "GET /robots.txt HTTP/2.0" 200 270 "-" "Mozilla/5.0 (compatible; AhrefsBot/7.0; +http://ahrefs.com/robot/)" 
15.235.98.158 - - [24/Oct/2025:10:34:58 -0700] "GET /sitemap.xml HTTP/2.0" 200 7676 "-" "Mozilla/5.0 (compatible; AhrefsBot/7.0; +http://ahrefs.com/robot/)" 
66.249.68.134 - - [24/Oct/2025:10:35:46 -0700] "GET /shopdetail72129864?kg=0071528902 HTTP/1.1" 200 31925 "-" "Mozilla/5.0 (Linux; Android 6.0.1; Nexus 5X Build/MMB29P) AppleWebKit/537.36 (KHTML, like Gecko) Chrome/141.0.7390.122 Mobile Safari/537.36 (compatible; GoogleOther)" 
66.249.68.133 - - [24/Oct/2025:10:35:56 -0700] "GET /shopdetail185486392?kg=0183940792 HTTP/1.1" 200 31557 "-" "Mozilla/5.0 (Linux; Android 6.0.1; Nexus 5X Build/MMB29P) AppleWebKit/537.36 (KHTML, like Gecko) Chrome/141.0.7390.122 Mobile Safari/537.36 (compatible; GoogleOther)" 
66.249.68.135 - - [24/Oct/2025:10:36:53 -0700] "GET /shopdetail31390080?kg=0031128615 HTTP/1.1" 200 30459 "-" "Mozilla/5.0 (Linux; Android 6.0.1; Nexus 5X Build/MMB29P) AppleWebKit/537.36 (KHTML, like Gecko) Chrome/141.0.7390.122 Mobile Safari/537.36 (compatible; GoogleOther)" 
66.249.68.133 - - [24/Oct/2025:10:37:31 -0700] "GET /shopdetail72462720?kg=0071858983 HTTP/1.1" 200 33048 "-" "Mozilla/5.0 (Linux; Android 6.0.1; Nexus 5X Build/MMB29P) AppleWebKit/537.36 (KHTML, like Gecko) Chrome/141.0.7390.122 Mobile Safari/537.36 (compatible; GoogleOther)" 
66.249.68.134 - - [24/Oct/2025:10:38:11 -0700] "GET /shopdetail71911816?kg=0071312670 HTTP/1.1" 200 30700 "-" "Mozilla/5.0 (Linux; Android 6.0.1; Nexus 5X Build/MMB29P) AppleWebKit/537.36 (KHTML, like Gecko) Chrome/141.0.7390.122 Mobile Safari/537.36 (compatible; GoogleOther)" 
66.249.68.134 - - [24/Oct/2025:10:38:42 -0700] "GET /shopdetail286538864?kg=0284151161 HTTP/1.1" 200 31393 "-" "Mozilla/5.0 (compatible; Googlebot/2.1; +http://www.google.com/bot.html)" 
66.249.68.135 - - [24/Oct/2025:10:39:08 -0700] "GET /shopdetail308545088?kg=0305973999 HTTP/1.1" 200 30875 "-" "Mozilla/5.0 (Linux; Android 6.0.1; Nexus 5X Build/MMB29P) AppleWebKit/537.36 (KHTML, like Gecko) Chrome/141.0.7390.122 Mobile Safari/537.36 (compatible; GoogleOther)" 
66.249.68.134 - - [24/Oct/2025:10:39:24 -0700] "GET /shopdetail157155976?kg=0155846462 HTTP/1.1" 200 30799 "-" "Mozilla/5.0 (Linux; Android 6.0.1; Nexus 5X Build/MMB29P) AppleWebKit/537.36 (KHTML, like Gecko) Chrome/141.0.7390.122 Mobile Safari/537.36 (compatible; GoogleOther)" 
66.249.68.135 - - [24/Oct/2025:10:40:34 -0700] "GET /shopdetail323583480?kg=0320887072 HTTP/1.1" 200 30948 "-" "Mozilla/5.0 (Linux; Android 6.0.1; Nexus 5X Build/MMB29P) AppleWebKit/537.36 (KHTML, like Gecko) Chrome/141.0.7390.122 Mobile Safari/537.36 (compatible; GoogleOther)" 
176.65.113.206 - - [24/Oct/2025:10:40:34 -0700] "GET /about/contact/ HTTP/1.1" 200 18451 "-" "Mozilla/5.0 (Windows NT 6.1; Win64; x64) AppleWebKit/537.36 (KHTML, like Gecko) Chrome/126.0.6478.114 Safari/537.36" 
64.90.53.137 - - [24/Oct/2025:10:40:36 -0700] "POST /wp-cron.php?doing_wp_cron=1761327636.3186419010162353515625 HTTP/1.1" 200 3634 "https://www.biblioglow.com/wp-cron.php?doing_wp_cron=1761327636.3186419010162353515625" "WordPress/6.1.9; https://www.biblioglow.com" 
177.200.34.64 - - [24/Oct/2025:10:40:41 -0700] "GET /wp-includes/js/jquery/jquery.min.js?ver=3.6.1 HTTP/1.1" 200 35423 "https://www.biblioglow.com/about/contact/" "Mozilla/5.0 (Windows NT 6.1; Win64; x64) AppleWebKit/537.36 (KHTML, like Gecko) Chrome/126.0.6478.114 Safari/537.36" 
186.122.8.139 - - [24/Oct/2025:10:40:41 -0700] "GET /wp-includes/js/comment-reply.min.js?ver=6.1.9 HTTP/1.1" 200 5076 "https://www.biblioglow.com/about/contact/" "Mozilla/5.0 (Windows NT 6.1; Win64; x64) AppleWebKit/537.36 (KHTML, like Gecko) Chrome/126.0.6478.114 Safari/537.36" 
179.51.119.251 - - [24/Oct/2025:10:40:43 -0700] "GET /wp-includes/js/jquery/jquery-migrate.min.js?ver=3.3.2 HTTP/1.1" 200 7930 "https://www.biblioglow.com/about/contact/" "Mozilla/5.0 (Windows NT 6.1; Win64; x64) AppleWebKit/537.36 (KHTML, like Gecko) Chrome/126.0.6478.114 Safari/537.36" 
179.189.135.31 - - [24/Oct/2025:10:40:46 -0700] "GET /wp-content/plugins/wpforms-lite/assets/lib/mailcheck.min.js?ver=1.1.2 HTTP/1.1" 200 5411 "https://www.biblioglow.com/about/contact/" "Mozilla/5.0 (Windows NT 6.1; Win64; x64) AppleWebKit/537.36 (KHTML, like Gecko) Chrome/126.0.6478.114 Safari/537.36" 
200.53.196.55 - - [24/Oct/2025:10:40:47 -0700] "GET /wp-content/plugins/wpforms-lite/assets/js/wpforms.min.js?ver=1.7.8 HTTP/1.1" 200 13639 "https://www.biblioglow.com/about/contact/" "Mozilla/5.0 (Windows NT 6.1; Win64; x64) AppleWebKit/537.36 (KHTML, like Gecko) Chrome/126.0.6478.114 Safari/537.36" 
191.53.102.3 - - [24/Oct/2025:10:40:47 -0700] "GET /wp-content/plugins/wpforms-lite/assets/js/utils.min.js?ver=1.7.8 HTTP/1.1" 200 3873 "https://www.biblioglow.com/about/contact/" "Mozilla/5.0 (Windows NT 6.1; Win64; x64) AppleWebKit/537.36 (KHTML, like Gecko) Chrome/126.0.6478.114 Safari/537.36" 
170.233.159.120 - - [24/Oct/2025:10:40:47 -0700] "GET /wp-includes/js/wp-emoji-release.min.js?ver=6.1.9 HTTP/1.1" 200 8811 "https://www.biblioglow.com/about/contact/" "Mozilla/5.0 (Windows NT 6.1; Win64; x64) AppleWebKit/537.36 (KHTML, like Gecko) Chrome/126.0.6478.114 Safari/537.36" 
201.75.166.250 - - [24/Oct/2025:10:40:48 -0700] "GET /wp-content/plugins/wpforms-lite/assets/lib/punycode.min.js?ver=1.0.0 HTTP/1.1" 200 4596 "https://www.biblioglow.com/about/contact/" "Mozilla/5.0 (Windows NT 6.1; Win64; x64) AppleWebKit/537.36 (KHTML, like Gecko) Chrome/126.0.6478.114 Safari/537.36" 
66.249.68.133 - - [24/Oct/2025:10:41:02 -0700] "GET /shopdetail308862840?kg=0306289104 HTTP/1.1" 200 31106 "-" "Mozilla/5.0 (Linux; Android 6.0.1; Nexus 5X Build/MMB29P) AppleWebKit/537.36 (KHTML, like Gecko) Chrome/141.0.7390.122 Mobile Safari/537.36 (compatible; GoogleOther)" 
64.90.53.137 - - [24/Oct/2025:10:41:20 -0700] "POST /wp-cron.php?doing_wp_cron=1761327680.2943511009216308593750 HTTP/1.1" 200 3634 "https://www.biblioglow.com/wp-cron.php?doing_wp_cron=1761327680.2943511009216308593750" "WordPress/6.1.9; https://www.biblioglow.com" 
43.173.175.211 - - [24/Oct/2025:10:41:19 -0700] "GET /feed/ HTTP/1.1" 200 8878 "-" "Mozilla/5.0 (Windows NT 6.1; Win64; x64) AppleWebKit/537.36 (KHTML, like Gecko) Chrome/126.0.6478.114 Safari/537.36" 
43.173.176.159 - - [24/Oct/2025:10:41:22 -0700] "GET /?p=111 HTTP/1.1" 301 3706 "-" "Mozilla/5.0 (Windows NT 6.1; Win64; x64) AppleWebKit/537.36 (KHTML, like Gecko) Chrome/126.0.6478.114 Safari/537.36" 
43.173.176.159 - - [24/Oct/2025:10:41:23 -0700] "GET /about/contact/ HTTP/1.1" 200 15102 "https://www.biblioglow.com/?p=111" "Mozilla/5.0 (Windows NT 6.1; Win64; x64) AppleWebKit/537.36 (KHTML, like Gecko) Chrome/126.0.6478.114 Safari/537.36" 
43.173.177.248 - - [24/Oct/2025:10:41:25 -0700] "GET /wp-content/themes/pro/framework/dist/js/site/x.js?ver=3.2.3 HTTP/1.1" 429 3755 "https://www.biblioglow.com/?p=111" "Mozilla/5.0 (Windows NT 6.1; Win64; x64) AppleWebKit/537.36 (KHTML, like Gecko) Chrome/126.0.6478.114 Safari/537.36" 
43.173.179.73 - - [24/Oct/2025:10:41:36 -0700] "GET /xmlrpc.php HTTP/1.1" 405 3622 "-" "Mozilla/5.0 (Windows NT 6.1; Win64; x64) AppleWebKit/537.36 (KHTML, like Gecko) Chrome/126.0.6478.114 Safari/537.36" 
66.249.68.133 - - [24/Oct/2025:10:41:49 -0700] "GET /shopdetail73069152?kg=0072460363 HTTP/1.1" 200 30902 "-" "Mozilla/5.0 (Linux; Android 6.0.1; Nexus 5X Build/MMB29P) AppleWebKit/537.36 (KHTML, like Gecko) Chrome/141.0.7390.122 Mobile Safari/537.36 (compatible; GoogleOther)" 
66.249.68.135 - - [24/Oct/2025:10:42:21 -0700] "GET /shopdetail183414032?kg=0181885701 HTTP/1.1" 200 31120 "-" "Mozilla/5.0 (Linux; Android 6.0.1; Nexus 5X Build/MMB29P) AppleWebKit/537.36 (KHTML, like Gecko) Chrome/141.0.7390.122 Mobile Safari/537.36 (compatible; GoogleOther)" 
177.55.157.240 - - [24/Oct/2025:10:42:46 -0700] "GET /xmlrpc.php HTTP/1.1" 405 3622 "-" "Mozilla/5.0 (Windows NT 6.1; Win64; x64) AppleWebKit/537.36 (KHTML, like Gecko) Chrome/126.0.6478.114 Safari/537.36" 
64.90.53.137 - - [24/Oct/2025:10:42:47 -0700] "POST /wp-cron.php?doing_wp_cron=1761327767.9094510078430175781250 HTTP/1.1" 200 3634 "https://www.biblioglow.com/wp-cron.php?doing_wp_cron=1761327767.9094510078430175781250" "WordPress/6.1.9; https://www.biblioglow.com" 
66.249.68.133 - - [24/Oct/2025:10:43:01 -0700] "GET /shopdetail158350896?kg=0157031425 HTTP/1.1" 200 30778 "-" "Mozilla/5.0 (Linux; Android 6.0.1; Nexus 5X Build/MMB29P) AppleWebKit/537.36 (KHTML, like Gecko) Chrome/141.0.7390.122 Mobile Safari/537.36 (compatible; GoogleOther)" 
66.249.68.133 - - [24/Oct/2025:10:44:01 -0700] "GET /shopdetail186305688?kg=0184753260 HTTP/1.1" 200 31769 "-" "Mozilla/5.0 (Linux; Android 6.0.1; Nexus 5X Build/MMB29P) AppleWebKit/537.36 (KHTML, like Gecko) Chrome/141.0.7390.122 Mobile Safari/537.36 (compatible; GoogleOther)" 
66.249.68.134 - - [24/Oct/2025:10:44:15 -0700] "GET /shopdetail158530680?kg=0157209712 HTTP/1.1" 200 31664 "-" "Mozilla/5.0 (Linux; Android 6.0.1; Nexus 5X Build/MMB29P) AppleWebKit/537.36 (KHTML, like Gecko) Chrome/141.0.7390.122 Mobile Safari/537.36 (compatible; GoogleOther)" 
66.249.68.133 - - [24/Oct/2025:10:45:29 -0700] "GET /shopdetail70750760?kg=0070161290 HTTP/1.1" 200 30631 "-" "Mozilla/5.0 (Linux; Android 6.0.1; Nexus 5X Build/MMB29P) AppleWebKit/537.36 (KHTML, like Gecko) Chrome/141.0.7390.122 Mobile Safari/537.36 (compatible; GoogleOther)" 
66.249.68.133 - - [24/Oct/2025:10:45:35 -0700] "GET /shopdetail159081584?kg=0157756025 HTTP/1.1" 200 30766 "-" "Mozilla/5.0 (Linux; Android 6.0.1; Nexus 5X Build/MMB29P) AppleWebKit/537.36 (KHTML, like Gecko) Chrome/141.0.7390.122 Mobile Safari/537.36 (compatible; GoogleOther)" 
66.249.68.135 - - [24/Oct/2025:10:46:43 -0700] "GET /shopdetail31016224?kg=0030757875 HTTP/1.1" 200 31117 "-" "Mozilla/5.0 (Linux; Android 6.0.1; Nexus 5X Build/MMB29P) AppleWebKit/537.36 (KHTML, like Gecko) Chrome/141.0.7390.122 Mobile Safari/537.36 (compatible; GoogleOther)" 
66.249.68.134 - - [24/Oct/2025:10:47:12 -0700] "GET /shopdetail185250912?kg=0183707275 HTTP/1.1" 200 30931 "-" "Mozilla/5.0 (Linux; Android 6.0.1; Nexus 5X Build/MMB29P) AppleWebKit/537.36 (KHTML, like Gecko) Chrome/141.0.7390.122 Mobile Safari/537.36 (compatible; GoogleOther)" 
66.249.68.133 - - [24/Oct/2025:10:47:56 -0700] "GET /shopdetail29466784?kg=0029221347 HTTP/1.1" 200 31446 "-" "Mozilla/5.0 (Linux; Android 6.0.1; Nexus 5X Build/MMB29P) AppleWebKit/537.36 (KHTML, like Gecko) Chrome/141.0.7390.122 Mobile Safari/537.36 (compatible; GoogleOther)" 
66.249.68.134 - - [24/Oct/2025:10:48:48 -0700] "GET /shopdetail72457640?kg=0071853946 HTTP/1.1" 200 30850 "-" "Mozilla/5.0 (Linux; Android 6.0.1; Nexus 5X Build/MMB29P) AppleWebKit/537.36 (KHTML, like Gecko) Chrome/141.0.7390.122 Mobile Safari/537.36 (compatible; GoogleOther)" 
66.249.68.134 - - [24/Oct/2025:10:49:14 -0700] "GET /shopdetail73088912?kg=0072479957 HTTP/1.1" 200 30656 "-" "Mozilla/5.0 (Linux; Android 6.0.1; Nexus 5X Build/MMB29P) AppleWebKit/537.36 (KHTML, like Gecko) Chrome/141.0.7390.122 Mobile Safari/537.36 (compatible; GoogleOther)" 
185.64.211.50 - - [24/Oct/2025:10:50:21 -0700] "GET /wp-content/themes/alone/css/sermone.css HTTP/1.1" 301 3746 "-" "Mozilla/5.0 (X11; Linux x86_64) AppleWebKit/537.36 (KHTML, like Gecko) Chrome/140.0.0.0 Safari/537.36" 
64.90.53.137 - - [24/Oct/2025:10:50:23 -0700] "POST /wp-cron.php?doing_wp_cron=1761328223.1796529293060302734375 HTTP/1.1" 200 3634 "https://www.biblioglow.com/wp-cron.php?doing_wp_cron=1761328223.1796529293060302734375" "WordPress/6.1.9; https://www.biblioglow.com" 
66.249.68.135 - - [24/Oct/2025:10:50:24 -0700] "GET /shopdetail307946048?kg=0305379951 HTTP/1.1" 200 32264 "-" "Mozilla/5.0 (Linux; Android 6.0.1; Nexus 5X Build/MMB29P) AppleWebKit/537.36 (KHTML, like Gecko) Chrome/141.0.7390.122 Mobile Safari/537.36 (compatible; GoogleOther)" 
66.249.68.133 - - [24/Oct/2025:10:50:30 -0700] "GET /shopdetail308885200?kg=0306311277 HTTP/1.1" 200 31843 "-" "Mozilla/5.0 (Linux; Android 6.0.1; Nexus 5X Build/MMB29P) AppleWebKit/537.36 (KHTML, like Gecko) Chrome/141.0.7390.122 Mobile Safari/537.36 (compatible; GoogleOther)" 
66.249.68.134 - - [24/Oct/2025:10:51:44 -0700] "GET /shopdetail323393128?kg=0320698306 HTTP/1.1" 200 31235 "-" "Mozilla/5.0 (Linux; Android 6.0.1; Nexus 5X Build/MMB29P) AppleWebKit/537.36 (KHTML, like Gecko) Chrome/141.0.7390.122 Mobile Safari/537.36 (compatible; GoogleOther)" 
66.249.68.134 - - [24/Oct/2025:10:52:02 -0700] "GET /shopdetail31916008?kg=0031650162 HTTP/1.1" 200 30967 "-" "Mozilla/5.0 (Linux; Android 6.0.1; Nexus 5X Build/MMB29P) AppleWebKit/537.36 (KHTML, like Gecko) Chrome/141.0.7390.122 Mobile Safari/537.36 (compatible; GoogleOther)" 
66.249.68.133 - - [24/Oct/2025:10:52:59 -0700] "GET /shopdetail56713080?kg=0056240592 HTTP/1.1" 200 30859 "-" "Mozilla/5.0 (Linux; Android 6.0.1; Nexus 5X Build/MMB29P) AppleWebKit/537.36 (KHTML, like Gecko) Chrome/141.0.7390.122 Mobile Safari/537.36 (compatible; GoogleOther)" 
66.249.79.6 - - [24/Oct/2025:10:53:17 -0700] "GET /about/ HTTP/1.1" 200 30509 "-" "Mozilla/5.0 (Linux; Android 6.0.1; Nexus 5X Build/MMB29P) AppleWebKit/537.36 (KHTML, like Gecko) Chrome/141.0.7390.122 Mobile Safari/537.36 (compatible; Googlebot/2.1; +http://www.google.com/bot.html)" 
66.249.68.133 - - [24/Oct/2025:10:53:39 -0700] "GET /shopdetail57393184?kg=0056915027 HTTP/1.1" 200 32244 "-" "Mozilla/5.0 (Linux; Android 6.0.1; Nexus 5X Build/MMB29P) AppleWebKit/537.36 (KHTML, like Gecko) Chrome/141.0.7390.122 Mobile Safari/537.36 (compatible; GoogleOther)" 
66.249.68.135 - - [24/Oct/2025:10:54:05 -0700] "GET /shopdetail184872944?kg=0183332457 HTTP/1.1" 200 30820 "-" "Mozilla/5.0 (Linux; Android 6.0.1; Nexus 5X Build/MMB29P) AppleWebKit/537.36 (KHTML, like Gecko) Chrome/141.0.7390.122 Mobile Safari/537.36 (compatible; GoogleOther)" 
66.249.79.5 - - [24/Oct/2025:10:54:13 -0700] "GET /shopdetail7966488?kg=0007900220 HTTP/1.1" 200 30669 "-" "Mozilla/5.0 (compatible; Googlebot/2.1; +http://www.google.com/bot.html)" 
66.249.68.133 - - [24/Oct/2025:10:54:52 -0700] "GET /shopdetail7920408?kg=0007854524 HTTP/1.1" 200 31332 "-" "Mozilla/5.0 (Linux; Android 6.0.1; Nexus 5X Build/MMB29P) AppleWebKit/537.36 (KHTML, like Gecko) Chrome/141.0.7390.122 Mobile Safari/537.36 (compatible; Googlebot/2.1; +http://www.google.com/bot.html)" 
205.196.209.198 - - [24/Oct/2025:10:54:55 -0700] "GET /wp-login.php HTTP/2.0" 200 2052 "-" "Mozilla/5.0 (Windows NT 6.1; WOW64) AppleWebKit/537.36 (KHTML, like Gecko) Chrome/66.0.3359.117 Safari/537.36" 
205.196.209.198 - - [24/Oct/2025:10:54:59 -0700] "POST /wp-login.php HTTP/2.0" 200 2065 "https://www.biblioglow.com/wp-login.php" "Mozilla/5.0 (Windows NT 6.1; WOW64) AppleWebKit/537.36 (KHTML, like Gecko) Chrome/66.0.3359.117 Safari/537.36" 
64.90.53.137 - - [24/Oct/2025:10:54:57 -0700] "POST /wp-cron.php?doing_wp_cron=1761328497.5930910110473632812500 HTTP/1.1" 200 3634 "https://www.biblioglow.com/wp-cron.php?doing_wp_cron=1761328497.5930910110473632812500" "WordPress/6.1.9; https://www.biblioglow.com" 
52.167.144.192 - - [24/Oct/2025:10:55:10 -0700] "GET /shopdetail267441048?kg=0265212492 HTTP/2.0" 200 27890 "-" "Mozilla/5.0 AppleWebKit/537.36 (KHTML, like Gecko; compatible; bingbot/2.0; +http://www.bing.com/bingbot.htm) Chrome/116.0.1938.76 Safari/537.36" 
66.249.68.134 - - [24/Oct/2025:10:55:15 -0700] "GET /shopdetail159075960?kg=0157750448 HTTP/1.1" 200 30502 "-" "Mozilla/5.0 (Linux; Android 6.0.1; Nexus 5X Build/MMB29P) AppleWebKit/537.36 (KHTML, like Gecko) Chrome/141.0.7390.122 Mobile Safari/537.36 (compatible; GoogleOther)" 
66.249.68.134 - - [24/Oct/2025:10:55:21 -0700] "GET /shopdetail157718672?kg=0156404469 HTTP/1.1" 200 30751 "-" "Mozilla/5.0 (Linux; Android 6.0.1; Nexus 5X Build/MMB29P) AppleWebKit/537.36 (KHTML, like Gecko) Chrome/141.0.7390.122 Mobile Safari/537.36 (compatible; GoogleOther)" 
66.249.68.133 - - [24/Oct/2025:10:56:33 -0700] "GET /shopdetail308652200?kg=0306080218 HTTP/1.1" 200 30787 "-" "Mozilla/5.0 (Linux; Android 6.0.1; Nexus 5X Build/MMB29P) AppleWebKit/537.36 (KHTML, like Gecko) Chrome/141.0.7390.122 Mobile Safari/537.36 (compatible; GoogleOther)" 
66.249.68.133 - - [24/Oct/2025:10:56:37 -0700] "GET /shopdetail285760856?kg=0283379636 HTTP/1.1" 200 31136 "-" "Mozilla/5.0 (Linux; Android 6.0.1; Nexus 5X Build/MMB29P) AppleWebKit/537.36 (KHTML, like Gecko) Chrome/141.0.7390.122 Mobile Safari/537.36 (compatible; Googlebot/2.1; +http://www.google.com/bot.html)" 
66.249.68.133 - - [24/Oct/2025:10:56:52 -0700] "GET /shopdetail308547144?kg=0305976038 HTTP/1.1" 200 32203 "-" "Mozilla/5.0 (Linux; Android 6.0.1; Nexus 5X Build/MMB29P) AppleWebKit/537.36 (KHTML, like Gecko) Chrome/141.0.7390.122 Mobile Safari/537.36 (compatible; GoogleOther)" 
66.249.68.135 - - [24/Oct/2025:10:57:23 -0700] "GET /shopdetail285773752?kg=0283392424 HTTP/1.1" 200 32368 "-" "Mozilla/5.0 (Linux; Android 6.0.1; Nexus 5X Build/MMB29P) AppleWebKit/537.36 (KHTML, like Gecko) Chrome/141.0.7390.122 Mobile Safari/537.36 (compatible; Googlebot/2.1; +http://www.google.com/bot.html)" 
66.249.68.133 - - [24/Oct/2025:10:57:47 -0700] "GET /shopdetail71915368?kg=0071316194 HTTP/1.1" 200 30869 "-" "Mozilla/5.0 (Linux; Android 6.0.1; Nexus 5X Build/MMB29P) AppleWebKit/537.36 (KHTML, like Gecko) Chrome/141.0.7390.122 Mobile Safari/537.36 (compatible; GoogleOther)" 
66.249.68.133 - - [24/Oct/2025:10:58:29 -0700] "GET /shopdetail186324056?kg=0184771476 HTTP/1.1" 200 31111 "-" "Mozilla/5.0 (Linux; Android 6.0.1; Nexus 5X Build/MMB29P) AppleWebKit/537.36 (KHTML, like Gecko) Chrome/141.0.7390.122 Mobile Safari/537.36 (compatible; GoogleOther)" 
66.249.68.133 - - [24/Oct/2025:10:59:00 -0700] "GET /shopdetail30637576?kg=0030382382 HTTP/1.1" 200 30554 "-" "Mozilla/5.0 (Linux; Android 6.0.1; Nexus 5X Build/MMB29P) AppleWebKit/537.36 (KHTML, like Gecko) Chrome/141.0.7390.122 Mobile Safari/537.36 (compatible; GoogleOther)" 
66.249.68.133 - - [24/Oct/2025:11:00:10 -0700] "GET /shopdetail186307744?kg=0184755299 HTTP/1.1" 200 32353 "-" "Mozilla/5.0 (Linux; Android 6.0.1; Nexus 5X Build/MMB29P) AppleWebKit/537.36 (KHTML, like Gecko) Chrome/141.0.7390.122 Mobile Safari/537.36 (compatible; GoogleOther)" 
66.249.68.134 - - [24/Oct/2025:11:00:17 -0700] "GET /shopdetail56718856?kg=0056246318 HTTP/1.1" 200 30700 "-" "Mozilla/5.0 (Linux; Android 6.0.1; Nexus 5X Build/MMB29P) AppleWebKit/537.36 (KHTML, like Gecko) Chrome/141.0.7390.122 Mobile Safari/537.36 (compatible; GoogleOther)" 
66.249.68.133 - - [24/Oct/2025:11:01:28 -0700] "GET /shopdetail56979824?kg=0056505113 HTTP/1.1" 200 31570 "-" "Mozilla/5.0 (Linux; Android 6.0.1; Nexus 5X Build/MMB29P) AppleWebKit/537.36 (KHTML, like Gecko) Chrome/141.0.7390.122 Mobile Safari/537.36 (compatible; GoogleOther)" 
66.249.68.134 - - [24/Oct/2025:11:01:43 -0700] "GET /shopdetail186328864?kg=0184776243 HTTP/1.1" 200 30668 "-" "Mozilla/5.0 (Linux; Android 6.0.1; Nexus 5X Build/MMB29P) AppleWebKit/537.36 (KHTML, like Gecko) Chrome/141.0.7390.122 Mobile Safari/537.36 (compatible; GoogleOther)" 
66.249.68.135 - - [24/Oct/2025:11:02:32 -0700] "GET /shopdetail8251056?kg=0008182417 HTTP/1.1" 200 31059 "-" "Mozilla/5.0 (compatible; Googlebot/2.1; +http://www.google.com/bot.html)" 
66.249.68.134 - - [24/Oct/2025:11:02:42 -0700] "GET /shopdetail55868144?kg=0055402697 HTTP/1.1" 200 30822 "-" "Mozilla/5.0 (Linux; Android 6.0.1; Nexus 5X Build/MMB29P) AppleWebKit/537.36 (KHTML, like Gecko) Chrome/141.0.7390.122 Mobile Safari/537.36 (compatible; GoogleOther)" 
66.249.68.135 - - [24/Oct/2025:11:03:19 -0700] "GET /shopdetail186323104?kg=0184770531 HTTP/1.1" 200 30723 "-" "Mozilla/5.0 (Linux; Android 6.0.1; Nexus 5X Build/MMB29P) AppleWebKit/537.36 (KHTML, like Gecko) Chrome/141.0.7390.122 Mobile Safari/537.36 (compatible; GoogleOther)" 
52.167.144.202 - - [24/Oct/2025:11:03:53 -0700] "GET /shopdetail73961544?kg=0073345318 HTTP/2.0" 200 27614 "-" "Mozilla/5.0 AppleWebKit/537.36 (KHTML, like Gecko; compatible; bingbot/2.0; +http://www.bing.com/bingbot.htm) Chrome/116.0.1938.76 Safari/537.36" 
66.249.68.133 - - [24/Oct/2025:11:03:55 -0700] "GET /shopdetail73068880?kg=0072460093 HTTP/1.1" 200 30519 "-" "Mozilla/5.0 (Linux; Android 6.0.1; Nexus 5X Build/MMB29P) AppleWebKit/537.36 (KHTML, like Gecko) Chrome/141.0.7390.122 Mobile Safari/537.36 (compatible; GoogleOther)" 
66.249.68.133 - - [24/Oct/2025:11:04:56 -0700] "GET /shopdetail159282096?kg=0157954865 HTTP/1.1" 200 31937 "-" "Mozilla/5.0 (Linux; Android 6.0.1; Nexus 5X Build/MMB29P) AppleWebKit/537.36 (KHTML, like Gecko) Chrome/141.0.7390.122 Mobile Safari/537.36 (compatible; GoogleOther)" 
66.249.79.5 - - [24/Oct/2025:11:05:34 -0700] "GET /?shopdetail7177640?kg=0007117946 HTTP/1.1" 200 32323 "-" "Mozilla/5.0 (compatible; Googlebot/2.1; +http://www.google.com/bot.html)" 
66.249.68.134 - - [24/Oct/2025:11:06:23 -0700] "GET /shopdetail185438256?kg=0183893057 HTTP/1.1" 200 30504 "-" "Mozilla/5.0 (Linux; Android 6.0.1; Nexus 5X Build/MMB29P) AppleWebKit/537.36 (KHTML, like Gecko) Chrome/141.0.7390.122 Mobile Safari/537.36 (compatible; GoogleOther)" 
66.249.68.133 - - [24/Oct/2025:11:06:33 -0700] "GET /shopdetail186479712?kg=0184925835 HTTP/1.1" 200 31012 "-" "Mozilla/5.0 (Linux; Android 6.0.1; Nexus 5X Build/MMB29P) AppleWebKit/537.36 (KHTML, like Gecko) Chrome/141.0.7390.122 Mobile Safari/537.36 (compatible; GoogleOther)" 
66.249.68.133 - - [24/Oct/2025:11:07:38 -0700] "GET /shopdetail29646160?kg=0029399229 HTTP/1.1" 200 30555 "-" "Mozilla/5.0 (Linux; Android 6.0.1; Nexus 5X Build/MMB29P) AppleWebKit/537.36 (KHTML, like Gecko) Chrome/141.0.7390.122 Mobile Safari/537.36 (compatible; GoogleOther)" 
74.125.150.135 - - [24/Oct/2025:11:07:41 -0700] "GET /shopdetail286355920?kg=0283969741 HTTP/1.1" 301 3769 "-" "Mozilla/5.0 (X11; Linux x86_64) AppleWebKit/537.36 (KHTML, like Gecko) Chrome/140.0.7339.207 Safari/537.36" 
72.14.199.99 - - [24/Oct/2025:11:07:45 -0700] "GET /shopdetail286355920?kg=0283969741 HTTP/1.1" 404 51170 "-" "Mozilla/5.0 (X11; Linux x86_64) AppleWebKit/537.36 (KHTML, like Gecko) Chrome/140.0.7339.207 Safari/537.36" 
72.14.199.101 - - [24/Oct/2025:11:07:46 -0700] "GET /wp-includes/js/jquery/jquery.min.js?ver=3.6.1 HTTP/1.1" 200 35467 "https://www.biblioglow.com/shopdetail286355920?kg=0283969741" "Mozilla/5.0 (X11; Linux x86_64) AppleWebKit/537.36 (KHTML, like Gecko) Chrome/140.0.7339.207 Safari/537.36" 
72.14.199.101 - - [24/Oct/2025:11:07:47 -0700] "GET /wp-content/themes/pro/framework/dist/js/site/x.js?ver=3.2.3 HTTP/1.1" 200 25286 "https://www.biblioglow.com/shopdetail286355920?kg=0283969741" "Mozilla/5.0 (X11; Linux x86_64) AppleWebKit/537.36 (KHTML, like Gecko) Chrome/140.0.7339.207 Safari/537.36" 
72.14.199.100 - - [24/Oct/2025:11:07:49 -0700] "GET /wp-includes/css/dist/block-library/style.min.css?ver=6.1.9 HTTP/1.1" 200 16825 "https://www.biblioglow.com/shopdetail286355920?kg=0283969741" "Mozilla/5.0 (X11; Linux x86_64) AppleWebKit/537.36 (KHTML, like Gecko) Chrome/140.0.7339.207 Safari/537.36" 
64.90.53.137 - - [24/Oct/2025:11:07:43 -0700] "POST /wp-cron.php?doing_wp_cron=1761329263.8246729373931884765625 HTTP/1.1" 200 3634 "https://www.biblioglow.com/wp-cron.php?doing_wp_cron=1761329263.8246729373931884765625" "WordPress/6.1.9; https://www.biblioglow.com" 
72.14.199.100 - - [24/Oct/2025:11:07:49 -0700] "GET /wp-includes/js/wp-emoji-release.min.js?ver=6.1.9 HTTP/1.1" 200 5518 "https://www.biblioglow.com/shopdetail286355920?kg=0283969741" "Mozilla/5.0 (X11; Linux x86_64) AppleWebKit/537.36 (KHTML, like Gecko) Chrome/140.0.7339.207 Safari/537.36" 
72.14.199.100 - - [24/Oct/2025:11:07:50 -0700] "GET /wp-includes/js/jquery/jquery-migrate.min.js?ver=3.3.2 HTTP/1.1" 200 4637 "https://www.biblioglow.com/shopdetail286355920?kg=0283969741" "Mozilla/5.0 (X11; Linux x86_64) AppleWebKit/537.36 (KHTML, like Gecko) Chrome/140.0.7339.207 Safari/537.36" 
72.14.199.100 - - [24/Oct/2025:11:07:51 -0700] "GET /wp-content/themes/pro/framework/legacy/cranium/dist/css/site/integrity-light.css?ver=3.2.3 HTTP/1.1" 200 2957 "https://www.biblioglow.com/shopdetail286355920?kg=0283969741" "Mozilla/5.0 (X11; Linux x86_64) AppleWebKit/537.36 (KHTML, like Gecko) Chrome/140.0.7339.207 Safari/537.36" 
72.14.199.100 - - [24/Oct/2025:11:07:52 -0700] "GET /wp-content/themes/pro/cornerstone/assets/dist/js/site/cs.0ce70e6.js HTTP/1.1" 200 56249 "https://www.biblioglow.com/shopdetail286355920?kg=0283969741" "Mozilla/5.0 (X11; Linux x86_64) AppleWebKit/537.36 (KHTML, like Gecko) Chrome/140.0.7339.207 Safari/537.36" 
72.14.199.100 - - [24/Oct/2025:11:07:52 -0700] "GET /wp-content/themes/pro/framework/dist/css/site/stacks/integrity-light.css?ver=3.2.3 HTTP/1.1" 200 29292 "https://www.biblioglow.com/shopdetail286355920?kg=0283969741" "Mozilla/5.0 (X11; Linux x86_64) AppleWebKit/537.36 (KHTML, like Gecko) Chrome/140.0.7339.207 Safari/537.36" 
72.14.199.99 - - [24/Oct/2025:11:07:53 -0700] "GET /wp-includes/css/classic-themes.min.css?ver=1 HTTP/1.1" 200 3949 "https://www.biblioglow.com/shopdetail286355920?kg=0283969741" "Mozilla/5.0 (X11; Linux x86_64) AppleWebKit/537.36 (KHTML, like Gecko) Chrome/140.0.7339.207 Safari/537.36" 
72.14.199.99 - - [24/Oct/2025:11:07:54 -0700] "GET /wp-content/themes/pro/cornerstone/assets/dist/fonts/fa-solid-900.woff2 HTTP/1.1" 200 138767 "https://www.biblioglow.com/shopdetail286355920?kg=0283969741" "Mozilla/5.0 (X11; Linux x86_64) AppleWebKit/537.36 (KHTML, like Gecko) Chrome/140.0.7339.207 Safari/537.36" 
