34.1.31.215 - - [24/Oct/2025:15:55:19 -0700] "GET /login/ HTTP/2.0" 302 99 "-" "Mozilla/5.0 (Macintosh; Intel Mac OS X 10_15_7) AppleWebKit/537.36 (KHTML, like Gecko) Chrome/135.0.0.0 Safari/537.36" 
34.1.31.215 - - [24/Oct/2025:15:55:20 -0700] "GET /wp-login.php HTTP/2.0" 200 1950 "https://www.biblioglow.com/login/" "Mozilla/5.0 (Macintosh; Intel Mac OS X 10_15_7) AppleWebKit/537.36 (KHTML, like Gecko) Chrome/135.0.0.0 Safari/537.36" 
66.249.68.133 - - [24/Oct/2025:15:55:48 -0700] "GET /shopdetail186686800?kg=0185131197 HTTP/1.1" 200 30489 "-" "Mozilla/5.0 (Linux; Android 6.0.1; Nexus 5X Build/MMB29P) AppleWebKit/537.36 (KHTML, like Gecko) Chrome/141.0.7390.122 Mobile Safari/537.36 (compatible; GoogleOther)" 
66.249.68.133 - - [24/Oct/2025:15:55:57 -0700] "GET /shopdetail32854072?kg=0032580408 HTTP/1.1" 200 32788 "-" "Mozilla/5.0 (Linux; Android 6.0.1; Nexus 5X Build/MMB29P) AppleWebKit/537.36 (KHTML, like Gecko) Chrome/141.0.7390.122 Mobile Safari/537.36 (compatible; GoogleOther)" 
64.90.53.137 - - [24/Oct/2025:15:56:17 -0700] "POST /wp-cron.php?doing_wp_cron=1761346577.6846179962158203125000 HTTP/1.1" 200 3634 "https://www.biblioglow.com/wp-cron.php?doing_wp_cron=1761346577.6846179962158203125000" "WordPress/6.1.9; https://www.biblioglow.com" 
114.119.156.60 - - [24/Oct/2025:15:56:17 -0700] "GET /shopdetail197637104?kg=0195990249 HTTP/1.1" 301 3732 "https://biblioglow.com/sitemap.xml" "Mozilla/5.0 (Linux; Android 7.0;) AppleWebKit/537.36 (KHTML, like Gecko) Mobile Safari/537.36 (compatible; PetalBot;+https://webmaster.petalsearch.com/site/petalbot)" 
114.119.156.60 - - [24/Oct/2025:15:56:18 -0700] "GET /shopdetail197637104?kg=0195990249 HTTP/1.1" 404 51133 "https://biblioglow.com/sitemap.xml" "Mozilla/5.0 (Linux; Android 7.0;) AppleWebKit/537.36 (KHTML, like Gecko) Mobile Safari/537.36 (compatible; PetalBot;+https://webmaster.petalsearch.com/site/petalbot)" 
66.249.68.135 - - [24/Oct/2025:15:56:41 -0700] "GET /shopdetail186708056?kg=0185152276 HTTP/1.1" 200 32203 "-" "Mozilla/5.0 (Linux; Android 6.0.1; Nexus 5X Build/MMB29P) AppleWebKit/537.36 (KHTML, like Gecko) Chrome/141.0.7390.122 Mobile Safari/537.36 (compatible; GoogleOther)" 
66.249.68.133 - - [24/Oct/2025:15:56:50 -0700] "GET /shopdetail324364800?kg=0321661879 HTTP/1.1" 200 31207 "-" "Mozilla/5.0 (Linux; Android 6.0.1; Nexus 5X Build/MMB29P) AppleWebKit/537.36 (KHTML, like Gecko) Chrome/141.0.7390.122 Mobile Safari/537.36 (compatible; GoogleOther)" 
66.249.68.133 - - [24/Oct/2025:15:57:34 -0700] "GET /shopdetail186531688?kg=0184977378 HTTP/1.1" 200 34435 "-" "Mozilla/5.0 (Linux; Android 6.0.1; Nexus 5X Build/MMB29P) AppleWebKit/537.36 (KHTML, like Gecko) Chrome/141.0.7390.122 Mobile Safari/537.36 (compatible; GoogleOther)" 
64.90.53.137 - - [24/Oct/2025:15:57:41 -0700] "POST /wp-cron.php?doing_wp_cron=1761346661.1780729293823242187500 HTTP/1.1" 200 3634 "https://www.biblioglow.com/wp-cron.php?doing_wp_cron=1761346661.1780729293823242187500" "WordPress/6.1.9; https://www.biblioglow.com" 
114.119.136.150 - - [24/Oct/2025:15:57:40 -0700] "GET /shopdetail197636832?kg=0195989979 HTTP/1.1" 301 3732 "https://biblioglow.com/sitemap.xml" "Mozilla/5.0 (Linux; Android 7.0;) AppleWebKit/537.36 (KHTML, like Gecko) Mobile Safari/537.36 (compatible; PetalBot;+https://webmaster.petalsearch.com/site/petalbot)" 
66.249.68.134 - - [24/Oct/2025:15:57:43 -0700] "GET /shopdetail159060616?kg=0157735230 HTTP/1.1" 200 31797 "-" "Mozilla/5.0 (Linux; Android 6.0.1; Nexus 5X Build/MMB29P) AppleWebKit/537.36 (KHTML, like Gecko) Chrome/141.0.7390.122 Mobile Safari/537.36 (compatible; GoogleOther)" 
114.119.136.150 - - [24/Oct/2025:15:57:42 -0700] "GET /shopdetail197636832?kg=0195989979 HTTP/1.1" 404 51133 "https://biblioglow.com/sitemap.xml" "Mozilla/5.0 (Linux; Android 7.0;) AppleWebKit/537.36 (KHTML, like Gecko) Mobile Safari/537.36 (compatible; PetalBot;+https://webmaster.petalsearch.com/site/petalbot)" 
66.249.68.133 - - [24/Oct/2025:15:58:26 -0700] "GET /shopdetail186300880?kg=0184748493 HTTP/1.1" 200 30738 "-" "Mozilla/5.0 (Linux; Android 6.0.1; Nexus 5X Build/MMB29P) AppleWebKit/537.36 (KHTML, like Gecko) Chrome/141.0.7390.122 Mobile Safari/537.36 (compatible; GoogleOther)" 
66.249.68.134 - - [24/Oct/2025:15:58:35 -0700] "GET /shopdetail308071816?kg=0305504670 HTTP/1.1" 200 30334 "-" "Mozilla/5.0 (Linux; Android 6.0.1; Nexus 5X Build/MMB29P) AppleWebKit/537.36 (KHTML, like Gecko) Chrome/141.0.7390.122 Mobile Safari/537.36 (compatible; GoogleOther)" 
64.90.53.137 - - [24/Oct/2025:15:59:05 -0700] "POST /wp-cron.php?doing_wp_cron=1761346745.3470580577850341796875 HTTP/1.1" 200 3634 "https://www.biblioglow.com/wp-cron.php?doing_wp_cron=1761346745.3470580577850341796875" "WordPress/6.1.9; https://www.biblioglow.com" 
114.119.148.10 - - [24/Oct/2025:15:59:04 -0700] "GET /shopdetail197635200?kg=0195988359 HTTP/1.1" 301 3732 "https://biblioglow.com/sitemap.xml" "Mozilla/5.0 (Linux; Android 7.0;) AppleWebKit/537.36 (KHTML, like Gecko) Mobile Safari/537.36 (compatible; PetalBot;+https://webmaster.petalsearch.com/site/petalbot)" 
114.119.148.10 - - [24/Oct/2025:15:59:06 -0700] "GET /shopdetail197635200?kg=0195988359 HTTP/1.1" 404 51133 "https://biblioglow.com/sitemap.xml" "Mozilla/5.0 (Linux; Android 7.0;) AppleWebKit/537.36 (KHTML, like Gecko) Mobile Safari/537.36 (compatible; PetalBot;+https://webmaster.petalsearch.com/site/petalbot)" 
66.249.68.133 - - [24/Oct/2025:15:59:19 -0700] "GET /shopdetail30998808?kg=0030740604 HTTP/1.1" 200 30762 "-" "Mozilla/5.0 (Linux; Android 6.0.1; Nexus 5X Build/MMB29P) AppleWebKit/537.36 (KHTML, like Gecko) Chrome/141.0.7390.122 Mobile Safari/537.36 (compatible; GoogleOther)" 
66.249.68.133 - - [24/Oct/2025:15:59:28 -0700] "GET /shopdetail186958200?kg=0185400336 HTTP/1.1" 200 30883 "-" "Mozilla/5.0 (Linux; Android 6.0.1; Nexus 5X Build/MMB29P) AppleWebKit/537.36 (KHTML, like Gecko) Chrome/141.0.7390.122 Mobile Safari/537.36 (compatible; GoogleOther)" 
66.249.68.133 - - [24/Oct/2025:16:00:11 -0700] "GET /shopdetail58099320?kg=0057615280 HTTP/1.1" 200 31064 "-" "Mozilla/5.0 (Linux; Android 6.0.1; Nexus 5X Build/MMB29P) AppleWebKit/537.36 (KHTML, like Gecko) Chrome/141.0.7390.122 Mobile Safari/537.36 (compatible; GoogleOther)" 
66.249.68.134 - - [24/Oct/2025:16:00:21 -0700] "GET /shopdetail159056760?kg=0157731408 HTTP/1.1" 200 31391 "-" "Mozilla/5.0 (Linux; Android 6.0.1; Nexus 5X Build/MMB29P) AppleWebKit/537.36 (KHTML, like Gecko) Chrome/141.0.7390.122 Mobile Safari/537.36 (compatible; GoogleOther)" 
64.90.53.137 - - [24/Oct/2025:16:00:28 -0700] "POST /wp-cron.php?doing_wp_cron=1761346828.3631761074066162109375 HTTP/1.1" 200 3634 "https://www.biblioglow.com/wp-cron.php?doing_wp_cron=1761346828.3631761074066162109375" "WordPress/6.1.9; https://www.biblioglow.com" 
114.119.151.155 - - [24/Oct/2025:16:00:27 -0700] "GET /shopdetail197686752?kg=0196039483 HTTP/1.1" 301 3732 "https://biblioglow.com/sitemap.xml" "Mozilla/5.0 (Linux; Android 7.0;) AppleWebKit/537.36 (KHTML, like Gecko) Mobile Safari/537.36 (compatible; PetalBot;+https://webmaster.petalsearch.com/site/petalbot)" 
114.119.151.155 - - [24/Oct/2025:16:00:29 -0700] "GET /shopdetail197686752?kg=0196039483 HTTP/1.1" 404 51133 "https://biblioglow.com/sitemap.xml" "Mozilla/5.0 (Linux; Android 7.0;) AppleWebKit/537.36 (KHTML, like Gecko) Mobile Safari/537.36 (compatible; PetalBot;+https://webmaster.petalsearch.com/site/petalbot)" 
66.249.68.135 - - [24/Oct/2025:16:01:04 -0700] "GET /shopdetail308179472?kg=0305611429 HTTP/1.1" 200 30628 "-" "Mozilla/5.0 (Linux; Android 6.0.1; Nexus 5X Build/MMB29P) AppleWebKit/537.36 (KHTML, like Gecko) Chrome/141.0.7390.122 Mobile Safari/537.36 (compatible; GoogleOther)" 
66.249.68.133 - - [24/Oct/2025:16:01:13 -0700] "GET /shopdetail308775624?kg=0306202614 HTTP/1.1" 200 30307 "-" "Mozilla/5.0 (Linux; Android 6.0.1; Nexus 5X Build/MMB29P) AppleWebKit/537.36 (KHTML, like Gecko) Chrome/141.0.7390.122 Mobile Safari/537.36 (compatible; GoogleOther)" 
40.77.167.126 - - [24/Oct/2025:16:01:48 -0700] "GET /shopdetail275819640?kg=0273521264 HTTP/2.0" 200 27892 "-" "Mozilla/5.0 AppleWebKit/537.36 (KHTML, like Gecko; compatible; bingbot/2.0; +http://www.bing.com/bingbot.htm) Chrome/116.0.1938.76 Safari/537.36" 
64.90.53.137 - - [24/Oct/2025:16:01:51 -0700] "POST /wp-cron.php?doing_wp_cron=1761346911.3706269264221191406250 HTTP/1.1" 200 3634 "https://www.biblioglow.com/wp-cron.php?doing_wp_cron=1761346911.3706269264221191406250" "WordPress/6.1.9; https://www.biblioglow.com" 
114.119.148.10 - - [24/Oct/2025:16:01:50 -0700] "GET /shopdetail197635048?kg=0195988210 HTTP/1.1" 301 3732 "https://biblioglow.com/sitemap.xml" "Mozilla/5.0 (Linux; Android 7.0;) AppleWebKit/537.36 (KHTML, like Gecko) Mobile Safari/537.36 (compatible; PetalBot;+https://webmaster.petalsearch.com/site/petalbot)" 
114.119.148.10 - - [24/Oct/2025:16:01:52 -0700] "GET /shopdetail197635048?kg=0195988210 HTTP/1.1" 404 51133 "https://biblioglow.com/sitemap.xml" "Mozilla/5.0 (Linux; Android 7.0;) AppleWebKit/537.36 (KHTML, like Gecko) Mobile Safari/537.36 (compatible; PetalBot;+https://webmaster.petalsearch.com/site/petalbot)" 
66.249.68.133 - - [24/Oct/2025:16:01:57 -0700] "GET /shopdetail187258008?kg=0185697644 HTTP/1.1" 200 31013 "-" "Mozilla/5.0 (Linux; Android 6.0.1; Nexus 5X Build/MMB29P) AppleWebKit/537.36 (KHTML, like Gecko) Chrome/141.0.7390.122 Mobile Safari/537.36 (compatible; GoogleOther)" 
66.249.68.133 - - [24/Oct/2025:16:02:06 -0700] "GET /shopdetail32602144?kg=0032330579 HTTP/1.1" 200 31004 "-" "Mozilla/5.0 (Linux; Android 6.0.1; Nexus 5X Build/MMB29P) AppleWebKit/537.36 (KHTML, like Gecko) Chrome/141.0.7390.122 Mobile Safari/537.36 (compatible; GoogleOther)" 
185.191.171.4 - - [24/Oct/2025:16:02:27 -0700] "GET /robots.txt HTTP/1.1" 200 3816 "-" "Mozilla/5.0 (compatible; SemrushBot/7~bl; +http://www.semrush.com/bot.html)" 
64.90.53.137 - - [24/Oct/2025:16:02:28 -0700] "POST /wp-cron.php?doing_wp_cron=1761346948.8750801086425781250000 HTTP/1.1" 200 3634 "https://www.biblioglow.com/wp-cron.php?doing_wp_cron=1761346948.8750801086425781250000" "WordPress/6.1.9; https://www.biblioglow.com" 
85.208.96.199 - - [24/Oct/2025:16:02:28 -0700] "GET /about/ HTTP/1.1" 200 17679 "-" "Mozilla/5.0 (compatible; SemrushBot/7~bl; +http://www.semrush.com/bot.html)" 
66.249.68.133 - - [24/Oct/2025:16:02:49 -0700] "GET /shopdetail308522880?kg=0305951975 HTTP/1.1" 200 31055 "-" "Mozilla/5.0 (Linux; Android 6.0.1; Nexus 5X Build/MMB29P) AppleWebKit/537.36 (KHTML, like Gecko) Chrome/141.0.7390.122 Mobile Safari/537.36 (compatible; GoogleOther)" 
66.249.68.133 - - [24/Oct/2025:16:02:58 -0700] "GET /shopdetail72241632?kg=0071639739 HTTP/1.1" 200 30912 "-" "Mozilla/5.0 (Linux; Android 6.0.1; Nexus 5X Build/MMB29P) AppleWebKit/537.36 (KHTML, like Gecko) Chrome/141.0.7390.122 Mobile Safari/537.36 (compatible; GoogleOther)" 
64.90.53.137 - - [24/Oct/2025:16:03:15 -0700] "POST /wp-cron.php?doing_wp_cron=1761346995.2791540622711181640625 HTTP/1.1" 200 3634 "https://www.biblioglow.com/wp-cron.php?doing_wp_cron=1761346995.2791540622711181640625" "WordPress/6.1.9; https://www.biblioglow.com" 
114.119.136.150 - - [24/Oct/2025:16:03:14 -0700] "GET /shopdetail197634504?kg=0195987670 HTTP/1.1" 301 3732 "https://biblioglow.com/sitemap.xml" "Mozilla/5.0 (Linux; Android 7.0;) AppleWebKit/537.36 (KHTML, like Gecko) Mobile Safari/537.36 (compatible; PetalBot;+https://webmaster.petalsearch.com/site/petalbot)" 
114.119.136.150 - - [24/Oct/2025:16:03:16 -0700] "GET /shopdetail197634504?kg=0195987670 HTTP/1.1" 404 51133 "https://biblioglow.com/sitemap.xml" "Mozilla/5.0 (Linux; Android 7.0;) AppleWebKit/537.36 (KHTML, like Gecko) Mobile Safari/537.36 (compatible; PetalBot;+https://webmaster.petalsearch.com/site/petalbot)" 
66.249.68.134 - - [24/Oct/2025:16:03:42 -0700] "GET /shopdetail30522240?kg=0030268007 HTTP/1.1" 200 32780 "-" "Mozilla/5.0 (Linux; Android 6.0.1; Nexus 5X Build/MMB29P) AppleWebKit/537.36 (KHTML, like Gecko) Chrome/141.0.7390.122 Mobile Safari/537.36 (compatible; GoogleOther)" 
66.249.68.134 - - [24/Oct/2025:16:03:51 -0700] "GET /shopdetail324360536?kg=0321657652 HTTP/1.1" 200 31452 "-" "Mozilla/5.0 (Linux; Android 6.0.1; Nexus 5X Build/MMB29P) AppleWebKit/537.36 (KHTML, like Gecko) Chrome/141.0.7390.122 Mobile Safari/537.36 (compatible; GoogleOther)" 
66.249.68.133 - - [24/Oct/2025:16:04:35 -0700] "GET /shopdetail308553040?kg=0305981885 HTTP/1.1" 200 33163 "-" "Mozilla/5.0 (Linux; Android 6.0.1; Nexus 5X Build/MMB29P) AppleWebKit/537.36 (KHTML, like Gecko) Chrome/141.0.7390.122 Mobile Safari/537.36 (compatible; GoogleOther)" 
64.90.53.137 - - [24/Oct/2025:16:04:39 -0700] "POST /wp-cron.php?doing_wp_cron=1761347079.4611659049987792968750 HTTP/1.1" 200 3634 "https://www.biblioglow.com/wp-cron.php?doing_wp_cron=1761347079.4611659049987792968750" "WordPress/6.1.9; https://www.biblioglow.com" 
114.119.129.24 - - [24/Oct/2025:16:04:38 -0700] "GET /shopdetail197631632?kg=0195984821 HTTP/1.1" 301 3732 "https://biblioglow.com/sitemap.xml" "Mozilla/5.0 (Linux; Android 7.0;) AppleWebKit/537.36 (KHTML, like Gecko) Mobile Safari/537.36 (compatible; PetalBot;+https://webmaster.petalsearch.com/site/petalbot)" 
114.119.129.24 - - [24/Oct/2025:16:04:41 -0700] "GET /shopdetail197631632?kg=0195984821 HTTP/1.1" 404 51133 "https://biblioglow.com/sitemap.xml" "Mozilla/5.0 (Linux; Android 7.0;) AppleWebKit/537.36 (KHTML, like Gecko) Mobile Safari/537.36 (compatible; PetalBot;+https://webmaster.petalsearch.com/site/petalbot)" 
66.249.68.134 - - [24/Oct/2025:16:05:27 -0700] "GET /shopdetail57381800?kg=0056903738 HTTP/1.1" 200 31056 "-" "Mozilla/5.0 (Linux; Android 6.0.1; Nexus 5X Build/MMB29P) AppleWebKit/537.36 (KHTML, like Gecko) Chrome/141.0.7390.122 Mobile Safari/537.36 (compatible; GoogleOther)" 
40.77.167.151 - - [24/Oct/2025:16:05:28 -0700] "GET /shopdetail267435968?kg=0265207455 HTTP/2.0" 200 27300 "-" "Mozilla/5.0 AppleWebKit/537.36 (KHTML, like Gecko; compatible; bingbot/2.0; +http://www.bing.com/bingbot.htm) Chrome/116.0.1938.76 Safari/537.36" 
66.249.68.134 - - [24/Oct/2025:16:05:36 -0700] "GET /shopdetail32060976?kg=0031793921 HTTP/1.1" 200 31949 "-" "Mozilla/5.0 (Linux; Android 6.0.1; Nexus 5X Build/MMB29P) AppleWebKit/537.36 (KHTML, like Gecko) Chrome/141.0.7390.122 Mobile Safari/537.36 (compatible; GoogleOther)" 
64.90.53.137 - - [24/Oct/2025:16:06:02 -0700] "POST /wp-cron.php?doing_wp_cron=1761347162.7712020874023437500000 HTTP/1.1" 200 3634 "https://www.biblioglow.com/wp-cron.php?doing_wp_cron=1761347162.7712020874023437500000" "WordPress/6.1.9; https://www.biblioglow.com" 
114.119.136.150 - - [24/Oct/2025:16:06:02 -0700] "GET /shopdetail197630256?kg=0195983457 HTTP/1.1" 301 3732 "https://biblioglow.com/sitemap.xml" "Mozilla/5.0 (Linux; Android 7.0;) AppleWebKit/537.36 (KHTML, like Gecko) Mobile Safari/537.36 (compatible; PetalBot;+https://webmaster.petalsearch.com/site/petalbot)" 
114.119.136.150 - - [24/Oct/2025:16:06:03 -0700] "GET /shopdetail197630256?kg=0195983457 HTTP/1.1" 404 51133 "https://biblioglow.com/sitemap.xml" "Mozilla/5.0 (Linux; Android 7.0;) AppleWebKit/537.36 (KHTML, like Gecko) Mobile Safari/537.36 (compatible; PetalBot;+https://webmaster.petalsearch.com/site/petalbot)" 
66.249.68.133 - - [24/Oct/2025:16:06:20 -0700] "GET /shopdetail31921904?kg=0031656009 HTTP/1.1" 200 33018 "-" "Mozilla/5.0 (Linux; Android 6.0.1; Nexus 5X Build/MMB29P) AppleWebKit/537.36 (KHTML, like Gecko) Chrome/141.0.7390.122 Mobile Safari/537.36 (compatible; GoogleOther)" 
66.249.68.133 - - [24/Oct/2025:16:06:29 -0700] "GET /shopdetail159077608?kg=0157752082 HTTP/1.1" 200 30972 "-" "Mozilla/5.0 (Linux; Android 6.0.1; Nexus 5X Build/MMB29P) AppleWebKit/537.36 (KHTML, like Gecko) Chrome/141.0.7390.122 Mobile Safari/537.36 (compatible; GoogleOther)" 
64.90.53.137 - - [24/Oct/2025:16:07:00 -0700] "POST /wp-cron.php?doing_wp_cron=1761347220.3550570011138916015625 HTTP/1.1" 200 3634 "https://www.biblioglow.com/wp-cron.php?doing_wp_cron=1761347220.3550570011138916015625" "WordPress/6.1.9; https://www.biblioglow.com" 
43.173.182.254 - - [24/Oct/2025:16:06:59 -0700] "GET /about/ HTTP/1.1" 200 17672 "-" "Mozilla/5.0 (Windows NT 6.1; Win64; x64) AppleWebKit/537.36 (KHTML, like Gecko) Chrome/126.0.6478.114 Safari/537.36" 
66.249.68.134 - - [24/Oct/2025:16:07:12 -0700] "GET /shopdetail185065912?kg=0183523816 HTTP/1.1" 200 33050 "-" "Mozilla/5.0 (Linux; Android 6.0.1; Nexus 5X Build/MMB29P) AppleWebKit/537.36 (KHTML, like Gecko) Chrome/141.0.7390.122 Mobile Safari/537.36 (compatible; GoogleOther)" 
66.249.68.134 - - [24/Oct/2025:16:07:22 -0700] "GET /shopdetail31960456?kg=0031694238 HTTP/1.1" 200 31129 "-" "Mozilla/5.0 (Linux; Android 6.0.1; Nexus 5X Build/MMB29P) AppleWebKit/537.36 (KHTML, like Gecko) Chrome/141.0.7390.122 Mobile Safari/537.36 (compatible; GoogleOther)" 
64.90.53.137 - - [24/Oct/2025:16:07:30 -0700] "POST /wp-cron.php?doing_wp_cron=1761347250.5251109600067138671875 HTTP/1.1" 200 3634 "https://www.biblioglow.com/wp-cron.php?doing_wp_cron=1761347250.5251109600067138671875" "WordPress/6.1.9; https://www.biblioglow.com" 
114.119.129.24 - - [24/Oct/2025:16:07:29 -0700] "GET /shopdetail197623392?kg=0195976651 HTTP/1.1" 301 3732 "https://biblioglow.com/sitemap.xml" "Mozilla/5.0 (Linux; Android 7.0;) AppleWebKit/537.36 (KHTML, like Gecko) Mobile Safari/537.36 (compatible; PetalBot;+https://webmaster.petalsearch.com/site/petalbot)" 
114.119.129.24 - - [24/Oct/2025:16:07:32 -0700] "GET /shopdetail197623392?kg=0195976651 HTTP/1.1" 404 51133 "https://biblioglow.com/sitemap.xml" "Mozilla/5.0 (Linux; Android 7.0;) AppleWebKit/537.36 (KHTML, like Gecko) Mobile Safari/537.36 (compatible; PetalBot;+https://webmaster.petalsearch.com/site/petalbot)" 
92.205.110.219 - - [24/Oct/2025:16:07:59 -0700] "GET /wp-login.php HTTP/2.0" 429 351 "-" "Mozilla/5.0 (Windows NT 6.1; WOW64; Trident/7.0; managedpc; rv:11.0) like Gecko" 
92.205.110.219 - - [24/Oct/2025:16:08:00 -0700] "POST /wp-login.php HTTP/2.0" 429 278 "https://www.biblioglow.com/wp-login.php" "Mozilla/5.0 (Windows NT 6.1; WOW64; Trident/7.0; managedpc; rv:11.0) like Gecko" 
66.249.68.134 - - [24/Oct/2025:16:08:05 -0700] "GET /shopdetail308549336?kg=0305978212 HTTP/1.1" 200 31691 "-" "Mozilla/5.0 (Linux; Android 6.0.1; Nexus 5X Build/MMB29P) AppleWebKit/537.36 (KHTML, like Gecko) Chrome/141.0.7390.122 Mobile Safari/537.36 (compatible; GoogleOther)" 
66.249.68.134 - - [24/Oct/2025:16:08:14 -0700] "GET /shopdetail305374064?kg=0302829401 HTTP/1.1" 200 30405 "-" "Mozilla/5.0 (Linux; Android 6.0.1; Nexus 5X Build/MMB29P) AppleWebKit/537.36 (KHTML, like Gecko) Chrome/141.0.7390.122 Mobile Safari/537.36 (compatible; GoogleOther)" 
66.249.68.133 - - [24/Oct/2025:16:08:58 -0700] "GET /shopdetail31211792?kg=0030951813 HTTP/1.1" 200 32029 "-" "Mozilla/5.0 (Linux; Android 6.0.1; Nexus 5X Build/MMB29P) AppleWebKit/537.36 (KHTML, like Gecko) Chrome/141.0.7390.122 Mobile Safari/537.36 (compatible; GoogleOther)" 
66.249.68.133 - - [24/Oct/2025:16:09:07 -0700] "GET /?shopdetail323592400?kg=0320895917 HTTP/1.1" 200 30974 "-" "Mozilla/5.0 (Linux; Android 6.0.1; Nexus 5X Build/MMB29P) AppleWebKit/537.36 (KHTML, like Gecko) Chrome/141.0.7390.122 Mobile Safari/537.36 (compatible; GoogleOther)" 
66.249.79.6 - - [24/Oct/2025:16:09:36 -0700] "GET /?shopdetail6382352?kg=0006329285 HTTP/1.1" 200 32693 "-" "Mozilla/5.0 (compatible; Googlebot/2.1; +http://www.google.com/bot.html)" 
66.249.68.133 - - [24/Oct/2025:16:09:50 -0700] "GET /shopdetail309033312?kg=0306458155 HTTP/1.1" 200 31169 "-" "Mozilla/5.0 (Linux; Android 6.0.1; Nexus 5X Build/MMB29P) AppleWebKit/537.36 (KHTML, like Gecko) Chrome/141.0.7390.122 Mobile Safari/537.36 (compatible; GoogleOther)" 
66.249.68.135 - - [24/Oct/2025:16:10:02 -0700] "GET /shopdetail159078168?kg=0157752636 HTTP/1.1" 200 31358 "-" "Mozilla/5.0 (Linux; Android 6.0.1; Nexus 5X Build/MMB29P) AppleWebKit/537.36 (KHTML, like Gecko) Chrome/141.0.7390.122 Mobile Safari/537.36 (compatible; GoogleOther)" 
66.249.68.134 - - [24/Oct/2025:16:10:43 -0700] "GET /shopdetail308861344?kg=0306287619 HTTP/1.1" 200 30389 "-" "Mozilla/5.0 (Linux; Android 6.0.1; Nexus 5X Build/MMB29P) AppleWebKit/537.36 (KHTML, like Gecko) Chrome/141.0.7390.122 Mobile Safari/537.36 (compatible; GoogleOther)" 
66.249.68.133 - - [24/Oct/2025:16:10:52 -0700] "GET /shopdetail187270072?kg=0185709608 HTTP/1.1" 200 31188 "-" "Mozilla/5.0 (Linux; Android 6.0.1; Nexus 5X Build/MMB29P) AppleWebKit/537.36 (KHTML, like Gecko) Chrome/141.0.7390.122 Mobile Safari/537.36 (compatible; GoogleOther)" 
66.249.68.134 - - [24/Oct/2025:16:11:36 -0700] "GET /shopdetail157904640?kg=0156588887 HTTP/1.1" 200 32541 "-" "Mozilla/5.0 (Linux; Android 6.0.1; Nexus 5X Build/MMB29P) AppleWebKit/537.36 (KHTML, like Gecko) Chrome/141.0.7390.122 Mobile Safari/537.36 (compatible; GoogleOther)" 
66.249.68.133 - - [24/Oct/2025:16:11:45 -0700] "GET /shopdetail186073096?kg=0184522606 HTTP/1.1" 200 32463 "-" "Mozilla/5.0 (Linux; Android 6.0.1; Nexus 5X Build/MMB29P) AppleWebKit/537.36 (KHTML, like Gecko) Chrome/141.0.7390.122 Mobile Safari/537.36 (compatible; GoogleOther)" 
66.249.68.134 - - [24/Oct/2025:16:12:28 -0700] "GET /shopdetail308870536?kg=0306296734 HTTP/1.1" 200 30678 "-" "Mozilla/5.0 (Linux; Android 6.0.1; Nexus 5X Build/MMB29P) AppleWebKit/537.36 (KHTML, like Gecko) Chrome/141.0.7390.122 Mobile Safari/537.36 (compatible; GoogleOther)" 
66.249.68.134 - - [24/Oct/2025:16:12:37 -0700] "GET /shopdetail186717928?kg=0185162066 HTTP/1.1" 200 30516 "-" "Mozilla/5.0 (Linux; Android 6.0.1; Nexus 5X Build/MMB29P) AppleWebKit/537.36 (KHTML, like Gecko) Chrome/141.0.7390.122 Mobile Safari/537.36 (compatible; GoogleOther)" 
66.249.68.135 - - [24/Oct/2025:16:13:21 -0700] "GET /shopdetail31918896?kg=0031653025 HTTP/1.1" 200 30842 "-" "Mozilla/5.0 (Linux; Android 6.0.1; Nexus 5X Build/MMB29P) AppleWebKit/537.36 (KHTML, like Gecko) Chrome/141.0.7390.122 Mobile Safari/537.36 (compatible; GoogleOther)" 
66.249.68.133 - - [24/Oct/2025:16:13:30 -0700] "GET /shopdetail308374888?kg=0305805218 HTTP/1.1" 200 30482 "-" "Mozilla/5.0 (Linux; Android 6.0.1; Nexus 5X Build/MMB29P) AppleWebKit/537.36 (KHTML, like Gecko) Chrome/141.0.7390.122 Mobile Safari/537.36 (compatible; GoogleOther)" 
66.249.68.133 - - [24/Oct/2025:16:14:13 -0700] "GET /shopdetail183416360?kg=0181888010 HTTP/1.1" 200 32192 "-" "Mozilla/5.0 (Linux; Android 6.0.1; Nexus 5X Build/MMB29P) AppleWebKit/537.36 (KHTML, like Gecko) Chrome/141.0.7390.122 Mobile Safari/537.36 (compatible; GoogleOther)" 
66.249.68.134 - - [24/Oct/2025:16:14:23 -0700] "GET /shopdetail32064680?kg=0031797594 HTTP/1.1" 200 30976 "-" "Mozilla/5.0 (Linux; Android 6.0.1; Nexus 5X Build/MMB29P) AppleWebKit/537.36 (KHTML, like Gecko) Chrome/141.0.7390.122 Mobile Safari/537.36 (compatible; GoogleOther)" 
66.249.68.135 - - [24/Oct/2025:16:15:06 -0700] "GET /shopdetail32672776?kg=0032400622 HTTP/1.1" 200 30706 "-" "Mozilla/5.0 (Linux; Android 6.0.1; Nexus 5X Build/MMB29P) AppleWebKit/537.36 (KHTML, like Gecko) Chrome/141.0.7390.122 Mobile Safari/537.36 (compatible; GoogleOther)" 
66.249.68.134 - - [24/Oct/2025:16:15:15 -0700] "GET /shopdetail73035696?kg=0072427185 HTTP/1.1" 200 32661 "-" "Mozilla/5.0 (Linux; Android 6.0.1; Nexus 5X Build/MMB29P) AppleWebKit/537.36 (KHTML, like Gecko) Chrome/141.0.7390.122 Mobile Safari/537.36 (compatible; GoogleOther)" 
66.249.68.133 - - [24/Oct/2025:16:15:59 -0700] "GET /shopdetail159486704?kg=0158157769 HTTP/1.1" 200 31455 "-" "Mozilla/5.0 (Linux; Android 6.0.1; Nexus 5X Build/MMB29P) AppleWebKit/537.36 (KHTML, like Gecko) Chrome/141.0.7390.122 Mobile Safari/537.36 (compatible; GoogleOther)" 
66.249.68.135 - - [24/Oct/2025:16:16:08 -0700] "GET /shopdetail57733568?kg=0057252575 HTTP/1.1" 200 32741 "-" "Mozilla/5.0 (Linux; Android 6.0.1; Nexus 5X Build/MMB29P) AppleWebKit/537.36 (KHTML, like Gecko) Chrome/141.0.7390.122 Mobile Safari/537.36 (compatible; GoogleOther)" 
66.249.68.133 - - [24/Oct/2025:16:16:52 -0700] "GET /shopdetail187080808?kg=0185521922 HTTP/1.1" 200 30359 "-" "Mozilla/5.0 (Linux; Android 6.0.1; Nexus 5X Build/MMB29P) AppleWebKit/537.36 (KHTML, like Gecko) Chrome/141.0.7390.122 Mobile Safari/537.36 (compatible; GoogleOther)" 
66.249.68.133 - - [24/Oct/2025:16:17:00 -0700] "GET /shopdetail320795520?kg=0318122343 HTTP/1.1" 200 32153 "-" "Mozilla/5.0 (Linux; Android 6.0.1; Nexus 5X Build/MMB29P) AppleWebKit/537.36 (KHTML, like Gecko) Chrome/141.0.7390.122 Mobile Safari/537.36 (compatible; GoogleOther)" 
66.249.68.134 - - [24/Oct/2025:16:17:44 -0700] "GET /shopdetail30735632?kg=0030479621 HTTP/1.1" 200 31993 "-" "Mozilla/5.0 (Linux; Android 6.0.1; Nexus 5X Build/MMB29P) AppleWebKit/537.36 (KHTML, like Gecko) Chrome/141.0.7390.122 Mobile Safari/537.36 (compatible; GoogleOther)" 
114.119.141.83 - - [24/Oct/2025:16:17:47 -0700] "GET /shopdetail68852152?kg=0068278504 HTTP/1.1" 301 3731 "https://biblioglow.com/sitemap.xml" "Mozilla/5.0 (Linux; Android 7.0;) AppleWebKit/537.36 (KHTML, like Gecko) Mobile Safari/537.36 (compatible; PetalBot;+https://webmaster.petalsearch.com/site/petalbot)" 
64.90.53.137 - - [24/Oct/2025:16:17:48 -0700] "POST /wp-cron.php?doing_wp_cron=1761347868.4514720439910888671875 HTTP/1.1" 200 3634 "https://www.biblioglow.com/wp-cron.php?doing_wp_cron=1761347868.4514720439910888671875" "WordPress/6.1.9; https://www.biblioglow.com" 
114.119.141.83 - - [24/Oct/2025:16:17:51 -0700] "GET /shopdetail68852152?kg=0068278504 HTTP/1.1" 404 51132 "https://biblioglow.com/sitemap.xml" "Mozilla/5.0 (Linux; Android 7.0;) AppleWebKit/537.36 (KHTML, like Gecko) Mobile Safari/537.36 (compatible; PetalBot;+https://webmaster.petalsearch.com/site/petalbot)" 
66.249.68.133 - - [24/Oct/2025:16:17:53 -0700] "GET /shopdetail308151624?kg=0305583814 HTTP/1.1" 200 37879 "-" "Mozilla/5.0 (Linux; Android 6.0.1; Nexus 5X Build/MMB29P) AppleWebKit/537.36 (KHTML, like Gecko) Chrome/141.0.7390.122 Mobile Safari/537.36 (compatible; GoogleOther)" 
66.249.79.6 - - [24/Oct/2025:16:18:29 -0700] "GET /shopdetail8048352?kg=0007981403 HTTP/1.1" 200 30888 "-" "Mozilla/5.0 (compatible; Googlebot/2.1; +http://www.google.com/bot.html)" 
66.249.68.134 - - [24/Oct/2025:16:18:37 -0700] "GET /shopdetail31786280?kg=0031521514 HTTP/1.1" 200 31106 "-" "Mozilla/5.0 (Linux; Android 6.0.1; Nexus 5X Build/MMB29P) AppleWebKit/537.36 (KHTML, like Gecko) Chrome/141.0.7390.122 Mobile Safari/537.36 (compatible; GoogleOther)" 
66.249.68.134 - - [24/Oct/2025:16:18:46 -0700] "GET /shopdetail32271208?kg=0032002402 HTTP/1.1" 200 30689 "-" "Mozilla/5.0 (Linux; Android 6.0.1; Nexus 5X Build/MMB29P) AppleWebKit/537.36 (KHTML, like Gecko) Chrome/141.0.7390.122 Mobile Safari/537.36 (compatible; GoogleOther)" 
114.119.129.24 - - [24/Oct/2025:16:19:11 -0700] "GET /2020/07/03/the-hamilton-affair-discussion-questions HTTP/1.1" 301 3777 "https://www.biblioglow.com/about/" "Mozilla/5.0 (Linux; Android 7.0;) AppleWebKit/537.36 (KHTML, like Gecko) Mobile Safari/537.36 (compatible; PetalBot;+https://webmaster.petalsearch.com/site/petalbot)" 
114.119.129.24 - - [24/Oct/2025:16:19:13 -0700] "GET /2020/07/03/the-hamilton-affair-discussion-questions/ HTTP/1.1" 200 19002 "https://www.biblioglow.com/about/" "Mozilla/5.0 (Linux; Android 7.0;) AppleWebKit/537.36 (KHTML, like Gecko) Mobile Safari/537.36 (compatible; PetalBot;+https://webmaster.petalsearch.com/site/petalbot)" 
64.90.53.137 - - [24/Oct/2025:16:19:12 -0700] "POST /wp-cron.php?doing_wp_cron=1761347952.0693700313568115234375 HTTP/1.1" 200 3634 "https://www.biblioglow.com/wp-cron.php?doing_wp_cron=1761347952.0693700313568115234375" "WordPress/6.1.9; https://www.biblioglow.com" 
66.249.68.134 - - [24/Oct/2025:16:19:29 -0700] "GET /shopdetail57546648?kg=0057067212 HTTP/1.1" 200 30817 "-" "Mozilla/5.0 (Linux; Android 6.0.1; Nexus 5X Build/MMB29P) AppleWebKit/537.36 (KHTML, like Gecko) Chrome/141.0.7390.122 Mobile Safari/537.36 (compatible; GoogleOther)" 
66.249.68.134 - - [24/Oct/2025:16:19:38 -0700] "GET /shopdetail186403048?kg=0184849810 HTTP/1.1" 200 31541 "-" "Mozilla/5.0 (Linux; Android 6.0.1; Nexus 5X Build/MMB29P) AppleWebKit/537.36 (KHTML, like Gecko) Chrome/141.0.7390.122 Mobile Safari/537.36 (compatible; GoogleOther)" 
66.249.68.135 - - [24/Oct/2025:16:20:23 -0700] "GET /shopdetail72841640?kg=0072234746 HTTP/1.1" 200 30530 "-" "Mozilla/5.0 (Linux; Android 6.0.1; Nexus 5X Build/MMB29P) AppleWebKit/537.36 (KHTML, like Gecko) Chrome/141.0.7390.122 Mobile Safari/537.36 (compatible; GoogleOther)" 
66.249.68.134 - - [24/Oct/2025:16:20:31 -0700] "GET /shopdetail185650544?kg=0184103577 HTTP/1.1" 200 33290 "-" "Mozilla/5.0 (Linux; Android 6.0.1; Nexus 5X Build/MMB29P) AppleWebKit/537.36 (KHTML, like Gecko) Chrome/141.0.7390.122 Mobile Safari/537.36 (compatible; GoogleOther)" 
64.90.53.137 - - [24/Oct/2025:16:20:34 -0700] "POST /wp-cron.php?doing_wp_cron=1761348034.1366100311279296875000 HTTP/1.1" 200 3634 "https://www.biblioglow.com/wp-cron.php?doing_wp_cron=1761348034.1366100311279296875000" "WordPress/6.1.9; https://www.biblioglow.com" 
114.119.136.150 - - [24/Oct/2025:16:20:33 -0700] "GET /shopdetail68828976?kg=0068255521 HTTP/1.1" 301 3731 "https://biblioglow.com/sitemap.xml" "Mozilla/5.0 (Linux; Android 7.0;) AppleWebKit/537.36 (KHTML, like Gecko) Mobile Safari/537.36 (compatible; PetalBot;+https://webmaster.petalsearch.com/site/petalbot)" 
114.119.136.150 - - [24/Oct/2025:16:20:35 -0700] "GET /shopdetail68828976?kg=0068255521 HTTP/1.1" 404 51132 "https://biblioglow.com/sitemap.xml" "Mozilla/5.0 (Linux; Android 7.0;) AppleWebKit/537.36 (KHTML, like Gecko) Mobile Safari/537.36 (compatible; PetalBot;+https://webmaster.petalsearch.com/site/petalbot)" 
66.249.68.133 - - [24/Oct/2025:16:21:15 -0700] "GET /shopdetail71340064?kg=0070745683 HTTP/1.1" 200 33135 "-" "Mozilla/5.0 (Linux; Android 6.0.1; Nexus 5X Build/MMB29P) AppleWebKit/537.36 (KHTML, like Gecko) Chrome/141.0.7390.122 Mobile Safari/537.36 (compatible; GoogleOther)" 
66.249.68.134 - - [24/Oct/2025:16:21:24 -0700] "GET /shopdetail308508608?kg=0305937823 HTTP/1.1" 200 31580 "-" "Mozilla/5.0 (Linux; Android 6.0.1; Nexus 5X Build/MMB29P) AppleWebKit/537.36 (KHTML, like Gecko) Chrome/141.0.7390.122 Mobile Safari/537.36 (compatible; GoogleOther)" 
64.90.53.137 - - [24/Oct/2025:16:21:57 -0700] "POST /wp-cron.php?doing_wp_cron=1761348117.6528649330139160156250 HTTP/1.1" 200 3634 "https://www.biblioglow.com/wp-cron.php?doing_wp_cron=1761348117.6528649330139160156250" "WordPress/6.1.9; https://www.biblioglow.com" 
114.119.135.207 - - [24/Oct/2025:16:21:56 -0700] "GET /shopdetail68808672?kg=0068235387 HTTP/1.1" 301 3731 "https://biblioglow.com/sitemap.xml" "Mozilla/5.0 (Linux; Android 7.0;) AppleWebKit/537.36 (KHTML, like Gecko) Mobile Safari/537.36 (compatible; PetalBot;+https://webmaster.petalsearch.com/site/petalbot)" 
114.119.135.207 - - [24/Oct/2025:16:21:59 -0700] "GET /shopdetail68808672?kg=0068235387 HTTP/1.1" 404 51132 "https://biblioglow.com/sitemap.xml" "Mozilla/5.0 (Linux; Android 7.0;) AppleWebKit/537.36 (KHTML, like Gecko) Mobile Safari/537.36 (compatible; PetalBot;+https://webmaster.petalsearch.com/site/petalbot)" 
66.249.68.135 - - [24/Oct/2025:16:22:07 -0700] "GET /shopdetail186880856?kg=0185323636 HTTP/1.1" 200 30861 "-" "Mozilla/5.0 (Linux; Android 6.0.1; Nexus 5X Build/MMB29P) AppleWebKit/537.36 (KHTML, like Gecko) Chrome/141.0.7390.122 Mobile Safari/537.36 (compatible; GoogleOther)" 
66.249.68.133 - - [24/Oct/2025:16:22:16 -0700] "GET /shopdetail158866696?kg=0157542926 HTTP/1.1" 200 31012 "-" "Mozilla/5.0 (Linux; Android 6.0.1; Nexus 5X Build/MMB29P) AppleWebKit/537.36 (KHTML, like Gecko) Chrome/141.0.7390.122 Mobile Safari/537.36 (compatible; GoogleOther)" 
66.249.68.133 - - [24/Oct/2025:16:22:27 -0700] "GET /shopdetail43299144?kg=0042938438 HTTP/1.1" 200 31311 "-" "Mozilla/5.0 (Linux; Android 6.0.1; Nexus 5X Build/MMB29P) AppleWebKit/537.36 (KHTML, like Gecko) Chrome/141.0.7390.122 Mobile Safari/537.36 (compatible; Googlebot/2.1; +http://www.google.com/bot.html)" 
66.249.68.135 - - [24/Oct/2025:16:23:00 -0700] "GET /shopdetail305373656?kg=0302828996 HTTP/1.1" 200 31634 "-" "Mozilla/5.0 (Linux; Android 6.0.1; Nexus 5X Build/MMB29P) AppleWebKit/537.36 (KHTML, like Gecko) Chrome/141.0.7390.122 Mobile Safari/537.36 (compatible; GoogleOther)" 
66.249.68.134 - - [24/Oct/2025:16:23:09 -0700] "GET /shopdetail186114776?kg=0184563940 HTTP/1.1" 200 30547 "-" "Mozilla/5.0 (Linux; Android 6.0.1; Nexus 5X Build/MMB29P) AppleWebKit/537.36 (KHTML, like Gecko) Chrome/141.0.7390.122 Mobile Safari/537.36 (compatible; GoogleOther)" 
114.119.129.24 - - [24/Oct/2025:16:23:21 -0700] "GET /shopdetail197597616?kg=0195951089 HTTP/1.1" 301 3732 "https://biblioglow.com/sitemap.xml" "Mozilla/5.0 (Linux; Android 7.0;) AppleWebKit/537.36 (KHTML, like Gecko) Mobile Safari/537.36 (compatible; PetalBot;+https://webmaster.petalsearch.com/site/petalbot)" 
64.90.53.137 - - [24/Oct/2025:16:23:22 -0700] "POST /wp-cron.php?doing_wp_cron=1761348202.1302719116210937500000 HTTP/1.1" 200 3634 "https://www.biblioglow.com/wp-cron.php?doing_wp_cron=1761348202.1302719116210937500000" "WordPress/6.1.9; https://www.biblioglow.com" 
114.119.129.24 - - [24/Oct/2025:16:23:23 -0700] "GET /shopdetail197597616?kg=0195951089 HTTP/1.1" 404 51133 "https://biblioglow.com/sitemap.xml" "Mozilla/5.0 (Linux; Android 7.0;) AppleWebKit/537.36 (KHTML, like Gecko) Mobile Safari/537.36 (compatible; PetalBot;+https://webmaster.petalsearch.com/site/petalbot)" 
66.249.68.133 - - [24/Oct/2025:16:23:52 -0700] "GET /shopdetail186221208?kg=0184669484 HTTP/1.1" 200 30915 "-" "Mozilla/5.0 (Linux; Android 6.0.1; Nexus 5X Build/MMB29P) AppleWebKit/537.36 (KHTML, like Gecko) Chrome/141.0.7390.122 Mobile Safari/537.36 (compatible; GoogleOther)" 
66.249.68.135 - - [24/Oct/2025:16:24:02 -0700] "GET /shopdetail32685928?kg=0032413666 HTTP/1.1" 200 32050 "-" "Mozilla/5.0 (Linux; Android 6.0.1; Nexus 5X Build/MMB29P) AppleWebKit/537.36 (KHTML, like Gecko) Chrome/141.0.7390.122 Mobile Safari/537.36 (compatible; GoogleOther)" 
66.249.68.133 - - [24/Oct/2025:16:24:45 -0700] "GET /shopdetail32602416?kg=0032330849 HTTP/1.1" 200 30770 "-" "Mozilla/5.0 (Linux; Android 6.0.1; Nexus 5X Build/MMB29P) AppleWebKit/537.36 (KHTML, like Gecko) Chrome/141.0.7390.122 Mobile Safari/537.36 (compatible; GoogleOther)" 
66.249.68.133 - - [24/Oct/2025:16:24:54 -0700] "GET /shopdetail186775392?kg=0185219051 HTTP/1.1" 200 32135 "-" "Mozilla/5.0 (Linux; Android 6.0.1; Nexus 5X Build/MMB29P) AppleWebKit/537.36 (KHTML, like Gecko) Chrome/141.0.7390.122 Mobile Safari/537.36 (compatible; GoogleOther)" 
66.249.68.134 - - [24/Oct/2025:16:25:21 -0700] "GET /shopdetail803104?kg=0000796531 HTTP/1.1" 200 30905 "-" "Mozilla/5.0 (Linux; Android 6.0.1; Nexus 5X Build/MMB29P) AppleWebKit/537.36 (KHTML, like Gecko) Chrome/141.0.7390.122 Mobile Safari/537.36 (compatible; Googlebot/2.1; +http://www.google.com/bot.html)" 
66.249.68.134 - - [24/Oct/2025:16:25:38 -0700] "GET /shopdetail30998672?kg=0030740469 HTTP/1.1" 200 31604 "-" "Mozilla/5.0 (Linux; Android 6.0.1; Nexus 5X Build/MMB29P) AppleWebKit/537.36 (KHTML, like Gecko) Chrome/141.0.7390.122 Mobile Safari/537.36 (compatible; GoogleOther)" 
66.249.68.133 - - [24/Oct/2025:16:25:47 -0700] "GET /shopdetail32415632?kg=0032145621 HTTP/1.1" 200 31450 "-" "Mozilla/5.0 (Linux; Android 6.0.1; Nexus 5X Build/MMB29P) AppleWebKit/537.36 (KHTML, like Gecko) Chrome/141.0.7390.122 Mobile Safari/537.36 (compatible; GoogleOther)" 
66.249.68.133 - - [24/Oct/2025:16:26:30 -0700] "GET /shopdetail159065272?kg=0157739848 HTTP/1.1" 200 32254 "-" "Mozilla/5.0 (Linux; Android 6.0.1; Nexus 5X Build/MMB29P) AppleWebKit/537.36 (KHTML, like Gecko) Chrome/141.0.7390.122 Mobile Safari/537.36 (compatible; GoogleOther)" 
66.249.68.133 - - [24/Oct/2025:16:26:39 -0700] "GET /shopdetail32649720?kg=0032377760 HTTP/1.1" 200 31051 "-" "Mozilla/5.0 (Linux; Android 6.0.1; Nexus 5X Build/MMB29P) AppleWebKit/537.36 (KHTML, like Gecko) Chrome/141.0.7390.122 Mobile Safari/537.36 (compatible; GoogleOther)" 
66.249.68.134 - - [24/Oct/2025:16:27:23 -0700] "GET /shopdetail159295400?kg=0157968058 HTTP/1.1" 200 31496 "-" "Mozilla/5.0 (Linux; Android 6.0.1; Nexus 5X Build/MMB29P) AppleWebKit/537.36 (KHTML, like Gecko) Chrome/141.0.7390.122 Mobile Safari/537.36 (compatible; GoogleOther)" 
66.249.68.133 - - [24/Oct/2025:16:27:32 -0700] "GET /shopdetail323916880?kg=0321217693 HTTP/1.1" 200 30678 "-" "Mozilla/5.0 (Linux; Android 6.0.1; Nexus 5X Build/MMB29P) AppleWebKit/537.36 (KHTML, like Gecko) Chrome/141.0.7390.122 Mobile Safari/537.36 (compatible; GoogleOther)" 
66.249.68.134 - - [24/Oct/2025:16:28:16 -0700] "GET /shopdetail184712768?kg=0183173615 HTTP/1.1" 200 32140 "-" "Mozilla/5.0 (Linux; Android 6.0.1; Nexus 5X Build/MMB29P) AppleWebKit/537.36 (KHTML, like Gecko) Chrome/141.0.7390.122 Mobile Safari/537.36 (compatible; GoogleOther)" 
66.249.68.134 - - [24/Oct/2025:16:28:25 -0700] "GET /shopdetail57471632?kg=0056992821 HTTP/1.1" 200 32121 "-" "Mozilla/5.0 (Linux; Android 6.0.1; Nexus 5X Build/MMB29P) AppleWebKit/537.36 (KHTML, like Gecko) Chrome/141.0.7390.122 Mobile Safari/537.36 (compatible; GoogleOther)" 
66.249.68.133 - - [24/Oct/2025:16:29:08 -0700] "GET /shopdetail308513128?kg=0305942306 HTTP/1.1" 200 30481 "-" "Mozilla/5.0 (Linux; Android 6.0.1; Nexus 5X Build/MMB29P) AppleWebKit/537.36 (KHTML, like Gecko) Chrome/141.0.7390.122 Mobile Safari/537.36 (compatible; GoogleOther)" 
66.249.68.134 - - [24/Oct/2025:16:29:17 -0700] "GET /shopdetail31685608?kg=0031421682 HTTP/1.1" 200 32189 "-" "Mozilla/5.0 (Linux; Android 6.0.1; Nexus 5X Build/MMB29P) AppleWebKit/537.36 (KHTML, like Gecko) Chrome/141.0.7390.122 Mobile Safari/537.36 (compatible; GoogleOther)" 
159.69.57.110 - - [24/Oct/2025:16:29:39 -0700] "POST /xmlrpc.php HTTP/2.0" 429 351 "-" "Mozilla/5.0 (Windows NT 10.0) AppleWebKit/537.36 (KHTML, like Gecko) Chrome/67.0.3396.87 Safari/537.36" 
66.249.68.135 - - [24/Oct/2025:16:30:01 -0700] "GET /shopdetail186295528?kg=0184743186 HTTP/1.1" 200 30986 "-" "Mozilla/5.0 (Linux; Android 6.0.1; Nexus 5X Build/MMB29P) AppleWebKit/537.36 (KHTML, like Gecko) Chrome/141.0.7390.122 Mobile Safari/537.36 (compatible; GoogleOther)" 
66.249.68.133 - - [24/Oct/2025:16:30:10 -0700] "GET /shopdetail186123000?kg=0184572096 HTTP/1.1" 200 30776 "-" "Mozilla/5.0 (Linux; Android 6.0.1; Nexus 5X Build/MMB29P) AppleWebKit/537.36 (KHTML, like Gecko) Chrome/141.0.7390.122 Mobile Safari/537.36 (compatible; GoogleOther)" 
66.249.68.133 - - [24/Oct/2025:16:30:53 -0700] "GET /shopdetail308520808?kg=0305949922 HTTP/1.1" 200 31556 "-" "Mozilla/5.0 (Linux; Android 6.0.1; Nexus 5X Build/MMB29P) AppleWebKit/537.36 (KHTML, like Gecko) Chrome/141.0.7390.122 Mobile Safari/537.36 (compatible; GoogleOther)" 
66.249.68.134 - - [24/Oct/2025:16:31:03 -0700] "GET /shopdetail73348792?kg=0072737672 HTTP/1.1" 200 30911 "-" "Mozilla/5.0 (Linux; Android 6.0.1; Nexus 5X Build/MMB29P) AppleWebKit/537.36 (KHTML, like Gecko) Chrome/141.0.7390.122 Mobile Safari/537.36 (compatible; GoogleOther)" 
66.249.68.133 - - [24/Oct/2025:16:31:46 -0700] "GET /shopdetail30534440?kg=0030280106 HTTP/1.1" 200 30641 "-" "Mozilla/5.0 (Linux; Android 6.0.1; Nexus 5X Build/MMB29P) AppleWebKit/537.36 (KHTML, like Gecko) Chrome/141.0.7390.122 Mobile Safari/537.36 (compatible; GoogleOther)" 
66.249.68.133 - - [24/Oct/2025:16:31:55 -0700] "GET /shopdetail308999160?kg=0306424288 HTTP/1.1" 200 31304 "-" "Mozilla/5.0 (Linux; Android 6.0.1; Nexus 5X Build/MMB29P) AppleWebKit/537.36 (KHTML, like Gecko) Chrome/141.0.7390.122 Mobile Safari/537.36 (compatible; GoogleOther)" 
66.249.68.135 - - [24/Oct/2025:16:32:39 -0700] "GET /shopdetail309126168?kg=0306550236 HTTP/1.1" 200 32487 "-" "Mozilla/5.0 (Linux; Android 6.0.1; Nexus 5X Build/MMB29P) AppleWebKit/537.36 (KHTML, like Gecko) Chrome/141.0.7390.122 Mobile Safari/537.36 (compatible; GoogleOther)" 
66.249.68.134 - - [24/Oct/2025:16:32:48 -0700] "GET /shopdetail307883232?kg=0305317659 HTTP/1.1" 200 30709 "-" "Mozilla/5.0 (Linux; Android 6.0.1; Nexus 5X Build/MMB29P) AppleWebKit/537.36 (KHTML, like Gecko) Chrome/141.0.7390.122 Mobile Safari/537.36 (compatible; GoogleOther)" 
114.119.135.207 - - [24/Oct/2025:16:33:30 -0700] "GET /shopdetail197641232?kg=0195994341 HTTP/1.1" 301 3732 "https://biblioglow.com/sitemap.xml" "Mozilla/5.0 (Linux; Android 7.0;) AppleWebKit/537.36 (KHTML, like Gecko) Mobile Safari/537.36 (compatible; PetalBot;+https://webmaster.petalsearch.com/site/petalbot)" 
66.249.68.135 - - [24/Oct/2025:16:33:31 -0700] "GET /shopdetail31959896?kg=0031693684 HTTP/1.1" 200 30691 "-" "Mozilla/5.0 (Linux; Android 6.0.1; Nexus 5X Build/MMB29P) AppleWebKit/537.36 (KHTML, like Gecko) Chrome/141.0.7390.122 Mobile Safari/537.36 (compatible; GoogleOther)" 
64.90.53.137 - - [24/Oct/2025:16:33:31 -0700] "POST /wp-cron.php?doing_wp_cron=1761348811.2487819194793701171875 HTTP/1.1" 200 3634 "https://www.biblioglow.com/wp-cron.php?doing_wp_cron=1761348811.2487819194793701171875" "WordPress/6.1.9; https://www.biblioglow.com" 
114.119.135.207 - - [24/Oct/2025:16:33:34 -0700] "GET /shopdetail197641232?kg=0195994341 HTTP/1.1" 404 51133 "https://biblioglow.com/sitemap.xml" "Mozilla/5.0 (Linux; Android 7.0;) AppleWebKit/537.36 (KHTML, like Gecko) Mobile Safari/537.36 (compatible; PetalBot;+https://webmaster.petalsearch.com/site/petalbot)" 
66.249.68.134 - - [24/Oct/2025:16:33:40 -0700] "GET /shopdetail71142304?kg=0070549571 HTTP/1.1" 200 30363 "-" "Mozilla/5.0 (Linux; Android 6.0.1; Nexus 5X Build/MMB29P) AppleWebKit/537.36 (KHTML, like Gecko) Chrome/141.0.7390.122 Mobile Safari/537.36 (compatible; GoogleOther)" 
52.167.144.150 - - [24/Oct/2025:16:33:54 -0700] "GET /shopdetail138886480?kg=0137729213 HTTP/2.0" 200 27012 "-" "Mozilla/5.0 AppleWebKit/537.36 (KHTML, like Gecko; compatible; bingbot/2.0; +http://www.bing.com/bingbot.htm) Chrome/116.0.1938.76 Safari/537.36" 
66.249.68.134 - - [24/Oct/2025:16:34:24 -0700] "GET /?shopdetail57393184?kg=0056915027 HTTP/1.1" 200 32244 "-" "Mozilla/5.0 (Linux; Android 6.0.1; Nexus 5X Build/MMB29P) AppleWebKit/537.36 (KHTML, like Gecko) Chrome/141.0.7390.122 Mobile Safari/537.36 (compatible; GoogleOther)" 
66.249.68.133 - - [24/Oct/2025:16:34:33 -0700] "GET /shopdetail308539328?kg=0305968287 HTTP/1.1" 200 30940 "-" "Mozilla/5.0 (Linux; Android 6.0.1; Nexus 5X Build/MMB29P) AppleWebKit/537.36 (KHTML, like Gecko) Chrome/141.0.7390.122 Mobile Safari/537.36 (compatible; GoogleOther)" 
64.90.53.137 - - [24/Oct/2025:16:34:54 -0700] "POST /wp-cron.php?doing_wp_cron=1761348894.8590910434722900390625 HTTP/1.1" 200 3634 "https://www.biblioglow.com/wp-cron.php?doing_wp_cron=1761348894.8590910434722900390625" "WordPress/6.1.9; https://www.biblioglow.com" 
114.119.129.24 - - [24/Oct/2025:16:34:54 -0700] "GET /shopdetail68857640?kg=0068283946 HTTP/1.1" 301 3731 "https://biblioglow.com/sitemap.xml" "Mozilla/5.0 (Linux; Android 7.0;) AppleWebKit/537.36 (KHTML, like Gecko) Mobile Safari/537.36 (compatible; PetalBot;+https://webmaster.petalsearch.com/site/petalbot)" 
114.119.129.24 - - [24/Oct/2025:16:34:56 -0700] "GET /shopdetail68857640?kg=0068283946 HTTP/1.1" 404 51132 "https://biblioglow.com/sitemap.xml" "Mozilla/5.0 (Linux; Android 7.0;) AppleWebKit/537.36 (KHTML, like Gecko) Mobile Safari/537.36 (compatible; PetalBot;+https://webmaster.petalsearch.com/site/petalbot)" 
66.249.68.134 - - [24/Oct/2025:16:35:17 -0700] "GET /shopdetail57573800?kg=0057094138 HTTP/1.1" 200 30822 "-" "Mozilla/5.0 (Linux; Android 6.0.1; Nexus 5X Build/MMB29P) AppleWebKit/537.36 (KHTML, like Gecko) Chrome/141.0.7390.122 Mobile Safari/537.36 (compatible; GoogleOther)" 
66.249.68.133 - - [24/Oct/2025:16:35:26 -0700] "GET /shopdetail57320224?kg=0056842675 HTTP/1.1" 200 30547 "-" "Mozilla/5.0 (Linux; Android 6.0.1; Nexus 5X Build/MMB29P) AppleWebKit/537.36 (KHTML, like Gecko) Chrome/141.0.7390.122 Mobile Safari/537.36 (compatible; GoogleOther)" 
66.249.68.135 - - [24/Oct/2025:16:36:09 -0700] "GET /shopdetail30815848?kg=0030559170 HTTP/1.1" 200 32086 "-" "Mozilla/5.0 (Linux; Android 6.0.1; Nexus 5X Build/MMB29P) AppleWebKit/537.36 (KHTML, like Gecko) Chrome/141.0.7390.122 Mobile Safari/537.36 (compatible; GoogleOther)" 
64.90.53.137 - - [24/Oct/2025:16:36:18 -0700] "POST /wp-cron.php?doing_wp_cron=1761348978.6717729568481445312500 HTTP/1.1" 200 3634 "https://www.biblioglow.com/wp-cron.php?doing_wp_cron=1761348978.6717729568481445312500" "WordPress/6.1.9; https://www.biblioglow.com" 
114.119.151.155 - - [24/Oct/2025:16:36:17 -0700] "GET /shopdetail68795928?kg=0068222748 HTTP/1.1" 301 3731 "https://biblioglow.com/sitemap.xml" "Mozilla/5.0 (Linux; Android 7.0;) AppleWebKit/537.36 (KHTML, like Gecko) Mobile Safari/537.36 (compatible; PetalBot;+https://webmaster.petalsearch.com/site/petalbot)" 
66.249.70.32 - - [24/Oct/2025:16:36:19 -0700] "GET /shopdetail159109432?kg=0157783640 HTTP/1.1" 200 33661 "-" "Mozilla/5.0 (Linux; Android 6.0.1; Nexus 5X Build/MMB29P) AppleWebKit/537.36 (KHTML, like Gecko) Chrome/141.0.7390.122 Mobile Safari/537.36 (compatible; GoogleOther)" 
114.119.151.155 - - [24/Oct/2025:16:36:20 -0700] "GET /shopdetail68795928?kg=0068222748 HTTP/1.1" 404 51132 "https://biblioglow.com/sitemap.xml" "Mozilla/5.0 (Linux; Android 7.0;) AppleWebKit/537.36 (KHTML, like Gecko) Mobile Safari/537.36 (compatible; PetalBot;+https://webmaster.petalsearch.com/site/petalbot)" 
198.235.24.159 - - [24/Oct/2025:16:36:54 -0700] "GET / HTTP/1.1" 301 3667 "http://64.90.55.62:80/" "-" 
198.235.24.159 - - [24/Oct/2025:16:36:56 -0700] "GET / HTTP/1.1" 200 85875 "-" "-" 
66.249.68.135 - - [24/Oct/2025:16:37:02 -0700] "GET /shopdetail57159216?kg=0056683009 HTTP/1.1" 200 32138 "-" "Mozilla/5.0 (Linux; Android 6.0.1; Nexus 5X Build/MMB29P) AppleWebKit/537.36 (KHTML, like Gecko) Chrome/141.0.7390.122 Mobile Safari/537.36 (compatible; GoogleOther)" 
66.249.68.133 - - [24/Oct/2025:16:37:11 -0700] "GET /shopdetail56264632?kg=0055795880 HTTP/1.1" 200 31087 "-" "Mozilla/5.0 (Linux; Android 6.0.1; Nexus 5X Build/MMB29P) AppleWebKit/537.36 (KHTML, like Gecko) Chrome/141.0.7390.122 Mobile Safari/537.36 (compatible; GoogleOther)" 
40.77.167.0 - - [24/Oct/2025:16:37:23 -0700] "GET /shopdetail80194272?kg=0079526107 HTTP/2.0" 200 28006 "-" "Mozilla/5.0 AppleWebKit/537.36 (KHTML, like Gecko; compatible; bingbot/2.0; +http://www.bing.com/bingbot.htm) Chrome/116.0.1938.76 Safari/537.36" 
66.249.68.133 - - [24/Oct/2025:16:37:55 -0700] "GET /shopdetail30816680?kg=0030559994 HTTP/1.1" 200 33193 "-" "Mozilla/5.0 (Linux; Android 6.0.1; Nexus 5X Build/MMB29P) AppleWebKit/537.36 (KHTML, like Gecko) Chrome/141.0.7390.122 Mobile Safari/537.36 (compatible; GoogleOther)" 
66.249.68.133 - - [24/Oct/2025:16:38:04 -0700] "GET /shopdetail72844104?kg=0072237190 HTTP/1.1" 200 31687 "-" "Mozilla/5.0 (Linux; Android 6.0.1; Nexus 5X Build/MMB29P) AppleWebKit/537.36 (KHTML, like Gecko) Chrome/141.0.7390.122 Mobile Safari/537.36 (compatible; GoogleOther)" 
66.249.68.134 - - [24/Oct/2025:16:38:47 -0700] "GET /shopdetail57584760?kg=0057105008 HTTP/1.1" 200 30986 "-" "Mozilla/5.0 (Linux; Android 6.0.1; Nexus 5X Build/MMB29P) AppleWebKit/537.36 (KHTML, like Gecko) Chrome/141.0.7390.122 Mobile Safari/537.36 (compatible; GoogleOther)" 
66.249.68.133 - - [24/Oct/2025:16:38:56 -0700] "GET /shopdetail31962512?kg=0031696277 HTTP/1.1" 200 32188 "-" "Mozilla/5.0 (Linux; Android 6.0.1; Nexus 5X Build/MMB29P) AppleWebKit/537.36 (KHTML, like Gecko) Chrome/141.0.7390.122 Mobile Safari/537.36 (compatible; GoogleOther)" 
66.249.68.134 - - [24/Oct/2025:16:39:40 -0700] "GET /shopdetail57580648?kg=0057100930 HTTP/1.1" 200 31293 "-" "Mozilla/5.0 (Linux; Android 6.0.1; Nexus 5X Build/MMB29P) AppleWebKit/537.36 (KHTML, like Gecko) Chrome/141.0.7390.122 Mobile Safari/537.36 (compatible; GoogleOther)" 
66.249.68.133 - - [24/Oct/2025:16:39:49 -0700] "GET /shopdetail31414072?kg=0031152408 HTTP/1.1" 200 30784 "-" "Mozilla/5.0 (Linux; Android 6.0.1; Nexus 5X Build/MMB29P) AppleWebKit/537.36 (KHTML, like Gecko) Chrome/141.0.7390.122 Mobile Safari/537.36 (compatible; GoogleOther)" 
66.249.68.133 - - [24/Oct/2025:16:40:32 -0700] "GET /shopdetail324175808?kg=0321474463 HTTP/1.1" 200 32025 "-" "Mozilla/5.0 (Linux; Android 6.0.1; Nexus 5X Build/MMB29P) AppleWebKit/537.36 (KHTML, like Gecko) Chrome/141.0.7390.122 Mobile Safari/537.36 (compatible; GoogleOther)" 
66.249.68.133 - - [24/Oct/2025:16:40:42 -0700] "GET /shopdetail319553960?kg=0316891130 HTTP/1.1" 200 36457 "-" "Mozilla/5.0 (Linux; Android 6.0.1; Nexus 5X Build/MMB29P) AppleWebKit/537.36 (KHTML, like Gecko) Chrome/141.0.7390.122 Mobile Safari/537.36 (compatible; GoogleOther)" 
66.249.68.134 - - [24/Oct/2025:16:41:25 -0700] "GET /shopdetail57511816?kg=0057032670 HTTP/1.1" 200 31664 "-" "Mozilla/5.0 (Linux; Android 6.0.1; Nexus 5X Build/MMB29P) AppleWebKit/537.36 (KHTML, like Gecko) Chrome/141.0.7390.122 Mobile Safari/537.36 (compatible; GoogleOther)" 
98.70.40.140 - - [24/Oct/2025:16:41:31 -0700] "POST /xmlrpc.php HTTP/2.0" 429 351 "-" "Mozilla/5.0 (Windows NT 10.0; Win64; x64) AppleWebKit/537.36 (KHTML, like Gecko) Chrome/65.0.3325.181 Safari/537.36 OPR/52.0.2871.40" 
66.249.68.134 - - [24/Oct/2025:16:41:34 -0700] "GET /shopdetail159283184?kg=0157955945 HTTP/1.1" 200 30790 "-" "Mozilla/5.0 (Linux; Android 6.0.1; Nexus 5X Build/MMB29P) AppleWebKit/537.36 (KHTML, like Gecko) Chrome/141.0.7390.122 Mobile Safari/537.36 (compatible; GoogleOther)" 
66.249.68.134 - - [24/Oct/2025:16:42:18 -0700] "GET /shopdetail308539736?kg=0305968692 HTTP/1.1" 200 31474 "-" "Mozilla/5.0 (Linux; Android 6.0.1; Nexus 5X Build/MMB29P) AppleWebKit/537.36 (KHTML, like Gecko) Chrome/141.0.7390.122 Mobile Safari/537.36 (compatible; GoogleOther)" 
66.249.68.133 - - [24/Oct/2025:16:42:27 -0700] "GET /shopdetail186875096?kg=0185317924 HTTP/1.1" 200 32618 "-" "Mozilla/5.0 (Linux; Android 6.0.1; Nexus 5X Build/MMB29P) AppleWebKit/537.36 (KHTML, like Gecko) Chrome/141.0.7390.122 Mobile Safari/537.36 (compatible; GoogleOther)" 
66.249.68.134 - - [24/Oct/2025:16:43:10 -0700] "GET /shopdetail30907328?kg=0030649887 HTTP/1.1" 200 30299 "-" "Mozilla/5.0 (Linux; Android 6.0.1; Nexus 5X Build/MMB29P) AppleWebKit/537.36 (KHTML, like Gecko) Chrome/141.0.7390.122 Mobile Safari/537.36 (compatible; GoogleOther)" 
