72.14.199.100 - - [24/Oct/2025:20:59:56 -0700] "GET /wp-includes/css/classic-themes.min.css?ver=1 HTTP/1.1" 200 612 "https://www.biblioglow.com/shopdetail43126616?kg=0042767348" "Mozilla/5.0 (X11; Linux x86_64) AppleWebKit/537.36 (KHTML, like Gecko) Chrome/140.0.7339.207 Safari/537.36" 
72.14.199.100 - - [24/Oct/2025:20:59:57 -0700] "GET /wp-includes/js/jquery/jquery.min.js?ver=3.6.1 HTTP/1.1" 200 32130 "https://www.biblioglow.com/shopdetail43126616?kg=0042767348" "Mozilla/5.0 (X11; Linux x86_64) AppleWebKit/537.36 (KHTML, like Gecko) Chrome/140.0.7339.207 Safari/537.36" 
72.14.199.99 - - [24/Oct/2025:20:59:58 -0700] "GET /wp-content/themes/pro/framework/legacy/cranium/dist/css/site/integrity-light.css?ver=3.2.3 HTTP/1.1" 200 2957 "https://www.biblioglow.com/shopdetail43126616?kg=0042767348" "Mozilla/5.0 (X11; Linux x86_64) AppleWebKit/537.36 (KHTML, like Gecko) Chrome/140.0.7339.207 Safari/537.36" 
72.14.199.99 - - [24/Oct/2025:20:59:58 -0700] "GET /wp-content/themes/pro/framework/dist/js/site/x.js?ver=3.2.3 HTTP/1.1" 200 25286 "https://www.biblioglow.com/shopdetail43126616?kg=0042767348" "Mozilla/5.0 (X11; Linux x86_64) AppleWebKit/537.36 (KHTML, like Gecko) Chrome/140.0.7339.207 Safari/537.36" 
72.14.199.99 - - [24/Oct/2025:20:59:59 -0700] "GET /wp-content/themes/pro/cornerstone/assets/dist/js/site/cs.0ce70e6.js HTTP/1.1" 200 56249 "https://www.biblioglow.com/shopdetail43126616?kg=0042767348" "Mozilla/5.0 (X11; Linux x86_64) AppleWebKit/537.36 (KHTML, like Gecko) Chrome/140.0.7339.207 Safari/537.36" 
72.14.199.99 - - [24/Oct/2025:21:00:00 -0700] "GET /wp-content/themes/pro/cornerstone/assets/dist/fonts/fa-solid-900.woff2 HTTP/1.1" 200 138767 "https://www.biblioglow.com/shopdetail43126616?kg=0042767348" "Mozilla/5.0 (X11; Linux x86_64) AppleWebKit/537.36 (KHTML, like Gecko) Chrome/140.0.7339.207 Safari/537.36" 
114.119.129.24 - - [24/Oct/2025:21:00:08 -0700] "GET /shopdetail197655080?kg=0196008074 HTTP/1.1" 301 3732 "https://biblioglow.com/sitemap.xml" "Mozilla/5.0 (Linux; Android 7.0;) AppleWebKit/537.36 (KHTML, like Gecko) Mobile Safari/537.36 (compatible; PetalBot;+https://webmaster.petalsearch.com/site/petalbot)" 
114.119.129.24 - - [24/Oct/2025:21:00:14 -0700] "GET /shopdetail197655080?kg=0196008074 HTTP/1.1" 404 51133 "https://biblioglow.com/sitemap.xml" "Mozilla/5.0 (Linux; Android 7.0;) AppleWebKit/537.36 (KHTML, like Gecko) Mobile Safari/537.36 (compatible; PetalBot;+https://webmaster.petalsearch.com/site/petalbot)" 
66.249.68.133 - - [24/Oct/2025:21:00:17 -0700] "GET /shopdetail187815080?kg=0186250074 HTTP/1.1" 200 31644 "-" "Mozilla/5.0 (Linux; Android 6.0.1; Nexus 5X Build/MMB29P) AppleWebKit/537.36 (KHTML, like Gecko) Chrome/141.0.7390.122 Mobile Safari/537.36 (compatible; GoogleOther)" 
64.90.53.137 - - [24/Oct/2025:21:00:15 -0700] "POST /wp-cron.php?doing_wp_cron=1761364815.1743590831756591796875 HTTP/1.1" 200 3634 "https://www.biblioglow.com/wp-cron.php?doing_wp_cron=1761364815.1743590831756591796875" "WordPress/6.1.9; https://www.biblioglow.com" 
66.249.68.133 - - [24/Oct/2025:21:00:50 -0700] "GET /shopdetail73488816?kg=0072876529 HTTP/1.1" 200 32133 "-" "Mozilla/5.0 (Linux; Android 6.0.1; Nexus 5X Build/MMB29P) AppleWebKit/537.36 (KHTML, like Gecko) Chrome/141.0.7390.122 Mobile Safari/537.36 (compatible; GoogleOther)" 
66.249.68.133 - - [24/Oct/2025:21:01:15 -0700] "GET /shopdetail325082728?kg=0322373826 HTTP/1.1" 200 32302 "-" "Mozilla/5.0 (Linux; Android 6.0.1; Nexus 5X Build/MMB29P) AppleWebKit/537.36 (KHTML, like Gecko) Chrome/141.0.7390.122 Mobile Safari/537.36 (compatible; GoogleOther)" 
64.90.53.137 - - [24/Oct/2025:21:01:28 -0700] "POST /wp-cron.php?doing_wp_cron=1761364888.5039370059967041015625 HTTP/1.1" 200 3634 "https://www.biblioglow.com/wp-cron.php?doing_wp_cron=1761364888.5039370059967041015625" "WordPress/6.1.9; https://www.biblioglow.com" 
114.119.136.150 - - [24/Oct/2025:21:01:27 -0700] "GET /shopdetail197650408?kg=0196003442 HTTP/1.1" 301 3732 "https://biblioglow.com/sitemap.xml" "Mozilla/5.0 (Linux; Android 7.0;) AppleWebKit/537.36 (KHTML, like Gecko) Mobile Safari/537.36 (compatible; PetalBot;+https://webmaster.petalsearch.com/site/petalbot)" 
114.119.136.150 - - [24/Oct/2025:21:01:33 -0700] "GET /shopdetail197650408?kg=0196003442 HTTP/1.1" 404 51133 "https://biblioglow.com/sitemap.xml" "Mozilla/5.0 (Linux; Android 7.0;) AppleWebKit/537.36 (KHTML, like Gecko) Mobile Safari/537.36 (compatible; PetalBot;+https://webmaster.petalsearch.com/site/petalbot)" 
66.249.68.134 - - [24/Oct/2025:21:01:53 -0700] "GET /shopdetail309454488?kg=0306875820 HTTP/1.1" 200 31661 "-" "Mozilla/5.0 (Linux; Android 6.0.1; Nexus 5X Build/MMB29P) AppleWebKit/537.36 (KHTML, like Gecko) Chrome/141.0.7390.122 Mobile Safari/537.36 (compatible; GoogleOther)" 
66.249.68.135 - - [24/Oct/2025:21:02:12 -0700] "GET /shopdetail33140016?kg=0032863969 HTTP/1.1" 200 32391 "-" "Mozilla/5.0 (Linux; Android 6.0.1; Nexus 5X Build/MMB29P) AppleWebKit/537.36 (KHTML, like Gecko) Chrome/141.0.7390.122 Mobile Safari/537.36 (compatible; GoogleOther)" 
57.141.6.39 - - [24/Oct/2025:21:02:20 -0700] "GET / HTTP/2.0" 429 351 "-" "meta-externalagent/1.1 (+https://developers.facebook.com/docs/sharing/webmasters/crawler)" 
64.90.53.137 - - [24/Oct/2025:21:02:46 -0700] "POST /wp-cron.php?doing_wp_cron=1761364966.0710270404815673828125 HTTP/1.1" 200 3634 "https://www.biblioglow.com/wp-cron.php?doing_wp_cron=1761364966.0710270404815673828125" "WordPress/6.1.9; https://www.biblioglow.com" 
114.119.130.109 - - [24/Oct/2025:21:02:45 -0700] "GET /shopdetail197643560?kg=0195996650 HTTP/1.1" 301 3732 "https://biblioglow.com/sitemap.xml" "Mozilla/5.0 (Linux; Android 7.0;) AppleWebKit/537.36 (KHTML, like Gecko) Mobile Safari/537.36 (compatible; PetalBot;+https://webmaster.petalsearch.com/site/petalbot)" 
114.119.130.109 - - [24/Oct/2025:21:02:47 -0700] "GET /shopdetail197643560?kg=0195996650 HTTP/1.1" 404 51133 "https://biblioglow.com/sitemap.xml" "Mozilla/5.0 (Linux; Android 7.0;) AppleWebKit/537.36 (KHTML, like Gecko) Mobile Safari/537.36 (compatible; PetalBot;+https://webmaster.petalsearch.com/site/petalbot)" 
66.249.68.134 - - [24/Oct/2025:21:02:57 -0700] "GET /shopdetail325424488?kg=0322712738 HTTP/1.1" 200 30975 "-" "Mozilla/5.0 (Linux; Android 6.0.1; Nexus 5X Build/MMB29P) AppleWebKit/537.36 (KHTML, like Gecko) Chrome/141.0.7390.122 Mobile Safari/537.36 (compatible; GoogleOther)" 
66.249.68.134 - - [24/Oct/2025:21:03:09 -0700] "GET /shopdetail33180744?kg=0032904358 HTTP/1.1" 200 30851 "-" "Mozilla/5.0 (Linux; Android 6.0.1; Nexus 5X Build/MMB29P) AppleWebKit/537.36 (KHTML, like Gecko) Chrome/141.0.7390.122 Mobile Safari/537.36 (compatible; GoogleOther)" 
64.90.53.137 - - [24/Oct/2025:21:03:19 -0700] "POST /wp-cron.php?doing_wp_cron=1761364999.6878800392150878906250 HTTP/1.1" 200 3634 "https://www.biblioglow.com/wp-cron.php?doing_wp_cron=1761364999.6878800392150878906250" "WordPress/6.1.9; https://www.biblioglow.com" 
85.208.96.209 - - [24/Oct/2025:21:03:19 -0700] "GET /shopdetail195010544?kg=0193385577 HTTP/1.1" 301 3732 "-" "Mozilla/5.0 (compatible; SemrushBot/7~bl; +http://www.semrush.com/bot.html)" 
185.191.171.10 - - [24/Oct/2025:21:03:20 -0700] "GET /shopdetail195010544?kg=0193385577 HTTP/1.1" 404 51133 "-" "Mozilla/5.0 (compatible; SemrushBot/7~bl; +http://www.semrush.com/bot.html)" 
66.249.68.134 - - [24/Oct/2025:21:04:14 -0700] "GET /shopdetail73480320?kg=0072868103 HTTP/1.1" 200 30468 "-" "Mozilla/5.0 (Linux; Android 6.0.1; Nexus 5X Build/MMB29P) AppleWebKit/537.36 (KHTML, like Gecko) Chrome/141.0.7390.122 Mobile Safari/537.36 (compatible; GoogleOther)" 
114.119.130.109 - - [24/Oct/2025:21:04:25 -0700] "GET /shopdetail197641096?kg=0195994206 HTTP/1.1" 301 3732 "https://biblioglow.com/sitemap.xml" "Mozilla/5.0 (Linux; Android 7.0;) AppleWebKit/537.36 (KHTML, like Gecko) Mobile Safari/537.36 (compatible; PetalBot;+https://webmaster.petalsearch.com/site/petalbot)" 
64.90.53.137 - - [24/Oct/2025:21:04:27 -0700] "POST /wp-cron.php?doing_wp_cron=1761365067.0737359523773193359375 HTTP/1.1" 200 3634 "https://www.biblioglow.com/wp-cron.php?doing_wp_cron=1761365067.0737359523773193359375" "WordPress/6.1.9; https://www.biblioglow.com" 
114.119.130.109 - - [24/Oct/2025:21:04:29 -0700] "GET /shopdetail197641096?kg=0195994206 HTTP/1.1" 404 51133 "https://biblioglow.com/sitemap.xml" "Mozilla/5.0 (Linux; Android 7.0;) AppleWebKit/537.36 (KHTML, like Gecko) Mobile Safari/537.36 (compatible; PetalBot;+https://webmaster.petalsearch.com/site/petalbot)" 
66.249.68.135 - - [24/Oct/2025:21:05:17 -0700] "GET /shopdetail74099104?kg=0073481731 HTTP/1.1" 200 31611 "-" "Mozilla/5.0 (Linux; Android 6.0.1; Nexus 5X Build/MMB29P) AppleWebKit/537.36 (KHTML, like Gecko) Chrome/141.0.7390.122 Mobile Safari/537.36 (compatible; GoogleOther)" 
114.119.130.109 - - [24/Oct/2025:21:05:32 -0700] "GET /shopdetail197640128?kg=0195993247 HTTP/1.1" 301 3732 "https://biblioglow.com/sitemap.xml" "Mozilla/5.0 (Linux; Android 7.0;) AppleWebKit/537.36 (KHTML, like Gecko) Mobile Safari/537.36 (compatible; PetalBot;+https://webmaster.petalsearch.com/site/petalbot)" 
64.90.53.137 - - [24/Oct/2025:21:05:32 -0700] "POST /wp-cron.php?doing_wp_cron=1761365132.6860499382019042968750 HTTP/1.1" 200 3634 "https://www.biblioglow.com/wp-cron.php?doing_wp_cron=1761365132.6860499382019042968750" "WordPress/6.1.9; https://www.biblioglow.com" 
114.119.130.109 - - [24/Oct/2025:21:05:34 -0700] "GET /shopdetail197640128?kg=0195993247 HTTP/1.1" 404 51133 "https://biblioglow.com/sitemap.xml" "Mozilla/5.0 (Linux; Android 7.0;) AppleWebKit/537.36 (KHTML, like Gecko) Mobile Safari/537.36 (compatible; PetalBot;+https://webmaster.petalsearch.com/site/petalbot)" 
66.249.68.134 - - [24/Oct/2025:21:06:16 -0700] "GET /shopdetail186614536?kg=0185059534 HTTP/1.1" 200 31245 "-" "Mozilla/5.0 (Linux; Android 6.0.1; Nexus 5X Build/MMB29P) AppleWebKit/537.36 (KHTML, like Gecko) Chrome/141.0.7390.122 Mobile Safari/537.36 (compatible; GoogleOther)" 
66.249.68.135 - - [24/Oct/2025:21:07:07 -0700] "GET /shopdetail157929176?kg=0156613220 HTTP/1.1" 200 31273 "-" "Mozilla/5.0 (Linux; Android 6.0.1; Nexus 5X Build/MMB29P) AppleWebKit/537.36 (KHTML, like Gecko) Chrome/141.0.7390.122 Mobile Safari/537.36 (compatible; GoogleOther)" 
66.249.68.133 - - [24/Oct/2025:21:07:11 -0700] "GET /shopdetail67974712?kg=0067408376 HTTP/1.1" 200 31348 "-" "Mozilla/5.0 (Linux; Android 6.0.1; Nexus 5X Build/MMB29P) AppleWebKit/537.36 (KHTML, like Gecko) Chrome/141.0.7390.122 Mobile Safari/537.36 (compatible; Googlebot/2.1; +http://www.google.com/bot.html)" 
114.119.156.60 - - [24/Oct/2025:21:07:20 -0700] "GET /shopdetail197633552?kg=0195986725 HTTP/1.1" 301 3732 "https://biblioglow.com/sitemap.xml" "Mozilla/5.0 (Linux; Android 7.0;) AppleWebKit/537.36 (KHTML, like Gecko) Mobile Safari/537.36 (compatible; PetalBot;+https://webmaster.petalsearch.com/site/petalbot)" 
64.90.53.137 - - [24/Oct/2025:21:07:21 -0700] "POST /wp-cron.php?doing_wp_cron=1761365241.1019909381866455078125 HTTP/1.1" 200 3634 "https://www.biblioglow.com/wp-cron.php?doing_wp_cron=1761365241.1019909381866455078125" "WordPress/6.1.9; https://www.biblioglow.com" 
114.119.156.60 - - [24/Oct/2025:21:07:23 -0700] "GET /shopdetail197633552?kg=0195986725 HTTP/1.1" 404 51133 "https://biblioglow.com/sitemap.xml" "Mozilla/5.0 (Linux; Android 7.0;) AppleWebKit/537.36 (KHTML, like Gecko) Mobile Safari/537.36 (compatible; PetalBot;+https://webmaster.petalsearch.com/site/petalbot)" 
66.249.68.133 - - [24/Oct/2025:21:07:50 -0700] "GET /shopdetail309663496?kg=0307083086 HTTP/1.1" 200 30740 "-" "Mozilla/5.0 (Linux; Android 6.0.1; Nexus 5X Build/MMB29P) AppleWebKit/537.36 (KHTML, like Gecko) Chrome/141.0.7390.122 Mobile Safari/537.36 (compatible; GoogleOther)" 
66.249.68.133 - - [24/Oct/2025:21:08:28 -0700] "GET /shopdetail157920816?kg=0156604929 HTTP/1.1" 200 35962 "-" "Mozilla/5.0 (Linux; Android 6.0.1; Nexus 5X Build/MMB29P) AppleWebKit/537.36 (KHTML, like Gecko) Chrome/141.0.7390.122 Mobile Safari/537.36 (compatible; GoogleOther)" 
114.119.148.10 - - [24/Oct/2025:21:08:37 -0700] "GET /shopdetail197628744?kg=0195981958 HTTP/1.1" 301 3732 "https://biblioglow.com/sitemap.xml" "Mozilla/5.0 (Linux; Android 7.0;) AppleWebKit/537.36 (KHTML, like Gecko) Mobile Safari/537.36 (compatible; PetalBot;+https://webmaster.petalsearch.com/site/petalbot)" 
64.90.53.137 - - [24/Oct/2025:21:08:38 -0700] "POST /wp-cron.php?doing_wp_cron=1761365318.1178629398345947265625 HTTP/1.1" 200 3634 "https://www.biblioglow.com/wp-cron.php?doing_wp_cron=1761365318.1178629398345947265625" "WordPress/6.1.9; https://www.biblioglow.com" 
114.119.148.10 - - [24/Oct/2025:21:08:41 -0700] "GET /shopdetail197628744?kg=0195981958 HTTP/1.1" 404 51133 "https://biblioglow.com/sitemap.xml" "Mozilla/5.0 (Linux; Android 7.0;) AppleWebKit/537.36 (KHTML, like Gecko) Mobile Safari/537.36 (compatible; PetalBot;+https://webmaster.petalsearch.com/site/petalbot)" 
66.249.68.133 - - [24/Oct/2025:21:09:01 -0700] "GET /shopdetail309935712?kg=0307353035 HTTP/1.1" 200 31575 "-" "Mozilla/5.0 (Linux; Android 6.0.1; Nexus 5X Build/MMB29P) AppleWebKit/537.36 (KHTML, like Gecko) Chrome/141.0.7390.122 Mobile Safari/537.36 (compatible; GoogleOther)" 
66.249.68.133 - - [24/Oct/2025:21:09:30 -0700] "GET /shopdetail325574808?kg=0322861804 HTTP/1.1" 200 31577 "-" "Mozilla/5.0 (Linux; Android 6.0.1; Nexus 5X Build/MMB29P) AppleWebKit/537.36 (KHTML, like Gecko) Chrome/141.0.7390.122 Mobile Safari/537.36 (compatible; GoogleOther)" 
114.119.136.150 - - [24/Oct/2025:21:09:54 -0700] "GET /shopdetail197628472?kg=0195981688 HTTP/1.1" 301 3732 "https://biblioglow.com/sitemap.xml" "Mozilla/5.0 (Linux; Android 7.0;) AppleWebKit/537.36 (KHTML, like Gecko) Mobile Safari/537.36 (compatible; PetalBot;+https://webmaster.petalsearch.com/site/petalbot)" 
66.249.68.133 - - [24/Oct/2025:21:09:55 -0700] "GET /shopdetail74831848?kg=0074208370 HTTP/1.1" 200 30830 "-" "Mozilla/5.0 (Linux; Android 6.0.1; Nexus 5X Build/MMB29P) AppleWebKit/537.36 (KHTML, like Gecko) Chrome/141.0.7390.122 Mobile Safari/537.36 (compatible; GoogleOther)" 
64.90.53.137 - - [24/Oct/2025:21:09:54 -0700] "POST /wp-cron.php?doing_wp_cron=1761365394.7678549289703369140625 HTTP/1.1" 200 3634 "https://www.biblioglow.com/wp-cron.php?doing_wp_cron=1761365394.7678549289703369140625" "WordPress/6.1.9; https://www.biblioglow.com" 
114.119.136.150 - - [24/Oct/2025:21:09:57 -0700] "GET /shopdetail197628472?kg=0195981688 HTTP/1.1" 404 51133 "https://biblioglow.com/sitemap.xml" "Mozilla/5.0 (Linux; Android 7.0;) AppleWebKit/537.36 (KHTML, like Gecko) Mobile Safari/537.36 (compatible; PetalBot;+https://webmaster.petalsearch.com/site/petalbot)" 
66.249.68.134 - - [24/Oct/2025:21:10:36 -0700] "GET /shopdetail310189440?kg=0307604647 HTTP/1.1" 200 30872 "-" "Mozilla/5.0 (Linux; Android 6.0.1; Nexus 5X Build/MMB29P) AppleWebKit/537.36 (KHTML, like Gecko) Chrome/141.0.7390.122 Mobile Safari/537.36 (compatible; GoogleOther)" 
64.90.53.137 - - [24/Oct/2025:21:10:42 -0700] "POST /wp-cron.php?doing_wp_cron=1761365442.7060580253601074218750 HTTP/1.1" 200 3634 "https://www.biblioglow.com/wp-cron.php?doing_wp_cron=1761365442.7060580253601074218750" "WordPress/6.1.9; https://www.biblioglow.com" 
46.164.216.45 - - [24/Oct/2025:21:10:42 -0700] "GET /wp-content/themes/alone/css/sermone.css HTTP/1.1" 301 3746 "-" "Mozilla/5.0 (Windows NT 10.0; Win64; x64) AppleWebKit/537.36 (KHTML, like Gecko) Chrome/138.0.0.0 YaBrowser/25.8.0.0 Safari/537.36" 
46.164.216.45 - - [24/Oct/2025:21:10:44 -0700] "GET /wp-content/themes/alone/css/sermone.css HTTP/1.1" 404 51161 "-" "Mozilla/5.0 (Windows NT 10.0; Win64; x64) AppleWebKit/537.36 (KHTML, like Gecko) Chrome/138.0.0.0 YaBrowser/25.8.0.0 Safari/537.36" 
66.249.68.133 - - [24/Oct/2025:21:10:53 -0700] "GET /shopdetail309362736?kg=0306784833 HTTP/1.1" 200 30819 "-" "Mozilla/5.0 (Linux; Android 6.0.1; Nexus 5X Build/MMB29P) AppleWebKit/537.36 (KHTML, like Gecko) Chrome/141.0.7390.122 Mobile Safari/537.36 (compatible; GoogleOther)" 
66.249.68.135 - - [24/Oct/2025:21:11:08 -0700] "GET /shopdetail187162960?kg=0185603389 HTTP/1.1" 200 30585 "-" "Mozilla/5.0 (Linux; Android 6.0.1; Nexus 5X Build/MMB29P) AppleWebKit/537.36 (KHTML, like Gecko) Chrome/141.0.7390.122 Mobile Safari/537.36 (compatible; GoogleOther)" 
66.249.68.133 - - [24/Oct/2025:21:11:21 -0700] "GET /shopdetail33269200?kg=0032992077 HTTP/1.1" 200 30510 "-" "Mozilla/5.0 (Linux; Android 6.0.1; Nexus 5X Build/MMB29P) AppleWebKit/537.36 (KHTML, like Gecko) Chrome/141.0.7390.122 Mobile Safari/537.36 (compatible; GoogleOther)" 
114.119.136.150 - - [24/Oct/2025:21:11:20 -0700] "GET /shopdetail197627928?kg=0195981148 HTTP/1.1" 301 3732 "https://biblioglow.com/sitemap.xml" "Mozilla/5.0 (Linux; Android 7.0;) AppleWebKit/537.36 (KHTML, like Gecko) Mobile Safari/537.36 (compatible; PetalBot;+https://webmaster.petalsearch.com/site/petalbot)" 
64.90.53.137 - - [24/Oct/2025:21:11:21 -0700] "POST /wp-cron.php?doing_wp_cron=1761365481.6679170131683349609375 HTTP/1.1" 200 3634 "https://www.biblioglow.com/wp-cron.php?doing_wp_cron=1761365481.6679170131683349609375" "WordPress/6.1.9; https://www.biblioglow.com" 
114.119.136.150 - - [24/Oct/2025:21:11:23 -0700] "GET /shopdetail197627928?kg=0195981148 HTTP/1.1" 404 51133 "https://biblioglow.com/sitemap.xml" "Mozilla/5.0 (Linux; Android 7.0;) AppleWebKit/537.36 (KHTML, like Gecko) Mobile Safari/537.36 (compatible; PetalBot;+https://webmaster.petalsearch.com/site/petalbot)" 
66.249.68.133 - - [24/Oct/2025:21:11:33 -0700] "GET /shopdetail33023168?kg=0032748095 HTTP/1.1" 200 31112 "-" "Mozilla/5.0 (Linux; Android 6.0.1; Nexus 5X Build/MMB29P) AppleWebKit/537.36 (KHTML, like Gecko) Chrome/141.0.7390.122 Mobile Safari/537.36 (compatible; GoogleOther)" 
66.249.68.133 - - [24/Oct/2025:21:11:43 -0700] "GET /shopdetail32728592?kg=0032455973 HTTP/1.1" 200 31466 "-" "Mozilla/5.0 (Linux; Android 6.0.1; Nexus 5X Build/MMB29P) AppleWebKit/537.36 (KHTML, like Gecko) Chrome/141.0.7390.122 Mobile Safari/537.36 (compatible; GoogleOther)" 
66.249.68.133 - - [24/Oct/2025:21:11:52 -0700] "GET /shopdetail309625640?kg=0307045546 HTTP/1.1" 200 34248 "-" "Mozilla/5.0 (Linux; Android 6.0.1; Nexus 5X Build/MMB29P) AppleWebKit/537.36 (KHTML, like Gecko) Chrome/141.0.7390.122 Mobile Safari/537.36 (compatible; GoogleOther)" 
66.249.68.133 - - [24/Oct/2025:21:12:03 -0700] "GET /shopdetail187307504?kg=0185746729 HTTP/1.1" 200 31977 "-" "Mozilla/5.0 (Linux; Android 6.0.1; Nexus 5X Build/MMB29P) AppleWebKit/537.36 (KHTML, like Gecko) Chrome/141.0.7390.122 Mobile Safari/537.36 (compatible; GoogleOther)" 
64.90.53.137 - - [24/Oct/2025:21:12:31 -0700] "POST /wp-cron.php?doing_wp_cron=1761365551.6764209270477294921875 HTTP/1.1" 200 3634 "https://www.biblioglow.com/wp-cron.php?doing_wp_cron=1761365551.6764209270477294921875" "WordPress/6.1.9; https://www.biblioglow.com" 
114.119.156.60 - - [24/Oct/2025:21:12:31 -0700] "GET /shopdetail197626824?kg=0195980054 HTTP/1.1" 301 3732 "https://biblioglow.com/sitemap.xml" "Mozilla/5.0 (Linux; Android 7.0;) AppleWebKit/537.36 (KHTML, like Gecko) Mobile Safari/537.36 (compatible; PetalBot;+https://webmaster.petalsearch.com/site/petalbot)" 
66.249.68.133 - - [24/Oct/2025:21:12:32 -0700] "GET /shopdetail187166528?kg=0185606927 HTTP/1.1" 200 30970 "-" "Mozilla/5.0 (Linux; Android 6.0.1; Nexus 5X Build/MMB29P) AppleWebKit/537.36 (KHTML, like Gecko) Chrome/141.0.7390.122 Mobile Safari/537.36 (compatible; GoogleOther)" 
114.119.156.60 - - [24/Oct/2025:21:12:34 -0700] "GET /shopdetail197626824?kg=0195980054 HTTP/1.1" 404 51133 "https://biblioglow.com/sitemap.xml" "Mozilla/5.0 (Linux; Android 7.0;) AppleWebKit/537.36 (KHTML, like Gecko) Mobile Safari/537.36 (compatible; PetalBot;+https://webmaster.petalsearch.com/site/petalbot)" 
66.249.68.133 - - [24/Oct/2025:21:12:43 -0700] "GET /shopdetail159610416?kg=0158280449 HTTP/1.1" 200 31818 "-" "Mozilla/5.0 (Linux; Android 6.0.1; Nexus 5X Build/MMB29P) AppleWebKit/537.36 (KHTML, like Gecko) Chrome/141.0.7390.122 Mobile Safari/537.36 (compatible; GoogleOther)" 
66.249.68.133 - - [24/Oct/2025:21:12:43 -0700] "GET /shopdetail7317240?kg=0007256384 HTTP/1.1" 200 30858 "-" "Mozilla/5.0 (compatible; Googlebot/2.1; +http://www.google.com/bot.html)" 
185.191.171.16 - - [24/Oct/2025:21:12:56 -0700] "GET /shopdetail195054432?kg=0193429099 HTTP/1.1" 301 3732 "-" "Mozilla/5.0 (compatible; SemrushBot/7~bl; +http://www.semrush.com/bot.html)" 
185.191.171.17 - - [24/Oct/2025:21:12:57 -0700] "GET /shopdetail195054432?kg=0193429099 HTTP/1.1" 404 51133 "-" "Mozilla/5.0 (compatible; SemrushBot/7~bl; +http://www.semrush.com/bot.html)" 
66.249.68.134 - - [24/Oct/2025:21:13:36 -0700] "GET /shopdetail310189424?kg=0307604633 HTTP/1.1" 200 31383 "-" "Mozilla/5.0 (Linux; Android 6.0.1; Nexus 5X Build/MMB29P) AppleWebKit/537.36 (KHTML, like Gecko) Chrome/141.0.7390.122 Mobile Safari/537.36 (compatible; GoogleOther)" 
66.249.68.134 - - [24/Oct/2025:21:13:41 -0700] "GET /shopdetail32503680?kg=0032232935 HTTP/1.1" 200 30168 "-" "Mozilla/5.0 (Linux; Android 6.0.1; Nexus 5X Build/MMB29P) AppleWebKit/537.36 (KHTML, like Gecko) Chrome/141.0.7390.122 Mobile Safari/537.36 (compatible; GoogleOther)" 
64.90.53.137 - - [24/Oct/2025:21:14:10 -0700] "POST /wp-cron.php?doing_wp_cron=1761365650.1152529716491699218750 HTTP/1.1" 200 3634 "https://www.biblioglow.com/wp-cron.php?doing_wp_cron=1761365650.1152529716491699218750" "WordPress/6.1.9; https://www.biblioglow.com" 
114.119.141.83 - - [24/Oct/2025:21:14:09 -0700] "GET /shopdetail197626416?kg=0195979649 HTTP/1.1" 301 3732 "https://biblioglow.com/sitemap.xml" "Mozilla/5.0 (Linux; Android 7.0;) AppleWebKit/537.36 (KHTML, like Gecko) Mobile Safari/537.36 (compatible; PetalBot;+https://webmaster.petalsearch.com/site/petalbot)" 
114.119.141.83 - - [24/Oct/2025:21:14:11 -0700] "GET /shopdetail197626416?kg=0195979649 HTTP/1.1" 404 51133 "https://biblioglow.com/sitemap.xml" "Mozilla/5.0 (Linux; Android 7.0;) AppleWebKit/537.36 (KHTML, like Gecko) Mobile Safari/537.36 (compatible; PetalBot;+https://webmaster.petalsearch.com/site/petalbot)" 
66.249.68.134 - - [24/Oct/2025:21:14:17 -0700] "GET /shopdetail43317240?kg=0042956384 HTTP/1.1" 200 31490 "-" "Mozilla/5.0 (Linux; Android 6.0.1; Nexus 5X Build/MMB29P) AppleWebKit/537.36 (KHTML, like Gecko) Chrome/141.0.7390.122 Mobile Safari/537.36 (compatible; Googlebot/2.1; +http://www.google.com/bot.html)" 
66.249.79.6 - - [24/Oct/2025:21:14:18 -0700] "GET /shopdetail6383440?kg=0006330365 HTTP/1.1" 200 30659 "-" "Mozilla/5.0 (Linux; Android 6.0.1; Nexus 5X Build/MMB29P) AppleWebKit/537.36 (KHTML, like Gecko) Chrome/141.0.7390.122 Mobile Safari/537.36 (compatible; Googlebot/2.1; +http://www.google.com/bot.html)" 
66.249.68.134 - - [24/Oct/2025:21:14:37 -0700] "GET /shopdetail188744768?kg=0187172015 HTTP/1.1" 200 30782 "-" "Mozilla/5.0 (Linux; Android 6.0.1; Nexus 5X Build/MMB29P) AppleWebKit/537.36 (KHTML, like Gecko) Chrome/141.0.7390.122 Mobile Safari/537.36 (compatible; GoogleOther)" 
66.249.68.133 - - [24/Oct/2025:21:14:54 -0700] "GET /shopdetail32992448?kg=0032717631 HTTP/1.1" 200 33957 "-" "Mozilla/5.0 (Linux; Android 6.0.1; Nexus 5X Build/MMB29P) AppleWebKit/537.36 (KHTML, like Gecko) Chrome/141.0.7390.122 Mobile Safari/537.36 (compatible; GoogleOther)" 
66.249.68.133 - - [24/Oct/2025:21:15:05 -0700] "GET /shopdetail73675056?kg=0073061217 HTTP/1.1" 200 31627 "-" "Mozilla/5.0 (Linux; Android 6.0.1; Nexus 5X Build/MMB29P) AppleWebKit/537.36 (KHTML, like Gecko) Chrome/141.0.7390.122 Mobile Safari/537.36 (compatible; GoogleOther)" 
66.249.68.133 - - [24/Oct/2025:21:15:12 -0700] "GET /shopdetail187478672?kg=0185916469 HTTP/1.1" 200 32400 "-" "Mozilla/5.0 (Linux; Android 6.0.1; Nexus 5X Build/MMB29P) AppleWebKit/537.36 (KHTML, like Gecko) Chrome/141.0.7390.122 Mobile Safari/537.36 (compatible; GoogleOther)" 
64.90.53.137 - - [24/Oct/2025:21:15:19 -0700] "POST /wp-cron.php?doing_wp_cron=1761365719.2924039363861083984375 HTTP/1.1" 200 3634 "https://www.biblioglow.com/wp-cron.php?doing_wp_cron=1761365719.2924039363861083984375" "WordPress/6.1.9; https://www.biblioglow.com" 
114.119.151.155 - - [24/Oct/2025:21:15:18 -0700] "GET /shopdetail197625584?kg=0195978825 HTTP/1.1" 301 3732 "https://biblioglow.com/sitemap.xml" "Mozilla/5.0 (Linux; Android 7.0;) AppleWebKit/537.36 (KHTML, like Gecko) Mobile Safari/537.36 (compatible; PetalBot;+https://webmaster.petalsearch.com/site/petalbot)" 
114.119.151.155 - - [24/Oct/2025:21:15:23 -0700] "GET /shopdetail197625584?kg=0195978825 HTTP/1.1" 404 51133 "https://biblioglow.com/sitemap.xml" "Mozilla/5.0 (Linux; Android 7.0;) AppleWebKit/537.36 (KHTML, like Gecko) Mobile Safari/537.36 (compatible; PetalBot;+https://webmaster.petalsearch.com/site/petalbot)" 
66.249.68.133 - - [24/Oct/2025:21:15:50 -0700] "GET /shopdetail59104992?kg=0058612571 HTTP/1.1" 200 31816 "-" "Mozilla/5.0 (Linux; Android 6.0.1; Nexus 5X Build/MMB29P) AppleWebKit/537.36 (KHTML, like Gecko) Chrome/141.0.7390.122 Mobile Safari/537.36 (compatible; GoogleOther)" 
66.249.68.133 - - [24/Oct/2025:21:15:58 -0700] "GET /shopdetail309639216?kg=0307059009 HTTP/1.1" 200 32761 "-" "Mozilla/5.0 (Linux; Android 6.0.1; Nexus 5X Build/MMB29P) AppleWebKit/537.36 (KHTML, like Gecko) Chrome/141.0.7390.122 Mobile Safari/537.36 (compatible; GoogleOther)" 
185.191.171.1 - - [24/Oct/2025:21:16:30 -0700] "GET /robots.txt HTTP/1.1" 200 3816 "-" "Mozilla/5.0 (compatible; SemrushBot/7~bl; +http://www.semrush.com/bot.html)" 
64.90.53.137 - - [24/Oct/2025:21:16:32 -0700] "POST /wp-cron.php?doing_wp_cron=1761365792.2682039737701416015625 HTTP/1.1" 200 3634 "https://www.biblioglow.com/wp-cron.php?doing_wp_cron=1761365792.2682039737701416015625" "WordPress/6.1.9; https://www.biblioglow.com" 
185.191.171.16 - - [24/Oct/2025:21:16:31 -0700] "GET /shopdetail195040992?kg=0193415771 HTTP/1.1" 301 3732 "-" "Mozilla/5.0 (compatible; SemrushBot/7~bl; +http://www.semrush.com/bot.html)" 
85.208.96.198 - - [24/Oct/2025:21:16:33 -0700] "GET /robots.txt HTTP/1.1" 200 3816 "-" "Mozilla/5.0 (compatible; SemrushBot/7~bl; +http://www.semrush.com/bot.html)" 
185.191.171.9 - - [24/Oct/2025:21:16:33 -0700] "GET /shopdetail195040992?kg=0193415771 HTTP/1.1" 404 51133 "-" "Mozilla/5.0 (compatible; SemrushBot/7~bl; +http://www.semrush.com/bot.html)" 
66.249.68.133 - - [24/Oct/2025:21:16:35 -0700] "GET /shopdetail325585224?kg=0322872134 HTTP/1.1" 200 30767 "-" "Mozilla/5.0 (Linux; Android 6.0.1; Nexus 5X Build/MMB29P) AppleWebKit/537.36 (KHTML, like Gecko) Chrome/141.0.7390.122 Mobile Safari/537.36 (compatible; GoogleOther)" 
66.249.68.134 - - [24/Oct/2025:21:16:45 -0700] "GET /shopdetail184541616?kg=0183003889 HTTP/1.1" 200 30874 "-" "Mozilla/5.0 (Linux; Android 6.0.1; Nexus 5X Build/MMB29P) AppleWebKit/537.36 (KHTML, like Gecko) Chrome/141.0.7390.122 Mobile Safari/537.36 (compatible; GoogleOther)" 
114.119.151.155 - - [24/Oct/2025:21:16:58 -0700] "GET /shopdetail197624224?kg=0195977475 HTTP/1.1" 301 3732 "https://biblioglow.com/sitemap.xml" "Mozilla/5.0 (Linux; Android 7.0;) AppleWebKit/537.36 (KHTML, like Gecko) Mobile Safari/537.36 (compatible; PetalBot;+https://webmaster.petalsearch.com/site/petalbot)" 
114.119.151.155 - - [24/Oct/2025:21:17:04 -0700] "GET /shopdetail197624224?kg=0195977475 HTTP/1.1" 404 51133 "https://biblioglow.com/sitemap.xml" "Mozilla/5.0 (Linux; Android 7.0;) AppleWebKit/537.36 (KHTML, like Gecko) Mobile Safari/537.36 (compatible; PetalBot;+https://webmaster.petalsearch.com/site/petalbot)" 
85.208.96.208 - - [24/Oct/2025:21:17:05 -0700] "GET /shopdetail194958432?kg=0193333899 HTTP/1.1" 301 3732 "-" "Mozilla/5.0 (compatible; SemrushBot/7~bl; +http://www.semrush.com/bot.html)" 
85.208.96.200 - - [24/Oct/2025:21:17:06 -0700] "GET /shopdetail194958432?kg=0193333899 HTTP/1.1" 404 51133 "-" "Mozilla/5.0 (compatible; SemrushBot/7~bl; +http://www.semrush.com/bot.html)" 
66.249.68.133 - - [24/Oct/2025:21:17:19 -0700] "GET /shopdetail32534944?kg=0032263939 HTTP/1.1" 200 32127 "-" "Mozilla/5.0 (Linux; Android 6.0.1; Nexus 5X Build/MMB29P) AppleWebKit/537.36 (KHTML, like Gecko) Chrome/141.0.7390.122 Mobile Safari/537.36 (compatible; GoogleOther)" 
66.249.68.133 - - [24/Oct/2025:21:17:31 -0700] "GET /shopdetail309605760?kg=0307025831 HTTP/1.1" 200 31594 "-" "Mozilla/5.0 (Linux; Android 6.0.1; Nexus 5X Build/MMB29P) AppleWebKit/537.36 (KHTML, like Gecko) Chrome/141.0.7390.122 Mobile Safari/537.36 (compatible; GoogleOther)" 
52.167.144.20 - - [24/Oct/2025:21:18:03 -0700] "GET /shopdetail80238296?kg=0079569764 HTTP/2.0" 200 26893 "-" "Mozilla/5.0 AppleWebKit/537.36 (KHTML, like Gecko; compatible; bingbot/2.0; +http://www.bing.com/bingbot.htm) Chrome/116.0.1938.76 Safari/537.36" 
66.249.68.133 - - [24/Oct/2025:21:18:04 -0700] "GET /shopdetail325580976?kg=0322867921 HTTP/1.1" 200 30375 "-" "Mozilla/5.0 (Linux; Android 6.0.1; Nexus 5X Build/MMB29P) AppleWebKit/537.36 (KHTML, like Gecko) Chrome/141.0.7390.122 Mobile Safari/537.36 (compatible; GoogleOther)" 
114.119.129.24 - - [24/Oct/2025:21:18:10 -0700] "GET /about/contact HTTP/1.1" 301 3688 "https://www.biblioglow.com/category/discussion" "Mozilla/5.0 (Linux; Android 7.0;) AppleWebKit/537.36 (KHTML, like Gecko) Mobile Safari/537.36 (compatible; PetalBot;+https://webmaster.petalsearch.com/site/petalbot)" 
114.119.129.24 - - [24/Oct/2025:21:18:13 -0700] "GET /about/contact/ HTTP/1.1" 200 18457 "https://www.biblioglow.com/category/discussion" "Mozilla/5.0 (Linux; Android 7.0;) AppleWebKit/537.36 (KHTML, like Gecko) Mobile Safari/537.36 (compatible; PetalBot;+https://webmaster.petalsearch.com/site/petalbot)" 
64.90.53.137 - - [24/Oct/2025:21:18:11 -0700] "POST /wp-cron.php?doing_wp_cron=1761365891.6769258975982666015625 HTTP/1.1" 200 3634 "https://www.biblioglow.com/wp-cron.php?doing_wp_cron=1761365891.6769258975982666015625" "WordPress/6.1.9; https://www.biblioglow.com" 
66.249.68.134 - - [24/Oct/2025:21:18:17 -0700] "GET /shopdetail74283832?kg=0073664920 HTTP/1.1" 200 34624 "-" "Mozilla/5.0 (Linux; Android 6.0.1; Nexus 5X Build/MMB29P) AppleWebKit/537.36 (KHTML, like Gecko) Chrome/141.0.7390.122 Mobile Safari/537.36 (compatible; GoogleOther)" 
66.249.79.6 - - [24/Oct/2025:21:18:18 -0700] "GET /shopdetail7159256?kg=0007099716 HTTP/1.1" 200 30553 "-" "Mozilla/5.0 (Linux; Android 6.0.1; Nexus 5X Build/MMB29P) AppleWebKit/537.36 (KHTML, like Gecko) Chrome/141.0.7390.122 Mobile Safari/537.36 (compatible; Googlebot/2.1; +http://www.google.com/bot.html)" 
66.249.68.133 - - [24/Oct/2025:21:18:49 -0700] "GET /shopdetail32896448?kg=0032622431 HTTP/1.1" 200 32151 "-" "Mozilla/5.0 (Linux; Android 6.0.1; Nexus 5X Build/MMB29P) AppleWebKit/537.36 (KHTML, like Gecko) Chrome/141.0.7390.122 Mobile Safari/537.36 (compatible; GoogleOther)" 
66.249.68.135 - - [24/Oct/2025:21:19:03 -0700] "GET /shopdetail186554320?kg=0184999821 HTTP/1.1" 200 30703 "-" "Mozilla/5.0 (Linux; Android 6.0.1; Nexus 5X Build/MMB29P) AppleWebKit/537.36 (KHTML, like Gecko) Chrome/141.0.7390.122 Mobile Safari/537.36 (compatible; GoogleOther)" 
66.249.68.134 - - [24/Oct/2025:21:19:34 -0700] "GET /shopdetail32888224?kg=0032614275 HTTP/1.1" 200 30791 "-" "Mozilla/5.0 (Linux; Android 6.0.1; Nexus 5X Build/MMB29P) AppleWebKit/537.36 (KHTML, like Gecko) Chrome/141.0.7390.122 Mobile Safari/537.36 (compatible; GoogleOther)" 
66.249.68.133 - - [24/Oct/2025:21:19:49 -0700] "GET /shopdetail33168952?kg=0032892664 HTTP/1.1" 200 30433 "-" "Mozilla/5.0 (Linux; Android 6.0.1; Nexus 5X Build/MMB29P) AppleWebKit/537.36 (KHTML, like Gecko) Chrome/141.0.7390.122 Mobile Safari/537.36 (compatible; GoogleOther)" 
64.90.53.137 - - [24/Oct/2025:21:19:50 -0700] "POST /wp-cron.php?doing_wp_cron=1761365990.6809999942779541015625 HTTP/1.1" 200 3634 "https://www.biblioglow.com/wp-cron.php?doing_wp_cron=1761365990.6809999942779541015625" "WordPress/6.1.9; https://www.biblioglow.com" 
114.119.136.150 - - [24/Oct/2025:21:19:50 -0700] "GET /shopdetail68870944?kg=0068297139 HTTP/1.1" 301 3731 "https://biblioglow.com/sitemap.xml" "Mozilla/5.0 (Linux; Android 7.0;) AppleWebKit/537.36 (KHTML, like Gecko) Mobile Safari/537.36 (compatible; PetalBot;+https://webmaster.petalsearch.com/site/petalbot)" 
114.119.136.150 - - [24/Oct/2025:21:19:54 -0700] "GET /shopdetail68870944?kg=0068297139 HTTP/1.1" 404 51132 "https://biblioglow.com/sitemap.xml" "Mozilla/5.0 (Linux; Android 7.0;) AppleWebKit/537.36 (KHTML, like Gecko) Mobile Safari/537.36 (compatible; PetalBot;+https://webmaster.petalsearch.com/site/petalbot)" 
66.249.68.133 - - [24/Oct/2025:21:20:19 -0700] "GET /shopdetail188750528?kg=0187177727 HTTP/1.1" 200 31224 "-" "Mozilla/5.0 (Linux; Android 6.0.1; Nexus 5X Build/MMB29P) AppleWebKit/537.36 (KHTML, like Gecko) Chrome/141.0.7390.122 Mobile Safari/537.36 (compatible; GoogleOther)" 
40.77.167.62 - - [24/Oct/2025:21:20:32 -0700] "GET /shopdetail267490408?kg=0265261442 HTTP/2.0" 200 27166 "-" "Mozilla/5.0 AppleWebKit/537.36 (KHTML, like Gecko; compatible; bingbot/2.0; +http://www.bing.com/bingbot.htm) Chrome/116.0.1938.76 Safari/537.36" 
66.249.68.134 - - [24/Oct/2025:21:20:35 -0700] "GET /shopdetail33417584?kg=0033139225 HTTP/1.1" 200 31720 "-" "Mozilla/5.0 (Linux; Android 6.0.1; Nexus 5X Build/MMB29P) AppleWebKit/537.36 (KHTML, like Gecko) Chrome/141.0.7390.122 Mobile Safari/537.36 (compatible; GoogleOther)" 
64.90.53.137 - - [24/Oct/2025:21:20:39 -0700] "POST /wp-cron.php?doing_wp_cron=1761366039.1713869571685791015625 HTTP/1.1" 200 3634 "https://www.biblioglow.com/wp-cron.php?doing_wp_cron=1761366039.1713869571685791015625" "WordPress/6.1.9; https://www.biblioglow.com" 
185.191.171.2 - - [24/Oct/2025:21:20:38 -0700] "GET /shopdetail195004784?kg=0193379865 HTTP/1.1" 301 3732 "-" "Mozilla/5.0 (compatible; SemrushBot/7~bl; +http://www.semrush.com/bot.html)" 
85.208.96.195 - - [24/Oct/2025:21:20:40 -0700] "GET /shopdetail195004784?kg=0193379865 HTTP/1.1" 404 51133 "-" "Mozilla/5.0 (compatible; SemrushBot/7~bl; +http://www.semrush.com/bot.html)" 
114.119.156.60 - - [24/Oct/2025:21:20:52 -0700] "GET /shopdetail68865184?kg=0068291427 HTTP/1.1" 301 3731 "https://biblioglow.com/sitemap.xml" "Mozilla/5.0 (Linux; Android 7.0;) AppleWebKit/537.36 (KHTML, like Gecko) Mobile Safari/537.36 (compatible; PetalBot;+https://webmaster.petalsearch.com/site/petalbot)" 
114.119.156.60 - - [24/Oct/2025:21:20:55 -0700] "GET /shopdetail68865184?kg=0068291427 HTTP/1.1" 404 51132 "https://biblioglow.com/sitemap.xml" "Mozilla/5.0 (Linux; Android 7.0;) AppleWebKit/537.36 (KHTML, like Gecko) Mobile Safari/537.36 (compatible; PetalBot;+https://webmaster.petalsearch.com/site/petalbot)" 
66.249.68.133 - - [24/Oct/2025:21:21:03 -0700] "GET /shopdetail159166200?kg=0157839936 HTTP/1.1" 200 31116 "-" "Mozilla/5.0 (Linux; Android 6.0.1; Nexus 5X Build/MMB29P) AppleWebKit/537.36 (KHTML, like Gecko) Chrome/141.0.7390.122 Mobile Safari/537.36 (compatible; GoogleOther)" 
66.249.68.134 - - [24/Oct/2025:21:21:22 -0700] "GET /shopdetail308428240?kg=0305858125 HTTP/1.1" 200 31200 "-" "Mozilla/5.0 (Linux; Android 6.0.1; Nexus 5X Build/MMB29P) AppleWebKit/537.36 (KHTML, like Gecko) Chrome/141.0.7390.122 Mobile Safari/537.36 (compatible; GoogleOther)" 
66.249.68.133 - - [24/Oct/2025:21:21:48 -0700] "GET /shopdetail188752856?kg=0187180036 HTTP/1.1" 200 33175 "-" "Mozilla/5.0 (Linux; Android 6.0.1; Nexus 5X Build/MMB29P) AppleWebKit/537.36 (KHTML, like Gecko) Chrome/141.0.7390.122 Mobile Safari/537.36 (compatible; GoogleOther)" 
66.249.68.135 - - [24/Oct/2025:21:22:08 -0700] "GET /shopdetail33175816?kg=0032899470 HTTP/1.1" 200 34713 "-" "Mozilla/5.0 (Linux; Android 6.0.1; Nexus 5X Build/MMB29P) AppleWebKit/537.36 (KHTML, like Gecko) Chrome/141.0.7390.122 Mobile Safari/537.36 (compatible; GoogleOther)" 
66.249.68.134 - - [24/Oct/2025:21:22:33 -0700] "GET /shopdetail32887528?kg=0032613586 HTTP/1.1" 200 31459 "-" "Mozilla/5.0 (Linux; Android 6.0.1; Nexus 5X Build/MMB29P) AppleWebKit/537.36 (KHTML, like Gecko) Chrome/141.0.7390.122 Mobile Safari/537.36 (compatible; GoogleOther)" 
64.90.53.137 - - [24/Oct/2025:21:22:34 -0700] "POST /wp-cron.php?doing_wp_cron=1761366154.5944728851318359375000 HTTP/1.1" 200 3634 "https://www.biblioglow.com/wp-cron.php?doing_wp_cron=1761366154.5944728851318359375000" "WordPress/6.1.9; https://www.biblioglow.com" 
114.119.148.10 - - [24/Oct/2025:21:22:34 -0700] "GET /shopdetail68857096?kg=0068283406 HTTP/1.1" 301 3731 "https://biblioglow.com/sitemap.xml" "Mozilla/5.0 (Linux; Android 7.0;) AppleWebKit/537.36 (KHTML, like Gecko) Mobile Safari/537.36 (compatible; PetalBot;+https://webmaster.petalsearch.com/site/petalbot)" 
114.119.148.10 - - [24/Oct/2025:21:22:35 -0700] "GET /shopdetail68857096?kg=0068283406 HTTP/1.1" 404 51132 "https://biblioglow.com/sitemap.xml" "Mozilla/5.0 (Linux; Android 7.0;) AppleWebKit/537.36 (KHTML, like Gecko) Mobile Safari/537.36 (compatible; PetalBot;+https://webmaster.petalsearch.com/site/petalbot)" 
66.249.68.133 - - [24/Oct/2025:21:22:54 -0700] "GET /shopdetail309766480?kg=0307185213 HTTP/1.1" 200 31370 "-" "Mozilla/5.0 (Linux; Android 6.0.1; Nexus 5X Build/MMB29P) AppleWebKit/537.36 (KHTML, like Gecko) Chrome/141.0.7390.122 Mobile Safari/537.36 (compatible; GoogleOther)" 
66.249.79.6 - - [24/Oct/2025:21:23:16 -0700] "GET /shopdetail7761592?kg=0007697032 HTTP/1.1" 200 31096 "-" "Mozilla/5.0 (compatible; Googlebot/2.1; +http://www.google.com/bot.html)" 
66.249.68.135 - - [24/Oct/2025:21:23:18 -0700] "GET /shopdetail159176088?kg=0157849740 HTTP/1.1" 200 31508 "-" "Mozilla/5.0 (Linux; Android 6.0.1; Nexus 5X Build/MMB29P) AppleWebKit/537.36 (KHTML, like Gecko) Chrome/141.0.7390.122 Mobile Safari/537.36 (compatible; GoogleOther)" 
66.249.68.134 - - [24/Oct/2025:21:23:40 -0700] "GET /shopdetail309766208?kg=0307184943 HTTP/1.1" 200 30611 "-" "Mozilla/5.0 (Linux; Android 6.0.1; Nexus 5X Build/MMB29P) AppleWebKit/537.36 (KHTML, like Gecko) Chrome/141.0.7390.122 Mobile Safari/537.36 (compatible; GoogleOther)" 
64.90.53.137 - - [24/Oct/2025:21:23:41 -0700] "POST /wp-cron.php?doing_wp_cron=1761366221.4117150306701660156250 HTTP/1.1" 200 3634 "https://www.biblioglow.com/wp-cron.php?doing_wp_cron=1761366221.4117150306701660156250" "WordPress/6.1.9; https://www.biblioglow.com" 
114.119.129.24 - - [24/Oct/2025:21:23:40 -0700] "GET /shopdetail68855160?kg=0068281488 HTTP/1.1" 301 3731 "https://biblioglow.com/sitemap.xml" "Mozilla/5.0 (Linux; Android 7.0;) AppleWebKit/537.36 (KHTML, like Gecko) Mobile Safari/537.36 (compatible; PetalBot;+https://webmaster.petalsearch.com/site/petalbot)" 
114.119.129.24 - - [24/Oct/2025:21:23:44 -0700] "GET /shopdetail68855160?kg=0068281488 HTTP/1.1" 404 51132 "https://biblioglow.com/sitemap.xml" "Mozilla/5.0 (Linux; Android 7.0;) AppleWebKit/537.36 (KHTML, like Gecko) Mobile Safari/537.36 (compatible; PetalBot;+https://webmaster.petalsearch.com/site/petalbot)" 
66.249.68.134 - - [24/Oct/2025:21:24:02 -0700] "GET /shopdetail74059328?kg=0073442287 HTTP/1.1" 200 30888 "-" "Mozilla/5.0 (Linux; Android 6.0.1; Nexus 5X Build/MMB29P) AppleWebKit/537.36 (KHTML, like Gecko) Chrome/141.0.7390.122 Mobile Safari/537.36 (compatible; GoogleOther)" 
66.249.68.133 - - [24/Oct/2025:21:24:26 -0700] "GET /shopdetail324754832?kg=0322048661 HTTP/1.1" 200 30721 "-" "Mozilla/5.0 (Linux; Android 6.0.1; Nexus 5X Build/MMB29P) AppleWebKit/537.36 (KHTML, like Gecko) Chrome/141.0.7390.122 Mobile Safari/537.36 (compatible; GoogleOther)" 
66.249.68.133 - - [24/Oct/2025:21:24:47 -0700] "GET /shopdetail32738736?kg=0032466033 HTTP/1.1" 200 30401 "-" "Mozilla/5.0 (Linux; Android 6.0.1; Nexus 5X Build/MMB29P) AppleWebKit/537.36 (KHTML, like Gecko) Chrome/141.0.7390.122 Mobile Safari/537.36 (compatible; GoogleOther)" 
66.249.68.135 - - [24/Oct/2025:21:25:12 -0700] "GET /shopdetail58001400?kg=0057518176 HTTP/1.1" 200 32463 "-" "Mozilla/5.0 (Linux; Android 6.0.1; Nexus 5X Build/MMB29P) AppleWebKit/537.36 (KHTML, like Gecko) Chrome/141.0.7390.122 Mobile Safari/537.36 (compatible; GoogleOther)" 
114.119.130.109 - - [24/Oct/2025:21:25:12 -0700] "GET /shopdetail68845152?kg=0068271563 HTTP/1.1" 301 3731 "https://biblioglow.com/sitemap.xml" "Mozilla/5.0 (Linux; Android 7.0;) AppleWebKit/537.36 (KHTML, like Gecko) Mobile Safari/537.36 (compatible; PetalBot;+https://webmaster.petalsearch.com/site/petalbot)" 
64.90.53.137 - - [24/Oct/2025:21:25:13 -0700] "POST /wp-cron.php?doing_wp_cron=1761366313.2126469612121582031250 HTTP/1.1" 200 3634 "https://www.biblioglow.com/wp-cron.php?doing_wp_cron=1761366313.2126469612121582031250" "WordPress/6.1.9; https://www.biblioglow.com" 
114.119.130.109 - - [24/Oct/2025:21:25:19 -0700] "GET /shopdetail68845152?kg=0068271563 HTTP/1.1" 404 51132 "https://biblioglow.com/sitemap.xml" "Mozilla/5.0 (Linux; Android 7.0;) AppleWebKit/537.36 (KHTML, like Gecko) Mobile Safari/537.36 (compatible; PetalBot;+https://webmaster.petalsearch.com/site/petalbot)" 
66.249.68.133 - - [24/Oct/2025:21:25:32 -0700] "GET /shopdetail325240168?kg=0322529954 HTTP/1.1" 200 31136 "-" "Mozilla/5.0 (Linux; Android 6.0.1; Nexus 5X Build/MMB29P) AppleWebKit/537.36 (KHTML, like Gecko) Chrome/141.0.7390.122 Mobile Safari/537.36 (compatible; GoogleOther)" 
66.249.68.133 - - [24/Oct/2025:21:25:58 -0700] "GET /shopdetail74114464?kg=0073496963 HTTP/1.1" 200 30267 "-" "Mozilla/5.0 (Linux; Android 6.0.1; Nexus 5X Build/MMB29P) AppleWebKit/537.36 (KHTML, like Gecko) Chrome/141.0.7390.122 Mobile Safari/537.36 (compatible; GoogleOther)" 
66.249.68.134 - - [24/Oct/2025:21:26:17 -0700] "GET /shopdetail187846480?kg=0186281213 HTTP/1.1" 200 32647 "-" "Mozilla/5.0 (Linux; Android 6.0.1; Nexus 5X Build/MMB29P) AppleWebKit/537.36 (KHTML, like Gecko) Chrome/141.0.7390.122 Mobile Safari/537.36 (compatible; GoogleOther)" 
64.90.53.137 - - [24/Oct/2025:21:26:26 -0700] "POST /wp-cron.php?doing_wp_cron=1761366386.2763729095458984375000 HTTP/1.1" 200 3634 "https://www.biblioglow.com/wp-cron.php?doing_wp_cron=1761366386.2763729095458984375000" "WordPress/6.1.9; https://www.biblioglow.com" 
114.119.136.150 - - [24/Oct/2025:21:26:25 -0700] "GET /shopdetail68837064?kg=0068263542 HTTP/1.1" 301 3731 "https://biblioglow.com/sitemap.xml" "Mozilla/5.0 (Linux; Android 7.0;) AppleWebKit/537.36 (KHTML, like Gecko) Mobile Safari/537.36 (compatible; PetalBot;+https://webmaster.petalsearch.com/site/petalbot)" 
114.119.136.150 - - [24/Oct/2025:21:26:28 -0700] "GET /shopdetail68837064?kg=0068263542 HTTP/1.1" 404 51132 "https://biblioglow.com/sitemap.xml" "Mozilla/5.0 (Linux; Android 7.0;) AppleWebKit/537.36 (KHTML, like Gecko) Mobile Safari/537.36 (compatible; PetalBot;+https://webmaster.petalsearch.com/site/petalbot)" 
66.249.68.134 - - [24/Oct/2025:21:26:45 -0700] "GET /shopdetail324854400?kg=0322147399 HTTP/1.1" 200 31568 "-" "Mozilla/5.0 (Linux; Android 6.0.1; Nexus 5X Build/MMB29P) AppleWebKit/537.36 (KHTML, like Gecko) Chrome/141.0.7390.122 Mobile Safari/537.36 (compatible; GoogleOther)" 
66.249.68.134 - - [24/Oct/2025:21:27:01 -0700] "GET /?shopdetail58902032?kg=0058411301 HTTP/1.1" 200 30723 "-" "Mozilla/5.0 (Linux; Android 6.0.1; Nexus 5X Build/MMB29P) AppleWebKit/537.36 (KHTML, like Gecko) Chrome/141.0.7390.122 Mobile Safari/537.36 (compatible; GoogleOther)" 
66.249.68.133 - - [24/Oct/2025:21:27:31 -0700] "GET /shopdetail33185552?kg=0032909125 HTTP/1.1" 200 31964 "-" "Mozilla/5.0 (Linux; Android 6.0.1; Nexus 5X Build/MMB29P) AppleWebKit/537.36 (KHTML, like Gecko) Chrome/141.0.7390.122 Mobile Safari/537.36 (compatible; GoogleOther)" 
66.249.68.133 - - [24/Oct/2025:21:27:46 -0700] "GET /shopdetail325221936?kg=0322511873 HTTP/1.1" 200 33394 "-" "Mozilla/5.0 (Linux; Android 6.0.1; Nexus 5X Build/MMB29P) AppleWebKit/537.36 (KHTML, like Gecko) Chrome/141.0.7390.122 Mobile Safari/537.36 (compatible; GoogleOther)" 
114.119.136.150 - - [24/Oct/2025:21:27:59 -0700] "GET /shopdetail68826784?kg=0068253347 HTTP/1.1" 301 3731 "https://biblioglow.com/sitemap.xml" "Mozilla/5.0 (Linux; Android 7.0;) AppleWebKit/537.36 (KHTML, like Gecko) Mobile Safari/537.36 (compatible; PetalBot;+https://webmaster.petalsearch.com/site/petalbot)" 
64.90.53.137 - - [24/Oct/2025:21:28:00 -0700] "POST /wp-cron.php?doing_wp_cron=1761366480.7971599102020263671875 HTTP/1.1" 200 3634 "https://www.biblioglow.com/wp-cron.php?doing_wp_cron=1761366480.7971599102020263671875" "WordPress/6.1.9; https://www.biblioglow.com" 
114.119.136.150 - - [24/Oct/2025:21:28:03 -0700] "GET /shopdetail68826784?kg=0068253347 HTTP/1.1" 404 51132 "https://biblioglow.com/sitemap.xml" "Mozilla/5.0 (Linux; Android 7.0;) AppleWebKit/537.36 (KHTML, like Gecko) Mobile Safari/537.36 (compatible; PetalBot;+https://webmaster.petalsearch.com/site/petalbot)" 
66.249.68.135 - - [24/Oct/2025:21:28:17 -0700] "GET /shopdetail160003184?kg=0158669945 HTTP/1.1" 200 31393 "-" "Mozilla/5.0 (Linux; Android 6.0.1; Nexus 5X Build/MMB29P) AppleWebKit/537.36 (KHTML, like Gecko) Chrome/141.0.7390.122 Mobile Safari/537.36 (compatible; GoogleOther)" 
66.249.68.133 - - [24/Oct/2025:21:28:31 -0700] "GET /shopdetail325589064?kg=0322875942 HTTP/1.1" 200 30799 "-" "Mozilla/5.0 (Linux; Android 6.0.1; Nexus 5X Build/MMB29P) AppleWebKit/537.36 (KHTML, like Gecko) Chrome/141.0.7390.122 Mobile Safari/537.36 (compatible; GoogleOther)" 
66.249.68.133 - - [24/Oct/2025:21:29:03 -0700] "GET /shopdetail325079720?kg=0322370842 HTTP/1.1" 200 30925 "-" "Mozilla/5.0 (Linux; Android 6.0.1; Nexus 5X Build/MMB29P) AppleWebKit/537.36 (KHTML, like Gecko) Chrome/141.0.7390.122 Mobile Safari/537.36 (compatible; GoogleOther)" 
66.249.68.133 - - [24/Oct/2025:21:29:16 -0700] "GET /shopdetail73686304?kg=0073072371 HTTP/1.1" 200 31700 "-" "Mozilla/5.0 (Linux; Android 6.0.1; Nexus 5X Build/MMB29P) AppleWebKit/537.36 (KHTML, like Gecko) Chrome/141.0.7390.122 Mobile Safari/537.36 (compatible; GoogleOther)" 
114.119.148.10 - - [24/Oct/2025:21:29:23 -0700] "GET /shopdetail68823760?kg=0068250349 HTTP/1.1" 301 3731 "https://biblioglow.com/sitemap.xml" "Mozilla/5.0 (Linux; Android 7.0;) AppleWebKit/537.36 (KHTML, like Gecko) Mobile Safari/537.36 (compatible; PetalBot;+https://webmaster.petalsearch.com/site/petalbot)" 
64.90.53.137 - - [24/Oct/2025:21:29:23 -0700] "POST /wp-cron.php?doing_wp_cron=1761366563.8782730102539062500000 HTTP/1.1" 200 3634 "https://www.biblioglow.com/wp-cron.php?doing_wp_cron=1761366563.8782730102539062500000" "WordPress/6.1.9; https://www.biblioglow.com" 
114.119.148.10 - - [24/Oct/2025:21:29:26 -0700] "GET /shopdetail68823760?kg=0068250349 HTTP/1.1" 404 51132 "https://biblioglow.com/sitemap.xml" "Mozilla/5.0 (Linux; Android 7.0;) AppleWebKit/537.36 (KHTML, like Gecko) Mobile Safari/537.36 (compatible; PetalBot;+https://webmaster.petalsearch.com/site/petalbot)" 
66.249.68.133 - - [24/Oct/2025:21:29:49 -0700] "GET /shopdetail309753312?kg=0307172155 HTTP/1.1" 200 31518 "-" "Mozilla/5.0 (Linux; Android 6.0.1; Nexus 5X Build/MMB29P) AppleWebKit/537.36 (KHTML, like Gecko) Chrome/141.0.7390.122 Mobile Safari/537.36 (compatible; GoogleOther)" 
66.249.68.134 - - [24/Oct/2025:21:30:01 -0700] "GET /shopdetail188074688?kg=0186507519 HTTP/1.1" 200 30988 "-" "Mozilla/5.0 (Linux; Android 6.0.1; Nexus 5X Build/MMB29P) AppleWebKit/537.36 (KHTML, like Gecko) Chrome/141.0.7390.122 Mobile Safari/537.36 (compatible; GoogleOther)" 
66.249.68.134 - - [24/Oct/2025:21:30:35 -0700] "GET /shopdetail187327808?kg=0185766863 HTTP/1.1" 200 30543 "-" "Mozilla/5.0 (Linux; Android 6.0.1; Nexus 5X Build/MMB29P) AppleWebKit/537.36 (KHTML, like Gecko) Chrome/141.0.7390.122 Mobile Safari/537.36 (compatible; GoogleOther)" 
114.119.129.24 - - [24/Oct/2025:21:30:45 -0700] "GET /shopdetail68819376?kg=0068246001 HTTP/1.1" 301 3731 "https://biblioglow.com/sitemap.xml" "Mozilla/5.0 (Linux; Android 7.0;) AppleWebKit/537.36 (KHTML, like Gecko) Mobile Safari/537.36 (compatible; PetalBot;+https://webmaster.petalsearch.com/site/petalbot)" 
64.90.53.137 - - [24/Oct/2025:21:30:45 -0700] "POST /wp-cron.php?doing_wp_cron=1761366645.8942410945892333984375 HTTP/1.1" 200 3634 "https://www.biblioglow.com/wp-cron.php?doing_wp_cron=1761366645.8942410945892333984375" "WordPress/6.1.9; https://www.biblioglow.com" 
66.249.68.133 - - [24/Oct/2025:21:30:45 -0700] "GET /shopdetail160777776?kg=0159438081 HTTP/1.1" 200 31162 "-" "Mozilla/5.0 (Linux; Android 6.0.1; Nexus 5X Build/MMB29P) AppleWebKit/537.36 (KHTML, like Gecko) Chrome/141.0.7390.122 Mobile Safari/537.36 (compatible; GoogleOther)" 
85.208.96.194 - - [24/Oct/2025:21:30:46 -0700] "GET /shopdetail195048536?kg=0193423252 HTTP/1.1" 301 3732 "-" "Mozilla/5.0 (compatible; SemrushBot/7~bl; +http://www.semrush.com/bot.html)" 
114.119.129.24 - - [24/Oct/2025:21:30:49 -0700] "GET /shopdetail68819376?kg=0068246001 HTTP/1.1" 404 51132 "https://biblioglow.com/sitemap.xml" "Mozilla/5.0 (Linux; Android 7.0;) AppleWebKit/537.36 (KHTML, like Gecko) Mobile Safari/537.36 (compatible; PetalBot;+https://webmaster.petalsearch.com/site/petalbot)" 
185.191.171.15 - - [24/Oct/2025:21:30:52 -0700] "GET /shopdetail195048536?kg=0193423252 HTTP/1.1" 404 51133 "-" "Mozilla/5.0 (compatible; SemrushBot/7~bl; +http://www.semrush.com/bot.html)" 
66.249.68.133 - - [24/Oct/2025:21:31:22 -0700] "GET /shopdetail186262480?kg=0184710413 HTTP/1.1" 200 31054 "-" "Mozilla/5.0 (Linux; Android 6.0.1; Nexus 5X Build/MMB29P) AppleWebKit/537.36 (KHTML, like Gecko) Chrome/141.0.7390.122 Mobile Safari/537.36 (compatible; GoogleOther)" 
66.249.68.133 - - [24/Oct/2025:21:31:30 -0700] "GET /shopdetail188050832?kg=0186483861 HTTP/1.1" 200 31582 "-" "Mozilla/5.0 (Linux; Android 6.0.1; Nexus 5X Build/MMB29P) AppleWebKit/537.36 (KHTML, like Gecko) Chrome/141.0.7390.122 Mobile Safari/537.36 (compatible; GoogleOther)" 
64.90.53.137 - - [24/Oct/2025:21:32:03 -0700] "POST /wp-cron.php?doing_wp_cron=1761366723.3018178939819335937500 HTTP/1.1" 200 3634 "https://www.biblioglow.com/wp-cron.php?doing_wp_cron=1761366723.3018178939819335937500" "WordPress/6.1.9; https://www.biblioglow.com" 
114.119.151.155 - - [24/Oct/2025:21:32:02 -0700] "GET /shopdetail68818560?kg=0068245191 HTTP/1.1" 301 3731 "https://biblioglow.com/sitemap.xml" "Mozilla/5.0 (Linux; Android 7.0;) AppleWebKit/537.36 (KHTML, like Gecko) Mobile Safari/537.36 (compatible; PetalBot;+https://webmaster.petalsearch.com/site/petalbot)" 
