114.119.130.109 - - [25/Oct/2025:06:02:12 -0700] "GET /shopdetail68851320?kg=0068277680 HTTP/1.1" 301 3731 "https://biblioglow.com/sitemap.xml" "Mozilla/5.0 (Linux; Android 7.0;) AppleWebKit/537.36 (KHTML, like Gecko) Mobile Safari/537.36 (compatible; PetalBot;+https://webmaster.petalsearch.com/site/petalbot)" 
64.90.53.137 - - [25/Oct/2025:06:02:13 -0700] "POST /wp-cron.php?doing_wp_cron=1761397333.1129069328308105468750 HTTP/1.1" 200 3634 "https://www.biblioglow.com/wp-cron.php?doing_wp_cron=1761397333.1129069328308105468750" "WordPress/6.1.9; https://www.biblioglow.com" 
20.171.207.247 - - [25/Oct/2025:06:02:15 -0700] "GET /shopdetail120796648?kg=0119790130 HTTP/2.0" 404 47283 "-" "Mozilla/5.0 AppleWebKit/537.36 (KHTML, like Gecko; compatible; GPTBot/1.2; +https://openai.com/gptbot)" 
114.119.130.109 - - [25/Oct/2025:06:02:15 -0700] "GET /shopdetail68851320?kg=0068277680 HTTP/1.1" 404 51132 "https://biblioglow.com/sitemap.xml" "Mozilla/5.0 (Linux; Android 7.0;) AppleWebKit/537.36 (KHTML, like Gecko) Mobile Safari/537.36 (compatible; PetalBot;+https://webmaster.petalsearch.com/site/petalbot)" 
50.28.2.112 - - [25/Oct/2025:06:02:16 -0700] "GET /wp-json/wp/v2/usErs HTTP/1.1" 429 3837 "-" "Mozilla/5.0 (X11; Linux x86_64) AppleWebKit/537.36 (KHTML, like Gecko) Chrome/141.0.7390.77 Safari/537.36" 
20.171.207.247 - - [25/Oct/2025:06:02:18 -0700] "GET /shopdetail278137232?kg=0275819541 HTTP/2.0" 404 47283 "-" "Mozilla/5.0 AppleWebKit/537.36 (KHTML, like Gecko; compatible; GPTBot/1.2; +https://openai.com/gptbot)" 
66.249.68.133 - - [25/Oct/2025:06:02:22 -0700] "GET /shopdetail75019736?kg=0074394692 HTTP/1.1" 200 34512 "-" "Mozilla/5.0 (Linux; Android 6.0.1; Nexus 5X Build/MMB29P) AppleWebKit/537.36 (KHTML, like Gecko) Chrome/141.0.7390.122 Mobile Safari/537.36 (compatible; GoogleOther)" 
20.171.207.247 - - [25/Oct/2025:06:02:21 -0700] "GET /shopdetail278185504?kg=0275867411 HTTP/2.0" 404 47283 "-" "Mozilla/5.0 AppleWebKit/537.36 (KHTML, like Gecko; compatible; GPTBot/1.2; +https://openai.com/gptbot)" 
20.171.207.247 - - [25/Oct/2025:06:02:25 -0700] "GET /shopdetail278157112?kg=0275839256 HTTP/2.0" 404 47283 "-" "Mozilla/5.0 AppleWebKit/537.36 (KHTML, like Gecko; compatible; GPTBot/1.2; +https://openai.com/gptbot)" 
20.171.207.247 - - [25/Oct/2025:06:02:28 -0700] "GET /shopdetail171630992?kg=0170200853 HTTP/2.0" 404 47283 "-" "Mozilla/5.0 AppleWebKit/537.36 (KHTML, like Gecko; compatible; GPTBot/1.2; +https://openai.com/gptbot)" 
20.171.207.247 - - [25/Oct/2025:06:02:31 -0700] "GET /shopdetail171667336?kg=0170236894 HTTP/2.0" 404 47283 "-" "Mozilla/5.0 AppleWebKit/537.36 (KHTML, like Gecko; compatible; GPTBot/1.2; +https://openai.com/gptbot)" 
167.172.159.207 - - [25/Oct/2025:06:02:32 -0700] "GET /Wp-JsOn/Wp/V2/UsErS HTTP/1.1" 429 3852 "-" "Mozilla/5.0 (X11; Linux x86_64) AppleWebKit/537.36 (KHTML, like Gecko) Chrome/141.0.7390.77 Safari/537.36" 
66.249.68.133 - - [25/Oct/2025:06:02:34 -0700] "GET /shopdetail188099784?kg=0186532406 HTTP/1.1" 200 32043 "-" "Mozilla/5.0 (Linux; Android 6.0.1; Nexus 5X Build/MMB29P) AppleWebKit/537.36 (KHTML, like Gecko) Chrome/141.0.7390.122 Mobile Safari/537.36 (compatible; GoogleOther)" 
20.171.207.247 - - [25/Oct/2025:06:02:34 -0700] "GET /shopdetail171698040?kg=0170267344 HTTP/2.0" 404 47283 "-" "Mozilla/5.0 AppleWebKit/537.36 (KHTML, like Gecko; compatible; GPTBot/1.2; +https://openai.com/gptbot)" 
20.171.207.247 - - [25/Oct/2025:06:02:37 -0700] "GET /shopdetail252399344?kg=0250296137 HTTP/2.0" 404 47283 "-" "Mozilla/5.0 AppleWebKit/537.36 (KHTML, like Gecko; compatible; GPTBot/1.2; +https://openai.com/gptbot)" 
202.131.96.220 - - [25/Oct/2025:06:02:39 -0700] "GET /Wp-JsOn/Wp/V2/UsErS HTTP/1.1" 429 3837 "-" "Mozilla/5.0 (X11; Linux x86_64) AppleWebKit/537.36 (KHTML, like Gecko) Chrome/141.0.7390.77 Safari/537.36" 
20.171.207.247 - - [25/Oct/2025:06:02:40 -0700] "GET /shopdetail278180016?kg=0275861969 HTTP/2.0" 404 47283 "-" "Mozilla/5.0 AppleWebKit/537.36 (KHTML, like Gecko; compatible; GPTBot/1.2; +https://openai.com/gptbot)" 
20.171.207.247 - - [25/Oct/2025:06:02:43 -0700] "GET /shopdetail120771552?kg=0119765243 HTTP/2.0" 404 47283 "-" "Mozilla/5.0 AppleWebKit/537.36 (KHTML, like Gecko; compatible; GPTBot/1.2; +https://openai.com/gptbot)" 
103.171.180.119 - - [25/Oct/2025:06:02:45 -0700] "GET /Wp-JsOn/Wp/V2/UsErS HTTP/1.1" 429 3837 "-" "Mozilla/5.0 (X11; Linux x86_64) AppleWebKit/537.36 (KHTML, like Gecko) Chrome/141.0.7390.77 Safari/537.36" 
20.171.207.247 - - [25/Oct/2025:06:02:46 -0700] "GET /shopdetail278101976?kg=0275784580 HTTP/2.0" 404 47283 "-" "Mozilla/5.0 AppleWebKit/537.36 (KHTML, like Gecko; compatible; GPTBot/1.2; +https://openai.com/gptbot)" 
20.171.207.247 - - [25/Oct/2025:06:02:50 -0700] "GET /shopdetail278139016?kg=0275821310 HTTP/2.0" 404 47283 "-" "Mozilla/5.0 AppleWebKit/537.36 (KHTML, like Gecko; compatible; GPTBot/1.2; +https://openai.com/gptbot)" 
66.249.68.133 - - [25/Oct/2025:06:02:53 -0700] "GET /shopdetail325520216?kg=0322807668 HTTP/1.1" 200 30794 "-" "Mozilla/5.0 (Linux; Android 6.0.1; Nexus 5X Build/MMB29P) AppleWebKit/537.36 (KHTML, like Gecko) Chrome/141.0.7390.122 Mobile Safari/537.36 (compatible; GoogleOther)" 
85.114.135.165 - - [25/Oct/2025:06:02:54 -0700] "GET /Wp-JsOn/Wp/V2/UsErS HTTP/1.1" 429 3837 "-" "Mozilla/5.0 (X11; Linux x86_64) AppleWebKit/537.36 (KHTML, like Gecko) Chrome/141.0.7390.77 Safari/537.36" 
20.171.207.247 - - [25/Oct/2025:06:02:53 -0700] "GET /shopdetail120753592?kg=0119747432 HTTP/2.0" 404 47283 "-" "Mozilla/5.0 AppleWebKit/537.36 (KHTML, like Gecko; compatible; GPTBot/1.2; +https://openai.com/gptbot)" 
20.171.207.247 - - [25/Oct/2025:06:02:56 -0700] "GET /shopdetail159907320?kg=0158574880 HTTP/2.0" 404 47292 "-" "Mozilla/5.0 AppleWebKit/537.36 (KHTML, like Gecko; compatible; GPTBot/1.2; +https://openai.com/gptbot)" 
185.200.240.65 - - [25/Oct/2025:06:02:59 -0700] "GET /wp-json/wp/v2/users?per_page=100&page=1 HTTP/1.1" 200 10150 "-" "Mozilla/5.0 (X11; Linux x86_64) AppleWebKit/537.36 (KHTML, like Gecko) Chrome/141.0.7390.77 Safari/537.36" 
20.171.207.247 - - [25/Oct/2025:06:02:59 -0700] "GET /shopdetail120734528?kg=0119728527 HTTP/2.0" 404 47283 "-" "Mozilla/5.0 AppleWebKit/537.36 (KHTML, like Gecko; compatible; GPTBot/1.2; +https://openai.com/gptbot)" 
85.114.135.165 - - [25/Oct/2025:06:03:03 -0700] "GET /?rest_route=/wp/v2/users&per_page=100 HTTP/1.1" 429 3837 "-" "Mozilla/5.0 (X11; Linux x86_64) AppleWebKit/537.36 (KHTML, like Gecko) Chrome/141.0.7390.77 Safari/537.36" 
20.171.207.247 - - [25/Oct/2025:06:03:02 -0700] "GET /shopdetail171690088?kg=0170259458 HTTP/2.0" 404 47283 "-" "Mozilla/5.0 AppleWebKit/537.36 (KHTML, like Gecko; compatible; GPTBot/1.2; +https://openai.com/gptbot)" 
49.36.237.63 - - [25/Oct/2025:06:03:03 -0700] "POST /xmlrpc.php HTTP/1.1" 200 3829 "-" "Mozilla/5.0 (Linux; Android 10; x86) AppleWebKit/537.36 (KHTML, like Gecko) Firefox/95.0.0.0 Safari/537.36" 
20.171.207.247 - - [25/Oct/2025:06:03:05 -0700] "GET /shopdetail278150400?kg=0275832599 HTTP/2.0" 404 47283 "-" "Mozilla/5.0 AppleWebKit/537.36 (KHTML, like Gecko; compatible; GPTBot/1.2; +https://openai.com/gptbot)" 
66.249.68.133 - - [25/Oct/2025:06:03:06 -0700] "GET /shopdetail324921872?kg=0322214309 HTTP/1.1" 200 31604 "-" "Mozilla/5.0 (Linux; Android 6.0.1; Nexus 5X Build/MMB29P) AppleWebKit/537.36 (KHTML, like Gecko) Chrome/141.0.7390.122 Mobile Safari/537.36 (compatible; GoogleOther)" 
85.208.96.205 - - [25/Oct/2025:06:03:06 -0700] "GET /shopdetail195039904?kg=0193414691 HTTP/1.1" 301 3732 "-" "Mozilla/5.0 (compatible; SemrushBot/7~bl; +http://www.semrush.com/bot.html)" 
185.191.171.7 - - [25/Oct/2025:06:03:08 -0700] "GET /shopdetail195039904?kg=0193414691 HTTP/1.1" 404 51133 "-" "Mozilla/5.0 (compatible; SemrushBot/7~bl; +http://www.semrush.com/bot.html)" 
20.171.207.247 - - [25/Oct/2025:06:03:08 -0700] "GET /shopdetail171668424?kg=0170237974 HTTP/2.0" 404 47283 "-" "Mozilla/5.0 AppleWebKit/537.36 (KHTML, like Gecko; compatible; GPTBot/1.2; +https://openai.com/gptbot)" 
103.133.214.209 - - [25/Oct/2025:06:03:09 -0700] "GET /?rest_route=/wp/v2/users&per_page=100 HTTP/1.1" 429 3836 "-" "Mozilla/5.0 (X11; Linux x86_64) AppleWebKit/537.36 (KHTML, like Gecko) Chrome/141.0.7390.77 Safari/537.36" 
20.171.207.247 - - [25/Oct/2025:06:03:11 -0700] "GET /shopdetail278164112?kg=0275846197 HTTP/2.0" 404 47283 "-" "Mozilla/5.0 AppleWebKit/537.36 (KHTML, like Gecko; compatible; GPTBot/1.2; +https://openai.com/gptbot)" 
64.90.53.137 - - [25/Oct/2025:06:03:15 -0700] "POST /wp-cron.php?doing_wp_cron=1761397395.5645101070404052734375 HTTP/1.1" 200 3634 "https://www.biblioglow.com/wp-cron.php?doing_wp_cron=1761397395.5645101070404052734375" "WordPress/6.1.9; https://www.biblioglow.com" 
20.171.207.247 - - [25/Oct/2025:06:03:14 -0700] "GET /shopdetail159856312?kg=0158524296 HTTP/2.0" 404 47283 "-" "Mozilla/5.0 AppleWebKit/537.36 (KHTML, like Gecko; compatible; GPTBot/1.2; +https://openai.com/gptbot)" 
213.231.4.64 - - [25/Oct/2025:06:03:18 -0700] "GET /wp-json/wp/v2/users.json HTTP/1.1" 429 3836 "-" "Mozilla/5.0 (X11; Linux x86_64) AppleWebKit/537.36 (KHTML, like Gecko) Chrome/141.0.7390.77 Safari/537.36" 
20.171.207.247 - - [25/Oct/2025:06:03:18 -0700] "GET /shopdetail159889632?kg=0158557339 HTTP/2.0" 404 47283 "-" "Mozilla/5.0 AppleWebKit/537.36 (KHTML, like Gecko; compatible; GPTBot/1.2; +https://openai.com/gptbot)" 
50.87.144.116 - - [25/Oct/2025:06:03:20 -0700] "GET /wp-json/wp/v2/users.json HTTP/1.1" 404 4031 "-" "Mozilla/5.0 (X11; Linux x86_64) AppleWebKit/537.36 (KHTML, like Gecko) Chrome/141.0.7390.77 Safari/537.36" 
20.171.207.247 - - [25/Oct/2025:06:03:21 -0700] "GET /shopdetail159853440?kg=0158521447 HTTP/2.0" 404 47283 "-" "Mozilla/5.0 AppleWebKit/537.36 (KHTML, like Gecko; compatible; GPTBot/1.2; +https://openai.com/gptbot)" 
66.249.68.133 - - [25/Oct/2025:06:03:24 -0700] "GET /shopdetail187695480?kg=0186131472 HTTP/1.1" 200 31537 "-" "Mozilla/5.0 (Linux; Android 6.0.1; Nexus 5X Build/MMB29P) AppleWebKit/537.36 (KHTML, like Gecko) Chrome/141.0.7390.122 Mobile Safari/537.36 (compatible; GoogleOther)" 
185.18.197.202 - - [25/Oct/2025:06:03:25 -0700] "POST /graphql HTTP/1.1" 429 3837 "-" "Mozilla/5.0 (X11; Linux x86_64) AppleWebKit/537.36 (KHTML, like Gecko) Chrome/141.0.7390.77 Safari/537.36" 
20.171.207.247 - - [25/Oct/2025:06:03:24 -0700] "GET /shopdetail120803104?kg=0119796531 HTTP/2.0" 404 47283 "-" "Mozilla/5.0 AppleWebKit/537.36 (KHTML, like Gecko; compatible; GPTBot/1.2; +https://openai.com/gptbot)" 
20.171.207.247 - - [25/Oct/2025:06:03:28 -0700] "GET /shopdetail171648136?kg=0170217854 HTTP/2.0" 404 47283 "-" "Mozilla/5.0 AppleWebKit/537.36 (KHTML, like Gecko; compatible; GPTBot/1.2; +https://openai.com/gptbot)" 
20.171.207.247 - - [25/Oct/2025:06:03:31 -0700] "GET /shopdetail171675696?kg=0170245185 HTTP/2.0" 404 47283 "-" "Mozilla/5.0 AppleWebKit/537.36 (KHTML, like Gecko; compatible; GPTBot/1.2; +https://openai.com/gptbot)" 
114.119.151.155 - - [25/Oct/2025:06:03:32 -0700] "GET /shopdetail68810880?kg=0068237575 HTTP/1.1" 301 3731 "https://biblioglow.com/sitemap.xml" "Mozilla/5.0 (Linux; Android 7.0;) AppleWebKit/537.36 (KHTML, like Gecko) Mobile Safari/537.36 (compatible; PetalBot;+https://webmaster.petalsearch.com/site/petalbot)" 
20.171.207.247 - - [25/Oct/2025:06:03:34 -0700] "GET /shopdetail171683104?kg=0170252531 HTTP/2.0" 404 47283 "-" "Mozilla/5.0 AppleWebKit/537.36 (KHTML, like Gecko; compatible; GPTBot/1.2; +https://openai.com/gptbot)" 
114.119.151.155 - - [25/Oct/2025:06:03:34 -0700] "GET /shopdetail68810880?kg=0068237575 HTTP/1.1" 404 51132 "https://biblioglow.com/sitemap.xml" "Mozilla/5.0 (Linux; Android 7.0;) AppleWebKit/537.36 (KHTML, like Gecko) Mobile Safari/537.36 (compatible; PetalBot;+https://webmaster.petalsearch.com/site/petalbot)" 
20.171.207.247 - - [25/Oct/2025:06:03:37 -0700] "GET /shopdetail252343816?kg=0250241070 HTTP/2.0" 404 47283 "-" "Mozilla/5.0 AppleWebKit/537.36 (KHTML, like Gecko; compatible; GPTBot/1.2; +https://openai.com/gptbot)" 
20.171.207.247 - - [25/Oct/2025:06:03:40 -0700] "GET /shopdetail159872760?kg=0158540608 HTTP/2.0" 404 47283 "-" "Mozilla/5.0 AppleWebKit/537.36 (KHTML, like Gecko; compatible; GPTBot/1.2; +https://openai.com/gptbot)" 
66.249.68.133 - - [25/Oct/2025:06:03:43 -0700] "GET /shopdetail309895816?kg=0307313470 HTTP/1.1" 200 30583 "-" "Mozilla/5.0 (Linux; Android 6.0.1; Nexus 5X Build/MMB29P) AppleWebKit/537.36 (KHTML, like Gecko) Chrome/141.0.7390.122 Mobile Safari/537.36 (compatible; GoogleOther)" 
20.171.207.247 - - [25/Oct/2025:06:03:43 -0700] "GET /shopdetail159845200?kg=0158513277 HTTP/2.0" 404 47283 "-" "Mozilla/5.0 AppleWebKit/537.36 (KHTML, like Gecko; compatible; GPTBot/1.2; +https://openai.com/gptbot)" 
20.171.207.247 - - [25/Oct/2025:06:03:46 -0700] "GET /shopdetail159871400?kg=0158539258 HTTP/2.0" 404 47283 "-" "Mozilla/5.0 AppleWebKit/537.36 (KHTML, like Gecko; compatible; GPTBot/1.2; +https://openai.com/gptbot)" 
20.171.207.247 - - [25/Oct/2025:06:03:49 -0700] "GET /shopdetail278133256?kg=0275815598 HTTP/2.0" 404 47283 "-" "Mozilla/5.0 AppleWebKit/537.36 (KHTML, like Gecko; compatible; GPTBot/1.2; +https://openai.com/gptbot)" 
20.171.207.247 - - [25/Oct/2025:06:03:52 -0700] "GET /shopdetail120731640?kg=0119725664 HTTP/2.0" 404 47283 "-" "Mozilla/5.0 AppleWebKit/537.36 (KHTML, like Gecko; compatible; GPTBot/1.2; +https://openai.com/gptbot)" 
20.171.207.247 - - [25/Oct/2025:06:03:56 -0700] "GET /shopdetail171660880?kg=0170230493 HTTP/2.0" 404 47283 "-" "Mozilla/5.0 AppleWebKit/537.36 (KHTML, like Gecko; compatible; GPTBot/1.2; +https://openai.com/gptbot)" 
66.249.68.133 - - [25/Oct/2025:06:03:58 -0700] "GET /shopdetail34880080?kg=0034589533 HTTP/1.1" 200 30401 "-" "Mozilla/5.0 (Linux; Android 6.0.1; Nexus 5X Build/MMB29P) AppleWebKit/537.36 (KHTML, like Gecko) Chrome/141.0.7390.122 Mobile Safari/537.36 (compatible; GoogleOther)" 
20.171.207.247 - - [25/Oct/2025:06:03:59 -0700] "GET /shopdetail171694216?kg=0170263550 HTTP/2.0" 404 47283 "-" "Mozilla/5.0 AppleWebKit/537.36 (KHTML, like Gecko; compatible; GPTBot/1.2; +https://openai.com/gptbot)" 
20.171.207.247 - - [25/Oct/2025:06:04:02 -0700] "GET /shopdetail278095808?kg=0275778463 HTTP/2.0" 404 47283 "-" "Mozilla/5.0 AppleWebKit/537.36 (KHTML, like Gecko; compatible; GPTBot/1.2; +https://openai.com/gptbot)" 
20.171.207.247 - - [25/Oct/2025:06:04:05 -0700] "GET /shopdetail171684616?kg=0170254030 HTTP/2.0" 404 47283 "-" "Mozilla/5.0 AppleWebKit/537.36 (KHTML, like Gecko; compatible; GPTBot/1.2; +https://openai.com/gptbot)" 
20.171.207.247 - - [25/Oct/2025:06:04:08 -0700] "GET /shopdetail120785416?kg=0119778990 HTTP/2.0" 404 47283 "-" "Mozilla/5.0 AppleWebKit/537.36 (KHTML, like Gecko; compatible; GPTBot/1.2; +https://openai.com/gptbot)" 
66.249.68.133 - - [25/Oct/2025:06:04:09 -0700] "GET /shopdetail33477936?kg=0033199073 HTTP/1.1" 200 31201 "-" "Mozilla/5.0 (Linux; Android 6.0.1; Nexus 5X Build/MMB29P) AppleWebKit/537.36 (KHTML, like Gecko) Chrome/141.0.7390.122 Mobile Safari/537.36 (compatible; GoogleOther)" 
49.36.237.63 - - [25/Oct/2025:06:04:10 -0700] "POST /xmlrpc.php HTTP/1.1" 200 3829 "-" "Mozilla/5.0 (Macintosh; Intel Mac OS X 10_15_7; arm64) AppleWebKit/537.36 (KHTML, like Gecko) Edge/80.0.0.0 Safari/537.36" 
85.208.96.207 - - [25/Oct/2025:06:04:11 -0700] "GET /shopdetail194994232?kg=0193369400 HTTP/1.1" 301 3732 "-" "Mozilla/5.0 (compatible; SemrushBot/7~bl; +http://www.semrush.com/bot.html)" 
185.191.171.7 - - [25/Oct/2025:06:04:11 -0700] "GET /shopdetail194994232?kg=0193369400 HTTP/1.1" 404 51133 "-" "Mozilla/5.0 (compatible; SemrushBot/7~bl; +http://www.semrush.com/bot.html)" 
20.171.207.247 - - [25/Oct/2025:06:04:12 -0700] "GET /shopdetail171684192?kg=0170253611 HTTP/2.0" 404 47283 "-" "Mozilla/5.0 AppleWebKit/537.36 (KHTML, like Gecko; compatible; GPTBot/1.2; +https://openai.com/gptbot)" 
64.90.53.137 - - [25/Oct/2025:06:04:15 -0700] "POST /wp-cron.php?doing_wp_cron=1761397455.8076920509338378906250 HTTP/1.1" 200 3634 "https://www.biblioglow.com/wp-cron.php?doing_wp_cron=1761397455.8076920509338378906250" "WordPress/6.1.9; https://www.biblioglow.com" 
20.171.207.247 - - [25/Oct/2025:06:04:15 -0700] "GET /shopdetail252389760?kg=0250286631 HTTP/2.0" 404 47283 "-" "Mozilla/5.0 AppleWebKit/537.36 (KHTML, like Gecko; compatible; GPTBot/1.2; +https://openai.com/gptbot)" 
20.171.207.247 - - [25/Oct/2025:06:04:18 -0700] "GET /shopdetail120793232?kg=0119786741 HTTP/2.0" 404 47283 "-" "Mozilla/5.0 AppleWebKit/537.36 (KHTML, like Gecko; compatible; GPTBot/1.2; +https://openai.com/gptbot)" 
20.171.207.247 - - [25/Oct/2025:06:04:21 -0700] "GET /shopdetail120820384?kg=0119813667 HTTP/2.0" 404 47283 "-" "Mozilla/5.0 AppleWebKit/537.36 (KHTML, like Gecko; compatible; GPTBot/1.2; +https://openai.com/gptbot)" 
20.171.207.247 - - [25/Oct/2025:06:04:24 -0700] "GET /shopdetail120798856?kg=0119792318 HTTP/2.0" 404 47283 "-" "Mozilla/5.0 AppleWebKit/537.36 (KHTML, like Gecko; compatible; GPTBot/1.2; +https://openai.com/gptbot)" 
66.249.68.134 - - [25/Oct/2025:06:04:26 -0700] "GET /shopdetail72755376?kg=0072149201 HTTP/1.1" 200 31281 "-" "Mozilla/5.0 (Linux; Android 6.0.1; Nexus 5X Build/MMB29P) AppleWebKit/537.36 (KHTML, like Gecko) Chrome/141.0.7390.122 Mobile Safari/537.36 (compatible; GoogleOther)" 
50.28.2.112 - - [25/Oct/2025:06:04:28 -0700] "POST /graphql HTTP/1.1" 429 3837 "-" "Mozilla/5.0 (X11; Linux x86_64) AppleWebKit/537.36 (KHTML, like Gecko) Chrome/141.0.7390.77 Safari/537.36" 
20.171.207.247 - - [25/Oct/2025:06:04:27 -0700] "GET /shopdetail252387976?kg=0250284862 HTTP/2.0" 404 47283 "-" "Mozilla/5.0 AppleWebKit/537.36 (KHTML, like Gecko; compatible; GPTBot/1.2; +https://openai.com/gptbot)" 
103.109.180.104 - - [25/Oct/2025:06:04:30 -0700] "POST /graphql HTTP/1.1" 429 3836 "-" "Mozilla/5.0 (X11; Linux x86_64) AppleWebKit/537.36 (KHTML, like Gecko) Chrome/141.0.7390.77 Safari/537.36" 
20.171.207.247 - - [25/Oct/2025:06:04:30 -0700] "GET /shopdetail120771960?kg=0119765648 HTTP/2.0" 404 47283 "-" "Mozilla/5.0 AppleWebKit/537.36 (KHTML, like Gecko; compatible; GPTBot/1.2; +https://openai.com/gptbot)" 
20.171.207.247 - - [25/Oct/2025:06:04:34 -0700] "GET /shopdetail159916800?kg=0158584279 HTTP/2.0" 404 47283 "-" "Mozilla/5.0 AppleWebKit/537.36 (KHTML, like Gecko; compatible; GPTBot/1.2; +https://openai.com/gptbot)" 
20.171.207.247 - - [25/Oct/2025:06:04:37 -0700] "GET /shopdetail159866592?kg=0158534491 HTTP/2.0" 404 47418 "-" "Mozilla/5.0 AppleWebKit/537.36 (KHTML, like Gecko; compatible; GPTBot/1.2; +https://openai.com/gptbot)" 
20.171.207.247 - - [25/Oct/2025:06:04:40 -0700] "GET /shopdetail278145456?kg=0275827697 HTTP/2.0" 404 47283 "-" "Mozilla/5.0 AppleWebKit/537.36 (KHTML, like Gecko; compatible; GPTBot/1.2; +https://openai.com/gptbot)" 
66.249.68.133 - - [25/Oct/2025:06:04:41 -0700] "GET /shopdetail75579152?kg=0074949445 HTTP/1.1" 200 31842 "-" "Mozilla/5.0 (Linux; Android 6.0.1; Nexus 5X Build/MMB29P) AppleWebKit/537.36 (KHTML, like Gecko) Chrome/141.0.7390.122 Mobile Safari/537.36 (compatible; GoogleOther)" 
20.171.207.247 - - [25/Oct/2025:06:04:43 -0700] "GET /shopdetail159816960?kg=0158485271 HTTP/2.0" 404 47283 "-" "Mozilla/5.0 AppleWebKit/537.36 (KHTML, like Gecko; compatible; GPTBot/1.2; +https://openai.com/gptbot)" 
20.171.207.247 - - [25/Oct/2025:06:04:46 -0700] "GET /shopdetail171668560?kg=0170238109 HTTP/2.0" 404 47283 "-" "Mozilla/5.0 AppleWebKit/537.36 (KHTML, like Gecko; compatible; GPTBot/1.2; +https://openai.com/gptbot)" 
20.171.207.247 - - [25/Oct/2025:06:04:49 -0700] "GET /shopdetail171640456?kg=0170210238 HTTP/2.0" 404 47283 "-" "Mozilla/5.0 AppleWebKit/537.36 (KHTML, like Gecko; compatible; GPTBot/1.2; +https://openai.com/gptbot)" 
20.171.207.247 - - [25/Oct/2025:06:04:52 -0700] "GET /shopdetail252369184?kg=0250266227 HTTP/2.0" 404 47283 "-" "Mozilla/5.0 AppleWebKit/537.36 (KHTML, like Gecko; compatible; GPTBot/1.2; +https://openai.com/gptbot)" 
20.171.207.247 - - [25/Oct/2025:06:04:55 -0700] "GET /shopdetail120801320?kg=0119794762 HTTP/2.0" 404 47283 "-" "Mozilla/5.0 AppleWebKit/537.36 (KHTML, like Gecko; compatible; GPTBot/1.2; +https://openai.com/gptbot)" 
114.119.129.24 - - [25/Oct/2025:06:04:56 -0700] "GET /shopdetail68781112?kg=0068208056 HTTP/1.1" 301 3731 "https://biblioglow.com/sitemap.xml" "Mozilla/5.0 (Linux; Android 7.0;) AppleWebKit/537.36 (KHTML, like Gecko) Mobile Safari/537.36 (compatible; PetalBot;+https://webmaster.petalsearch.com/site/petalbot)" 
66.249.68.133 - - [25/Oct/2025:06:04:57 -0700] "GET /shopdetail76335344?kg=0075699337 HTTP/1.1" 200 32990 "-" "Mozilla/5.0 (Linux; Android 6.0.1; Nexus 5X Build/MMB29P) AppleWebKit/537.36 (KHTML, like Gecko) Chrome/141.0.7390.122 Mobile Safari/537.36 (compatible; GoogleOther)" 
114.119.129.24 - - [25/Oct/2025:06:04:58 -0700] "GET /shopdetail68781112?kg=0068208056 HTTP/1.1" 404 51132 "https://biblioglow.com/sitemap.xml" "Mozilla/5.0 (Linux; Android 7.0;) AppleWebKit/537.36 (KHTML, like Gecko) Mobile Safari/537.36 (compatible; PetalBot;+https://webmaster.petalsearch.com/site/petalbot)" 
20.171.207.247 - - [25/Oct/2025:06:04:59 -0700] "GET /shopdetail252364648?kg=0250261730 HTTP/2.0" 404 47283 "-" "Mozilla/5.0 AppleWebKit/537.36 (KHTML, like Gecko; compatible; GPTBot/1.2; +https://openai.com/gptbot)" 
20.171.207.247 - - [25/Oct/2025:06:05:02 -0700] "GET /shopdetail278119664?kg=0275802121 HTTP/2.0" 404 47283 "-" "Mozilla/5.0 AppleWebKit/537.36 (KHTML, like Gecko; compatible; GPTBot/1.2; +https://openai.com/gptbot)" 
20.171.207.247 - - [25/Oct/2025:06:05:05 -0700] "GET /shopdetail159877024?kg=0158544835 HTTP/2.0" 404 47283 "-" "Mozilla/5.0 AppleWebKit/537.36 (KHTML, like Gecko; compatible; GPTBot/1.2; +https://openai.com/gptbot)" 
20.171.207.247 - - [25/Oct/2025:06:05:08 -0700] "GET /shopdetail120793368?kg=0119786876 HTTP/2.0" 404 47283 "-" "Mozilla/5.0 AppleWebKit/537.36 (KHTML, like Gecko; compatible; GPTBot/1.2; +https://openai.com/gptbot)" 
20.171.207.247 - - [25/Oct/2025:06:05:11 -0700] "GET /shopdetail120776224?kg=0119769875 HTTP/2.0" 404 47283 "-" "Mozilla/5.0 AppleWebKit/537.36 (KHTML, like Gecko; compatible; GPTBot/1.2; +https://openai.com/gptbot)" 
66.249.68.133 - - [25/Oct/2025:06:05:13 -0700] "GET /shopdetail75578728?kg=0074949026 HTTP/1.1" 200 30675 "-" "Mozilla/5.0 (Linux; Android 6.0.1; Nexus 5X Build/MMB29P) AppleWebKit/537.36 (KHTML, like Gecko) Chrome/141.0.7390.122 Mobile Safari/537.36 (compatible; GoogleOther)" 
49.36.237.63 - - [25/Oct/2025:06:05:15 -0700] "POST /xmlrpc.php HTTP/1.1" 200 3829 "-" "Mozilla/5.0 (Windows NT 10.0; x86) AppleWebKit/537.36 (KHTML, like Gecko) Safari/15.0.0.0 Safari/537.36" 
20.171.207.247 - - [25/Oct/2025:06:05:14 -0700] "GET /shopdetail120749480?kg=0119743354 HTTP/2.0" 404 47283 "-" "Mozilla/5.0 AppleWebKit/537.36 (KHTML, like Gecko; compatible; GPTBot/1.2; +https://openai.com/gptbot)" 
185.191.171.12 - - [25/Oct/2025:06:05:15 -0700] "GET /shopdetail195010408?kg=0193385442 HTTP/1.1" 301 3732 "-" "Mozilla/5.0 (compatible; SemrushBot/7~bl; +http://www.semrush.com/bot.html)" 
20.171.207.247 - - [25/Oct/2025:06:05:18 -0700] "GET /shopdetail159904720?kg=0158572301 HTTP/2.0" 404 47283 "-" "Mozilla/5.0 AppleWebKit/537.36 (KHTML, like Gecko; compatible; GPTBot/1.2; +https://openai.com/gptbot)" 
64.90.53.137 - - [25/Oct/2025:06:05:15 -0700] "POST /wp-cron.php?doing_wp_cron=1761397515.7303140163421630859375 HTTP/1.1" 200 3634 "https://www.biblioglow.com/wp-cron.php?doing_wp_cron=1761397515.7303140163421630859375" "WordPress/6.1.9; https://www.biblioglow.com" 
185.191.171.5 - - [25/Oct/2025:06:05:18 -0700] "GET /shopdetail195010408?kg=0193385442 HTTP/1.1" 404 51133 "-" "Mozilla/5.0 (compatible; SemrushBot/7~bl; +http://www.semrush.com/bot.html)" 
20.171.207.247 - - [25/Oct/2025:06:05:21 -0700] "GET /shopdetail159839168?kg=0158507295 HTTP/2.0" 404 47283 "-" "Mozilla/5.0 AppleWebKit/537.36 (KHTML, like Gecko; compatible; GPTBot/1.2; +https://openai.com/gptbot)" 
20.171.207.247 - - [25/Oct/2025:06:05:24 -0700] "GET /shopdetail159824488?kg=0158492738 HTTP/2.0" 404 47283 "-" "Mozilla/5.0 AppleWebKit/537.36 (KHTML, like Gecko; compatible; GPTBot/1.2; +https://openai.com/gptbot)" 
20.171.207.247 - - [25/Oct/2025:06:05:27 -0700] "GET /shopdetail171679264?kg=0170248723 HTTP/2.0" 404 47283 "-" "Mozilla/5.0 AppleWebKit/537.36 (KHTML, like Gecko; compatible; GPTBot/1.2; +https://openai.com/gptbot)" 
66.249.68.134 - - [25/Oct/2025:06:05:29 -0700] "GET /shopdetail59435232?kg=0058940059 HTTP/1.1" 200 31167 "-" "Mozilla/5.0 (Linux; Android 6.0.1; Nexus 5X Build/MMB29P) AppleWebKit/537.36 (KHTML, like Gecko) Chrome/141.0.7390.122 Mobile Safari/537.36 (compatible; GoogleOther)" 
85.208.96.200 - - [25/Oct/2025:06:05:30 -0700] "GET /shopdetail195032904?kg=0193407750 HTTP/1.1" 301 3732 "-" "Mozilla/5.0 (compatible; SemrushBot/7~bl; +http://www.semrush.com/bot.html)" 
20.171.207.247 - - [25/Oct/2025:06:05:30 -0700] "GET /shopdetail278116928?kg=0275799407 HTTP/2.0" 404 47283 "-" "Mozilla/5.0 AppleWebKit/537.36 (KHTML, like Gecko; compatible; GPTBot/1.2; +https://openai.com/gptbot)" 
85.208.96.210 - - [25/Oct/2025:06:05:32 -0700] "GET /shopdetail195032904?kg=0193407750 HTTP/1.1" 404 51133 "-" "Mozilla/5.0 (compatible; SemrushBot/7~bl; +http://www.semrush.com/bot.html)" 
20.171.207.247 - - [25/Oct/2025:06:05:33 -0700] "GET /shopdetail278114040?kg=0275796544 HTTP/2.0" 404 47283 "-" "Mozilla/5.0 AppleWebKit/537.36 (KHTML, like Gecko; compatible; GPTBot/1.2; +https://openai.com/gptbot)" 
20.171.207.247 - - [25/Oct/2025:06:05:36 -0700] "GET /shopdetail159863176?kg=0158531102 HTTP/2.0" 404 47292 "-" "Mozilla/5.0 AppleWebKit/537.36 (KHTML, like Gecko; compatible; GPTBot/1.2; +https://openai.com/gptbot)" 
103.188.82.198 - - [25/Oct/2025:06:05:37 -0700] "GET /wp-json/buddypress/v1/members HTTP/1.1" 404 4031 "-" "Mozilla/5.0 (X11; Linux x86_64) AppleWebKit/537.36 (KHTML, like Gecko) Chrome/141.0.7390.77 Safari/537.36" 
20.171.207.247 - - [25/Oct/2025:06:05:40 -0700] "GET /shopdetail159910344?kg=0158577878 HTTP/2.0" 404 47292 "-" "Mozilla/5.0 AppleWebKit/537.36 (KHTML, like Gecko; compatible; GPTBot/1.2; +https://openai.com/gptbot)" 
20.171.207.247 - - [25/Oct/2025:06:05:43 -0700] "GET /shopdetail120763056?kg=0119756817 HTTP/2.0" 404 47283 "-" "Mozilla/5.0 AppleWebKit/537.36 (KHTML, like Gecko; compatible; GPTBot/1.2; +https://openai.com/gptbot)" 
66.249.68.133 - - [25/Oct/2025:06:05:45 -0700] "GET /shopdetail33430888?kg=0033152418 HTTP/1.1" 200 30608 "-" "Mozilla/5.0 (Linux; Android 6.0.1; Nexus 5X Build/MMB29P) AppleWebKit/537.36 (KHTML, like Gecko) Chrome/141.0.7390.122 Mobile Safari/537.36 (compatible; GoogleOther)" 
20.171.207.247 - - [25/Oct/2025:06:05:46 -0700] "GET /shopdetail159866864?kg=0158534761 HTTP/2.0" 404 47283 "-" "Mozilla/5.0 AppleWebKit/537.36 (KHTML, like Gecko; compatible; GPTBot/1.2; +https://openai.com/gptbot)" 
20.171.207.247 - - [25/Oct/2025:06:05:49 -0700] "GET /shopdetail159863024?kg=0158530953 HTTP/2.0" 404 47292 "-" "Mozilla/5.0 AppleWebKit/537.36 (KHTML, like Gecko; compatible; GPTBot/1.2; +https://openai.com/gptbot)" 
20.171.207.247 - - [25/Oct/2025:06:05:53 -0700] "GET /shopdetail159839440?kg=0158507565 HTTP/2.0" 404 47292 "-" "Mozilla/5.0 AppleWebKit/537.36 (KHTML, like Gecko; compatible; GPTBot/1.2; +https://openai.com/gptbot)" 
20.171.207.247 - - [25/Oct/2025:06:05:56 -0700] "GET /shopdetail171695304?kg=0170264630 HTTP/2.0" 404 47292 "-" "Mozilla/5.0 AppleWebKit/537.36 (KHTML, like Gecko; compatible; GPTBot/1.2; +https://openai.com/gptbot)" 
66.249.68.134 - - [25/Oct/2025:06:06:00 -0700] "GET /shopdetail162101608?kg=0160750882 HTTP/1.1" 200 30663 "-" "Mozilla/5.0 (Linux; Android 6.0.1; Nexus 5X Build/MMB29P) AppleWebKit/537.36 (KHTML, like Gecko) Chrome/141.0.7390.122 Mobile Safari/537.36 (compatible; GoogleOther)" 
20.171.207.247 - - [25/Oct/2025:06:05:59 -0700] "GET /shopdetail171679128?kg=0170248588 HTTP/2.0" 404 47283 "-" "Mozilla/5.0 AppleWebKit/537.36 (KHTML, like Gecko; compatible; GPTBot/1.2; +https://openai.com/gptbot)" 
20.171.207.247 - - [25/Oct/2025:06:06:02 -0700] "GET /shopdetail120762376?kg=0119756142 HTTP/2.0" 404 47283 "-" "Mozilla/5.0 AppleWebKit/537.36 (KHTML, like Gecko; compatible; GPTBot/1.2; +https://openai.com/gptbot)" 
49.36.237.63 - - [25/Oct/2025:06:06:03 -0700] "POST /xmlrpc.php HTTP/1.1" 200 3829 "-" "Mozilla/5.0 (Windows NT 6.2; arm64) AppleWebKit/537.36 (KHTML, like Gecko) Safari/15.0.0.0 Safari/537.36" 
20.171.207.247 - - [25/Oct/2025:06:06:05 -0700] "GET /shopdetail278122960?kg=0275805389 HTTP/2.0" 404 47292 "-" "Mozilla/5.0 AppleWebKit/537.36 (KHTML, like Gecko; compatible; GPTBot/1.2; +https://openai.com/gptbot)" 
20.171.207.247 - - [25/Oct/2025:06:06:08 -0700] "GET /shopdetail159877296?kg=0158545105 HTTP/2.0" 404 47283 "-" "Mozilla/5.0 AppleWebKit/537.36 (KHTML, like Gecko; compatible; GPTBot/1.2; +https://openai.com/gptbot)" 
85.208.96.206 - - [25/Oct/2025:06:06:10 -0700] "GET /shopdetail195019464?kg=0193394422 HTTP/1.1" 301 3732 "-" "Mozilla/5.0 (compatible; SemrushBot/7~bl; +http://www.semrush.com/bot.html)" 
85.208.96.201 - - [25/Oct/2025:06:06:12 -0700] "GET /shopdetail195019464?kg=0193394422 HTTP/1.1" 404 51133 "-" "Mozilla/5.0 (compatible; SemrushBot/7~bl; +http://www.semrush.com/bot.html)" 
20.171.207.247 - - [25/Oct/2025:06:06:12 -0700] "GET /shopdetail120792128?kg=0119785647 HTTP/2.0" 404 47283 "-" "Mozilla/5.0 AppleWebKit/537.36 (KHTML, like Gecko; compatible; GPTBot/1.2; +https://openai.com/gptbot)" 
64.90.53.137 - - [25/Oct/2025:06:06:13 -0700] "POST /wp-cron.php?doing_wp_cron=1761397573.7127718925476074218750 HTTP/1.1" 200 3634 "https://www.biblioglow.com/wp-cron.php?doing_wp_cron=1761397573.7127718925476074218750" "WordPress/6.1.9; https://www.biblioglow.com" 
20.171.207.247 - - [25/Oct/2025:06:06:15 -0700] "GET /shopdetail159879624?kg=0158547414 HTTP/2.0" 404 47283 "-" "Mozilla/5.0 AppleWebKit/537.36 (KHTML, like Gecko; compatible; GPTBot/1.2; +https://openai.com/gptbot)" 
66.249.68.134 - - [25/Oct/2025:06:06:17 -0700] "GET /shopdetail325426680?kg=0322714912 HTTP/1.1" 200 31466 "-" "Mozilla/5.0 (Linux; Android 6.0.1; Nexus 5X Build/MMB29P) AppleWebKit/537.36 (KHTML, like Gecko) Chrome/141.0.7390.122 Mobile Safari/537.36 (compatible; GoogleOther)" 
20.171.207.247 - - [25/Oct/2025:06:06:18 -0700] "GET /shopdetail159869616?kg=0158537489 HTTP/2.0" 404 47283 "-" "Mozilla/5.0 AppleWebKit/537.36 (KHTML, like Gecko; compatible; GPTBot/1.2; +https://openai.com/gptbot)" 
20.171.207.247 - - [25/Oct/2025:06:06:21 -0700] "GET /shopdetail278179184?kg=0275861145 HTTP/2.0" 404 47292 "-" "Mozilla/5.0 AppleWebKit/537.36 (KHTML, like Gecko; compatible; GPTBot/1.2; +https://openai.com/gptbot)" 
20.171.207.247 - - [25/Oct/2025:06:06:24 -0700] "GET /shopdetail159889224?kg=0158556934 HTTP/2.0" 404 47283 "-" "Mozilla/5.0 AppleWebKit/537.36 (KHTML, like Gecko; compatible; GPTBot/1.2; +https://openai.com/gptbot)" 
114.119.136.150 - - [25/Oct/2025:06:06:27 -0700] "GET /shopdetail197692512?kg=0196045195 HTTP/1.1" 301 3732 "https://biblioglow.com/sitemap.xml" "Mozilla/5.0 (Linux; Android 7.0;) AppleWebKit/537.36 (KHTML, like Gecko) Mobile Safari/537.36 (compatible; PetalBot;+https://webmaster.petalsearch.com/site/petalbot)" 
20.171.207.247 - - [25/Oct/2025:06:06:27 -0700] "GET /shopdetail171639760?kg=0170209549 HTTP/2.0" 404 47283 "-" "Mozilla/5.0 AppleWebKit/537.36 (KHTML, like Gecko; compatible; GPTBot/1.2; +https://openai.com/gptbot)" 
66.249.68.133 - - [25/Oct/2025:06:06:31 -0700] "GET /shopdetail161874096?kg=0160525265 HTTP/1.1" 200 31789 "-" "Mozilla/5.0 (Linux; Android 6.0.1; Nexus 5X Build/MMB29P) AppleWebKit/537.36 (KHTML, like Gecko) Chrome/141.0.7390.122 Mobile Safari/537.36 (compatible; GoogleOther)" 
114.119.136.150 - - [25/Oct/2025:06:06:30 -0700] "GET /shopdetail197692512?kg=0196045195 HTTP/1.1" 404 51133 "https://biblioglow.com/sitemap.xml" "Mozilla/5.0 (Linux; Android 7.0;) AppleWebKit/537.36 (KHTML, like Gecko) Mobile Safari/537.36 (compatible; PetalBot;+https://webmaster.petalsearch.com/site/petalbot)" 
20.171.207.247 - - [25/Oct/2025:06:06:31 -0700] "GET /shopdetail159843280?kg=0158511373 HTTP/2.0" 404 47283 "-" "Mozilla/5.0 AppleWebKit/537.36 (KHTML, like Gecko; compatible; GPTBot/1.2; +https://openai.com/gptbot)" 
103.159.36.92 - - [25/Oct/2025:06:06:33 -0700] "GET /wp-json/buddypress/v1/members HTTP/1.1" 404 4031 "-" "Mozilla/5.0 (X11; Linux x86_64) AppleWebKit/537.36 (KHTML, like Gecko) Chrome/141.0.7390.77 Safari/537.36" 
20.171.207.247 - - [25/Oct/2025:06:06:34 -0700] "GET /shopdetail159837248?kg=0158505391 HTTP/2.0" 404 47283 "-" "Mozilla/5.0 AppleWebKit/537.36 (KHTML, like Gecko; compatible; GPTBot/1.2; +https://openai.com/gptbot)" 
20.171.207.247 - - [25/Oct/2025:06:06:37 -0700] "GET /shopdetail171674048?kg=0170243551 HTTP/2.0" 404 47283 "-" "Mozilla/5.0 AppleWebKit/537.36 (KHTML, like Gecko; compatible; GPTBot/1.2; +https://openai.com/gptbot)" 
20.171.207.247 - - [25/Oct/2025:06:06:40 -0700] "GET /shopdetail278113088?kg=0275795599 HTTP/2.0" 404 47283 "-" "Mozilla/5.0 AppleWebKit/537.36 (KHTML, like Gecko; compatible; GPTBot/1.2; +https://openai.com/gptbot)" 
20.171.207.247 - - [25/Oct/2025:06:06:43 -0700] "GET /shopdetail120753320?kg=0119747162 HTTP/2.0" 404 47283 "-" "Mozilla/5.0 AppleWebKit/537.36 (KHTML, like Gecko; compatible; GPTBot/1.2; +https://openai.com/gptbot)" 
20.171.207.247 - - [25/Oct/2025:06:06:46 -0700] "GET /shopdetail171665128?kg=0170234706 HTTP/2.0" 404 47283 "-" "Mozilla/5.0 AppleWebKit/537.36 (KHTML, like Gecko; compatible; GPTBot/1.2; +https://openai.com/gptbot)" 
66.249.68.133 - - [25/Oct/2025:06:06:49 -0700] "GET /shopdetail33948472?kg=0033665688 HTTP/1.1" 200 32424 "-" "Mozilla/5.0 (Linux; Android 6.0.1; Nexus 5X Build/MMB29P) AppleWebKit/537.36 (KHTML, like Gecko) Chrome/141.0.7390.122 Mobile Safari/537.36 (compatible; GoogleOther)" 
20.171.207.247 - - [25/Oct/2025:06:06:49 -0700] "GET /shopdetail120767984?kg=0119761705 HTTP/2.0" 404 47283 "-" "Mozilla/5.0 AppleWebKit/537.36 (KHTML, like Gecko; compatible; GPTBot/1.2; +https://openai.com/gptbot)" 
20.171.207.247 - - [25/Oct/2025:06:06:52 -0700] "GET /shopdetail159876464?kg=0158544281 HTTP/2.0" 404 47283 "-" "Mozilla/5.0 AppleWebKit/537.36 (KHTML, like Gecko; compatible; GPTBot/1.2; +https://openai.com/gptbot)" 
20.171.207.247 - - [25/Oct/2025:06:06:56 -0700] "GET /shopdetail278092648?kg=0275775330 HTTP/2.0" 404 47283 "-" "Mozilla/5.0 AppleWebKit/537.36 (KHTML, like Gecko; compatible; GPTBot/1.2; +https://openai.com/gptbot)" 
20.171.207.247 - - [25/Oct/2025:06:06:59 -0700] "GET /shopdetail159894304?kg=0158561971 HTTP/2.0" 404 47283 "-" "Mozilla/5.0 AppleWebKit/537.36 (KHTML, like Gecko; compatible; GPTBot/1.2; +https://openai.com/gptbot)" 
66.249.68.135 - - [25/Oct/2025:06:07:02 -0700] "GET /shopdetail74390672?kg=0073770869 HTTP/1.1" 200 31177 "-" "Mozilla/5.0 (Linux; Android 6.0.1; Nexus 5X Build/MMB29P) AppleWebKit/537.36 (KHTML, like Gecko) Chrome/141.0.7390.122 Mobile Safari/537.36 (compatible; GoogleOther)" 
20.171.207.247 - - [25/Oct/2025:06:07:02 -0700] "GET /shopdetail252418696?kg=0250315326 HTTP/2.0" 404 47283 "-" "Mozilla/5.0 AppleWebKit/537.36 (KHTML, like Gecko; compatible; GPTBot/1.2; +https://openai.com/gptbot)" 
49.36.237.63 - - [25/Oct/2025:06:07:02 -0700] "POST /xmlrpc.php HTTP/1.1" 200 3829 "-" "Mozilla/5.0 (Windows NT 10.0; x86) AppleWebKit/537.36 (KHTML, like Gecko) Opera/75.0.0.0 Safari/537.36" 
20.171.207.247 - - [25/Oct/2025:06:07:05 -0700] "GET /shopdetail159859608?kg=0158527564 HTTP/2.0" 404 47283 "-" "Mozilla/5.0 AppleWebKit/537.36 (KHTML, like Gecko; compatible; GPTBot/1.2; +https://openai.com/gptbot)" 
20.171.207.247 - - [25/Oct/2025:06:07:08 -0700] "GET /shopdetail171668152?kg=0170237704 HTTP/2.0" 404 47283 "-" "Mozilla/5.0 AppleWebKit/537.36 (KHTML, like Gecko; compatible; GPTBot/1.2; +https://openai.com/gptbot)" 
185.191.171.1 - - [25/Oct/2025:06:07:09 -0700] "GET /shopdetail194954592?kg=0193330091 HTTP/1.1" 301 3732 "-" "Mozilla/5.0 (compatible; SemrushBot/7~bl; +http://www.semrush.com/bot.html)" 
185.191.171.8 - - [25/Oct/2025:06:07:10 -0700] "GET /shopdetail194954592?kg=0193330091 HTTP/1.1" 404 51133 "-" "Mozilla/5.0 (compatible; SemrushBot/7~bl; +http://www.semrush.com/bot.html)" 
20.171.207.247 - - [25/Oct/2025:06:07:11 -0700] "GET /shopdetail120766352?kg=0119760085 HTTP/2.0" 404 47283 "-" "Mozilla/5.0 AppleWebKit/537.36 (KHTML, like Gecko; compatible; GPTBot/1.2; +https://openai.com/gptbot)" 
64.90.53.137 - - [25/Oct/2025:06:07:15 -0700] "POST /wp-cron.php?doing_wp_cron=1761397635.7077240943908691406250 HTTP/1.1" 200 3634 "https://www.biblioglow.com/wp-cron.php?doing_wp_cron=1761397635.7077240943908691406250" "WordPress/6.1.9; https://www.biblioglow.com" 
20.171.207.247 - - [25/Oct/2025:06:07:15 -0700] "GET /shopdetail278148600?kg=0275830816 HTTP/2.0" 404 47283 "-" "Mozilla/5.0 AppleWebKit/537.36 (KHTML, like Gecko; compatible; GPTBot/1.2; +https://openai.com/gptbot)" 
185.191.171.11 - - [25/Oct/2025:06:07:18 -0700] "GET /shopdetail194956784?kg=0193332265 HTTP/1.1" 301 3732 "-" "Mozilla/5.0 (compatible; SemrushBot/7~bl; +http://www.semrush.com/bot.html)" 
20.171.207.247 - - [25/Oct/2025:06:07:18 -0700] "GET /shopdetail278141480?kg=0275823754 HTTP/2.0" 404 47283 "-" "Mozilla/5.0 AppleWebKit/537.36 (KHTML, like Gecko; compatible; GPTBot/1.2; +https://openai.com/gptbot)" 
185.191.171.17 - - [25/Oct/2025:06:07:19 -0700] "GET /shopdetail194956784?kg=0193332265 HTTP/1.1" 404 51133 "-" "Mozilla/5.0 (compatible; SemrushBot/7~bl; +http://www.semrush.com/bot.html)" 
66.249.68.133 - - [25/Oct/2025:06:07:21 -0700] "GET /shopdetail33939840?kg=0033657127 HTTP/1.1" 200 30651 "-" "Mozilla/5.0 (Linux; Android 6.0.1; Nexus 5X Build/MMB29P) AppleWebKit/537.36 (KHTML, like Gecko) Chrome/141.0.7390.122 Mobile Safari/537.36 (compatible; GoogleOther)" 
52.167.144.228 - - [25/Oct/2025:06:07:21 -0700] "GET /shopdetail267510576?kg=0265281441 HTTP/2.0" 200 32876 "-" "Mozilla/5.0 AppleWebKit/537.36 (KHTML, like Gecko; compatible; bingbot/2.0; +http://www.bing.com/bingbot.htm) Chrome/116.0.1938.76 Safari/537.36" 
20.171.207.247 - - [25/Oct/2025:06:07:21 -0700] "GET /shopdetail159873184?kg=0158541027 HTTP/2.0" 404 47283 "-" "Mozilla/5.0 AppleWebKit/537.36 (KHTML, like Gecko; compatible; GPTBot/1.2; +https://openai.com/gptbot)" 
20.171.207.247 - - [25/Oct/2025:06:07:24 -0700] "GET /shopdetail278104456?kg=0275787038 HTTP/2.0" 404 47283 "-" "Mozilla/5.0 AppleWebKit/537.36 (KHTML, like Gecko; compatible; GPTBot/1.2; +https://openai.com/gptbot)" 
20.171.207.247 - - [25/Oct/2025:06:07:27 -0700] "GET /shopdetail278183584?kg=0275865507 HTTP/2.0" 404 47283 "-" "Mozilla/5.0 AppleWebKit/537.36 (KHTML, like Gecko; compatible; GPTBot/1.2; +https://openai.com/gptbot)" 
20.171.207.247 - - [25/Oct/2025:06:07:30 -0700] "GET /shopdetail278113224?kg=0275795734 HTTP/2.0" 404 47283 "-" "Mozilla/5.0 AppleWebKit/537.36 (KHTML, like Gecko; compatible; GPTBot/1.2; +https://openai.com/gptbot)" 
66.249.68.133 - - [25/Oct/2025:06:07:33 -0700] "GET /shopdetail33882360?kg=0033600128 HTTP/1.1" 200 31523 "-" "Mozilla/5.0 (Linux; Android 6.0.1; Nexus 5X Build/MMB29P) AppleWebKit/537.36 (KHTML, like Gecko) Chrome/141.0.7390.122 Mobile Safari/537.36 (compatible; GoogleOther)" 
20.171.207.247 - - [25/Oct/2025:06:07:33 -0700] "GET /shopdetail120760728?kg=0119754508 HTTP/2.0" 404 47283 "-" "Mozilla/5.0 AppleWebKit/537.36 (KHTML, like Gecko; compatible; GPTBot/1.2; +https://openai.com/gptbot)" 
20.171.207.247 - - [25/Oct/2025:06:07:36 -0700] "GET /shopdetail159855496?kg=0158523486 HTTP/2.0" 404 47418 "-" "Mozilla/5.0 AppleWebKit/537.36 (KHTML, like Gecko; compatible; GPTBot/1.2; +https://openai.com/gptbot)" 
20.171.207.247 - - [25/Oct/2025:06:07:39 -0700] "GET /shopdetail252351496?kg=0250248686 HTTP/2.0" 404 47283 "-" "Mozilla/5.0 AppleWebKit/537.36 (KHTML, like Gecko; compatible; GPTBot/1.2; +https://openai.com/gptbot)" 
20.171.207.247 - - [25/Oct/2025:06:07:43 -0700] "GET /shopdetail171651144?kg=0170220838 HTTP/2.0" 404 47283 "-" "Mozilla/5.0 AppleWebKit/537.36 (KHTML, like Gecko; compatible; GPTBot/1.2; +https://openai.com/gptbot)" 
20.171.207.247 - - [25/Oct/2025:06:07:46 -0700] "GET /shopdetail159903344?kg=0158570937 HTTP/2.0" 404 47283 "-" "Mozilla/5.0 AppleWebKit/537.36 (KHTML, like Gecko; compatible; GPTBot/1.2; +https://openai.com/gptbot)" 
114.119.151.155 - - [25/Oct/2025:06:07:46 -0700] "GET /shopdetail197629424?kg=0195982633 HTTP/1.1" 301 3732 "https://biblioglow.com/sitemap.xml" "Mozilla/5.0 (Linux; Android 7.0;) AppleWebKit/537.36 (KHTML, like Gecko) Mobile Safari/537.36 (compatible; PetalBot;+https://webmaster.petalsearch.com/site/petalbot)" 
114.119.151.155 - - [25/Oct/2025:06:07:48 -0700] "GET /shopdetail197629424?kg=0195982633 HTTP/1.1" 404 51133 "https://biblioglow.com/sitemap.xml" "Mozilla/5.0 (Linux; Android 7.0;) AppleWebKit/537.36 (KHTML, like Gecko) Mobile Safari/537.36 (compatible; PetalBot;+https://webmaster.petalsearch.com/site/petalbot)" 
20.171.207.247 - - [25/Oct/2025:06:07:49 -0700] "GET /shopdetail159834648?kg=0158502812 HTTP/2.0" 404 47283 "-" "Mozilla/5.0 AppleWebKit/537.36 (KHTML, like Gecko; compatible; GPTBot/1.2; +https://openai.com/gptbot)" 
20.171.207.247 - - [25/Oct/2025:06:07:52 -0700] "GET /shopdetail278135024?kg=0275817353 HTTP/2.0" 404 47283 "-" "Mozilla/5.0 AppleWebKit/537.36 (KHTML, like Gecko; compatible; GPTBot/1.2; +https://openai.com/gptbot)" 
66.249.68.133 - - [25/Oct/2025:06:07:53 -0700] "GET /shopdetail187724144?kg=0186159897 HTTP/1.1" 200 32101 "-" "Mozilla/5.0 (Linux; Android 6.0.1; Nexus 5X Build/MMB29P) AppleWebKit/537.36 (KHTML, like Gecko) Chrome/141.0.7390.122 Mobile Safari/537.36 (compatible; GoogleOther)" 
20.171.207.247 - - [25/Oct/2025:06:07:55 -0700] "GET /shopdetail171623448?kg=0170193372 HTTP/2.0" 404 47283 "-" "Mozilla/5.0 AppleWebKit/537.36 (KHTML, like Gecko; compatible; GPTBot/1.2; +https://openai.com/gptbot)" 
20.171.207.247 - - [25/Oct/2025:06:07:58 -0700] "GET /shopdetail159815448?kg=0158483772 HTTP/2.0" 404 47283 "-" "Mozilla/5.0 AppleWebKit/537.36 (KHTML, like Gecko; compatible; GPTBot/1.2; +https://openai.com/gptbot)" 
20.171.207.247 - - [25/Oct/2025:06:08:02 -0700] "GET /shopdetail278147240?kg=0275829466 HTTP/2.0" 404 47283 "-" "Mozilla/5.0 AppleWebKit/537.36 (KHTML, like Gecko; compatible; GPTBot/1.2; +https://openai.com/gptbot)" 
49.36.237.63 - - [25/Oct/2025:06:08:02 -0700] "POST /xmlrpc.php HTTP/1.1" 200 3829 "-" "Mozilla/5.0 (Macintosh; Intel Mac OS X 10_15_7; x86) AppleWebKit/537.36 (KHTML, like Gecko) Firefox/85.0.0.0 Safari/537.36" 
66.249.68.133 - - [25/Oct/2025:06:08:04 -0700] "GET /shopdetail161365432?kg=0160020840 HTTP/1.1" 200 34398 "-" "Mozilla/5.0 (Linux; Android 6.0.1; Nexus 5X Build/MMB29P) AppleWebKit/537.36 (KHTML, like Gecko) Chrome/141.0.7390.122 Mobile Safari/537.36 (compatible; GoogleOther)" 
20.171.207.247 - - [25/Oct/2025:06:08:05 -0700] "GET /shopdetail278193048?kg=0275874892 HTTP/2.0" 404 47283 "-" "Mozilla/5.0 AppleWebKit/537.36 (KHTML, like Gecko; compatible; GPTBot/1.2; +https://openai.com/gptbot)" 
20.171.207.247 - - [25/Oct/2025:06:08:08 -0700] "GET /shopdetail252410864?kg=0250307561 HTTP/2.0" 404 47283 "-" "Mozilla/5.0 AppleWebKit/537.36 (KHTML, like Gecko; compatible; GPTBot/1.2; +https://openai.com/gptbot)" 
20.171.207.247 - - [25/Oct/2025:06:08:11 -0700] "GET /shopdetail159893200?kg=0158560877 HTTP/2.0" 404 47283 "-" "Mozilla/5.0 AppleWebKit/537.36 (KHTML, like Gecko; compatible; GPTBot/1.2; +https://openai.com/gptbot)" 
64.90.53.137 - - [25/Oct/2025:06:08:14 -0700] "POST /wp-cron.php?doing_wp_cron=1761397694.9543099403381347656250 HTTP/1.1" 200 3634 "https://www.biblioglow.com/wp-cron.php?doing_wp_cron=1761397694.9543099403381347656250" "WordPress/6.1.9; https://www.biblioglow.com" 
20.171.207.247 - - [25/Oct/2025:06:08:14 -0700] "GET /shopdetail159838896?kg=0158507025 HTTP/2.0" 404 47283 "-" "Mozilla/5.0 AppleWebKit/537.36 (KHTML, like Gecko; compatible; GPTBot/1.2; +https://openai.com/gptbot)" 
20.171.207.247 - - [25/Oct/2025:06:08:17 -0700] "GET /shopdetail171653880?kg=0170223552 HTTP/2.0" 404 47283 "-" "Mozilla/5.0 AppleWebKit/537.36 (KHTML, like Gecko; compatible; GPTBot/1.2; +https://openai.com/gptbot)" 
20.171.207.247 - - [25/Oct/2025:06:08:21 -0700] "GET /shopdetail120804056?kg=0119797476 HTTP/2.0" 404 47283 "-" "Mozilla/5.0 AppleWebKit/537.36 (KHTML, like Gecko; compatible; GPTBot/1.2; +https://openai.com/gptbot)" 
20.171.207.247 - - [25/Oct/2025:06:08:24 -0700] "GET /shopdetail159867016?kg=0158534910 HTTP/2.0" 404 47283 "-" "Mozilla/5.0 AppleWebKit/537.36 (KHTML, like Gecko; compatible; GPTBot/1.2; +https://openai.com/gptbot)" 
103.175.163.22 - - [25/Oct/2025:06:08:25 -0700] "GET /wp-json/bbp-api/v1/users HTTP/1.1" 429 3836 "-" "Mozilla/5.0 (X11; Linux x86_64) AppleWebKit/537.36 (KHTML, like Gecko) Chrome/141.0.7390.77 Safari/537.36" 
66.249.68.134 - - [25/Oct/2025:06:08:25 -0700] "GET /shopdetail160944136?kg=0159603054 HTTP/1.1" 200 31312 "-" "Mozilla/5.0 (Linux; Android 6.0.1; Nexus 5X Build/MMB29P) AppleWebKit/537.36 (KHTML, like Gecko) Chrome/141.0.7390.122 Mobile Safari/537.36 (compatible; GoogleOther)" 
20.171.207.247 - - [25/Oct/2025:06:08:27 -0700] "GET /shopdetail278088944?kg=0275771657 HTTP/2.0" 404 47283 "-" "Mozilla/5.0 AppleWebKit/537.36 (KHTML, like Gecko; compatible; GPTBot/1.2; +https://openai.com/gptbot)" 
20.171.207.247 - - [25/Oct/2025:06:08:30 -0700] "GET /shopdetail252346960?kg=0250244189 HTTP/2.0" 404 47283 "-" "Mozilla/5.0 AppleWebKit/537.36 (KHTML, like Gecko; compatible; GPTBot/1.2; +https://openai.com/gptbot)" 
20.171.207.247 - - [25/Oct/2025:06:08:33 -0700] "GET /shopdetail278167120?kg=0275849181 HTTP/2.0" 404 47283 "-" "Mozilla/5.0 AppleWebKit/537.36 (KHTML, like Gecko; compatible; GPTBot/1.2; +https://openai.com/gptbot)" 
66.249.68.133 - - [25/Oct/2025:06:08:35 -0700] "GET /shopdetail75893064?kg=0075260742 HTTP/1.1" 200 30520 "-" "Mozilla/5.0 (Linux; Android 6.0.1; Nexus 5X Build/MMB29P) AppleWebKit/537.36 (KHTML, like Gecko) Chrome/141.0.7390.122 Mobile Safari/537.36 (compatible; GoogleOther)" 
162.213.251.115 - - [25/Oct/2025:06:08:36 -0700] "GET /wp-json/bbp-api/v1/users HTTP/1.1" 404 4031 "-" "Mozilla/5.0 (X11; Linux x86_64) AppleWebKit/537.36 (KHTML, like Gecko) Chrome/141.0.7390.77 Safari/537.36" 
20.171.207.247 - - [25/Oct/2025:06:08:36 -0700] "GET /shopdetail171649224?kg=0170218934 HTTP/2.0" 404 47283 "-" "Mozilla/5.0 AppleWebKit/537.36 (KHTML, like Gecko; compatible; GPTBot/1.2; +https://openai.com/gptbot)" 
167.86.68.168 - - [25/Oct/2025:06:08:38 -0700] "GET /wp-json/bbp-api/v1/users HTTP/1.1" 429 3836 "-" "Mozilla/5.0 (X11; Linux x86_64) AppleWebKit/537.36 (KHTML, like Gecko) Chrome/141.0.7390.77 Safari/537.36" 
78.157.49.100 - - [25/Oct/2025:06:08:41 -0700] "GET /wp-json/ldlms/v2/users HTTP/1.1" 429 3837 "-" "Mozilla/5.0 (X11; Linux x86_64) AppleWebKit/537.36 (KHTML, like Gecko) Chrome/141.0.7390.77 Safari/537.36" 
20.171.207.247 - - [25/Oct/2025:06:08:40 -0700] "GET /shopdetail159906640?kg=0158574205 HTTP/2.0" 404 47283 "-" "Mozilla/5.0 AppleWebKit/537.36 (KHTML, like Gecko; compatible; GPTBot/1.2; +https://openai.com/gptbot)" 
20.171.207.247 - - [25/Oct/2025:06:08:43 -0700] "GET /shopdetail159841360?kg=0158509469 HTTP/2.0" 404 47283 "-" "Mozilla/5.0 AppleWebKit/537.36 (KHTML, like Gecko; compatible; GPTBot/1.2; +https://openai.com/gptbot)" 
85.208.96.211 - - [25/Oct/2025:06:08:45 -0700] "GET /shopdetail194957072?kg=0193332549 HTTP/1.1" 301 3732 "-" "Mozilla/5.0 (compatible; SemrushBot/7~bl; +http://www.semrush.com/bot.html)" 
20.171.207.247 - - [25/Oct/2025:06:08:46 -0700] "GET /shopdetail159848632?kg=0158516680 HTTP/2.0" 404 47283 "-" "Mozilla/5.0 AppleWebKit/537.36 (KHTML, like Gecko; compatible; GPTBot/1.2; +https://openai.com/gptbot)" 
85.208.96.206 - - [25/Oct/2025:06:08:46 -0700] "GET /shopdetail194957072?kg=0193332549 HTTP/1.1" 404 51111 "-" "Mozilla/5.0 (compatible; SemrushBot/7~bl; +http://www.semrush.com/bot.html)" 
20.171.207.247 - - [25/Oct/2025:06:08:49 -0700] "GET /shopdetail171624672?kg=0170194587 HTTP/2.0" 404 47283 "-" "Mozilla/5.0 AppleWebKit/537.36 (KHTML, like Gecko; compatible; GPTBot/1.2; +https://openai.com/gptbot)" 
20.171.207.247 - - [25/Oct/2025:06:08:52 -0700] "GET /shopdetail159834224?kg=0158502393 HTTP/2.0" 404 47283 "-" "Mozilla/5.0 AppleWebKit/537.36 (KHTML, like Gecko; compatible; GPTBot/1.2; +https://openai.com/gptbot)" 
20.171.207.247 - - [25/Oct/2025:06:08:55 -0700] "GET /shopdetail159876480?kg=0158544295 HTTP/2.0" 404 47283 "-" "Mozilla/5.0 AppleWebKit/537.36 (KHTML, like Gecko; compatible; GPTBot/1.2; +https://openai.com/gptbot)" 
66.249.68.133 - - [25/Oct/2025:06:08:57 -0700] "GET /?shopdetail58045848?kg=0057562252 HTTP/1.1" 200 31179 "-" "Mozilla/5.0 (Linux; Android 6.0.1; Nexus 5X Build/MMB29P) AppleWebKit/537.36 (KHTML, like Gecko) Chrome/141.0.7390.122 Mobile Safari/537.36 (compatible; GoogleOther)" 
202.124.204.254 - - [25/Oct/2025:06:08:58 -0700] "GET /wp-json/ldlms/v2/users HTTP/1.1" 429 3852 "-" "Mozilla/5.0 (X11; Linux x86_64) AppleWebKit/537.36 (KHTML, like Gecko) Chrome/141.0.7390.77 Safari/537.36" 
20.171.207.247 - - [25/Oct/2025:06:08:59 -0700] "GET /shopdetail278192760?kg=0275874608 HTTP/2.0" 404 47283 "-" "Mozilla/5.0 AppleWebKit/537.36 (KHTML, like Gecko; compatible; GPTBot/1.2; +https://openai.com/gptbot)" 
20.171.207.247 - - [25/Oct/2025:06:09:02 -0700] "GET /shopdetail159826408?kg=0158494642 HTTP/2.0" 404 47283 "-" "Mozilla/5.0 AppleWebKit/537.36 (KHTML, like Gecko; compatible; GPTBot/1.2; +https://openai.com/gptbot)" 
20.171.207.247 - - [25/Oct/2025:06:09:05 -0700] "GET /shopdetail252419240?kg=0250315866 HTTP/2.0" 404 47283 "-" "Mozilla/5.0 AppleWebKit/537.36 (KHTML, like Gecko; compatible; GPTBot/1.2; +https://openai.com/gptbot)" 
66.249.68.133 - - [25/Oct/2025:06:09:06 -0700] "GET /shopdetail325832904?kg=0323117750 HTTP/1.1" 200 32030 "-" "Mozilla/5.0 (Linux; Android 6.0.1; Nexus 5X Build/MMB29P) AppleWebKit/537.36 (KHTML, like Gecko) Chrome/141.0.7390.122 Mobile Safari/537.36 (compatible; GoogleOther)" 
