66.249.68.133 - - [25/Oct/2025:03:40:24 -0700] "GET /shopdetail76768040?kg=0076128426 HTTP/1.1" 200 31385 "-" "Mozilla/5.0 (Linux; Android 6.0.1; Nexus 5X Build/MMB29P) AppleWebKit/537.36 (KHTML, like Gecko) Chrome/141.0.7390.122 Mobile Safari/537.36 (compatible; GoogleOther)" 
66.249.68.133 - - [25/Oct/2025:03:40:55 -0700] "GET /shopdetail33890600?kg=0033608298 HTTP/1.1" 200 30689 "-" "Mozilla/5.0 (Linux; Android 6.0.1; Nexus 5X Build/MMB29P) AppleWebKit/537.36 (KHTML, like Gecko) Chrome/141.0.7390.122 Mobile Safari/537.36 (compatible; GoogleOther)" 
66.249.68.133 - - [25/Oct/2025:03:40:58 -0700] "GET /shopdetail188811696?kg=0187238385 HTTP/1.1" 200 27333 "-" "Mozilla/5.0 (Linux; Android 6.0.1; Nexus 5X Build/MMB29P) AppleWebKit/537.36 (KHTML, like Gecko) Chrome/141.0.7390.122 Mobile Safari/537.36 (compatible; GoogleOther)" 
64.90.53.137 - - [25/Oct/2025:03:41:27 -0700] "POST /wp-cron.php?doing_wp_cron=1761388887.8625640869140625000000 HTTP/1.1" 200 3634 "https://www.biblioglow.com/wp-cron.php?doing_wp_cron=1761388887.8625640869140625000000" "WordPress/6.1.9; https://www.biblioglow.com" 
85.208.96.194 - - [25/Oct/2025:03:41:27 -0700] "GET /shopdetail195039496?kg=0193414286 HTTP/1.1" 301 3732 "-" "Mozilla/5.0 (compatible; SemrushBot/7~bl; +http://www.semrush.com/bot.html)" 
114.119.151.155 - - [25/Oct/2025:03:41:28 -0700] "GET /shopdetail197665920?kg=0196018823 HTTP/1.1" 301 3732 "https://biblioglow.com/sitemap.xml" "Mozilla/5.0 (Linux; Android 7.0;) AppleWebKit/537.36 (KHTML, like Gecko) Mobile Safari/537.36 (compatible; PetalBot;+https://webmaster.petalsearch.com/site/petalbot)" 
85.208.96.195 - - [25/Oct/2025:03:41:28 -0700] "GET /shopdetail195039496?kg=0193414286 HTTP/1.1" 404 51133 "-" "Mozilla/5.0 (compatible; SemrushBot/7~bl; +http://www.semrush.com/bot.html)" 
114.119.151.155 - - [25/Oct/2025:03:41:30 -0700] "GET /shopdetail197665920?kg=0196018823 HTTP/1.1" 404 51133 "https://biblioglow.com/sitemap.xml" "Mozilla/5.0 (Linux; Android 7.0;) AppleWebKit/537.36 (KHTML, like Gecko) Mobile Safari/537.36 (compatible; PetalBot;+https://webmaster.petalsearch.com/site/petalbot)" 
66.249.68.135 - - [25/Oct/2025:03:41:32 -0700] "GET /shopdetail161935536?kg=0160586193 HTTP/1.1" 200 33588 "-" "Mozilla/5.0 (Linux; Android 6.0.1; Nexus 5X Build/MMB29P) AppleWebKit/537.36 (KHTML, like Gecko) Chrome/141.0.7390.122 Mobile Safari/537.36 (compatible; GoogleOther)" 
66.249.68.135 - - [25/Oct/2025:03:41:35 -0700] "GET /shopdetail31989528?kg=0031723068 HTTP/1.1" 200 27722 "-" "Mozilla/5.0 (Linux; Android 6.0.1; Nexus 5X Build/MMB29P) AppleWebKit/537.36 (KHTML, like Gecko) Chrome/141.0.7390.122 Mobile Safari/537.36 (compatible; GoogleOther)" 
46.232.89.227 - - [25/Oct/2025:03:41:38 -0700] "GET /2020/07/03/the-hamilton-affair-discussion-questions/ HTTP/1.0" 200 89613 "https://www.biblioglow.com/2020/07/03/the-hamilton-affair-discussion-questions/#comment-10481" "Mozilla/5.0 (Windows NT 10.0; Win64; x64) AppleWebKit/537.36 (KHTML, like Gecko) Chrome/131.0.0.0 Safari/537.36 Avast/131.0.0.0" 
46.232.89.227 - - [25/Oct/2025:03:41:41 -0700] "POST /wp-comments-post.php HTTP/1.0" 302 4057 "https://www.biblioglow.com/2020/07/03/the-hamilton-affair-discussion-questions/#comment-10481" "Mozilla/5.0 (Windows NT 10.0; Win64; x64) AppleWebKit/537.36 (KHTML, like Gecko) Chrome/131.0.0.0 Safari/537.36 Avast/131.0.0.0" 
46.232.89.227 - - [25/Oct/2025:03:41:43 -0700] "GET /2020/07/03/the-hamilton-affair-discussion-questions/ HTTP/1.0" 200 140298 "https://www.biblioglow.com/2020/07/03/the-hamilton-affair-discussion-questions/#comment-19441" "Mozilla/5.0 (Windows NT 10.0; Win64; x64) AppleWebKit/537.36 (KHTML, like Gecko) Chrome/131.0.0.0 Safari/537.36 Avast/131.0.0.0" 
85.208.96.204 - - [25/Oct/2025:03:41:43 -0700] "GET /shopdetail194997104?kg=0193372249 HTTP/1.1" 301 3732 "-" "Mozilla/5.0 (compatible; SemrushBot/7~bl; +http://www.semrush.com/bot.html)" 
85.208.96.210 - - [25/Oct/2025:03:41:45 -0700] "GET /shopdetail194997104?kg=0193372249 HTTP/1.1" 404 51133 "-" "Mozilla/5.0 (compatible; SemrushBot/7~bl; +http://www.semrush.com/bot.html)" 
85.208.96.210 - - [25/Oct/2025:03:41:48 -0700] "GET /shopdetail194958704?kg=0193334169 HTTP/1.1" 301 3732 "-" "Mozilla/5.0 (compatible; SemrushBot/7~bl; +http://www.semrush.com/bot.html)" 
85.208.96.194 - - [25/Oct/2025:03:41:50 -0700] "GET /shopdetail194958704?kg=0193334169 HTTP/1.1" 404 51133 "-" "Mozilla/5.0 (compatible; SemrushBot/7~bl; +http://www.semrush.com/bot.html)" 
85.208.96.207 - - [25/Oct/2025:03:41:52 -0700] "GET /shopdetail194999160?kg=0193374288 HTTP/1.1" 301 3732 "-" "Mozilla/5.0 (compatible; SemrushBot/7~bl; +http://www.semrush.com/bot.html)" 
85.208.96.207 - - [25/Oct/2025:03:41:55 -0700] "GET /shopdetail194999160?kg=0193374288 HTTP/1.1" 404 51133 "-" "Mozilla/5.0 (compatible; SemrushBot/7~bl; +http://www.semrush.com/bot.html)" 
66.249.68.135 - - [25/Oct/2025:03:42:06 -0700] "GET /shopdetail33952992?kg=0033670171 HTTP/1.1" 200 30566 "-" "Mozilla/5.0 (Linux; Android 6.0.1; Nexus 5X Build/MMB29P) AppleWebKit/537.36 (KHTML, like Gecko) Chrome/141.0.7390.122 Mobile Safari/537.36 (compatible; GoogleOther)" 
66.249.68.135 - - [25/Oct/2025:03:42:09 -0700] "GET /shopdetail72946408?kg=0072338642 HTTP/1.1" 200 28987 "-" "Mozilla/5.0 (Linux; Android 6.0.1; Nexus 5X Build/MMB29P) AppleWebKit/537.36 (KHTML, like Gecko) Chrome/141.0.7390.122 Mobile Safari/537.36 (compatible; GoogleOther)" 
64.90.53.137 - - [25/Oct/2025:03:42:21 -0700] "POST /wp-cron.php?doing_wp_cron=1761388941.0243730545043945312500 HTTP/1.1" 200 3634 "https://www.biblioglow.com/wp-cron.php?doing_wp_cron=1761388941.0243730545043945312500" "WordPress/6.1.9; https://www.biblioglow.com" 
185.191.171.4 - - [25/Oct/2025:03:42:20 -0700] "GET /shopdetail194967080?kg=0193342474 HTTP/1.1" 301 3732 "-" "Mozilla/5.0 (compatible; SemrushBot/7~bl; +http://www.semrush.com/bot.html)" 
85.208.96.209 - - [25/Oct/2025:03:42:22 -0700] "GET /shopdetail194967080?kg=0193342474 HTTP/1.1" 404 51133 "-" "Mozilla/5.0 (compatible; SemrushBot/7~bl; +http://www.semrush.com/bot.html)" 
66.249.68.133 - - [25/Oct/2025:03:42:40 -0700] "GET /shopdetail76572608?kg=0075934623 HTTP/1.1" 200 30632 "-" "Mozilla/5.0 (Linux; Android 6.0.1; Nexus 5X Build/MMB29P) AppleWebKit/537.36 (KHTML, like Gecko) Chrome/141.0.7390.122 Mobile Safari/537.36 (compatible; GoogleOther)" 
66.249.68.133 - - [25/Oct/2025:03:42:46 -0700] "GET /shopdetail76567528?kg=0075929586 HTTP/1.1" 200 31721 "-" "Mozilla/5.0 (Linux; Android 6.0.1; Nexus 5X Build/MMB29P) AppleWebKit/537.36 (KHTML, like Gecko) Chrome/141.0.7390.122 Mobile Safari/537.36 (compatible; GoogleOther)" 
114.119.136.150 - - [25/Oct/2025:03:42:52 -0700] "GET /shopdetail197665496?kg=0196018404 HTTP/1.1" 301 3732 "https://biblioglow.com/sitemap.xml" "Mozilla/5.0 (Linux; Android 7.0;) AppleWebKit/537.36 (KHTML, like Gecko) Mobile Safari/537.36 (compatible; PetalBot;+https://webmaster.petalsearch.com/site/petalbot)" 
114.119.136.150 - - [25/Oct/2025:03:42:54 -0700] "GET /shopdetail197665496?kg=0196018404 HTTP/1.1" 404 51133 "https://biblioglow.com/sitemap.xml" "Mozilla/5.0 (Linux; Android 7.0;) AppleWebKit/537.36 (KHTML, like Gecko) Mobile Safari/537.36 (compatible; PetalBot;+https://webmaster.petalsearch.com/site/petalbot)" 
66.249.68.134 - - [25/Oct/2025:03:43:14 -0700] "GET /?shopdetail60395792?kg=0059892613 HTTP/1.1" 200 30906 "-" "Mozilla/5.0 (Linux; Android 6.0.1; Nexus 5X Build/MMB29P) AppleWebKit/537.36 (KHTML, like Gecko) Chrome/141.0.7390.122 Mobile Safari/537.36 (compatible; GoogleOther)" 
62.171.139.181 - - [25/Oct/2025:03:43:16 -0700] "POST /xmlrpc.php HTTP/2.0" 429 351 "-" "Mozilla/4.0 (compatible; MSIE 7.0; Windows NT 6.1; Trident/7.0; SLCC2; .NET CLR 2.0.50727; .NET CLR 3.5.30729; .NET CLR 3.0.30729; Media Center PC 6.0; .NET4.0C; .NET4.0E; Tablet PC 2.0)" 
64.90.53.137 - - [25/Oct/2025:03:43:20 -0700] "POST /wp-cron.php?doing_wp_cron=1761389000.9409520626068115234375 HTTP/1.1" 200 3634 "https://www.biblioglow.com/wp-cron.php?doing_wp_cron=1761389000.9409520626068115234375" "WordPress/6.1.9; https://www.biblioglow.com" 
185.191.171.19 - - [25/Oct/2025:03:43:20 -0700] "GET /shopdetail194978056?kg=0193353358 HTTP/1.1" 301 3732 "-" "Mozilla/5.0 (compatible; SemrushBot/7~bl; +http://www.semrush.com/bot.html)" 
185.191.171.16 - - [25/Oct/2025:03:43:22 -0700] "GET /shopdetail194978056?kg=0193353358 HTTP/1.1" 404 51133 "-" "Mozilla/5.0 (compatible; SemrushBot/7~bl; +http://www.semrush.com/bot.html)" 
66.249.68.134 - - [25/Oct/2025:03:43:24 -0700] "GET /shopdetail75732464?kg=0075101481 HTTP/1.1" 200 30538 "-" "Mozilla/5.0 (Linux; Android 6.0.1; Nexus 5X Build/MMB29P) AppleWebKit/537.36 (KHTML, like Gecko) Chrome/141.0.7390.122 Mobile Safari/537.36 (compatible; GoogleOther)" 
85.208.96.206 - - [25/Oct/2025:03:43:24 -0700] "GET /shopdetail195046888?kg=0193421618 HTTP/1.1" 301 3732 "-" "Mozilla/5.0 (compatible; SemrushBot/7~bl; +http://www.semrush.com/bot.html)" 
185.191.171.14 - - [25/Oct/2025:03:43:27 -0700] "GET /shopdetail195046888?kg=0193421618 HTTP/1.1" 404 51133 "-" "Mozilla/5.0 (compatible; SemrushBot/7~bl; +http://www.semrush.com/bot.html)" 
66.249.79.4 - - [25/Oct/2025:03:43:31 -0700] "GET /shopdetail7424776?kg=0007363022 HTTP/1.1" 200 30639 "-" "Mozilla/5.0 (compatible; Googlebot/2.1; +http://www.google.com/bot.html)" 
85.208.96.193 - - [25/Oct/2025:03:43:31 -0700] "GET /shopdetail194992856?kg=0193368036 HTTP/1.1" 301 3732 "-" "Mozilla/5.0 (compatible; SemrushBot/7~bl; +http://www.semrush.com/bot.html)" 
85.208.96.194 - - [25/Oct/2025:03:43:32 -0700] "GET /shopdetail194992856?kg=0193368036 HTTP/1.1" 404 51133 "-" "Mozilla/5.0 (compatible; SemrushBot/7~bl; +http://www.semrush.com/bot.html)" 
66.249.68.133 - - [25/Oct/2025:03:43:48 -0700] "GET /shopdetail34786680?kg=0034496912 HTTP/1.1" 200 30751 "-" "Mozilla/5.0 (Linux; Android 6.0.1; Nexus 5X Build/MMB29P) AppleWebKit/537.36 (KHTML, like Gecko) Chrome/141.0.7390.122 Mobile Safari/537.36 (compatible; GoogleOther)" 
66.249.68.135 - - [25/Oct/2025:03:44:01 -0700] "GET /shopdetail34714144?kg=0034424979 HTTP/1.1" 200 30802 "-" "Mozilla/5.0 (Linux; Android 6.0.1; Nexus 5X Build/MMB29P) AppleWebKit/537.36 (KHTML, like Gecko) Chrome/141.0.7390.122 Mobile Safari/537.36 (compatible; GoogleOther)" 
185.191.171.18 - - [25/Oct/2025:03:44:09 -0700] "GET /shopdetail194994368?kg=0193369535 HTTP/1.1" 301 3732 "-" "Mozilla/5.0 (compatible; SemrushBot/7~bl; +http://www.semrush.com/bot.html)" 
185.191.171.12 - - [25/Oct/2025:03:44:10 -0700] "GET /shopdetail194994368?kg=0193369535 HTTP/1.1" 404 51133 "-" "Mozilla/5.0 (compatible; SemrushBot/7~bl; +http://www.semrush.com/bot.html)" 
64.90.53.137 - - [25/Oct/2025:03:44:14 -0700] "POST /wp-cron.php?doing_wp_cron=1761389054.1425609588623046875000 HTTP/1.1" 200 3634 "https://www.biblioglow.com/wp-cron.php?doing_wp_cron=1761389054.1425609588623046875000" "WordPress/6.1.9; https://www.biblioglow.com" 
185.191.171.18 - - [25/Oct/2025:03:44:13 -0700] "GET /shopdetail195021656?kg=0193396596 HTTP/1.1" 301 3732 "-" "Mozilla/5.0 (compatible; SemrushBot/7~bl; +http://www.semrush.com/bot.html)" 
114.119.141.83 - - [25/Oct/2025:03:44:16 -0700] "GET /shopdetail197664952?kg=0196017864 HTTP/1.1" 301 3732 "https://biblioglow.com/sitemap.xml" "Mozilla/5.0 (Linux; Android 7.0;) AppleWebKit/537.36 (KHTML, like Gecko) Mobile Safari/537.36 (compatible; PetalBot;+https://webmaster.petalsearch.com/site/petalbot)" 
85.208.96.203 - - [25/Oct/2025:03:44:16 -0700] "GET /shopdetail195021656?kg=0193396596 HTTP/1.1" 404 51133 "-" "Mozilla/5.0 (compatible; SemrushBot/7~bl; +http://www.semrush.com/bot.html)" 
114.119.141.83 - - [25/Oct/2025:03:44:17 -0700] "GET /shopdetail197664952?kg=0196017864 HTTP/1.1" 404 51111 "https://biblioglow.com/sitemap.xml" "Mozilla/5.0 (Linux; Android 7.0;) AppleWebKit/537.36 (KHTML, like Gecko) Mobile Safari/537.36 (compatible; PetalBot;+https://webmaster.petalsearch.com/site/petalbot)" 
66.249.68.133 - - [25/Oct/2025:03:44:22 -0700] "GET /shopdetail310981432?kg=0308390040 HTTP/1.1" 200 30857 "-" "Mozilla/5.0 (Linux; Android 6.0.1; Nexus 5X Build/MMB29P) AppleWebKit/537.36 (KHTML, like Gecko) Chrome/141.0.7390.122 Mobile Safari/537.36 (compatible; GoogleOther)" 
66.249.68.133 - - [25/Oct/2025:03:44:38 -0700] "GET /shopdetail326573888?kg=0323852559 HTTP/1.1" 200 30546 "-" "Mozilla/5.0 (Linux; Android 6.0.1; Nexus 5X Build/MMB29P) AppleWebKit/537.36 (KHTML, like Gecko) Chrome/141.0.7390.122 Mobile Safari/537.36 (compatible; GoogleOther)" 
52.73.142.41 - - [25/Oct/2025:03:44:46 -0700] "GET /2020/06/29/the-hamilton-affair-review/ HTTP/1.1" 200 19483 "-" "Mozilla/5.0 AppleWebKit/537.36 (KHTML, like Gecko; compatible; Amazonbot/0.1; +https://developer.amazon.com/support/amazonbot) Chrome/119.0.6045.214 Safari/537.36" 
114.119.135.207 - - [25/Oct/2025:03:54:17 -0700] "GET /shopdetail197658088?kg=0196011058 HTTP/1.1" 301 3732 "https://biblioglow.com/sitemap.xml" "Mozilla/5.0 (Linux; Android 7.0;) AppleWebKit/537.36 (KHTML, like Gecko) Mobile Safari/537.36 (compatible; PetalBot;+https://webmaster.petalsearch.com/site/petalbot)" 
64.90.53.137 - - [25/Oct/2025:03:54:20 -0700] "POST /wp-cron.php?doing_wp_cron=1761389660.0841329097747802734375 HTTP/1.1" 200 3634 "https://www.biblioglow.com/wp-cron.php?doing_wp_cron=1761389660.0841329097747802734375" "WordPress/6.1.9; https://www.biblioglow.com" 
114.119.135.207 - - [25/Oct/2025:03:54:22 -0700] "GET /shopdetail197658088?kg=0196011058 HTTP/1.1" 404 51133 "https://biblioglow.com/sitemap.xml" "Mozilla/5.0 (Linux; Android 7.0;) AppleWebKit/537.36 (KHTML, like Gecko) Mobile Safari/537.36 (compatible; PetalBot;+https://webmaster.petalsearch.com/site/petalbot)" 
66.249.68.133 - - [25/Oct/2025:03:54:24 -0700] "GET /shopdetail43852936?kg=0043487614 HTTP/1.1" 200 30378 "-" "Mozilla/5.0 (Linux; Android 6.0.1; Nexus 5X Build/MMB29P) AppleWebKit/537.36 (KHTML, like Gecko) Chrome/141.0.7390.122 Mobile Safari/537.36 (compatible; Googlebot/2.1; +http://www.google.com/bot.html)" 
66.249.68.133 - - [25/Oct/2025:03:54:30 -0700] "GET /shopdetail162286624?kg=0160934355 HTTP/1.1" 200 30471 "-" "Mozilla/5.0 (Linux; Android 6.0.1; Nexus 5X Build/MMB29P) AppleWebKit/537.36 (KHTML, like Gecko) Chrome/141.0.7390.122 Mobile Safari/537.36 (compatible; GoogleOther)" 
66.249.68.133 - - [25/Oct/2025:03:54:35 -0700] "GET /shopdetail59349240?kg=0058854784 HTTP/1.1" 200 31228 "-" "Mozilla/5.0 (Linux; Android 6.0.1; Nexus 5X Build/MMB29P) AppleWebKit/537.36 (KHTML, like Gecko) Chrome/141.0.7390.122 Mobile Safari/537.36 (compatible; GoogleOther)" 
66.249.68.133 - - [25/Oct/2025:03:54:40 -0700] "GET /shopdetail35181656?kg=0034888596 HTTP/1.1" 200 28045 "-" "Mozilla/5.0 (Linux; Android 6.0.1; Nexus 5X Build/MMB29P) AppleWebKit/537.36 (KHTML, like Gecko) Chrome/141.0.7390.122 Mobile Safari/537.36 (compatible; GoogleOther)" 
66.249.68.133 - - [25/Oct/2025:03:54:44 -0700] "GET /shopdetail188847360?kg=0187273751 HTTP/1.1" 200 27303 "-" "Mozilla/5.0 (Linux; Android 6.0.1; Nexus 5X Build/MMB29P) AppleWebKit/537.36 (KHTML, like Gecko) Chrome/141.0.7390.122 Mobile Safari/537.36 (compatible; GoogleOther)" 
66.249.68.133 - - [25/Oct/2025:03:54:47 -0700] "GET /shopdetail34950712?kg=0034659576 HTTP/1.1" 200 27305 "-" "Mozilla/5.0 (Linux; Android 6.0.1; Nexus 5X Build/MMB29P) AppleWebKit/537.36 (KHTML, like Gecko) Chrome/141.0.7390.122 Mobile Safari/537.36 (compatible; GoogleOther)" 
66.249.68.133 - - [25/Oct/2025:03:54:50 -0700] "GET /shopdetail59154232?kg=0058661400 HTTP/1.1" 200 29458 "-" "Mozilla/5.0 (Linux; Android 6.0.1; Nexus 5X Build/MMB29P) AppleWebKit/537.36 (KHTML, like Gecko) Chrome/141.0.7390.122 Mobile Safari/537.36 (compatible; GoogleOther)" 
66.249.68.133 - - [25/Oct/2025:03:54:56 -0700] "GET /shopdetail325325888?kg=0322614959 HTTP/1.1" 200 33222 "-" "Mozilla/5.0 (Linux; Android 6.0.1; Nexus 5X Build/MMB29P) AppleWebKit/537.36 (KHTML, like Gecko) Chrome/141.0.7390.122 Mobile Safari/537.36 (compatible; GoogleOther)" 
185.191.171.1 - - [25/Oct/2025:03:54:58 -0700] "GET /shopdetail194995336?kg=0193370494 HTTP/1.1" 301 3732 "-" "Mozilla/5.0 (compatible; SemrushBot/7~bl; +http://www.semrush.com/bot.html)" 
85.208.96.211 - - [25/Oct/2025:03:55:01 -0700] "GET /shopdetail194995336?kg=0193370494 HTTP/1.1" 404 51111 "-" "Mozilla/5.0 (compatible; SemrushBot/7~bl; +http://www.semrush.com/bot.html)" 
66.249.68.134 - - [25/Oct/2025:03:55:18 -0700] "GET /shopdetail35477896?kg=0035182366 HTTP/1.1" 200 31975 "-" "Mozilla/5.0 (Linux; Android 6.0.1; Nexus 5X Build/MMB29P) AppleWebKit/537.36 (KHTML, like Gecko) Chrome/141.0.7390.122 Mobile Safari/537.36 (compatible; GoogleOther)" 
66.249.68.133 - - [25/Oct/2025:03:55:24 -0700] "GET /shopdetail32178096?kg=0031910065 HTTP/1.1" 200 33660 "-" "Mozilla/5.0 (Linux; Android 6.0.1; Nexus 5X Build/MMB29P) AppleWebKit/537.36 (KHTML, like Gecko) Chrome/141.0.7390.122 Mobile Safari/537.36 (compatible; GoogleOther)" 
85.208.96.196 - - [25/Oct/2025:03:55:25 -0700] "GET /shopdetail194983664?kg=0193358921 HTTP/1.1" 301 3732 "-" "Mozilla/5.0 (compatible; SemrushBot/7~bl; +http://www.semrush.com/bot.html)" 
64.90.53.137 - - [25/Oct/2025:03:55:27 -0700] "POST /wp-cron.php?doing_wp_cron=1761389727.3333880901336669921875 HTTP/1.1" 200 3634 "https://www.biblioglow.com/wp-cron.php?doing_wp_cron=1761389727.3333880901336669921875" "WordPress/6.1.9; https://www.biblioglow.com" 
185.191.171.16 - - [25/Oct/2025:03:55:28 -0700] "GET /shopdetail194983664?kg=0193358921 HTTP/1.1" 404 51111 "-" "Mozilla/5.0 (compatible; SemrushBot/7~bl; +http://www.semrush.com/bot.html)" 
66.249.68.133 - - [25/Oct/2025:03:55:33 -0700] "GET /shopdetail326309200?kg=0323590077 HTTP/1.1" 200 31246 "-" "Mozilla/5.0 (Linux; Android 6.0.1; Nexus 5X Build/MMB29P) AppleWebKit/537.36 (KHTML, like Gecko) Chrome/141.0.7390.122 Mobile Safari/537.36 (compatible; GoogleOther)" 
114.119.151.155 - - [25/Oct/2025:03:55:33 -0700] "GET /shopdetail197656440?kg=0196009424 HTTP/1.1" 301 3732 "https://biblioglow.com/sitemap.xml" "Mozilla/5.0 (Linux; Android 7.0;) AppleWebKit/537.36 (KHTML, like Gecko) Mobile Safari/537.36 (compatible; PetalBot;+https://webmaster.petalsearch.com/site/petalbot)" 
66.249.68.133 - - [25/Oct/2025:03:55:37 -0700] "GET /shopdetail159762096?kg=0158430865 HTTP/1.1" 200 29226 "-" "Mozilla/5.0 (Linux; Android 6.0.1; Nexus 5X Build/MMB29P) AppleWebKit/537.36 (KHTML, like Gecko) Chrome/141.0.7390.122 Mobile Safari/537.36 (compatible; GoogleOther)" 
114.119.151.155 - - [25/Oct/2025:03:55:38 -0700] "GET /shopdetail197656440?kg=0196009424 HTTP/1.1" 404 51133 "https://biblioglow.com/sitemap.xml" "Mozilla/5.0 (Linux; Android 7.0;) AppleWebKit/537.36 (KHTML, like Gecko) Mobile Safari/537.36 (compatible; PetalBot;+https://webmaster.petalsearch.com/site/petalbot)" 
185.191.171.9 - - [25/Oct/2025:03:55:40 -0700] "GET /shopdetail195012464?kg=0193387481 HTTP/1.1" 301 3732 "-" "Mozilla/5.0 (compatible; SemrushBot/7~bl; +http://www.semrush.com/bot.html)" 
66.249.68.133 - - [25/Oct/2025:03:55:41 -0700] "GET /shopdetail161455944?kg=0160110598 HTTP/1.1" 200 27652 "-" "Mozilla/5.0 (Linux; Android 6.0.1; Nexus 5X Build/MMB29P) AppleWebKit/537.36 (KHTML, like Gecko) Chrome/141.0.7390.122 Mobile Safari/537.36 (compatible; GoogleOther)" 
85.208.96.196 - - [25/Oct/2025:03:55:42 -0700] "GET /shopdetail195012464?kg=0193387481 HTTP/1.1" 404 51133 "-" "Mozilla/5.0 (compatible; SemrushBot/7~bl; +http://www.semrush.com/bot.html)" 
85.208.96.198 - - [25/Oct/2025:03:55:48 -0700] "GET /shopdetail195041688?kg=0193416460 HTTP/1.1" 301 3732 "-" "Mozilla/5.0 (compatible; SemrushBot/7~bl; +http://www.semrush.com/bot.html)" 
66.249.68.133 - - [25/Oct/2025:03:55:50 -0700] "GET /shopdetail76714688?kg=0076075519 HTTP/1.1" 200 30694 "-" "Mozilla/5.0 (Linux; Android 6.0.1; Nexus 5X Build/MMB29P) AppleWebKit/537.36 (KHTML, like Gecko) Chrome/141.0.7390.122 Mobile Safari/537.36 (compatible; GoogleOther)" 
85.208.96.205 - - [25/Oct/2025:03:55:50 -0700] "GET /shopdetail195041688?kg=0193416460 HTTP/1.1" 404 51133 "-" "Mozilla/5.0 (compatible; SemrushBot/7~bl; +http://www.semrush.com/bot.html)" 
85.208.96.199 - - [25/Oct/2025:03:55:53 -0700] "GET /shopdetail195003968?kg=0193379055 HTTP/1.1" 301 3732 "-" "Mozilla/5.0 (compatible; SemrushBot/7~bl; +http://www.semrush.com/bot.html)" 
85.208.96.208 - - [25/Oct/2025:03:55:55 -0700] "GET /shopdetail195003968?kg=0193379055 HTTP/1.1" 404 51133 "-" "Mozilla/5.0 (compatible; SemrushBot/7~bl; +http://www.semrush.com/bot.html)" 
66.249.68.133 - - [25/Oct/2025:03:55:56 -0700] "GET /shopdetail326595552?kg=0323874043 HTTP/1.1" 200 30714 "-" "Mozilla/5.0 (Linux; Android 6.0.1; Nexus 5X Build/MMB29P) AppleWebKit/537.36 (KHTML, like Gecko) Chrome/141.0.7390.122 Mobile Safari/537.36 (compatible; GoogleOther)" 
85.208.96.198 - - [25/Oct/2025:03:55:58 -0700] "GET /shopdetail194973112?kg=0193348456 HTTP/1.1" 301 3732 "-" "Mozilla/5.0 (compatible; SemrushBot/7~bl; +http://www.semrush.com/bot.html)" 
85.208.96.194 - - [25/Oct/2025:03:56:00 -0700] "GET /shopdetail194973112?kg=0193348456 HTTP/1.1" 404 51133 "-" "Mozilla/5.0 (compatible; SemrushBot/7~bl; +http://www.semrush.com/bot.html)" 
85.208.96.196 - - [25/Oct/2025:03:56:03 -0700] "GET /shopdetail194961048?kg=0193336492 HTTP/1.1" 301 3732 "-" "Mozilla/5.0 (compatible; SemrushBot/7~bl; +http://www.semrush.com/bot.html)" 
185.191.171.1 - - [25/Oct/2025:03:56:05 -0700] "GET /shopdetail194961048?kg=0193336492 HTTP/1.1" 404 51133 "-" "Mozilla/5.0 (compatible; SemrushBot/7~bl; +http://www.semrush.com/bot.html)" 
85.208.96.199 - - [25/Oct/2025:03:56:08 -0700] "GET /shopdetail195047176?kg=0193421902 HTTP/1.1" 301 3732 "-" "Mozilla/5.0 (compatible; SemrushBot/7~bl; +http://www.semrush.com/bot.html)" 
66.249.68.134 - - [25/Oct/2025:03:56:11 -0700] "GET /shopdetail35116800?kg=0034824279 HTTP/1.1" 200 30898 "-" "Mozilla/5.0 (Linux; Android 6.0.1; Nexus 5X Build/MMB29P) AppleWebKit/537.36 (KHTML, like Gecko) Chrome/141.0.7390.122 Mobile Safari/537.36 (compatible; GoogleOther)" 
185.191.171.14 - - [25/Oct/2025:03:56:10 -0700] "GET /shopdetail195047176?kg=0193421902 HTTP/1.1" 404 51133 "-" "Mozilla/5.0 (compatible; SemrushBot/7~bl; +http://www.semrush.com/bot.html)" 
85.208.96.210 - - [25/Oct/2025:03:56:13 -0700] "GET /shopdetail195023576?kg=0193398500 HTTP/1.1" 301 3732 "-" "Mozilla/5.0 (compatible; SemrushBot/7~bl; +http://www.semrush.com/bot.html)" 
64.90.53.137 - - [25/Oct/2025:03:56:14 -0700] "POST /wp-cron.php?doing_wp_cron=1761389774.7907989025115966796875 HTTP/1.1" 200 3634 "https://www.biblioglow.com/wp-cron.php?doing_wp_cron=1761389774.7907989025115966796875" "WordPress/6.1.9; https://www.biblioglow.com" 
66.249.68.133 - - [25/Oct/2025:03:56:14 -0700] "GET /shopdetail326259824?kg=0323541113 HTTP/1.1" 200 32925 "-" "Mozilla/5.0 (Linux; Android 6.0.1; Nexus 5X Build/MMB29P) AppleWebKit/537.36 (KHTML, like Gecko) Chrome/141.0.7390.122 Mobile Safari/537.36 (compatible; GoogleOther)" 
85.208.96.210 - - [25/Oct/2025:03:56:16 -0700] "GET /shopdetail195023576?kg=0193398500 HTTP/1.1" 404 51133 "-" "Mozilla/5.0 (compatible; SemrushBot/7~bl; +http://www.semrush.com/bot.html)" 
185.191.171.1 - - [25/Oct/2025:03:56:19 -0700] "GET /shopdetail195006704?kg=0193381769 HTTP/1.1" 301 3732 "-" "Mozilla/5.0 (compatible; SemrushBot/7~bl; +http://www.semrush.com/bot.html)" 
85.208.96.197 - - [25/Oct/2025:03:56:22 -0700] "GET /shopdetail195006704?kg=0193381769 HTTP/1.1" 404 51133 "-" "Mozilla/5.0 (compatible; SemrushBot/7~bl; +http://www.semrush.com/bot.html)" 
185.191.171.2 - - [25/Oct/2025:03:56:24 -0700] "GET /shopdetail195010272?kg=0193385307 HTTP/1.1" 301 3732 "-" "Mozilla/5.0 (compatible; SemrushBot/7~bl; +http://www.semrush.com/bot.html)" 
66.249.68.133 - - [25/Oct/2025:03:56:28 -0700] "GET /shopdetail189135360?kg=0187559351 HTTP/1.1" 200 30940 "-" "Mozilla/5.0 (Linux; Android 6.0.1; Nexus 5X Build/MMB29P) AppleWebKit/537.36 (KHTML, like Gecko) Chrome/141.0.7390.122 Mobile Safari/537.36 (compatible; GoogleOther)" 
85.208.96.198 - - [25/Oct/2025:03:56:27 -0700] "GET /shopdetail195010272?kg=0193385307 HTTP/1.1" 404 51133 "-" "Mozilla/5.0 (compatible; SemrushBot/7~bl; +http://www.semrush.com/bot.html)" 
114.119.135.207 - - [25/Oct/2025:03:56:50 -0700] "GET /shopdetail197656168?kg=0196009154 HTTP/1.1" 301 3732 "https://biblioglow.com/sitemap.xml" "Mozilla/5.0 (Linux; Android 7.0;) AppleWebKit/537.36 (KHTML, like Gecko) Mobile Safari/537.36 (compatible; PetalBot;+https://webmaster.petalsearch.com/site/petalbot)" 
114.119.135.207 - - [25/Oct/2025:03:56:54 -0700] "GET /shopdetail197656168?kg=0196009154 HTTP/1.1" 404 51133 "https://biblioglow.com/sitemap.xml" "Mozilla/5.0 (Linux; Android 7.0;) AppleWebKit/537.36 (KHTML, like Gecko) Mobile Safari/537.36 (compatible; PetalBot;+https://webmaster.petalsearch.com/site/petalbot)" 
66.249.68.133 - - [25/Oct/2025:03:57:08 -0700] "GET /shopdetail34798080?kg=0034508215 HTTP/1.1" 200 31317 "-" "Mozilla/5.0 (Linux; Android 6.0.1; Nexus 5X Build/MMB29P) AppleWebKit/537.36 (KHTML, like Gecko) Chrome/141.0.7390.122 Mobile Safari/537.36 (compatible; GoogleOther)" 
85.208.96.211 - - [25/Oct/2025:03:57:09 -0700] "GET /shopdetail195053752?kg=0193428424 HTTP/1.1" 301 3732 "-" "Mozilla/5.0 (compatible; SemrushBot/7~bl; +http://www.semrush.com/bot.html)" 
185.191.171.2 - - [25/Oct/2025:03:57:11 -0700] "GET /shopdetail195053752?kg=0193428424 HTTP/1.1" 404 51133 "-" "Mozilla/5.0 (compatible; SemrushBot/7~bl; +http://www.semrush.com/bot.html)" 
185.191.171.10 - - [25/Oct/2025:03:57:19 -0700] "GET /shopdetail195000400?kg=0193375517 HTTP/1.1" 301 3732 "-" "Mozilla/5.0 (compatible; SemrushBot/7~bl; +http://www.semrush.com/bot.html)" 
64.90.53.137 - - [25/Oct/2025:03:57:20 -0700] "POST /wp-cron.php?doing_wp_cron=1761389840.8244171142578125000000 HTTP/1.1" 200 3634 "https://www.biblioglow.com/wp-cron.php?doing_wp_cron=1761389840.8244171142578125000000" "WordPress/6.1.9; https://www.biblioglow.com" 
3.134.84.114 - - [25/Oct/2025:03:57:22 -0700] "GET /wp-login.php HTTP/2.0" 200 2050 "-" "Mozilla/5.0 (Windows NT 6.3; Win64; x64; Trident/7.0; Touch; rv:11.0) like Gecko" 
185.191.171.17 - - [25/Oct/2025:03:57:22 -0700] "GET /shopdetail195000400?kg=0193375517 HTTP/1.1" 404 51133 "-" "Mozilla/5.0 (compatible; SemrushBot/7~bl; +http://www.semrush.com/bot.html)" 
66.249.68.134 - - [25/Oct/2025:03:57:27 -0700] "GET /shopdetail75444464?kg=0074815881 HTTP/1.1" 200 34193 "-" "Mozilla/5.0 (Linux; Android 6.0.1; Nexus 5X Build/MMB29P) AppleWebKit/537.36 (KHTML, like Gecko) Chrome/141.0.7390.122 Mobile Safari/537.36 (compatible; GoogleOther)" 
3.134.84.114 - - [25/Oct/2025:03:57:28 -0700] "POST /wp-login.php HTTP/2.0" 200 2065 "https://www.biblioglow.com/wp-login.php" "Mozilla/5.0 (Windows NT 6.3; Win64; x64; Trident/7.0; Touch; rv:11.0) like Gecko" 
66.249.79.4 - - [25/Oct/2025:03:57:32 -0700] "GET /shopdetail6798432?kg=0006741899 HTTP/1.1" 200 30439 "-" "Mozilla/5.0 (compatible; Googlebot/2.1; +http://www.google.com/bot.html)" 
66.249.68.133 - - [25/Oct/2025:03:57:35 -0700] "GET /shopdetail189155512?kg=0187579336 HTTP/1.1" 200 30750 "-" "Mozilla/5.0 (Linux; Android 6.0.1; Nexus 5X Build/MMB29P) AppleWebKit/537.36 (KHTML, like Gecko) Chrome/141.0.7390.122 Mobile Safari/537.36 (compatible; GoogleOther)" 
66.249.68.133 - - [25/Oct/2025:03:57:42 -0700] "GET /shopdetail35067968?kg=0034775855 HTTP/1.1" 200 30659 "-" "Mozilla/5.0 (Linux; Android 6.0.1; Nexus 5X Build/MMB29P) AppleWebKit/537.36 (KHTML, like Gecko) Chrome/141.0.7390.122 Mobile Safari/537.36 (compatible; GoogleOther)" 
85.208.96.194 - - [25/Oct/2025:03:57:43 -0700] "GET /shopdetail195013296?kg=0193388305 HTTP/1.1" 301 3732 "-" "Mozilla/5.0 (compatible; SemrushBot/7~bl; +http://www.semrush.com/bot.html)" 
185.191.171.1 - - [25/Oct/2025:03:57:45 -0700] "GET /shopdetail195013296?kg=0193388305 HTTP/1.1" 404 51133 "-" "Mozilla/5.0 (compatible; SemrushBot/7~bl; +http://www.semrush.com/bot.html)" 
66.249.68.133 - - [25/Oct/2025:03:57:55 -0700] "GET /shopdetail326050968?kg=0323333996 HTTP/1.1" 200 30366 "-" "Mozilla/5.0 (Linux; Android 6.0.1; Nexus 5X Build/MMB29P) AppleWebKit/537.36 (KHTML, like Gecko) Chrome/141.0.7390.122 Mobile Safari/537.36 (compatible; GoogleOther)" 
64.90.53.137 - - [25/Oct/2025:03:58:15 -0700] "POST /wp-cron.php?doing_wp_cron=1761389895.7797689437866210937500 HTTP/1.1" 200 3634 "https://www.biblioglow.com/wp-cron.php?doing_wp_cron=1761389895.7797689437866210937500" "WordPress/6.1.9; https://www.biblioglow.com" 
114.119.136.150 - - [25/Oct/2025:03:58:15 -0700] "GET /shopdetail197654672?kg=0196007669 HTTP/1.1" 301 3732 "https://biblioglow.com/sitemap.xml" "Mozilla/5.0 (Linux; Android 7.0;) AppleWebKit/537.36 (KHTML, like Gecko) Mobile Safari/537.36 (compatible; PetalBot;+https://webmaster.petalsearch.com/site/petalbot)" 
114.119.136.150 - - [25/Oct/2025:03:58:17 -0700] "GET /shopdetail197654672?kg=0196007669 HTTP/1.1" 404 51133 "https://biblioglow.com/sitemap.xml" "Mozilla/5.0 (Linux; Android 7.0;) AppleWebKit/537.36 (KHTML, like Gecko) Mobile Safari/537.36 (compatible; PetalBot;+https://webmaster.petalsearch.com/site/petalbot)" 
66.249.68.133 - - [25/Oct/2025:03:58:19 -0700] "GET /shopdetail34780784?kg=0034491065 HTTP/1.1" 200 30453 "-" "Mozilla/5.0 (Linux; Android 6.0.1; Nexus 5X Build/MMB29P) AppleWebKit/537.36 (KHTML, like Gecko) Chrome/141.0.7390.122 Mobile Safari/537.36 (compatible; GoogleOther)" 
66.249.68.133 - - [25/Oct/2025:03:58:30 -0700] "GET /shopdetail35072352?kg=0034780203 HTTP/1.1" 200 32259 "-" "Mozilla/5.0 (Linux; Android 6.0.1; Nexus 5X Build/MMB29P) AppleWebKit/537.36 (KHTML, like Gecko) Chrome/141.0.7390.122 Mobile Safari/537.36 (compatible; GoogleOther)" 
185.191.171.4 - - [25/Oct/2025:03:58:36 -0700] "GET /shopdetail195009184?kg=0193384227 HTTP/1.1" 301 3732 "-" "Mozilla/5.0 (compatible; SemrushBot/7~bl; +http://www.semrush.com/bot.html)" 
85.208.96.193 - - [25/Oct/2025:03:58:37 -0700] "GET /shopdetail195009184?kg=0193384227 HTTP/1.1" 404 51133 "-" "Mozilla/5.0 (compatible; SemrushBot/7~bl; +http://www.semrush.com/bot.html)" 
85.208.96.205 - - [25/Oct/2025:03:58:43 -0700] "GET /shopdetail194998752?kg=0193373883 HTTP/1.1" 301 3732 "-" "Mozilla/5.0 (compatible; SemrushBot/7~bl; +http://www.semrush.com/bot.html)" 
85.208.96.210 - - [25/Oct/2025:03:58:44 -0700] "GET /shopdetail194998752?kg=0193373883 HTTP/1.1" 404 51133 "-" "Mozilla/5.0 (compatible; SemrushBot/7~bl; +http://www.semrush.com/bot.html)" 
185.191.171.5 - - [25/Oct/2025:03:58:47 -0700] "GET /shopdetail195052376?kg=0193427060 HTTP/1.1" 301 3732 "-" "Mozilla/5.0 (compatible; SemrushBot/7~bl; +http://www.semrush.com/bot.html)" 
185.191.171.9 - - [25/Oct/2025:03:58:49 -0700] "GET /shopdetail195052376?kg=0193427060 HTTP/1.1" 404 51133 "-" "Mozilla/5.0 (compatible; SemrushBot/7~bl; +http://www.semrush.com/bot.html)" 
66.249.68.133 - - [25/Oct/2025:03:58:57 -0700] "GET /shopdetail161741616?kg=0160393889 HTTP/1.1" 200 30658 "-" "Mozilla/5.0 (Linux; Android 6.0.1; Nexus 5X Build/MMB29P) AppleWebKit/537.36 (KHTML, like Gecko) Chrome/141.0.7390.122 Mobile Safari/537.36 (compatible; GoogleOther)" 
66.249.68.133 - - [25/Oct/2025:03:59:04 -0700] "GET /shopdetail34807120?kg=0034517181 HTTP/1.1" 200 32756 "-" "Mozilla/5.0 (Linux; Android 6.0.1; Nexus 5X Build/MMB29P) AppleWebKit/537.36 (KHTML, like Gecko) Chrome/141.0.7390.122 Mobile Safari/537.36 (compatible; GoogleOther)" 
66.249.68.134 - - [25/Oct/2025:03:59:34 -0700] "GET /shopdetail74353768?kg=0073734274 HTTP/1.1" 200 31824 "-" "Mozilla/5.0 (Linux; Android 6.0.1; Nexus 5X Build/MMB29P) AppleWebKit/537.36 (KHTML, like Gecko) Chrome/141.0.7390.122 Mobile Safari/537.36 (compatible; GoogleOther)" 
64.90.53.137 - - [25/Oct/2025:03:59:35 -0700] "POST /wp-cron.php?doing_wp_cron=1761389975.7447628974914550781250 HTTP/1.1" 200 3634 "https://www.biblioglow.com/wp-cron.php?doing_wp_cron=1761389975.7447628974914550781250" "WordPress/6.1.9; https://www.biblioglow.com" 
114.119.156.60 - - [25/Oct/2025:03:59:35 -0700] "GET /shopdetail197652616?kg=0196005630 HTTP/1.1" 301 3732 "https://biblioglow.com/sitemap.xml" "Mozilla/5.0 (Linux; Android 7.0;) AppleWebKit/537.36 (KHTML, like Gecko) Mobile Safari/537.36 (compatible; PetalBot;+https://webmaster.petalsearch.com/site/petalbot)" 
114.119.156.60 - - [25/Oct/2025:03:59:37 -0700] "GET /shopdetail197652616?kg=0196005630 HTTP/1.1" 404 51133 "https://biblioglow.com/sitemap.xml" "Mozilla/5.0 (Linux; Android 7.0;) AppleWebKit/537.36 (KHTML, like Gecko) Mobile Safari/537.36 (compatible; PetalBot;+https://webmaster.petalsearch.com/site/petalbot)" 
66.249.68.133 - - [25/Oct/2025:03:59:38 -0700] "GET /shopdetail76573288?kg=0075935298 HTTP/1.1" 200 31669 "-" "Mozilla/5.0 (Linux; Android 6.0.1; Nexus 5X Build/MMB29P) AppleWebKit/537.36 (KHTML, like Gecko) Chrome/141.0.7390.122 Mobile Safari/537.36 (compatible; GoogleOther)" 
66.249.68.134 - - [25/Oct/2025:04:00:11 -0700] "GET /shopdetail188642056?kg=0187070158 HTTP/1.1" 200 31318 "-" "Mozilla/5.0 (Linux; Android 6.0.1; Nexus 5X Build/MMB29P) AppleWebKit/537.36 (KHTML, like Gecko) Chrome/141.0.7390.122 Mobile Safari/537.36 (compatible; GoogleOther)" 
66.249.68.135 - - [25/Oct/2025:04:00:14 -0700] "GET /shopdetail162295664?kg=0160943321 HTTP/1.1" 200 30808 "-" "Mozilla/5.0 (Linux; Android 6.0.1; Nexus 5X Build/MMB29P) AppleWebKit/537.36 (KHTML, like Gecko) Chrome/141.0.7390.122 Mobile Safari/537.36 (compatible; GoogleOther)" 
64.90.53.137 - - [25/Oct/2025:04:00:19 -0700] "POST /wp-cron.php?doing_wp_cron=1761390019.8065319061279296875000 HTTP/1.1" 200 3634 "https://www.biblioglow.com/wp-cron.php?doing_wp_cron=1761390019.8065319061279296875000" "WordPress/6.1.9; https://www.biblioglow.com" 
185.191.171.19 - - [25/Oct/2025:04:00:19 -0700] "GET /shopdetail194963512?kg=0193338936 HTTP/1.1" 301 3732 "-" "Mozilla/5.0 (compatible; SemrushBot/7~bl; +http://www.semrush.com/bot.html)" 
85.208.96.197 - - [25/Oct/2025:04:00:20 -0700] "GET /shopdetail194963512?kg=0193338936 HTTP/1.1" 404 51133 "-" "Mozilla/5.0 (compatible; SemrushBot/7~bl; +http://www.semrush.com/bot.html)" 
185.191.171.16 - - [25/Oct/2025:04:00:25 -0700] "GET /shopdetail195020296?kg=0193395246 HTTP/1.1" 301 3732 "-" "Mozilla/5.0 (compatible; SemrushBot/7~bl; +http://www.semrush.com/bot.html)" 
185.191.171.18 - - [25/Oct/2025:04:00:26 -0700] "GET /shopdetail195020296?kg=0193395246 HTTP/1.1" 404 51133 "-" "Mozilla/5.0 (compatible; SemrushBot/7~bl; +http://www.semrush.com/bot.html)" 
66.249.68.133 - - [25/Oct/2025:04:00:46 -0700] "GET /shopdetail59167808?kg=0058674863 HTTP/1.1" 200 30450 "-" "Mozilla/5.0 (Linux; Android 6.0.1; Nexus 5X Build/MMB29P) AppleWebKit/537.36 (KHTML, like Gecko) Chrome/141.0.7390.122 Mobile Safari/537.36 (compatible; GoogleOther)" 
66.249.68.133 - - [25/Oct/2025:04:00:49 -0700] "GET /shopdetail35197984?kg=0034904787 HTTP/1.1" 200 27410 "-" "Mozilla/5.0 (Linux; Android 6.0.1; Nexus 5X Build/MMB29P) AppleWebKit/537.36 (KHTML, like Gecko) Chrome/141.0.7390.122 Mobile Safari/537.36 (compatible; GoogleOther)" 
114.119.130.109 - - [25/Oct/2025:04:01:00 -0700] "GET /shopdetail197652056?kg=0196005076 HTTP/1.1" 301 3732 "https://biblioglow.com/sitemap.xml" "Mozilla/5.0 (Linux; Android 7.0;) AppleWebKit/537.36 (KHTML, like Gecko) Mobile Safari/537.36 (compatible; PetalBot;+https://webmaster.petalsearch.com/site/petalbot)" 
114.119.130.109 - - [25/Oct/2025:04:01:02 -0700] "GET /shopdetail197652056?kg=0196005076 HTTP/1.1" 404 51133 "https://biblioglow.com/sitemap.xml" "Mozilla/5.0 (Linux; Android 7.0;) AppleWebKit/537.36 (KHTML, like Gecko) Mobile Safari/537.36 (compatible; PetalBot;+https://webmaster.petalsearch.com/site/petalbot)" 
66.249.68.133 - - [25/Oct/2025:04:01:20 -0700] "GET /shopdetail325707016?kg=0322992910 HTTP/1.1" 200 30805 "-" "Mozilla/5.0 (Linux; Android 6.0.1; Nexus 5X Build/MMB29P) AppleWebKit/537.36 (KHTML, like Gecko) Chrome/141.0.7390.122 Mobile Safari/537.36 (compatible; GoogleOther)" 
66.249.68.134 - - [25/Oct/2025:04:01:25 -0700] "GET /shopdetail324981392?kg=0322273333 HTTP/1.1" 200 30774 "-" "Mozilla/5.0 (Linux; Android 6.0.1; Nexus 5X Build/MMB29P) AppleWebKit/537.36 (KHTML, like Gecko) Chrome/141.0.7390.122 Mobile Safari/537.36 (compatible; GoogleOther)" 
66.249.79.4 - - [25/Oct/2025:04:01:28 -0700] "GET /shopdetail7159664?kg=0007100121 HTTP/1.1" 200 30407 "-" "Mozilla/5.0 (Linux; Android 6.0.1; Nexus 5X Build/MMB29P) AppleWebKit/537.36 (KHTML, like Gecko) Chrome/141.0.7390.122 Mobile Safari/537.36 (compatible; Googlebot/2.1; +http://www.google.com/bot.html)" 
185.191.171.7 - - [25/Oct/2025:04:01:28 -0700] "GET /shopdetail194960216?kg=0193335668 HTTP/1.1" 301 3732 "-" "Mozilla/5.0 (compatible; SemrushBot/7~bl; +http://www.semrush.com/bot.html)" 
64.90.53.137 - - [25/Oct/2025:04:01:29 -0700] "POST /wp-cron.php?doing_wp_cron=1761390089.1273920536041259765625 HTTP/1.1" 200 3634 "https://www.biblioglow.com/wp-cron.php?doing_wp_cron=1761390089.1273920536041259765625" "WordPress/6.1.9; https://www.biblioglow.com" 
185.191.171.14 - - [25/Oct/2025:04:01:31 -0700] "GET /shopdetail194960216?kg=0193335668 HTTP/1.1" 404 51133 "-" "Mozilla/5.0 (compatible; SemrushBot/7~bl; +http://www.semrush.com/bot.html)" 
66.249.68.133 - - [25/Oct/2025:04:01:54 -0700] "GET /shopdetail324995920?kg=0322287741 HTTP/1.1" 200 31555 "-" "Mozilla/5.0 (Linux; Android 6.0.1; Nexus 5X Build/MMB29P) AppleWebKit/537.36 (KHTML, like Gecko) Chrome/141.0.7390.122 Mobile Safari/537.36 (compatible; GoogleOther)" 
185.191.171.8 - - [25/Oct/2025:04:02:01 -0700] "GET /shopdetail195016168?kg=0193391154 HTTP/1.1" 301 3732 "-" "Mozilla/5.0 (compatible; SemrushBot/7~bl; +http://www.semrush.com/bot.html)" 
185.191.171.19 - - [25/Oct/2025:04:02:02 -0700] "GET /shopdetail195016168?kg=0193391154 HTTP/1.1" 404 51133 "-" "Mozilla/5.0 (compatible; SemrushBot/7~bl; +http://www.semrush.com/bot.html)" 
66.249.68.135 - - [25/Oct/2025:04:02:02 -0700] "GET /shopdetail326049320?kg=0323332362 HTTP/1.1" 200 32674 "-" "Mozilla/5.0 (Linux; Android 6.0.1; Nexus 5X Build/MMB29P) AppleWebKit/537.36 (KHTML, like Gecko) Chrome/141.0.7390.122 Mobile Safari/537.36 (compatible; GoogleOther)" 
185.191.171.16 - - [25/Oct/2025:04:02:05 -0700] "GET /shopdetail194985176?kg=0193360420 HTTP/1.1" 301 3732 "-" "Mozilla/5.0 (compatible; SemrushBot/7~bl; +http://www.semrush.com/bot.html)" 
85.208.96.208 - - [25/Oct/2025:04:02:06 -0700] "GET /shopdetail194985176?kg=0193360420 HTTP/1.1" 404 51133 "-" "Mozilla/5.0 (compatible; SemrushBot/7~bl; +http://www.semrush.com/bot.html)" 
64.90.53.137 - - [25/Oct/2025:04:02:14 -0700] "POST /wp-cron.php?doing_wp_cron=1761390134.2946360111236572265625 HTTP/1.1" 200 3634 "https://www.biblioglow.com/wp-cron.php?doing_wp_cron=1761390134.2946360111236572265625" "WordPress/6.1.9; https://www.biblioglow.com" 
185.191.171.8 - - [25/Oct/2025:04:02:13 -0700] "GET /shopdetail194952808?kg=0193328322 HTTP/1.1" 301 3732 "-" "Mozilla/5.0 (compatible; SemrushBot/7~bl; +http://www.semrush.com/bot.html)" 
85.208.96.201 - - [25/Oct/2025:04:02:14 -0700] "GET /shopdetail194952808?kg=0193328322 HTTP/1.1" 404 51133 "-" "Mozilla/5.0 (compatible; SemrushBot/7~bl; +http://www.semrush.com/bot.html)" 
114.119.129.24 - - [25/Oct/2025:04:02:23 -0700] "GET /shopdetail197651648?kg=0196004671 HTTP/1.1" 301 3732 "https://biblioglow.com/sitemap.xml" "Mozilla/5.0 (Linux; Android 7.0;) AppleWebKit/537.36 (KHTML, like Gecko) Mobile Safari/537.36 (compatible; PetalBot;+https://webmaster.petalsearch.com/site/petalbot)" 
114.119.129.24 - - [25/Oct/2025:04:02:25 -0700] "GET /shopdetail197651648?kg=0196004671 HTTP/1.1" 404 51133 "https://biblioglow.com/sitemap.xml" "Mozilla/5.0 (Linux; Android 7.0;) AppleWebKit/537.36 (KHTML, like Gecko) Mobile Safari/537.36 (compatible; PetalBot;+https://webmaster.petalsearch.com/site/petalbot)" 
66.249.68.134 - - [25/Oct/2025:04:02:28 -0700] "GET /shopdetail162097360?kg=0160746669 HTTP/1.1" 200 30500 "-" "Mozilla/5.0 (Linux; Android 6.0.1; Nexus 5X Build/MMB29P) AppleWebKit/537.36 (KHTML, like Gecko) Chrome/141.0.7390.122 Mobile Safari/537.36 (compatible; GoogleOther)" 
66.249.68.133 - - [25/Oct/2025:04:02:40 -0700] "GET /shopdetail35316888?kg=0035022700 HTTP/1.1" 200 30813 "-" "Mozilla/5.0 (Linux; Android 6.0.1; Nexus 5X Build/MMB29P) AppleWebKit/537.36 (KHTML, like Gecko) Chrome/141.0.7390.122 Mobile Safari/537.36 (compatible; GoogleOther)" 
185.191.171.5 - - [25/Oct/2025:04:02:41 -0700] "GET /shopdetail195003016?kg=0193378110 HTTP/1.1" 301 3732 "-" "Mozilla/5.0 (compatible; SemrushBot/7~bl; +http://www.semrush.com/bot.html)" 
185.191.171.3 - - [25/Oct/2025:04:02:43 -0700] "GET /shopdetail195003016?kg=0193378110 HTTP/1.1" 404 51133 "-" "Mozilla/5.0 (compatible; SemrushBot/7~bl; +http://www.semrush.com/bot.html)" 
85.208.96.203 - - [25/Oct/2025:04:02:59 -0700] "GET /shopdetail194957344?kg=0193332819 HTTP/1.1" 301 3732 "-" "Mozilla/5.0 (compatible; SemrushBot/7~bl; +http://www.semrush.com/bot.html)" 
185.191.171.18 - - [25/Oct/2025:04:03:00 -0700] "GET /shopdetail194957344?kg=0193332819 HTTP/1.1" 404 51133 "-" "Mozilla/5.0 (compatible; SemrushBot/7~bl; +http://www.semrush.com/bot.html)" 
66.249.68.135 - - [25/Oct/2025:04:03:02 -0700] "GET /shopdetail325689448?kg=0322975490 HTTP/1.1" 200 32674 "-" "Mozilla/5.0 (Linux; Android 6.0.1; Nexus 5X Build/MMB29P) AppleWebKit/537.36 (KHTML, like Gecko) Chrome/141.0.7390.122 Mobile Safari/537.36 (compatible; GoogleOther)" 
66.249.68.134 - - [25/Oct/2025:04:03:17 -0700] "GET /shopdetail34465224?kg=0034178134 HTTP/1.1" 200 31781 "-" "Mozilla/5.0 (Linux; Android 6.0.1; Nexus 5X Build/MMB29P) AppleWebKit/537.36 (KHTML, like Gecko) Chrome/141.0.7390.122 Mobile Safari/537.36 (compatible; GoogleOther)" 
66.249.68.133 - - [25/Oct/2025:04:03:36 -0700] "GET /shopdetail75541432?kg=0074912040 HTTP/1.1" 200 31826 "-" "Mozilla/5.0 (Linux; Android 6.0.1; Nexus 5X Build/MMB29P) AppleWebKit/537.36 (KHTML, like Gecko) Chrome/141.0.7390.122 Mobile Safari/537.36 (compatible; GoogleOther)" 
114.119.148.10 - - [25/Oct/2025:04:03:51 -0700] "GET /shopdetail197650544?kg=0196003577 HTTP/1.1" 301 3732 "https://biblioglow.com/sitemap.xml" "Mozilla/5.0 (Linux; Android 7.0;) AppleWebKit/537.36 (KHTML, like Gecko) Mobile Safari/537.36 (compatible; PetalBot;+https://webmaster.petalsearch.com/site/petalbot)" 
64.90.53.137 - - [25/Oct/2025:04:03:52 -0700] "POST /wp-cron.php?doing_wp_cron=1761390232.2225151062011718750000 HTTP/1.1" 200 3634 "https://www.biblioglow.com/wp-cron.php?doing_wp_cron=1761390232.2225151062011718750000" "WordPress/6.1.9; https://www.biblioglow.com" 
66.249.68.133 - - [25/Oct/2025:04:03:54 -0700] "GET /shopdetail325903944?kg=0323188198 HTTP/1.1" 200 30868 "-" "Mozilla/5.0 (Linux; Android 6.0.1; Nexus 5X Build/MMB29P) AppleWebKit/537.36 (KHTML, like Gecko) Chrome/141.0.7390.122 Mobile Safari/537.36 (compatible; GoogleOther)" 
114.119.148.10 - - [25/Oct/2025:04:03:54 -0700] "GET /shopdetail197650544?kg=0196003577 HTTP/1.1" 404 51133 "https://biblioglow.com/sitemap.xml" "Mozilla/5.0 (Linux; Android 7.0;) AppleWebKit/537.36 (KHTML, like Gecko) Mobile Safari/537.36 (compatible; PetalBot;+https://webmaster.petalsearch.com/site/petalbot)" 
66.249.68.134 - - [25/Oct/2025:04:04:10 -0700] "GET /shopdetail75237120?kg=0074610263 HTTP/1.1" 200 30704 "-" "Mozilla/5.0 (Linux; Android 6.0.1; Nexus 5X Build/MMB29P) AppleWebKit/537.36 (KHTML, like Gecko) Chrome/141.0.7390.122 Mobile Safari/537.36 (compatible; GoogleOther)" 
66.249.68.134 - - [25/Oct/2025:04:04:31 -0700] "GET /shopdetail326035472?kg=0323318629 HTTP/1.1" 200 30603 "-" "Mozilla/5.0 (Linux; Android 6.0.1; Nexus 5X Build/MMB29P) AppleWebKit/537.36 (KHTML, like Gecko) Chrome/141.0.7390.122 Mobile Safari/537.36 (compatible; GoogleOther)" 
85.208.96.207 - - [25/Oct/2025:04:04:31 -0700] "GET /shopdetail195030168?kg=0193405036 HTTP/1.1" 301 3732 "-" "Mozilla/5.0 (compatible; SemrushBot/7~bl; +http://www.semrush.com/bot.html)" 
64.90.53.137 - - [25/Oct/2025:04:04:33 -0700] "POST /wp-cron.php?doing_wp_cron=1761390273.3125638961791992187500 HTTP/1.1" 200 3634 "https://www.biblioglow.com/wp-cron.php?doing_wp_cron=1761390273.3125638961791992187500" "WordPress/6.1.9; https://www.biblioglow.com" 
185.191.171.3 - - [25/Oct/2025:04:04:34 -0700] "GET /shopdetail195030168?kg=0193405036 HTTP/1.1" 404 51133 "-" "Mozilla/5.0 (compatible; SemrushBot/7~bl; +http://www.semrush.com/bot.html)" 
78.157.49.100 - - [25/Oct/2025:04:04:42 -0700] "GET /wp-login.php HTTP/2.0" 429 351 "-" "Mozilla/4.0 (compatible; MSIE 7.0; Windows NT 10.0; WOW64; Trident/7.0; .NET4.0C; .NET4.0E; .NET CLR 2.0.50727; .NET CLR 3.0.30729; .NET CLR 3.5.30729; McAfee)" 
66.249.68.133 - - [25/Oct/2025:04:04:45 -0700] "GET /shopdetail161889048?kg=0160540092 HTTP/1.1" 200 32942 "-" "Mozilla/5.0 (Linux; Android 6.0.1; Nexus 5X Build/MMB29P) AppleWebKit/537.36 (KHTML, like Gecko) Chrome/141.0.7390.122 Mobile Safari/537.36 (compatible; GoogleOther)" 
66.249.68.134 - - [25/Oct/2025:04:05:08 -0700] "GET /shopdetail76564928?kg=0075927007 HTTP/1.1" 200 30558 "-" "Mozilla/5.0 (Linux; Android 6.0.1; Nexus 5X Build/MMB29P) AppleWebKit/537.36 (KHTML, like Gecko) Chrome/141.0.7390.122 Mobile Safari/537.36 (compatible; GoogleOther)" 
78.157.49.100 - - [25/Oct/2025:04:05:10 -0700] "POST /wp-login.php HTTP/2.0" 429 351 "https://www.biblioglow.com/wp-login.php" "Mozilla/4.0 (compatible; MSIE 7.0; Windows NT 10.0; WOW64; Trident/7.0; .NET4.0C; .NET4.0E; .NET CLR 2.0.50727; .NET CLR 3.0.30729; .NET CLR 3.5.30729; McAfee)" 
114.119.136.150 - - [25/Oct/2025:04:05:17 -0700] "GET /shopdetail197649184?kg=0196002227 HTTP/1.1" 301 3732 "https://biblioglow.com/sitemap.xml" "Mozilla/5.0 (Linux; Android 7.0;) AppleWebKit/537.36 (KHTML, like Gecko) Mobile Safari/537.36 (compatible; PetalBot;+https://webmaster.petalsearch.com/site/petalbot)" 
64.90.53.137 - - [25/Oct/2025:04:05:17 -0700] "POST /wp-cron.php?doing_wp_cron=1761390317.8227159976959228515625 HTTP/1.1" 200 3634 "https://www.biblioglow.com/wp-cron.php?doing_wp_cron=1761390317.8227159976959228515625" "WordPress/6.1.9; https://www.biblioglow.com" 
66.249.68.133 - - [25/Oct/2025:04:05:19 -0700] "GET /shopdetail325926984?kg=0323211046 HTTP/1.1" 200 31004 "-" "Mozilla/5.0 (Linux; Android 6.0.1; Nexus 5X Build/MMB29P) AppleWebKit/537.36 (KHTML, like Gecko) Chrome/141.0.7390.122 Mobile Safari/537.36 (compatible; GoogleOther)" 
114.119.136.150 - - [25/Oct/2025:04:05:20 -0700] "GET /shopdetail197649184?kg=0196002227 HTTP/1.1" 404 51133 "https://biblioglow.com/sitemap.xml" "Mozilla/5.0 (Linux; Android 7.0;) AppleWebKit/537.36 (KHTML, like Gecko) Mobile Safari/537.36 (compatible; PetalBot;+https://webmaster.petalsearch.com/site/petalbot)" 
66.249.68.133 - - [25/Oct/2025:04:05:46 -0700] "GET /shopdetail35698560?kg=0035401191 HTTP/1.1" 200 30874 "-" "Mozilla/5.0 (Linux; Android 6.0.1; Nexus 5X Build/MMB29P) AppleWebKit/537.36 (KHTML, like Gecko) Chrome/141.0.7390.122 Mobile Safari/537.36 (compatible; GoogleOther)" 
66.249.68.133 - - [25/Oct/2025:04:05:53 -0700] "GET /shopdetail34497048?kg=0034209692 HTTP/1.1" 200 32036 "-" "Mozilla/5.0 (Linux; Android 6.0.1; Nexus 5X Build/MMB29P) AppleWebKit/537.36 (KHTML, like Gecko) Chrome/141.0.7390.122 Mobile Safari/537.36 (compatible; GoogleOther)" 
89.117.74.114 - - [25/Oct/2025:04:06:08 -0700] "POST /xmlrpc.php HTTP/2.0" 429 351 "-" "Mozilla/5.0 (Windows NT 6.1; WOW64; Trident/7.0; NP06; rv:11.0) like Gecko" 
185.191.171.12 - - [25/Oct/2025:04:06:12 -0700] "GET /shopdetail194979416?kg=0193354708 HTTP/1.1" 301 3732 "-" "Mozilla/5.0 (compatible; SemrushBot/7~bl; +http://www.semrush.com/bot.html)" 
64.90.53.137 - - [25/Oct/2025:04:06:13 -0700] "POST /wp-cron.php?doing_wp_cron=1761390373.1244130134582519531250 HTTP/1.1" 200 3634 "https://www.biblioglow.com/wp-cron.php?doing_wp_cron=1761390373.1244130134582519531250" "WordPress/6.1.9; https://www.biblioglow.com" 
185.191.171.4 - - [25/Oct/2025:04:06:14 -0700] "GET /shopdetail194979416?kg=0193354708 HTTP/1.1" 404 51133 "-" "Mozilla/5.0 (compatible; SemrushBot/7~bl; +http://www.semrush.com/bot.html)" 
66.249.68.133 - - [25/Oct/2025:04:06:23 -0700] "GET /shopdetail60576816?kg=0060072129 HTTP/1.1" 200 30654 "-" "Mozilla/5.0 (Linux; Android 6.0.1; Nexus 5X Build/MMB29P) AppleWebKit/537.36 (KHTML, like Gecko) Chrome/141.0.7390.122 Mobile Safari/537.36 (compatible; GoogleOther)" 
66.249.68.134 - - [25/Oct/2025:04:06:27 -0700] "GET /shopdetail59461432?kg=0058966040 HTTP/1.1" 200 31716 "-" "Mozilla/5.0 (Linux; Android 6.0.1; Nexus 5X Build/MMB29P) AppleWebKit/537.36 (KHTML, like Gecko) Chrome/141.0.7390.122 Mobile Safari/537.36 (compatible; GoogleOther)" 
114.119.130.109 - - [25/Oct/2025:04:06:35 -0700] "GET /shopdetail197647672?kg=0196000728 HTTP/1.1" 301 3732 "https://biblioglow.com/sitemap.xml" "Mozilla/5.0 (Linux; Android 7.0;) AppleWebKit/537.36 (KHTML, like Gecko) Mobile Safari/537.36 (compatible; PetalBot;+https://webmaster.petalsearch.com/site/petalbot)" 
114.119.130.109 - - [25/Oct/2025:04:06:37 -0700] "GET /shopdetail197647672?kg=0196000728 HTTP/1.1" 404 51133 "https://biblioglow.com/sitemap.xml" "Mozilla/5.0 (Linux; Android 7.0;) AppleWebKit/537.36 (KHTML, like Gecko) Mobile Safari/537.36 (compatible; PetalBot;+https://webmaster.petalsearch.com/site/petalbot)" 
66.249.68.135 - - [25/Oct/2025:04:07:00 -0700] "GET /shopdetail34489080?kg=0034201792 HTTP/1.1" 200 34739 "-" "Mozilla/5.0 (Linux; Android 6.0.1; Nexus 5X Build/MMB29P) AppleWebKit/537.36 (KHTML, like Gecko) Chrome/141.0.7390.122 Mobile Safari/537.36 (compatible; GoogleOther)" 
66.249.68.135 - - [25/Oct/2025:04:07:03 -0700] "GET /shopdetail59851192?kg=0059352552 HTTP/1.1" 200 27566 "-" "Mozilla/5.0 (Linux; Android 6.0.1; Nexus 5X Build/MMB29P) AppleWebKit/537.36 (KHTML, like Gecko) Chrome/141.0.7390.122 Mobile Safari/537.36 (compatible; GoogleOther)" 
66.249.68.134 - - [25/Oct/2025:04:07:37 -0700] "GET /shopdetail310207808?kg=0307622863 HTTP/1.1" 200 30708 "-" "Mozilla/5.0 (Linux; Android 6.0.1; Nexus 5X Build/MMB29P) AppleWebKit/537.36 (KHTML, like Gecko) Chrome/141.0.7390.122 Mobile Safari/537.36 (compatible; GoogleOther)" 
66.249.68.134 - - [25/Oct/2025:04:07:40 -0700] "GET /shopdetail35547968?kg=0035251855 HTTP/1.1" 200 27710 "-" "Mozilla/5.0 (Linux; Android 6.0.1; Nexus 5X Build/MMB29P) AppleWebKit/537.36 (KHTML, like Gecko) Chrome/141.0.7390.122 Mobile Safari/537.36 (compatible; GoogleOther)" 
