66.249.68.134 - - [25/Oct/2025:01:34:31 -0700] "GET /shopdetail73397744?kg=0072786217 HTTP/1.1" 200 31572 "-" "Mozilla/5.0 (Linux; Android 6.0.1; Nexus 5X Build/MMB29P) AppleWebKit/537.36 (KHTML, like Gecko) Chrome/141.0.7390.122 Mobile Safari/537.36 (compatible; GoogleOther)" 
66.249.68.134 - - [25/Oct/2025:01:34:34 -0700] "GET /shopdetail74131472?kg=0073513829 HTTP/1.1" 200 27684 "-" "Mozilla/5.0 (Linux; Android 6.0.1; Nexus 5X Build/MMB29P) AppleWebKit/537.36 (KHTML, like Gecko) Chrome/141.0.7390.122 Mobile Safari/537.36 (compatible; GoogleOther)" 
49.205.40.121 - - [25/Oct/2025:01:34:34 -0700] "POST /xmlrpc.php HTTP/1.1" 200 4060 "-" "Mozilla/5.0 (Windows NT 6.3; x64) AppleWebKit/537.36 (KHTML, like Gecko) Opera/70.0.0.0 Safari/537.36" 
156.212.135.134 - - [25/Oct/2025:01:34:38 -0700] "POST /xmlrpc.php HTTP/1.1" 200 4060 "-" "Mozilla/5.0 (Macintosh; Intel Mac OS X 10_15_7; x64) AppleWebKit/537.36 (KHTML, like Gecko) Edge/80.0.0.0 Safari/537.36" 
114.119.141.83 - - [25/Oct/2025:01:34:47 -0700] "GET /shopdetail68820616?kg=0068247230 HTTP/1.1" 301 3731 "https://biblioglow.com/sitemap.xml" "Mozilla/5.0 (Linux; Android 7.0;) AppleWebKit/537.36 (KHTML, like Gecko) Mobile Safari/537.36 (compatible; PetalBot;+https://webmaster.petalsearch.com/site/petalbot)" 
114.119.141.83 - - [25/Oct/2025:01:34:48 -0700] "GET /shopdetail68820616?kg=0068247230 HTTP/1.1" 404 51132 "https://biblioglow.com/sitemap.xml" "Mozilla/5.0 (Linux; Android 7.0;) AppleWebKit/537.36 (KHTML, like Gecko) Mobile Safari/537.36 (compatible; PetalBot;+https://webmaster.petalsearch.com/site/petalbot)" 
185.191.171.15 - - [25/Oct/2025:01:35:07 -0700] "GET /shopdetail194991904?kg=0193367091 HTTP/1.1" 301 3732 "-" "Mozilla/5.0 (compatible; SemrushBot/7~bl; +http://www.semrush.com/bot.html)" 
66.249.68.133 - - [25/Oct/2025:01:35:07 -0700] "GET /shopdetail309660744?kg=0307080358 HTTP/1.1" 200 31593 "-" "Mozilla/5.0 (Linux; Android 6.0.1; Nexus 5X Build/MMB29P) AppleWebKit/537.36 (KHTML, like Gecko) Chrome/141.0.7390.122 Mobile Safari/537.36 (compatible; GoogleOther)" 
85.208.96.209 - - [25/Oct/2025:01:35:08 -0700] "GET /shopdetail194991904?kg=0193367091 HTTP/1.1" 404 51133 "-" "Mozilla/5.0 (compatible; SemrushBot/7~bl; +http://www.semrush.com/bot.html)" 
66.249.68.133 - - [25/Oct/2025:01:35:10 -0700] "GET /shopdetail187685896?kg=0186121966 HTTP/1.1" 200 27373 "-" "Mozilla/5.0 (Linux; Android 6.0.1; Nexus 5X Build/MMB29P) AppleWebKit/537.36 (KHTML, like Gecko) Chrome/141.0.7390.122 Mobile Safari/537.36 (compatible; GoogleOther)" 
66.249.79.5 - - [25/Oct/2025:01:35:21 -0700] "GET /?shopdetail8153136?kg=0008085313 HTTP/1.1" 200 31035 "-" "Mozilla/5.0 (Linux; Android 6.0.1; Nexus 5X Build/MMB29P) AppleWebKit/537.36 (KHTML, like Gecko) Chrome/141.0.7390.122 Mobile Safari/537.36 (compatible; Googlebot/2.1; +http://www.google.com/bot.html)" 
64.90.53.137 - - [25/Oct/2025:01:35:35 -0700] "POST /wp-cron.php?doing_wp_cron=1761381335.2458369731903076171875 HTTP/1.1" 200 3634 "https://www.biblioglow.com/wp-cron.php?doing_wp_cron=1761381335.2458369731903076171875" "WordPress/6.1.9; https://www.biblioglow.com" 
49.205.40.121 - - [25/Oct/2025:01:35:34 -0700] "POST /xmlrpc.php HTTP/1.1" 200 4060 "-" "Mozilla/5.0 (Macintosh; Intel Mac OS X 10_15_7; arm64) AppleWebKit/537.36 (KHTML, like Gecko) Firefox/85.0.0.0 Safari/537.36" 
66.249.68.134 - - [25/Oct/2025:01:35:44 -0700] "GET /shopdetail184535584?kg=0182997907 HTTP/1.1" 200 33930 "-" "Mozilla/5.0 (Linux; Android 6.0.1; Nexus 5X Build/MMB29P) AppleWebKit/537.36 (KHTML, like Gecko) Chrome/141.0.7390.122 Mobile Safari/537.36 (compatible; GoogleOther)" 
66.249.68.133 - - [25/Oct/2025:01:35:47 -0700] "GET /shopdetail33926944?kg=0033644339 HTTP/1.1" 200 31208 "-" "Mozilla/5.0 (Linux; Android 6.0.1; Nexus 5X Build/MMB29P) AppleWebKit/537.36 (KHTML, like Gecko) Chrome/141.0.7390.122 Mobile Safari/537.36 (compatible; GoogleOther)" 
114.119.135.207 - - [25/Oct/2025:01:36:07 -0700] "GET /shopdetail68818560?kg=0068245191 HTTP/1.1" 301 3731 "https://biblioglow.com/sitemap.xml" "Mozilla/5.0 (Linux; Android 7.0;) AppleWebKit/537.36 (KHTML, like Gecko) Mobile Safari/537.36 (compatible; PetalBot;+https://webmaster.petalsearch.com/site/petalbot)" 
114.119.135.207 - - [25/Oct/2025:01:36:08 -0700] "GET /shopdetail68818560?kg=0068245191 HTTP/1.1" 404 51132 "https://biblioglow.com/sitemap.xml" "Mozilla/5.0 (Linux; Android 7.0;) AppleWebKit/537.36 (KHTML, like Gecko) Mobile Safari/537.36 (compatible; PetalBot;+https://webmaster.petalsearch.com/site/petalbot)" 
66.249.68.133 - - [25/Oct/2025:01:36:21 -0700] "GET /shopdetail186571872?kg=0185017227 HTTP/1.1" 200 30990 "-" "Mozilla/5.0 (Linux; Android 6.0.1; Nexus 5X Build/MMB29P) AppleWebKit/537.36 (KHTML, like Gecko) Chrome/141.0.7390.122 Mobile Safari/537.36 (compatible; GoogleOther)" 
66.249.68.133 - - [25/Oct/2025:01:36:24 -0700] "GET /shopdetail74703632?kg=0074081221 HTTP/1.1" 200 27070 "-" "Mozilla/5.0 (Linux; Android 6.0.1; Nexus 5X Build/MMB29P) AppleWebKit/537.36 (KHTML, like Gecko) Chrome/141.0.7390.122 Mobile Safari/537.36 (compatible; GoogleOther)" 
64.90.53.137 - - [25/Oct/2025:01:36:35 -0700] "POST /wp-cron.php?doing_wp_cron=1761381395.3972280025482177734375 HTTP/1.1" 200 3634 "https://www.biblioglow.com/wp-cron.php?doing_wp_cron=1761381395.3972280025482177734375" "WordPress/6.1.9; https://www.biblioglow.com" 
49.205.40.121 - - [25/Oct/2025:01:36:34 -0700] "POST /xmlrpc.php HTTP/1.1" 200 4060 "-" "Mozilla/5.0 (Macintosh; Intel Mac OS X 10_15_7; x86) AppleWebKit/537.36 (KHTML, like Gecko) Firefox/73.0.0.0 Safari/537.36" 
156.212.135.134 - - [25/Oct/2025:01:36:41 -0700] "POST /xmlrpc.php HTTP/1.1" 200 4060 "-" "Mozilla/5.0 (Linux; Android 10; x86) AppleWebKit/537.36 (KHTML, like Gecko) Chrome/98.0.0.0 Safari/537.36" 
113.160.77.235 - - [25/Oct/2025:01:36:55 -0700] "GET /?shopdetail1671624?kg=0001657814 HTTP/2.0" 301 183 "https://www.google.com/" "Mozilla/5.0 (Macintosh; Intel Mac OS X 10_15_7) AppleWebKit/537.36 (KHTML, like Gecko) Chrome/141.0.0.0 Safari/537.36" 
113.160.77.235 - - [25/Oct/2025:01:36:55 -0700] "GET /?shopdetail1671624%3Fkg=0001657814 HTTP/2.0" 200 13138 "https://www.google.com/" "Mozilla/5.0 (Macintosh; Intel Mac OS X 10_15_7) AppleWebKit/537.36 (KHTML, like Gecko) Chrome/141.0.0.0 Safari/537.36" 
113.160.77.235 - - [25/Oct/2025:01:36:56 -0700] "GET /wp-includes/css/classic-themes.min.css?ver=1 HTTP/2.0" 200 338 "https://www.biblioglow.com/?shopdetail1671624%3Fkg=0001657814" "Mozilla/5.0 (Macintosh; Intel Mac OS X 10_15_7) AppleWebKit/537.36 (KHTML, like Gecko) Chrome/141.0.0.0 Safari/537.36" 
113.160.77.235 - - [25/Oct/2025:01:36:56 -0700] "GET /wp-includes/css/dist/block-library/style.min.css?ver=6.1.9 HTTP/2.0" 200 13052 "https://www.biblioglow.com/?shopdetail1671624%3Fkg=0001657814" "Mozilla/5.0 (Macintosh; Intel Mac OS X 10_15_7) AppleWebKit/537.36 (KHTML, like Gecko) Chrome/141.0.0.0 Safari/537.36" 
113.160.77.235 - - [25/Oct/2025:01:36:56 -0700] "GET /wp-content/uploads/2020/06/Asset-2.png HTTP/2.0" 200 142632 "https://www.biblioglow.com/?shopdetail1671624%3Fkg=0001657814" "Mozilla/5.0 (Macintosh; Intel Mac OS X 10_15_7) AppleWebKit/537.36 (KHTML, like Gecko) Chrome/141.0.0.0 Safari/537.36" 
113.160.77.235 - - [25/Oct/2025:01:36:56 -0700] "GET /wp-content/themes/pro/framework/dist/css/site/stacks/integrity-light.css?ver=3.2.3 HTTP/2.0" 200 28774 "https://www.biblioglow.com/?shopdetail1671624%3Fkg=0001657814" "Mozilla/5.0 (Macintosh; Intel Mac OS X 10_15_7) AppleWebKit/537.36 (KHTML, like Gecko) Chrome/141.0.0.0 Safari/537.36" 
113.160.77.235 - - [25/Oct/2025:01:36:56 -0700] "GET /wp-includes/js/jquery/jquery.min.js?ver=3.6.1 HTTP/2.0" 200 31557 "https://www.biblioglow.com/?shopdetail1671624%3Fkg=0001657814" "Mozilla/5.0 (Macintosh; Intel Mac OS X 10_15_7) AppleWebKit/537.36 (KHTML, like Gecko) Chrome/141.0.0.0 Safari/537.36" 
113.160.77.235 - - [25/Oct/2025:01:36:56 -0700] "GET /wp-includes/js/jquery/jquery-migrate.min.js?ver=3.3.2 HTTP/2.0" 200 4260 "https://www.biblioglow.com/?shopdetail1671624%3Fkg=0001657814" "Mozilla/5.0 (Macintosh; Intel Mac OS X 10_15_7) AppleWebKit/537.36 (KHTML, like Gecko) Chrome/141.0.0.0 Safari/537.36" 
113.160.77.235 - - [25/Oct/2025:01:36:56 -0700] "GET /wp-content/uploads/2020/07/Asset-1.png HTTP/2.0" 200 13210 "https://www.biblioglow.com/?shopdetail1671624%3Fkg=0001657814" "Mozilla/5.0 (Macintosh; Intel Mac OS X 10_15_7) AppleWebKit/537.36 (KHTML, like Gecko) Chrome/141.0.0.0 Safari/537.36" 
113.160.77.235 - - [25/Oct/2025:01:36:57 -0700] "GET /wp-content/uploads/2020/07/Asset-2.png HTTP/2.0" 200 12443 "https://www.biblioglow.com/?shopdetail1671624%3Fkg=0001657814" "Mozilla/5.0 (Macintosh; Intel Mac OS X 10_15_7) AppleWebKit/537.36 (KHTML, like Gecko) Chrome/141.0.0.0 Safari/537.36" 
113.160.77.235 - - [25/Oct/2025:01:36:57 -0700] "GET /wp-content/themes/pro/cornerstone/assets/dist/js/site/cs.0ce70e6.js HTTP/2.0" 200 55559 "https://www.biblioglow.com/?shopdetail1671624%3Fkg=0001657814" "Mozilla/5.0 (Macintosh; Intel Mac OS X 10_15_7) AppleWebKit/537.36 (KHTML, like Gecko) Chrome/141.0.0.0 Safari/537.36" 
113.160.77.235 - - [25/Oct/2025:01:36:57 -0700] "GET /wp-content/themes/pro/framework/dist/js/site/x.js?ver=3.2.3 HTTP/2.0" 200 24718 "https://www.biblioglow.com/?shopdetail1671624%3Fkg=0001657814" "Mozilla/5.0 (Macintosh; Intel Mac OS X 10_15_7) AppleWebKit/537.36 (KHTML, like Gecko) Chrome/141.0.0.0 Safari/537.36" 
113.160.77.235 - - [25/Oct/2025:01:36:57 -0700] "GET /wp-includes/js/comment-reply.min.js?ver=6.1.9 HTTP/2.0" 200 1407 "https://www.biblioglow.com/?shopdetail1671624%3Fkg=0001657814" "Mozilla/5.0 (Macintosh; Intel Mac OS X 10_15_7) AppleWebKit/537.36 (KHTML, like Gecko) Chrome/141.0.0.0 Safari/537.36" 
113.160.77.235 - - [25/Oct/2025:01:36:57 -0700] "GET /wp-content/uploads/2020/06/Asset-1-1.png HTTP/2.0" 200 6937 "https://www.biblioglow.com/?shopdetail1671624%3Fkg=0001657814" "Mozilla/5.0 (Macintosh; Intel Mac OS X 10_15_7) AppleWebKit/537.36 (KHTML, like Gecko) Chrome/141.0.0.0 Safari/537.36" 
113.160.77.235 - - [25/Oct/2025:01:36:57 -0700] "GET /wp-content/uploads/2020/06/Asset-2-1.png HTTP/2.0" 200 14160 "https://www.biblioglow.com/?shopdetail1671624%3Fkg=0001657814" "Mozilla/5.0 (Macintosh; Intel Mac OS X 10_15_7) AppleWebKit/537.36 (KHTML, like Gecko) Chrome/141.0.0.0 Safari/537.36" 
113.160.77.235 - - [25/Oct/2025:01:36:57 -0700] "GET /wp-content/uploads/2020/06/InstaAct.png HTTP/2.0" 200 9562 "https://www.biblioglow.com/?shopdetail1671624%3Fkg=0001657814" "Mozilla/5.0 (Macintosh; Intel Mac OS X 10_15_7) AppleWebKit/537.36 (KHTML, like Gecko) Chrome/141.0.0.0 Safari/537.36" 
113.160.77.235 - - [25/Oct/2025:01:36:57 -0700] "GET /wp-content/uploads/2020/06/FacebookAct.png HTTP/2.0" 200 6955 "https://www.biblioglow.com/?shopdetail1671624%3Fkg=0001657814" "Mozilla/5.0 (Macintosh; Intel Mac OS X 10_15_7) AppleWebKit/537.36 (KHTML, like Gecko) Chrome/141.0.0.0 Safari/537.36" 
113.160.77.235 - - [25/Oct/2025:01:36:57 -0700] "GET /wp-content/uploads/2020/06/Asset-8.png HTTP/2.0" 200 9504 "https://www.biblioglow.com/?shopdetail1671624%3Fkg=0001657814" "Mozilla/5.0 (Macintosh; Intel Mac OS X 10_15_7) AppleWebKit/537.36 (KHTML, like Gecko) Chrome/141.0.0.0 Safari/537.36" 
113.160.77.235 - - [25/Oct/2025:01:36:57 -0700] "GET /wp-content/uploads/2020/06/Hamilton-Affair-Banner-1-1-881x492.png HTTP/2.0" 200 632809 "https://www.biblioglow.com/?shopdetail1671624%3Fkg=0001657814" "Mozilla/5.0 (Macintosh; Intel Mac OS X 10_15_7) AppleWebKit/537.36 (KHTML, like Gecko) Chrome/141.0.0.0 Safari/537.36" 
113.160.77.235 - - [25/Oct/2025:01:36:57 -0700] "GET /wp-content/uploads/2020/07/Brooklyn-Banner-881x492.png HTTP/2.0" 200 888722 "https://www.biblioglow.com/?shopdetail1671624%3Fkg=0001657814" "Mozilla/5.0 (Macintosh; Intel Mac OS X 10_15_7) AppleWebKit/537.36 (KHTML, like Gecko) Chrome/141.0.0.0 Safari/537.36" 
66.249.68.134 - - [25/Oct/2025:01:36:57 -0700] "GET /shopdetail309949576?kg=0307366782 HTTP/1.1" 200 31463 "-" "Mozilla/5.0 (Linux; Android 6.0.1; Nexus 5X Build/MMB29P) AppleWebKit/537.36 (KHTML, like Gecko) Chrome/141.0.7390.122 Mobile Safari/537.36 (compatible; GoogleOther)" 
113.160.77.235 - - [25/Oct/2025:01:36:57 -0700] "GET /wp-content/themes/pro/cornerstone/assets/dist/fonts/fa-solid-900.woff2 HTTP/2.0" 200 138161 "https://www.biblioglow.com/?shopdetail1671624%3Fkg=0001657814" "Mozilla/5.0 (Macintosh; Intel Mac OS X 10_15_7) AppleWebKit/537.36 (KHTML, like Gecko) Chrome/141.0.0.0 Safari/537.36" 
113.160.77.235 - - [25/Oct/2025:01:36:57 -0700] "GET /wp-content/uploads/2020/06/TwitterAct.png HTTP/2.0" 200 14663 "https://www.biblioglow.com/?shopdetail1671624%3Fkg=0001657814" "Mozilla/5.0 (Macintosh; Intel Mac OS X 10_15_7) AppleWebKit/537.36 (KHTML, like Gecko) Chrome/141.0.0.0 Safari/537.36" 
113.160.77.235 - - [25/Oct/2025:01:36:57 -0700] "GET /wp-includes/js/wp-emoji-release.min.js?ver=6.1.9 HTTP/2.0" 200 5142 "https://www.biblioglow.com/?shopdetail1671624%3Fkg=0001657814" "Mozilla/5.0 (Macintosh; Intel Mac OS X 10_15_7) AppleWebKit/537.36 (KHTML, like Gecko) Chrome/141.0.0.0 Safari/537.36" 
113.160.77.235 - - [25/Oct/2025:01:36:57 -0700] "GET /wp-content/uploads/2020/07/Hamilton-Affair-Discussion-Banner-881x492.png HTTP/2.0" 200 196488 "https://www.biblioglow.com/?shopdetail1671624%3Fkg=0001657814" "Mozilla/5.0 (Macintosh; Intel Mac OS X 10_15_7) AppleWebKit/537.36 (KHTML, like Gecko) Chrome/141.0.0.0 Safari/537.36" 
113.160.77.235 - - [25/Oct/2025:01:37:00 -0700] "GET /favicon.ico HTTP/2.0" 200 125 "https://www.biblioglow.com/?shopdetail1671624%3Fkg=0001657814" "Mozilla/5.0 (Macintosh; Intel Mac OS X 10_15_7) AppleWebKit/537.36 (KHTML, like Gecko) Chrome/141.0.0.0 Safari/537.36" 
66.249.68.133 - - [25/Oct/2025:01:37:02 -0700] "GET /shopdetail58802736?kg=0058312833 HTTP/1.1" 200 31704 "-" "Mozilla/5.0 (Linux; Android 6.0.1; Nexus 5X Build/MMB29P) AppleWebKit/537.36 (KHTML, like Gecko) Chrome/141.0.7390.122 Mobile Safari/537.36 (compatible; GoogleOther)" 
64.90.53.137 - - [25/Oct/2025:01:37:31 -0700] "POST /wp-cron.php?doing_wp_cron=1761381451.2392780780792236328125 HTTP/1.1" 200 3634 "https://www.biblioglow.com/wp-cron.php?doing_wp_cron=1761381451.2392780780792236328125" "WordPress/6.1.9; https://www.biblioglow.com" 
114.119.151.155 - - [25/Oct/2025:01:37:30 -0700] "GET /shopdetail68818544?kg=0068245177 HTTP/1.1" 301 3731 "https://biblioglow.com/sitemap.xml" "Mozilla/5.0 (Linux; Android 7.0;) AppleWebKit/537.36 (KHTML, like Gecko) Mobile Safari/537.36 (compatible; PetalBot;+https://webmaster.petalsearch.com/site/petalbot)" 
114.119.151.155 - - [25/Oct/2025:01:37:32 -0700] "GET /shopdetail68818544?kg=0068245177 HTTP/1.1" 404 51132 "https://biblioglow.com/sitemap.xml" "Mozilla/5.0 (Linux; Android 7.0;) AppleWebKit/537.36 (KHTML, like Gecko) Mobile Safari/537.36 (compatible; PetalBot;+https://webmaster.petalsearch.com/site/petalbot)" 
49.205.40.121 - - [25/Oct/2025:01:37:34 -0700] "POST /xmlrpc.php HTTP/1.1" 200 4060 "-" "Mozilla/5.0 (Windows NT 10.0; arm64) AppleWebKit/537.36 (KHTML, like Gecko) Safari/14.0.0.0 Safari/537.36" 
66.249.68.134 - - [25/Oct/2025:01:37:34 -0700] "GET /shopdetail159587784?kg=0158258006 HTTP/1.1" 200 31391 "-" "Mozilla/5.0 (Linux; Android 6.0.1; Nexus 5X Build/MMB29P) AppleWebKit/537.36 (KHTML, like Gecko) Chrome/141.0.7390.122 Mobile Safari/537.36 (compatible; GoogleOther)" 
66.249.68.133 - - [25/Oct/2025:01:37:40 -0700] "GET /shopdetail160117160?kg=0158782970 HTTP/1.1" 200 31005 "-" "Mozilla/5.0 (Linux; Android 6.0.1; Nexus 5X Build/MMB29P) AppleWebKit/537.36 (KHTML, like Gecko) Chrome/141.0.7390.122 Mobile Safari/537.36 (compatible; GoogleOther)" 
156.212.135.134 - - [25/Oct/2025:01:38:05 -0700] "POST /xmlrpc.php HTTP/1.1" 200 4060 "-" "Mozilla/5.0 (X11; Ubuntu; Linux x86_64; x86) AppleWebKit/537.36 (KHTML, like Gecko) Safari/15.0.0.0 Safari/537.36" 
66.249.68.133 - - [25/Oct/2025:01:38:11 -0700] "GET /shopdetail188201680?kg=0186633453 HTTP/1.1" 200 30115 "-" "Mozilla/5.0 (Linux; Android 6.0.1; Nexus 5X Build/MMB29P) AppleWebKit/537.36 (KHTML, like Gecko) Chrome/141.0.7390.122 Mobile Safari/537.36 (compatible; GoogleOther)" 
85.208.96.202 - - [25/Oct/2025:01:38:11 -0700] "GET /shopdetail194967896?kg=0193343284 HTTP/1.1" 301 3732 "-" "Mozilla/5.0 (compatible; SemrushBot/7~bl; +http://www.semrush.com/bot.html)" 
64.90.53.137 - - [25/Oct/2025:01:38:13 -0700] "POST /wp-cron.php?doing_wp_cron=1761381493.1287391185760498046875 HTTP/1.1" 200 3634 "https://www.biblioglow.com/wp-cron.php?doing_wp_cron=1761381493.1287391185760498046875" "WordPress/6.1.9; https://www.biblioglow.com" 
85.208.96.209 - - [25/Oct/2025:01:38:12 -0700] "GET /shopdetail194967896?kg=0193343284 HTTP/1.1" 404 51133 "-" "Mozilla/5.0 (compatible; SemrushBot/7~bl; +http://www.semrush.com/bot.html)" 
85.208.96.194 - - [25/Oct/2025:01:38:15 -0700] "GET /shopdetail194980384?kg=0193355667 HTTP/1.1" 301 3732 "-" "Mozilla/5.0 (compatible; SemrushBot/7~bl; +http://www.semrush.com/bot.html)" 
85.208.96.210 - - [25/Oct/2025:01:38:17 -0700] "GET /shopdetail194980384?kg=0193355667 HTTP/1.1" 404 51133 "-" "Mozilla/5.0 (compatible; SemrushBot/7~bl; +http://www.semrush.com/bot.html)" 
66.249.68.133 - - [25/Oct/2025:01:38:18 -0700] "GET /shopdetail34927672?kg=0034636728 HTTP/1.1" 200 31624 "-" "Mozilla/5.0 (Linux; Android 6.0.1; Nexus 5X Build/MMB29P) AppleWebKit/537.36 (KHTML, like Gecko) Chrome/141.0.7390.122 Mobile Safari/537.36 (compatible; GoogleOther)" 
85.208.96.193 - - [25/Oct/2025:01:38:20 -0700] "GET /shopdetail195033600?kg=0193408439 HTTP/1.1" 301 3732 "-" "Mozilla/5.0 (compatible; SemrushBot/7~bl; +http://www.semrush.com/bot.html)" 
66.249.79.6 - - [25/Oct/2025:01:38:22 -0700] "GET /shopdetail8123504?kg=0008055929 HTTP/1.1" 200 32044 "-" "Mozilla/5.0 (Linux; Android 6.0.1; Nexus 5X Build/MMB29P) AppleWebKit/537.36 (KHTML, like Gecko) Chrome/141.0.7390.122 Mobile Safari/537.36 (compatible; Googlebot/2.1; +http://www.google.com/bot.html)" 
85.208.96.210 - - [25/Oct/2025:01:38:24 -0700] "GET /shopdetail195033600?kg=0193408439 HTTP/1.1" 404 51133 "-" "Mozilla/5.0 (compatible; SemrushBot/7~bl; +http://www.semrush.com/bot.html)" 
49.205.40.121 - - [25/Oct/2025:01:38:34 -0700] "POST /xmlrpc.php HTTP/1.1" 200 4060 "-" "Mozilla/5.0 (Windows NT 6.3; arm64) AppleWebKit/537.36 (KHTML, like Gecko) Firefox/96.0.0.0 Safari/537.36" 
104.210.140.132 - - [25/Oct/2025:01:38:46 -0700] "GET /robots.txt HTTP/2.0" 200 273 "-" "Mozilla/5.0 (Macintosh; Intel Mac OS X 10_15_7) AppleWebKit/537.36 (KHTML, like Gecko) Chrome/131.0.0.0 Safari/537.36; compatible; OAI-SearchBot/1.0; +https://openai.com/searchbot" 
66.249.68.133 - - [25/Oct/2025:01:38:48 -0700] "GET /shopdetail310229472?kg=0307644347 HTTP/1.1" 200 30956 "-" "Mozilla/5.0 (Linux; Android 6.0.1; Nexus 5X Build/MMB29P) AppleWebKit/537.36 (KHTML, like Gecko) Chrome/141.0.7390.122 Mobile Safari/537.36 (compatible; GoogleOther)" 
114.119.130.109 - - [25/Oct/2025:01:38:54 -0700] "GET /shopdetail68818000?kg=0068244637 HTTP/1.1" 301 3731 "https://biblioglow.com/sitemap.xml" "Mozilla/5.0 (Linux; Android 7.0;) AppleWebKit/537.36 (KHTML, like Gecko) Mobile Safari/537.36 (compatible; PetalBot;+https://webmaster.petalsearch.com/site/petalbot)" 
66.249.68.133 - - [25/Oct/2025:01:38:56 -0700] "GET /shopdetail187227016?kg=0185666910 HTTP/1.1" 200 31140 "-" "Mozilla/5.0 (Linux; Android 6.0.1; Nexus 5X Build/MMB29P) AppleWebKit/537.36 (KHTML, like Gecko) Chrome/141.0.7390.122 Mobile Safari/537.36 (compatible; GoogleOther)" 
114.119.130.109 - - [25/Oct/2025:01:38:56 -0700] "GET /shopdetail68818000?kg=0068244637 HTTP/1.1" 404 51132 "https://biblioglow.com/sitemap.xml" "Mozilla/5.0 (Linux; Android 7.0;) AppleWebKit/537.36 (KHTML, like Gecko) Mobile Safari/537.36 (compatible; PetalBot;+https://webmaster.petalsearch.com/site/petalbot)" 
64.90.53.137 - - [25/Oct/2025:01:39:13 -0700] "POST /wp-cron.php?doing_wp_cron=1761381553.5468399524688720703125 HTTP/1.1" 200 3634 "https://www.biblioglow.com/wp-cron.php?doing_wp_cron=1761381553.5468399524688720703125" "WordPress/6.1.9; https://www.biblioglow.com" 
85.208.96.206 - - [25/Oct/2025:01:39:12 -0700] "GET /shopdetail195039208?kg=0193414002 HTTP/1.1" 301 3732 "-" "Mozilla/5.0 (compatible; SemrushBot/7~bl; +http://www.semrush.com/bot.html)" 
85.208.96.210 - - [25/Oct/2025:01:39:15 -0700] "GET /shopdetail195039208?kg=0193414002 HTTP/1.1" 404 51133 "-" "Mozilla/5.0 (compatible; SemrushBot/7~bl; +http://www.semrush.com/bot.html)" 
66.249.68.134 - - [25/Oct/2025:01:39:24 -0700] "GET /shopdetail310228112?kg=0307642997 HTTP/1.1" 200 31209 "-" "Mozilla/5.0 (Linux; Android 6.0.1; Nexus 5X Build/MMB29P) AppleWebKit/537.36 (KHTML, like Gecko) Chrome/141.0.7390.122 Mobile Safari/537.36 (compatible; GoogleOther)" 
185.191.171.7 - - [25/Oct/2025:01:39:31 -0700] "GET /shopdetail195050320?kg=0193425021 HTTP/1.1" 301 3732 "-" "Mozilla/5.0 (compatible; SemrushBot/7~bl; +http://www.semrush.com/bot.html)" 
85.208.96.210 - - [25/Oct/2025:01:39:34 -0700] "GET /shopdetail195050320?kg=0193425021 HTTP/1.1" 404 51133 "-" "Mozilla/5.0 (compatible; SemrushBot/7~bl; +http://www.semrush.com/bot.html)" 
66.249.68.134 - - [25/Oct/2025:01:39:34 -0700] "GET /shopdetail31990344?kg=0031723878 HTTP/1.1" 200 33409 "-" "Mozilla/5.0 (Linux; Android 6.0.1; Nexus 5X Build/MMB29P) AppleWebKit/537.36 (KHTML, like Gecko) Chrome/141.0.7390.122 Mobile Safari/537.36 (compatible; GoogleOther)" 
49.205.40.121 - - [25/Oct/2025:01:39:35 -0700] "POST /xmlrpc.php HTTP/1.1" 200 4060 "-" "Mozilla/5.0 (Windows NT 6.2; x64) AppleWebKit/537.36 (KHTML, like Gecko) Firefox/86.0.0.0 Safari/537.36" 
156.212.135.134 - - [25/Oct/2025:01:39:44 -0700] "POST /xmlrpc.php HTTP/1.1" 200 4060 "-" "Mozilla/5.0 (Windows NT 6.2; x64) AppleWebKit/537.36 (KHTML, like Gecko) Firefox/85.0.0.0 Safari/537.36" 
66.249.68.134 - - [25/Oct/2025:01:40:01 -0700] "GET /shopdetail161303176?kg=0159959102 HTTP/1.1" 200 30554 "-" "Mozilla/5.0 (Linux; Android 6.0.1; Nexus 5X Build/MMB29P) AppleWebKit/537.36 (KHTML, like Gecko) Chrome/141.0.7390.122 Mobile Safari/537.36 (compatible; GoogleOther)" 
66.249.68.134 - - [25/Oct/2025:01:40:12 -0700] "GET /shopdetail33716424?kg=0033435574 HTTP/1.1" 200 31756 "-" "Mozilla/5.0 (Linux; Android 6.0.1; Nexus 5X Build/MMB29P) AppleWebKit/537.36 (KHTML, like Gecko) Chrome/141.0.7390.122 Mobile Safari/537.36 (compatible; GoogleOther)" 
64.90.53.137 - - [25/Oct/2025:01:40:18 -0700] "POST /wp-cron.php?doing_wp_cron=1761381618.7068350315093994140625 HTTP/1.1" 200 3634 "https://www.biblioglow.com/wp-cron.php?doing_wp_cron=1761381618.7068350315093994140625" "WordPress/6.1.9; https://www.biblioglow.com" 
114.119.141.83 - - [25/Oct/2025:01:40:17 -0700] "GET /shopdetail68816488?kg=0068243138 HTTP/1.1" 301 3731 "https://biblioglow.com/sitemap.xml" "Mozilla/5.0 (Linux; Android 7.0;) AppleWebKit/537.36 (KHTML, like Gecko) Mobile Safari/537.36 (compatible; PetalBot;+https://webmaster.petalsearch.com/site/petalbot)" 
114.119.141.83 - - [25/Oct/2025:01:40:20 -0700] "GET /shopdetail68816488?kg=0068243138 HTTP/1.1" 404 51110 "https://biblioglow.com/sitemap.xml" "Mozilla/5.0 (Linux; Android 7.0;) AppleWebKit/537.36 (KHTML, like Gecko) Mobile Safari/537.36 (compatible; PetalBot;+https://webmaster.petalsearch.com/site/petalbot)" 
49.205.40.121 - - [25/Oct/2025:01:40:36 -0700] "POST /xmlrpc.php HTTP/1.1" 200 4060 "-" "Mozilla/5.0 (Macintosh; Intel Mac OS X 10_15_7; arm64) AppleWebKit/537.36 (KHTML, like Gecko) Firefox/75.0.0.0 Safari/537.36" 
66.249.68.133 - - [25/Oct/2025:01:40:38 -0700] "GET /shopdetail75356280?kg=0074728432 HTTP/1.1" 200 30778 "-" "Mozilla/5.0 (Linux; Android 6.0.1; Nexus 5X Build/MMB29P) AppleWebKit/537.36 (KHTML, like Gecko) Chrome/141.0.7390.122 Mobile Safari/537.36 (compatible; GoogleOther)" 
66.249.68.133 - - [25/Oct/2025:01:40:50 -0700] "GET /shopdetail325743344?kg=0323028937 HTTP/1.1" 200 31783 "-" "Mozilla/5.0 (Linux; Android 6.0.1; Nexus 5X Build/MMB29P) AppleWebKit/537.36 (KHTML, like Gecko) Chrome/141.0.7390.122 Mobile Safari/537.36 (compatible; GoogleOther)" 
66.249.79.4 - - [25/Oct/2025:01:41:13 -0700] "GET /shopdetail7578512?kg=0007515477 HTTP/1.1" 200 31283 "-" "Mozilla/5.0 (compatible; Googlebot/2.1; +http://www.google.com/bot.html)" 
66.249.68.135 - - [25/Oct/2025:01:41:15 -0700] "GET /shopdetail34760904?kg=0034471350 HTTP/1.1" 200 30867 "-" "Mozilla/5.0 (Linux; Android 6.0.1; Nexus 5X Build/MMB29P) AppleWebKit/537.36 (KHTML, like Gecko) Chrome/141.0.7390.122 Mobile Safari/537.36 (compatible; GoogleOther)" 
64.90.53.137 - - [25/Oct/2025:01:41:28 -0700] "POST /wp-cron.php?doing_wp_cron=1761381688.1032381057739257812500 HTTP/1.1" 200 3634 "https://www.biblioglow.com/wp-cron.php?doing_wp_cron=1761381688.1032381057739257812500" "WordPress/6.1.9; https://www.biblioglow.com" 
156.212.135.134 - - [25/Oct/2025:01:41:27 -0700] "POST /xmlrpc.php HTTP/1.1" 200 4060 "-" "Mozilla/5.0 (X11; Ubuntu; Linux x86_64; x64) AppleWebKit/537.36 (KHTML, like Gecko) Safari/14.0.0.0 Safari/537.36" 
66.249.68.134 - - [25/Oct/2025:01:41:28 -0700] "GET /shopdetail74176448?kg=0073558431 HTTP/1.1" 200 31260 "-" "Mozilla/5.0 (Linux; Android 6.0.1; Nexus 5X Build/MMB29P) AppleWebKit/537.36 (KHTML, like Gecko) Chrome/141.0.7390.122 Mobile Safari/537.36 (compatible; GoogleOther)" 
49.205.40.121 - - [25/Oct/2025:01:41:34 -0700] "POST /xmlrpc.php HTTP/1.1" 200 4060 "-" "Mozilla/5.0 (Windows NT 6.2; x86) AppleWebKit/537.36 (KHTML, like Gecko) Edge/93.0.0.0 Safari/537.36" 
114.119.148.10 - - [25/Oct/2025:01:41:41 -0700] "GET /shopdetail68816216?kg=0068242868 HTTP/1.1" 301 3731 "https://biblioglow.com/sitemap.xml" "Mozilla/5.0 (Linux; Android 7.0;) AppleWebKit/537.36 (KHTML, like Gecko) Mobile Safari/537.36 (compatible; PetalBot;+https://webmaster.petalsearch.com/site/petalbot)" 
114.119.148.10 - - [25/Oct/2025:01:41:43 -0700] "GET /shopdetail68816216?kg=0068242868 HTTP/1.1" 404 51132 "https://biblioglow.com/sitemap.xml" "Mozilla/5.0 (Linux; Android 7.0;) AppleWebKit/537.36 (KHTML, like Gecko) Mobile Safari/537.36 (compatible; PetalBot;+https://webmaster.petalsearch.com/site/petalbot)" 
66.249.68.133 - - [25/Oct/2025:01:41:51 -0700] "GET /shopdetail75964800?kg=0075331879 HTTP/1.1" 200 32041 "-" "Mozilla/5.0 (Linux; Android 6.0.1; Nexus 5X Build/MMB29P) AppleWebKit/537.36 (KHTML, like Gecko) Chrome/141.0.7390.122 Mobile Safari/537.36 (compatible; GoogleOther)" 
66.249.68.135 - - [25/Oct/2025:01:42:06 -0700] "GET /shopdetail310407488?kg=0307820879 HTTP/1.1" 200 30605 "-" "Mozilla/5.0 (Linux; Android 6.0.1; Nexus 5X Build/MMB29P) AppleWebKit/537.36 (KHTML, like Gecko) Chrome/141.0.7390.122 Mobile Safari/537.36 (compatible; GoogleOther)" 
64.90.53.137 - - [25/Oct/2025:01:42:24 -0700] "POST /wp-cron.php?doing_wp_cron=1761381744.4217131137847900390625 HTTP/1.1" 200 3634 "https://www.biblioglow.com/wp-cron.php?doing_wp_cron=1761381744.4217131137847900390625" "WordPress/6.1.9; https://www.biblioglow.com" 
185.191.171.11 - - [25/Oct/2025:01:42:23 -0700] "GET /shopdetail195049080?kg=0193423792 HTTP/1.1" 301 3732 "-" "Mozilla/5.0 (compatible; SemrushBot/7~bl; +http://www.semrush.com/bot.html)" 
185.191.171.8 - - [25/Oct/2025:01:42:26 -0700] "GET /shopdetail195049080?kg=0193423792 HTTP/1.1" 404 51133 "-" "Mozilla/5.0 (compatible; SemrushBot/7~bl; +http://www.semrush.com/bot.html)" 
66.249.68.134 - - [25/Oct/2025:01:42:28 -0700] "GET /shopdetail58596464?kg=0058108281 HTTP/1.1" 200 30871 "-" "Mozilla/5.0 (Linux; Android 6.0.1; Nexus 5X Build/MMB29P) AppleWebKit/537.36 (KHTML, like Gecko) Chrome/141.0.7390.122 Mobile Safari/537.36 (compatible; GoogleOther)" 
49.205.40.121 - - [25/Oct/2025:01:42:34 -0700] "POST /xmlrpc.php HTTP/1.1" 200 4060 "-" "Mozilla/5.0 (X11; Ubuntu; Linux x86_64; arm64) AppleWebKit/537.36 (KHTML, like Gecko) Edge/91.0.0.0 Safari/537.36" 
66.249.68.133 - - [25/Oct/2025:01:42:44 -0700] "GET /shopdetail75765120?kg=0075133863 HTTP/1.1" 200 31143 "-" "Mozilla/5.0 (Linux; Android 6.0.1; Nexus 5X Build/MMB29P) AppleWebKit/537.36 (KHTML, like Gecko) Chrome/141.0.7390.122 Mobile Safari/537.36 (compatible; GoogleOther)" 
85.208.96.195 - - [25/Oct/2025:01:42:45 -0700] "GET /shopdetail194952400?kg=0193327917 HTTP/1.1" 301 3732 "-" "Mozilla/5.0 (compatible; SemrushBot/7~bl; +http://www.semrush.com/bot.html)" 
185.191.171.17 - - [25/Oct/2025:01:42:46 -0700] "GET /shopdetail194952400?kg=0193327917 HTTP/1.1" 404 51133 "-" "Mozilla/5.0 (compatible; SemrushBot/7~bl; +http://www.semrush.com/bot.html)" 
156.212.135.134 - - [25/Oct/2025:01:42:55 -0700] "POST /xmlrpc.php HTTP/1.1" 200 4060 "-" "Mozilla/5.0 (Windows NT 6.2; x86) AppleWebKit/537.36 (KHTML, like Gecko) Opera/73.0.0.0 Safari/537.36" 
85.208.96.206 - - [25/Oct/2025:01:42:59 -0700] "GET /shopdetail195026040?kg=0193400944 HTTP/1.1" 301 3732 "-" "Mozilla/5.0 (compatible; SemrushBot/7~bl; +http://www.semrush.com/bot.html)" 
85.208.96.197 - - [25/Oct/2025:01:43:00 -0700] "GET /shopdetail195026040?kg=0193400944 HTTP/1.1" 404 51133 "-" "Mozilla/5.0 (compatible; SemrushBot/7~bl; +http://www.semrush.com/bot.html)" 
114.119.141.83 - - [25/Oct/2025:01:43:05 -0700] "GET /shopdetail68815536?kg=0068242193 HTTP/1.1" 301 3731 "https://biblioglow.com/sitemap.xml" "Mozilla/5.0 (Linux; Android 7.0;) AppleWebKit/537.36 (KHTML, like Gecko) Mobile Safari/537.36 (compatible; PetalBot;+https://webmaster.petalsearch.com/site/petalbot)" 
66.249.68.134 - - [25/Oct/2025:01:43:05 -0700] "GET /shopdetail76160640?kg=0075526087 HTTP/1.1" 200 30418 "-" "Mozilla/5.0 (Linux; Android 6.0.1; Nexus 5X Build/MMB29P) AppleWebKit/537.36 (KHTML, like Gecko) Chrome/141.0.7390.122 Mobile Safari/537.36 (compatible; GoogleOther)" 
114.119.141.83 - - [25/Oct/2025:01:43:06 -0700] "GET /shopdetail68815536?kg=0068242193 HTTP/1.1" 404 51132 "https://biblioglow.com/sitemap.xml" "Mozilla/5.0 (Linux; Android 7.0;) AppleWebKit/537.36 (KHTML, like Gecko) Mobile Safari/537.36 (compatible; PetalBot;+https://webmaster.petalsearch.com/site/petalbot)" 
66.249.68.134 - - [25/Oct/2025:01:43:22 -0700] "GET /shopdetail161877936?kg=0160529073 HTTP/1.1" 200 32487 "-" "Mozilla/5.0 (Linux; Android 6.0.1; Nexus 5X Build/MMB29P) AppleWebKit/537.36 (KHTML, like Gecko) Chrome/141.0.7390.122 Mobile Safari/537.36 (compatible; GoogleOther)" 
64.90.53.137 - - [25/Oct/2025:01:43:34 -0700] "POST /wp-cron.php?doing_wp_cron=1761381814.3712649345397949218750 HTTP/1.1" 200 3634 "https://www.biblioglow.com/wp-cron.php?doing_wp_cron=1761381814.3712649345397949218750" "WordPress/6.1.9; https://www.biblioglow.com" 
49.205.40.121 - - [25/Oct/2025:01:43:34 -0700] "POST /xmlrpc.php HTTP/1.1" 200 4060 "-" "Mozilla/5.0 (Linux; Android 10; arm64) AppleWebKit/537.36 (KHTML, like Gecko) Firefox/90.0.0.0 Safari/537.36" 
185.191.171.14 - - [25/Oct/2025:01:43:35 -0700] "GET /shopdetail195042776?kg=0193417540 HTTP/1.1" 301 3732 "-" "Mozilla/5.0 (compatible; SemrushBot/7~bl; +http://www.semrush.com/bot.html)" 
85.208.96.206 - - [25/Oct/2025:01:43:36 -0700] "GET /shopdetail195042776?kg=0193417540 HTTP/1.1" 404 51133 "-" "Mozilla/5.0 (compatible; SemrushBot/7~bl; +http://www.semrush.com/bot.html)" 
66.249.68.133 - - [25/Oct/2025:01:43:42 -0700] "GET /shopdetail161008040?kg=0159666426 HTTP/1.1" 200 30840 "-" "Mozilla/5.0 (Linux; Android 6.0.1; Nexus 5X Build/MMB29P) AppleWebKit/537.36 (KHTML, like Gecko) Chrome/141.0.7390.122 Mobile Safari/537.36 (compatible; GoogleOther)" 
66.249.68.133 - - [25/Oct/2025:01:44:00 -0700] "GET /shopdetail76508160?kg=0075870711 HTTP/1.1" 200 30741 "-" "Mozilla/5.0 (Linux; Android 6.0.1; Nexus 5X Build/MMB29P) AppleWebKit/537.36 (KHTML, like Gecko) Chrome/141.0.7390.122 Mobile Safari/537.36 (compatible; GoogleOther)" 
66.249.68.134 - - [25/Oct/2025:01:44:18 -0700] "GET /shopdetail74869840?kg=0074246045 HTTP/1.1" 200 30682 "-" "Mozilla/5.0 (Linux; Android 6.0.1; Nexus 5X Build/MMB29P) AppleWebKit/537.36 (KHTML, like Gecko) Chrome/141.0.7390.122 Mobile Safari/537.36 (compatible; GoogleOther)" 
104.41.213.192 - - [25/Oct/2025:01:44:26 -0700] "GET /wp-login.php HTTP/2.0" 429 351 "-" "Mozilla/5.0 (Macintosh; Intel Mac OS X 10_11_6) AppleWebKit/604.3.5 (KHTML, like Gecko) Version/11.0.1 Safari/604.3.5" 
104.41.213.192 - - [25/Oct/2025:01:44:29 -0700] "POST /wp-login.php HTTP/2.0" 429 278 "https://www.biblioglow.com/wp-login.php" "Mozilla/5.0 (Macintosh; Intel Mac OS X 10_11_6) AppleWebKit/604.3.5 (KHTML, like Gecko) Version/11.0.1 Safari/604.3.5" 
64.90.53.137 - - [25/Oct/2025:01:44:28 -0700] "POST /wp-cron.php?doing_wp_cron=1761381868.6384871006011962890625 HTTP/1.1" 200 3634 "https://www.biblioglow.com/wp-cron.php?doing_wp_cron=1761381868.6384871006011962890625" "WordPress/6.1.9; https://www.biblioglow.com" 
114.119.141.83 - - [25/Oct/2025:01:44:28 -0700] "GET /shopdetail68814720?kg=0068241383 HTTP/1.1" 301 3731 "https://biblioglow.com/sitemap.xml" "Mozilla/5.0 (Linux; Android 7.0;) AppleWebKit/537.36 (KHTML, like Gecko) Mobile Safari/537.36 (compatible; PetalBot;+https://webmaster.petalsearch.com/site/petalbot)" 
114.119.141.83 - - [25/Oct/2025:01:44:29 -0700] "GET /shopdetail68814720?kg=0068241383 HTTP/1.1" 404 51132 "https://biblioglow.com/sitemap.xml" "Mozilla/5.0 (Linux; Android 7.0;) AppleWebKit/537.36 (KHTML, like Gecko) Mobile Safari/537.36 (compatible; PetalBot;+https://webmaster.petalsearch.com/site/petalbot)" 
49.205.40.121 - - [25/Oct/2025:01:44:34 -0700] "POST /xmlrpc.php HTTP/1.1" 200 4060 "-" "Mozilla/5.0 (Windows NT 6.2; arm64) AppleWebKit/537.36 (KHTML, like Gecko) Opera/71.0.0.0 Safari/537.36" 
156.212.135.134 - - [25/Oct/2025:01:44:37 -0700] "POST /xmlrpc.php HTTP/1.1" 200 4060 "-" "Mozilla/5.0 (Windows NT 6.3; x64) AppleWebKit/537.36 (KHTML, like Gecko) Chrome/88.0.0.0 Safari/537.36" 
66.249.68.133 - - [25/Oct/2025:01:44:38 -0700] "GET /shopdetail161202912?kg=0159859675 HTTP/1.1" 200 30516 "-" "Mozilla/5.0 (Linux; Android 6.0.1; Nexus 5X Build/MMB29P) AppleWebKit/537.36 (KHTML, like Gecko) Chrome/141.0.7390.122 Mobile Safari/537.36 (compatible; GoogleOther)" 
66.249.68.133 - - [25/Oct/2025:01:44:55 -0700] "GET /shopdetail73974576?kg=0073358241 HTTP/1.1" 200 33050 "-" "Mozilla/5.0 (Linux; Android 6.0.1; Nexus 5X Build/MMB29P) AppleWebKit/537.36 (KHTML, like Gecko) Chrome/141.0.7390.122 Mobile Safari/537.36 (compatible; GoogleOther)" 
66.249.68.135 - - [25/Oct/2025:01:45:16 -0700] "GET /shopdetail74680864?kg=0074058643 HTTP/1.1" 200 31763 "-" "Mozilla/5.0 (Linux; Android 6.0.1; Nexus 5X Build/MMB29P) AppleWebKit/537.36 (KHTML, like Gecko) Chrome/141.0.7390.122 Mobile Safari/537.36 (compatible; GoogleOther)" 
66.249.68.134 - - [25/Oct/2025:01:45:32 -0700] "GET /shopdetail58656952?kg=0058168264 HTTP/1.1" 200 30486 "-" "Mozilla/5.0 (Linux; Android 6.0.1; Nexus 5X Build/MMB29P) AppleWebKit/537.36 (KHTML, like Gecko) Chrome/141.0.7390.122 Mobile Safari/537.36 (compatible; GoogleOther)" 
64.90.53.137 - - [25/Oct/2025:01:45:35 -0700] "POST /wp-cron.php?doing_wp_cron=1761381935.5390450954437255859375 HTTP/1.1" 200 3634 "https://www.biblioglow.com/wp-cron.php?doing_wp_cron=1761381935.5390450954437255859375" "WordPress/6.1.9; https://www.biblioglow.com" 
49.205.40.121 - - [25/Oct/2025:01:45:35 -0700] "POST /xmlrpc.php HTTP/1.1" 200 4060 "-" "Mozilla/5.0 (X11; Ubuntu; Linux x86_64; arm64) AppleWebKit/537.36 (KHTML, like Gecko) Edge/92.0.0.0 Safari/537.36" 
185.191.171.14 - - [25/Oct/2025:01:45:43 -0700] "GET /shopdetail195005752?kg=0193380824 HTTP/1.1" 301 3732 "-" "Mozilla/5.0 (compatible; SemrushBot/7~bl; +http://www.semrush.com/bot.html)" 
85.208.96.210 - - [25/Oct/2025:01:45:44 -0700] "GET /shopdetail195005752?kg=0193380824 HTTP/1.1" 404 51133 "-" "Mozilla/5.0 (compatible; SemrushBot/7~bl; +http://www.semrush.com/bot.html)" 
156.212.135.134 - - [25/Oct/2025:01:45:53 -0700] "POST /xmlrpc.php HTTP/1.1" 200 4060 "-" "Mozilla/5.0 (Windows NT 6.3; x86) AppleWebKit/537.36 (KHTML, like Gecko) Chrome/94.0.0.0 Safari/537.36" 
114.119.129.24 - - [25/Oct/2025:01:45:53 -0700] "GET /shopdetail68814296?kg=0068240964 HTTP/1.1" 301 3731 "https://biblioglow.com/sitemap.xml" "Mozilla/5.0 (Linux; Android 7.0;) AppleWebKit/537.36 (KHTML, like Gecko) Mobile Safari/537.36 (compatible; PetalBot;+https://webmaster.petalsearch.com/site/petalbot)" 
66.249.68.133 - - [25/Oct/2025:01:45:54 -0700] "GET /shopdetail159700248?kg=0158369532 HTTP/1.1" 200 31133 "-" "Mozilla/5.0 (Linux; Android 6.0.1; Nexus 5X Build/MMB29P) AppleWebKit/537.36 (KHTML, like Gecko) Chrome/141.0.7390.122 Mobile Safari/537.36 (compatible; GoogleOther)" 
114.119.129.24 - - [25/Oct/2025:01:45:55 -0700] "GET /shopdetail68814296?kg=0068240964 HTTP/1.1" 404 51132 "https://biblioglow.com/sitemap.xml" "Mozilla/5.0 (Linux; Android 7.0;) AppleWebKit/537.36 (KHTML, like Gecko) Mobile Safari/537.36 (compatible; PetalBot;+https://webmaster.petalsearch.com/site/petalbot)" 
66.249.68.133 - - [25/Oct/2025:01:46:10 -0700] "GET /shopdetail58577264?kg=0058089241 HTTP/1.1" 200 30736 "-" "Mozilla/5.0 (Linux; Android 6.0.1; Nexus 5X Build/MMB29P) AppleWebKit/537.36 (KHTML, like Gecko) Chrome/141.0.7390.122 Mobile Safari/537.36 (compatible; GoogleOther)" 
15.235.96.208 - - [25/Oct/2025:01:46:30 -0700] "GET /robots.txt HTTP/2.0" 200 270 "-" "Mozilla/5.0 (compatible; AhrefsBot/7.0; +http://ahrefs.com/robot/)" 
142.44.233.140 - - [25/Oct/2025:01:46:34 -0700] "GET /feed/ HTTP/2.0" 200 5315 "-" "Mozilla/5.0 (compatible; AhrefsBot/7.0; +http://ahrefs.com/robot/)" 
66.249.68.134 - - [25/Oct/2025:01:46:34 -0700] "GET /shopdetail76518848?kg=0075881311 HTTP/1.1" 200 32339 "-" "Mozilla/5.0 (Linux; Android 6.0.1; Nexus 5X Build/MMB29P) AppleWebKit/537.36 (KHTML, like Gecko) Chrome/141.0.7390.122 Mobile Safari/537.36 (compatible; GoogleOther)" 
85.208.96.212 - - [25/Oct/2025:01:46:34 -0700] "GET /shopdetail195018224?kg=0193393193 HTTP/1.1" 301 3732 "-" "Mozilla/5.0 (compatible; SemrushBot/7~bl; +http://www.semrush.com/bot.html)" 
64.90.53.137 - - [25/Oct/2025:01:46:35 -0700] "POST /wp-cron.php?doing_wp_cron=1761381995.1640830039978027343750 HTTP/1.1" 200 3634 "https://www.biblioglow.com/wp-cron.php?doing_wp_cron=1761381995.1640830039978027343750" "WordPress/6.1.9; https://www.biblioglow.com" 
185.191.171.3 - - [25/Oct/2025:01:46:36 -0700] "GET /shopdetail195018224?kg=0193393193 HTTP/1.1" 404 51133 "-" "Mozilla/5.0 (compatible; SemrushBot/7~bl; +http://www.semrush.com/bot.html)" 
49.205.40.121 - - [25/Oct/2025:01:46:34 -0700] "POST /xmlrpc.php HTTP/1.1" 200 4060 "-" "Mozilla/5.0 (Linux; Android 10; x64) AppleWebKit/537.36 (KHTML, like Gecko) Edge/86.0.0.0 Safari/537.36" 
66.249.68.133 - - [25/Oct/2025:01:46:50 -0700] "GET /shopdetail310242096?kg=0307656865 HTTP/1.1" 200 30624 "-" "Mozilla/5.0 (Linux; Android 6.0.1; Nexus 5X Build/MMB29P) AppleWebKit/537.36 (KHTML, like Gecko) Chrome/141.0.7390.122 Mobile Safari/537.36 (compatible; GoogleOther)" 
185.191.171.1 - - [25/Oct/2025:01:46:54 -0700] "GET /shopdetail194961456?kg=0193336897 HTTP/1.1" 301 3732 "-" "Mozilla/5.0 (compatible; SemrushBot/7~bl; +http://www.semrush.com/bot.html)" 
85.208.96.199 - - [25/Oct/2025:01:46:55 -0700] "GET /shopdetail194961456?kg=0193336897 HTTP/1.1" 404 51133 "-" "Mozilla/5.0 (compatible; SemrushBot/7~bl; +http://www.semrush.com/bot.html)" 
156.212.135.134 - - [25/Oct/2025:01:46:56 -0700] "POST /xmlrpc.php HTTP/1.1" 200 4060 "-" "Mozilla/5.0 (Linux; Android 10; x86) AppleWebKit/537.36 (KHTML, like Gecko) Opera/74.0.0.0 Safari/537.36" 
185.191.171.1 - - [25/Oct/2025:01:46:58 -0700] "GET /shopdetail194961184?kg=0193336627 HTTP/1.1" 301 3732 "-" "Mozilla/5.0 (compatible; SemrushBot/7~bl; +http://www.semrush.com/bot.html)" 
185.191.171.5 - - [25/Oct/2025:01:46:59 -0700] "GET /shopdetail194961184?kg=0193336627 HTTP/1.1" 404 51133 "-" "Mozilla/5.0 (compatible; SemrushBot/7~bl; +http://www.semrush.com/bot.html)" 
66.249.68.134 - - [25/Oct/2025:01:47:10 -0700] "GET /shopdetail72762512?kg=0072156277 HTTP/1.1" 200 30667 "-" "Mozilla/5.0 (Linux; Android 6.0.1; Nexus 5X Build/MMB29P) AppleWebKit/537.36 (KHTML, like Gecko) Chrome/141.0.7390.122 Mobile Safari/537.36 (compatible; GoogleOther)" 
64.90.53.137 - - [25/Oct/2025:01:47:13 -0700] "POST /wp-cron.php?doing_wp_cron=1761382033.1370720863342285156250 HTTP/1.1" 200 3634 "https://www.biblioglow.com/wp-cron.php?doing_wp_cron=1761382033.1370720863342285156250" "WordPress/6.1.9; https://www.biblioglow.com" 
85.208.96.209 - - [25/Oct/2025:01:47:12 -0700] "GET /shopdetail195033736?kg=0193408574 HTTP/1.1" 301 3732 "-" "Mozilla/5.0 (compatible; SemrushBot/7~bl; +http://www.semrush.com/bot.html)" 
85.208.96.201 - - [25/Oct/2025:01:47:14 -0700] "GET /shopdetail195033736?kg=0193408574 HTTP/1.1" 404 51133 "-" "Mozilla/5.0 (compatible; SemrushBot/7~bl; +http://www.semrush.com/bot.html)" 
114.119.141.83 - - [25/Oct/2025:01:47:16 -0700] "GET /shopdetail68812920?kg=0068239600 HTTP/1.1" 301 3731 "https://biblioglow.com/sitemap.xml" "Mozilla/5.0 (Linux; Android 7.0;) AppleWebKit/537.36 (KHTML, like Gecko) Mobile Safari/537.36 (compatible; PetalBot;+https://webmaster.petalsearch.com/site/petalbot)" 
114.119.141.83 - - [25/Oct/2025:01:47:17 -0700] "GET /shopdetail68812920?kg=0068239600 HTTP/1.1" 404 51132 "https://biblioglow.com/sitemap.xml" "Mozilla/5.0 (Linux; Android 7.0;) AppleWebKit/537.36 (KHTML, like Gecko) Mobile Safari/537.36 (compatible; PetalBot;+https://webmaster.petalsearch.com/site/petalbot)" 
66.249.68.134 - - [25/Oct/2025:01:47:22 -0700] "GET /shopdetail76156512?kg=0075521995 HTTP/1.1" 200 30626 "-" "Mozilla/5.0 (Linux; Android 6.0.1; Nexus 5X Build/MMB29P) AppleWebKit/537.36 (KHTML, like Gecko) Chrome/141.0.7390.122 Mobile Safari/537.36 (compatible; GoogleOther)" 
52.167.144.206 - - [25/Oct/2025:01:47:25 -0700] "GET /shopdetail302336488?kg=0299817138 HTTP/2.0" 200 27639 "-" "Mozilla/5.0 AppleWebKit/537.36 (KHTML, like Gecko; compatible; bingbot/2.0; +http://www.bing.com/bingbot.htm) Chrome/116.0.1938.76 Safari/537.36" 
49.205.40.121 - - [25/Oct/2025:01:47:34 -0700] "POST /xmlrpc.php HTTP/1.1" 200 4060 "-" "Mozilla/5.0 (Windows NT 10.0; x86) AppleWebKit/537.36 (KHTML, like Gecko) Edge/100.0.0.0 Safari/537.36" 
66.249.68.133 - - [25/Oct/2025:01:47:48 -0700] "GET /shopdetail325330968?kg=0322619996 HTTP/1.1" 200 31164 "-" "Mozilla/5.0 (Linux; Android 6.0.1; Nexus 5X Build/MMB29P) AppleWebKit/537.36 (KHTML, like Gecko) Chrome/141.0.7390.122 Mobile Safari/537.36 (compatible; GoogleOther)" 
66.249.68.133 - - [25/Oct/2025:01:47:59 -0700] "GET /shopdetail161170408?kg=0159827442 HTTP/1.1" 200 31074 "-" "Mozilla/5.0 (Linux; Android 6.0.1; Nexus 5X Build/MMB29P) AppleWebKit/537.36 (KHTML, like Gecko) Chrome/141.0.7390.122 Mobile Safari/537.36 (compatible; GoogleOther)" 
156.212.135.134 - - [25/Oct/2025:01:48:06 -0700] "POST /xmlrpc.php HTTP/1.1" 200 4060 "-" "Mozilla/5.0 (Windows NT 10.0; arm64) AppleWebKit/537.36 (KHTML, like Gecko) Chrome/90.0.0.0 Safari/537.36" 
66.249.68.134 - - [25/Oct/2025:01:48:24 -0700] "GET /shopdetail43314912?kg=0042954075 HTTP/1.1" 200 30881 "-" "Mozilla/5.0 (Linux; Android 6.0.1; Nexus 5X Build/MMB29P) AppleWebKit/537.36 (KHTML, like Gecko) Chrome/141.0.7390.122 Mobile Safari/537.36 (compatible; Googlebot/2.1; +http://www.google.com/bot.html)" 
66.249.68.135 - - [25/Oct/2025:01:48:26 -0700] "GET /?shopdetail32716104?kg=0032443590 HTTP/1.1" 200 35319 "-" "Mozilla/5.0 (Linux; Android 6.0.1; Nexus 5X Build/MMB29P) AppleWebKit/537.36 (KHTML, like Gecko) Chrome/141.0.7390.122 Mobile Safari/537.36 (compatible; GoogleOther)" 
57.141.6.46 - - [25/Oct/2025:01:48:27 -0700] "GET /privacy-policy/ HTTP/2.0" 429 351 "-" "meta-externalagent/1.1 (+https://developers.facebook.com/docs/sharing/webmasters/crawler)" 
64.90.53.137 - - [25/Oct/2025:01:48:34 -0700] "POST /wp-cron.php?doing_wp_cron=1761382114.8284840583801269531250 HTTP/1.1" 200 3634 "https://www.biblioglow.com/wp-cron.php?doing_wp_cron=1761382114.8284840583801269531250" "WordPress/6.1.9; https://www.biblioglow.com" 
49.205.40.121 - - [25/Oct/2025:01:48:34 -0700] "POST /xmlrpc.php HTTP/1.1" 200 4060 "-" "Mozilla/5.0 (Windows NT 6.2; arm64) AppleWebKit/537.36 (KHTML, like Gecko) Firefox/96.0.0.0 Safari/537.36" 
66.249.68.134 - - [25/Oct/2025:01:48:35 -0700] "GET /shopdetail75984408?kg=0075351324 HTTP/1.1" 200 32147 "-" "Mozilla/5.0 (Linux; Android 6.0.1; Nexus 5X Build/MMB29P) AppleWebKit/537.36 (KHTML, like Gecko) Chrome/141.0.7390.122 Mobile Safari/537.36 (compatible; GoogleOther)" 
114.119.156.60 - - [25/Oct/2025:01:48:41 -0700] "GET /shopdetail68812800?kg=0068239479 HTTP/1.1" 301 3731 "https://biblioglow.com/sitemap.xml" "Mozilla/5.0 (Linux; Android 7.0;) AppleWebKit/537.36 (KHTML, like Gecko) Mobile Safari/537.36 (compatible; PetalBot;+https://webmaster.petalsearch.com/site/petalbot)" 
114.119.156.60 - - [25/Oct/2025:01:48:43 -0700] "GET /shopdetail68812800?kg=0068239479 HTTP/1.1" 404 51132 "https://biblioglow.com/sitemap.xml" "Mozilla/5.0 (Linux; Android 7.0;) AppleWebKit/537.36 (KHTML, like Gecko) Mobile Safari/537.36 (compatible; PetalBot;+https://webmaster.petalsearch.com/site/petalbot)" 
66.249.68.134 - - [25/Oct/2025:01:49:04 -0700] "GET /shopdetail159774296?kg=0158442964 HTTP/1.1" 200 31071 "-" "Mozilla/5.0 (Linux; Android 6.0.1; Nexus 5X Build/MMB29P) AppleWebKit/537.36 (KHTML, like Gecko) Chrome/141.0.7390.122 Mobile Safari/537.36 (compatible; GoogleOther)" 
66.249.68.134 - - [25/Oct/2025:01:49:12 -0700] "GET /shopdetail310265408?kg=0307679983 HTTP/1.1" 200 31472 "-" "Mozilla/5.0 (Linux; Android 6.0.1; Nexus 5X Build/MMB29P) AppleWebKit/537.36 (KHTML, like Gecko) Chrome/141.0.7390.122 Mobile Safari/537.36 (compatible; GoogleOther)" 
43.224.34.83 - - [25/Oct/2025:01:49:17 -0700] "POST /xmlrpc.php HTTP/2.0" 429 351 "-" "Mozilla/5.0 (Windows NT 10.0) AppleWebKit/537.36 (KHTML, like Gecko) Chrome/52.0.2743.116 Safari/537.36 Edge/15.15063" 
64.90.53.137 - - [25/Oct/2025:01:49:30 -0700] "POST /wp-cron.php?doing_wp_cron=1761382170.2654979228973388671875 HTTP/1.1" 200 3634 "https://www.biblioglow.com/wp-cron.php?doing_wp_cron=1761382170.2654979228973388671875" "WordPress/6.1.9; https://www.biblioglow.com" 
156.212.135.134 - - [25/Oct/2025:01:49:30 -0700] "POST /xmlrpc.php HTTP/1.1" 200 4060 "-" "Mozilla/5.0 (Linux; Android 10; arm64) AppleWebKit/537.36 (KHTML, like Gecko) Edge/99.0.0.0 Safari/537.36" 
49.205.40.121 - - [25/Oct/2025:01:49:34 -0700] "POST /xmlrpc.php HTTP/1.1" 200 4060 "-" "Mozilla/5.0 (X11; Ubuntu; Linux x86_64; arm64) AppleWebKit/537.36 (KHTML, like Gecko) Safari/11.0.0.0 Safari/537.36" 
66.249.68.133 - - [25/Oct/2025:01:49:42 -0700] "GET /shopdetail325831528?kg=0323116386 HTTP/1.1" 200 30948 "-" "Mozilla/5.0 (Linux; Android 6.0.1; Nexus 5X Build/MMB29P) AppleWebKit/537.36 (KHTML, like Gecko) Chrome/141.0.7390.122 Mobile Safari/537.36 (compatible; GoogleOther)" 
66.249.68.133 - - [25/Oct/2025:01:49:49 -0700] "GET /shopdetail58644328?kg=0058155746 HTTP/1.1" 200 33337 "-" "Mozilla/5.0 (Linux; Android 6.0.1; Nexus 5X Build/MMB29P) AppleWebKit/537.36 (KHTML, like Gecko) Chrome/141.0.7390.122 Mobile Safari/537.36 (compatible; GoogleOther)" 
114.119.148.10 - - [25/Oct/2025:01:50:03 -0700] "GET /shopdetail68812512?kg=0068239195 HTTP/1.1" 301 3731 "https://biblioglow.com/sitemap.xml" "Mozilla/5.0 (Linux; Android 7.0;) AppleWebKit/537.36 (KHTML, like Gecko) Mobile Safari/537.36 (compatible; PetalBot;+https://webmaster.petalsearch.com/site/petalbot)" 
114.119.148.10 - - [25/Oct/2025:01:50:05 -0700] "GET /shopdetail68812512?kg=0068239195 HTTP/1.1" 404 51132 "https://biblioglow.com/sitemap.xml" "Mozilla/5.0 (Linux; Android 7.0;) AppleWebKit/537.36 (KHTML, like Gecko) Mobile Safari/537.36 (compatible; PetalBot;+https://webmaster.petalsearch.com/site/petalbot)" 
85.208.96.197 - - [25/Oct/2025:01:50:06 -0700] "GET /shopdetail195000960?kg=0193376071 HTTP/1.1" 301 3732 "-" "Mozilla/5.0 (compatible; SemrushBot/7~bl; +http://www.semrush.com/bot.html)" 
85.208.96.202 - - [25/Oct/2025:01:50:06 -0700] "GET /shopdetail195000960?kg=0193376071 HTTP/1.1" 404 51133 "-" "Mozilla/5.0 (compatible; SemrushBot/7~bl; +http://www.semrush.com/bot.html)" 
66.249.68.135 - - [25/Oct/2025:01:50:20 -0700] "GET /shopdetail74995336?kg=0074370494 HTTP/1.1" 200 30837 "-" "Mozilla/5.0 (Linux; Android 6.0.1; Nexus 5X Build/MMB29P) AppleWebKit/537.36 (KHTML, like Gecko) Chrome/141.0.7390.122 Mobile Safari/537.36 (compatible; GoogleOther)" 
66.249.68.134 - - [25/Oct/2025:01:50:25 -0700] "GET /shopdetail43326720?kg=0042965783 HTTP/1.1" 200 31857 "-" "Mozilla/5.0 (Linux; Android 6.0.1; Nexus 5X Build/MMB29P) AppleWebKit/537.36 (KHTML, like Gecko) Chrome/141.0.7390.122 Mobile Safari/537.36 (compatible; Googlebot/2.1; +http://www.google.com/bot.html)" 
66.249.68.133 - - [25/Oct/2025:01:50:26 -0700] "GET /shopdetail59273272?kg=0058779448 HTTP/1.1" 200 30678 "-" "Mozilla/5.0 (Linux; Android 6.0.1; Nexus 5X Build/MMB29P) AppleWebKit/537.36 (KHTML, like Gecko) Chrome/141.0.7390.122 Mobile Safari/537.36 (compatible; GoogleOther)" 
64.90.53.137 - - [25/Oct/2025:01:50:32 -0700] "POST /wp-cron.php?doing_wp_cron=1761382232.6650099754333496093750 HTTP/1.1" 200 3634 "https://www.biblioglow.com/wp-cron.php?doing_wp_cron=1761382232.6650099754333496093750" "WordPress/6.1.9; https://www.biblioglow.com" 
185.191.171.13 - - [25/Oct/2025:01:50:32 -0700] "GET /shopdetail194950344?kg=0193325878 HTTP/1.1" 301 3732 "-" "Mozilla/5.0 (compatible; SemrushBot/7~bl; +http://www.semrush.com/bot.html)" 
49.205.40.121 - - [25/Oct/2025:01:50:34 -0700] "POST /xmlrpc.php HTTP/1.1" 200 4060 "-" "Mozilla/5.0 (Linux; Android 10; x64) AppleWebKit/537.36 (KHTML, like Gecko) Chrome/84.0.0.0 Safari/537.36" 
156.212.135.134 - - [25/Oct/2025:01:50:40 -0700] "POST /xmlrpc.php HTTP/1.1" 200 4060 "-" "Mozilla/5.0 (X11; Ubuntu; Linux x86_64; x86) AppleWebKit/537.36 (KHTML, like Gecko) Firefox/81.0.0.0 Safari/537.36" 
66.249.68.133 - - [25/Oct/2025:01:50:58 -0700] "GET /shopdetail161208264?kg=0159864982 HTTP/1.1" 200 31714 "-" "Mozilla/5.0 (Linux; Android 6.0.1; Nexus 5X Build/MMB29P) AppleWebKit/537.36 (KHTML, like Gecko) Chrome/141.0.7390.122 Mobile Safari/537.36 (compatible; GoogleOther)" 
66.249.68.135 - - [25/Oct/2025:01:51:02 -0700] "GET /shopdetail184933432?kg=0183392440 HTTP/1.1" 200 34177 "-" "Mozilla/5.0 (Linux; Android 6.0.1; Nexus 5X Build/MMB29P) AppleWebKit/537.36 (KHTML, like Gecko) Chrome/141.0.7390.122 Mobile Safari/537.36 (compatible; GoogleOther)" 
