20.171.207.247 - - [25/Oct/2025:05:55:27 -0700] "GET /shopdetail252397576?kg=0250294382 HTTP/2.0" 404 47283 "-" "Mozilla/5.0 AppleWebKit/537.36 (KHTML, like Gecko; compatible; GPTBot/1.2; +https://openai.com/gptbot)" 
20.171.207.247 - - [25/Oct/2025:05:55:30 -0700] "GET /shopdetail120788968?kg=0119782514 HTTP/2.0" 404 47283 "-" "Mozilla/5.0 AppleWebKit/537.36 (KHTML, like Gecko; compatible; GPTBot/1.2; +https://openai.com/gptbot)" 
20.171.207.247 - - [25/Oct/2025:05:55:33 -0700] "GET /shopdetail278180424?kg=0275862374 HTTP/2.0" 404 47283 "-" "Mozilla/5.0 AppleWebKit/537.36 (KHTML, like Gecko; compatible; GPTBot/1.2; +https://openai.com/gptbot)" 
20.171.207.247 - - [25/Oct/2025:05:55:36 -0700] "GET /shopdetail278156432?kg=0275838581 HTTP/2.0" 404 47283 "-" "Mozilla/5.0 AppleWebKit/537.36 (KHTML, like Gecko; compatible; GPTBot/1.2; +https://openai.com/gptbot)" 
66.249.68.133 - - [25/Oct/2025:05:55:37 -0700] "GET /shopdetail325529000?kg=0322816378 HTTP/1.1" 200 31346 "-" "Mozilla/5.0 (Linux; Android 6.0.1; Nexus 5X Build/MMB29P) AppleWebKit/537.36 (KHTML, like Gecko) Chrome/141.0.7390.122 Mobile Safari/537.36 (compatible; GoogleOther)" 
74.208.92.227 - - [25/Oct/2025:05:55:38 -0700] "GET /wp-sitemap.xml HTTP/1.1" 429 3827 "-" "Mozilla/5.0 (X11; Linux x86_64) AppleWebKit/537.36 (KHTML, like Gecko) Chrome/141.0.7390.77 Safari/537.36" 
66.249.68.134 - - [25/Oct/2025:05:55:39 -0700] "GET /shopdetail325417504?kg=0322705811 HTTP/1.1" 200 31350 "-" "Mozilla/5.0 (Linux; Android 6.0.1; Nexus 5X Build/MMB29P) AppleWebKit/537.36 (KHTML, like Gecko) Chrome/141.0.7390.122 Mobile Safari/537.36 (compatible; GoogleOther)" 
20.171.207.247 - - [25/Oct/2025:05:55:39 -0700] "GET /shopdetail120786640?kg=0119780205 HTTP/2.0" 404 47418 "-" "Mozilla/5.0 AppleWebKit/537.36 (KHTML, like Gecko; compatible; GPTBot/1.2; +https://openai.com/gptbot)" 
20.171.207.247 - - [25/Oct/2025:05:55:42 -0700] "GET /shopdetail278100464?kg=0275783081 HTTP/2.0" 404 47283 "-" "Mozilla/5.0 AppleWebKit/537.36 (KHTML, like Gecko; compatible; GPTBot/1.2; +https://openai.com/gptbot)" 
89.117.74.114 - - [25/Oct/2025:05:55:45 -0700] "GET /wp-sitemap.xml HTTP/1.1" 429 3837 "-" "Mozilla/5.0 (X11; Linux x86_64) AppleWebKit/537.36 (KHTML, like Gecko) Chrome/141.0.7390.77 Safari/537.36" 
20.171.207.247 - - [25/Oct/2025:05:55:46 -0700] "GET /shopdetail278138184?kg=0275820486 HTTP/2.0" 404 47283 "-" "Mozilla/5.0 AppleWebKit/537.36 (KHTML, like Gecko; compatible; GPTBot/1.2; +https://openai.com/gptbot)" 
103.153.42.48 - - [25/Oct/2025:05:55:48 -0700] "GET /wp-sitemap.xml HTTP/1.1" 429 3837 "-" "Mozilla/5.0 (X11; Linux x86_64) AppleWebKit/537.36 (KHTML, like Gecko) Chrome/141.0.7390.77 Safari/537.36" 
20.171.207.247 - - [25/Oct/2025:05:55:49 -0700] "GET /shopdetail278176448?kg=0275858431 HTTP/2.0" 404 47283 "-" "Mozilla/5.0 AppleWebKit/537.36 (KHTML, like Gecko; compatible; GPTBot/1.2; +https://openai.com/gptbot)" 
20.171.207.247 - - [25/Oct/2025:05:55:52 -0700] "GET /shopdetail278133936?kg=0275816273 HTTP/2.0" 404 47283 "-" "Mozilla/5.0 AppleWebKit/537.36 (KHTML, like Gecko; compatible; GPTBot/1.2; +https://openai.com/gptbot)" 
20.171.207.247 - - [25/Oct/2025:05:55:55 -0700] "GET /shopdetail159826680?kg=0158494912 HTTP/2.0" 404 47283 "-" "Mozilla/5.0 AppleWebKit/537.36 (KHTML, like Gecko; compatible; GPTBot/1.2; +https://openai.com/gptbot)" 
20.171.207.247 - - [25/Oct/2025:05:55:58 -0700] "GET /shopdetail278167664?kg=0275849721 HTTP/2.0" 404 47283 "-" "Mozilla/5.0 AppleWebKit/537.36 (KHTML, like Gecko; compatible; GPTBot/1.2; +https://openai.com/gptbot)" 
3.138.239.76 - - [25/Oct/2025:05:56:01 -0700] "GET /wp-sitemap-users-1.xml HTTP/1.1" 429 3837 "-" "Mozilla/5.0 (X11; Linux x86_64) AppleWebKit/537.36 (KHTML, like Gecko) Chrome/141.0.7390.77 Safari/537.36" 
20.171.207.247 - - [25/Oct/2025:05:56:01 -0700] "GET /shopdetail252367128?kg=0250264188 HTTP/2.0" 404 47283 "-" "Mozilla/5.0 AppleWebKit/537.36 (KHTML, like Gecko; compatible; GPTBot/1.2; +https://openai.com/gptbot)" 
20.171.207.247 - - [25/Oct/2025:05:56:04 -0700] "GET /shopdetail120795832?kg=0119789320 HTTP/2.0" 404 47283 "-" "Mozilla/5.0 AppleWebKit/537.36 (KHTML, like Gecko; compatible; GPTBot/1.2; +https://openai.com/gptbot)" 
20.171.207.247 - - [25/Oct/2025:05:56:08 -0700] "GET /shopdetail159916376?kg=0158583860 HTTP/2.0" 404 47283 "-" "Mozilla/5.0 AppleWebKit/537.36 (KHTML, like Gecko; compatible; GPTBot/1.2; +https://openai.com/gptbot)" 
66.249.68.135 - - [25/Oct/2025:05:56:08 -0700] "GET /shopdetail58972800?kg=0058481479 HTTP/1.1" 200 30323 "-" "Mozilla/5.0 (Linux; Android 6.0.1; Nexus 5X Build/MMB29P) AppleWebKit/537.36 (KHTML, like Gecko) Chrome/141.0.7390.122 Mobile Safari/537.36 (compatible; GoogleOther)" 
66.249.68.135 - - [25/Oct/2025:05:56:11 -0700] "GET /shopdetail59291368?kg=0058797394 HTTP/1.1" 200 27458 "-" "Mozilla/5.0 (Linux; Android 6.0.1; Nexus 5X Build/MMB29P) AppleWebKit/537.36 (KHTML, like Gecko) Chrome/141.0.7390.122 Mobile Safari/537.36 (compatible; GoogleOther)" 
20.171.207.247 - - [25/Oct/2025:05:56:11 -0700] "GET /shopdetail278151080?kg=0275833274 HTTP/2.0" 404 47283 "-" "Mozilla/5.0 AppleWebKit/537.36 (KHTML, like Gecko; compatible; GPTBot/1.2; +https://openai.com/gptbot)" 
64.90.53.137 - - [25/Oct/2025:05:56:15 -0700] "POST /wp-cron.php?doing_wp_cron=1761396975.0732610225677490234375 HTTP/1.1" 200 3634 "https://www.biblioglow.com/wp-cron.php?doing_wp_cron=1761396975.0732610225677490234375" "WordPress/6.1.9; https://www.biblioglow.com" 
20.171.207.247 - - [25/Oct/2025:05:56:14 -0700] "GET /shopdetail120774576?kg=0119768241 HTTP/2.0" 404 47292 "-" "Mozilla/5.0 AppleWebKit/537.36 (KHTML, like Gecko; compatible; GPTBot/1.2; +https://openai.com/gptbot)" 
20.171.207.247 - - [25/Oct/2025:05:56:17 -0700] "GET /shopdetail278143264?kg=0275825523 HTTP/2.0" 404 47283 "-" "Mozilla/5.0 AppleWebKit/537.36 (KHTML, like Gecko; compatible; GPTBot/1.2; +https://openai.com/gptbot)" 
49.36.237.63 - - [25/Oct/2025:05:56:20 -0700] "POST /xmlrpc.php HTTP/1.1" 200 3829 "-" "Mozilla/5.0 (Windows NT 10.0; arm64) AppleWebKit/537.36 (KHTML, like Gecko) Opera/80.0.0.0 Safari/537.36" 
20.171.207.247 - - [25/Oct/2025:05:56:20 -0700] "GET /shopdetail159825048?kg=0158493292 HTTP/2.0" 404 47283 "-" "Mozilla/5.0 AppleWebKit/537.36 (KHTML, like Gecko; compatible; GPTBot/1.2; +https://openai.com/gptbot)" 
20.171.207.247 - - [25/Oct/2025:05:56:23 -0700] "GET /shopdetail278162056?kg=0275844158 HTTP/2.0" 404 47283 "-" "Mozilla/5.0 AppleWebKit/537.36 (KHTML, like Gecko; compatible; GPTBot/1.2; +https://openai.com/gptbot)" 
20.171.207.247 - - [25/Oct/2025:05:56:26 -0700] "GET /shopdetail278127344?kg=0275809737 HTTP/2.0" 404 47283 "-" "Mozilla/5.0 AppleWebKit/537.36 (KHTML, like Gecko; compatible; GPTBot/1.2; +https://openai.com/gptbot)" 
20.171.207.247 - - [25/Oct/2025:05:56:29 -0700] "GET /shopdetail278179320?kg=0275861280 HTTP/2.0" 404 47283 "-" "Mozilla/5.0 AppleWebKit/537.36 (KHTML, like Gecko; compatible; GPTBot/1.2; +https://openai.com/gptbot)" 
197.250.34.36 - - [25/Oct/2025:05:56:30 -0700] "POST /xmlrpc.php HTTP/2.0" 429 362 "-" "Mozilla/5.0 (Macintosh; Intel Mac OS X 10_13_4) AppleWebKit/537.36 (KHTML, like Gecko) Chrome/67.0.3396.79 Safari/537.36" 
20.171.207.247 - - [25/Oct/2025:05:56:33 -0700] "GET /shopdetail159817640?kg=0158485946 HTTP/2.0" 404 47283 "-" "Mozilla/5.0 AppleWebKit/537.36 (KHTML, like Gecko; compatible; GPTBot/1.2; +https://openai.com/gptbot)" 
114.119.141.83 - - [25/Oct/2025:05:56:34 -0700] "GET /shopdetail68828296?kg=0068254846 HTTP/1.1" 301 3731 "https://biblioglow.com/sitemap.xml" "Mozilla/5.0 (Linux; Android 7.0;) AppleWebKit/537.36 (KHTML, like Gecko) Mobile Safari/537.36 (compatible; PetalBot;+https://webmaster.petalsearch.com/site/petalbot)" 
20.171.207.247 - - [25/Oct/2025:05:56:36 -0700] "GET /shopdetail159874680?kg=0158542512 HTTP/2.0" 404 47283 "-" "Mozilla/5.0 AppleWebKit/537.36 (KHTML, like Gecko; compatible; GPTBot/1.2; +https://openai.com/gptbot)" 
114.119.141.83 - - [25/Oct/2025:05:56:38 -0700] "GET /shopdetail68828296?kg=0068254846 HTTP/1.1" 404 51132 "https://biblioglow.com/sitemap.xml" "Mozilla/5.0 (Linux; Android 7.0;) AppleWebKit/537.36 (KHTML, like Gecko) Mobile Safari/537.36 (compatible; PetalBot;+https://webmaster.petalsearch.com/site/petalbot)" 
20.171.207.247 - - [25/Oct/2025:05:56:39 -0700] "GET /shopdetail278165896?kg=0275847966 HTTP/2.0" 404 47283 "-" "Mozilla/5.0 AppleWebKit/537.36 (KHTML, like Gecko; compatible; GPTBot/1.2; +https://openai.com/gptbot)" 
66.249.68.134 - - [25/Oct/2025:05:56:39 -0700] "GET /shopdetail35010368?kg=0034718735 HTTP/1.1" 200 30862 "-" "Mozilla/5.0 (Linux; Android 6.0.1; Nexus 5X Build/MMB29P) AppleWebKit/537.36 (KHTML, like Gecko) Chrome/141.0.7390.122 Mobile Safari/537.36 (compatible; GoogleOther)" 
20.171.207.247 - - [25/Oct/2025:05:56:42 -0700] "GET /shopdetail278142160?kg=0275824429 HTTP/2.0" 404 47283 "-" "Mozilla/5.0 AppleWebKit/537.36 (KHTML, like Gecko; compatible; GPTBot/1.2; +https://openai.com/gptbot)" 
66.249.68.134 - - [25/Oct/2025:05:56:43 -0700] "GET /shopdetail33998392?kg=0033715192 HTTP/1.1" 200 27735 "-" "Mozilla/5.0 (Linux; Android 6.0.1; Nexus 5X Build/MMB29P) AppleWebKit/537.36 (KHTML, like Gecko) Chrome/141.0.7390.122 Mobile Safari/537.36 (compatible; GoogleOther)" 
20.171.207.247 - - [25/Oct/2025:05:56:45 -0700] "GET /shopdetail159831624?kg=0158499814 HTTP/2.0" 404 47283 "-" "Mozilla/5.0 AppleWebKit/537.36 (KHTML, like Gecko; compatible; GPTBot/1.2; +https://openai.com/gptbot)" 
20.171.207.247 - - [25/Oct/2025:05:56:48 -0700] "GET /shopdetail120764976?kg=0119758721 HTTP/2.0" 404 47283 "-" "Mozilla/5.0 AppleWebKit/537.36 (KHTML, like Gecko; compatible; GPTBot/1.2; +https://openai.com/gptbot)" 
20.171.207.247 - - [25/Oct/2025:05:56:52 -0700] "GET /shopdetail120779656?kg=0119773278 HTTP/2.0" 404 47283 "-" "Mozilla/5.0 AppleWebKit/537.36 (KHTML, like Gecko; compatible; GPTBot/1.2; +https://openai.com/gptbot)" 
85.208.96.194 - - [25/Oct/2025:05:56:53 -0700] "GET /shopdetail194979960?kg=0193355248 HTTP/1.1" 301 3732 "-" "Mozilla/5.0 (compatible; SemrushBot/7~bl; +http://www.semrush.com/bot.html)" 
85.208.96.193 - - [25/Oct/2025:05:56:54 -0700] "GET /shopdetail194979960?kg=0193355248 HTTP/1.1" 404 51133 "-" "Mozilla/5.0 (compatible; SemrushBot/7~bl; +http://www.semrush.com/bot.html)" 
20.171.207.247 - - [25/Oct/2025:05:56:55 -0700] "GET /shopdetail252389472?kg=0250286347 HTTP/2.0" 404 47283 "-" "Mozilla/5.0 AppleWebKit/537.36 (KHTML, like Gecko; compatible; GPTBot/1.2; +https://openai.com/gptbot)" 
20.171.207.247 - - [25/Oct/2025:05:56:58 -0700] "GET /shopdetail278099376?kg=0275782001 HTTP/2.0" 404 47283 "-" "Mozilla/5.0 AppleWebKit/537.36 (KHTML, like Gecko; compatible; GPTBot/1.2; +https://openai.com/gptbot)" 
20.171.207.247 - - [25/Oct/2025:05:57:01 -0700] "GET /shopdetail159848224?kg=0158516275 HTTP/2.0" 404 47283 "-" "Mozilla/5.0 AppleWebKit/537.36 (KHTML, like Gecko; compatible; GPTBot/1.2; +https://openai.com/gptbot)" 
185.191.171.6 - - [25/Oct/2025:05:57:03 -0700] "GET /shopdetail194964600?kg=0193340016 HTTP/1.1" 301 3732 "-" "Mozilla/5.0 (compatible; SemrushBot/7~bl; +http://www.semrush.com/bot.html)" 
40.77.167.25 - - [25/Oct/2025:05:57:03 -0700] "GET /shopdetail144800488?kg=0143593938 HTTP/2.0" 200 27282 "-" "Mozilla/5.0 AppleWebKit/537.36 (KHTML, like Gecko; compatible; bingbot/2.0; +http://www.bing.com/bingbot.htm) Chrome/116.0.1938.76 Safari/537.36" 
49.36.237.63 - - [25/Oct/2025:05:57:03 -0700] "POST /xmlrpc.php HTTP/1.1" 200 3829 "-" "Mozilla/5.0 (Windows NT 6.3; x64) AppleWebKit/537.36 (KHTML, like Gecko) Chrome/93.0.0.0 Safari/537.36" 
20.171.207.247 - - [25/Oct/2025:05:57:04 -0700] "GET /shopdetail278190704?kg=0275872569 HTTP/2.0" 404 47283 "-" "Mozilla/5.0 AppleWebKit/537.36 (KHTML, like Gecko; compatible; GPTBot/1.2; +https://openai.com/gptbot)" 
185.191.171.6 - - [25/Oct/2025:05:57:04 -0700] "GET /shopdetail194964600?kg=0193340016 HTTP/1.1" 404 51133 "-" "Mozilla/5.0 (compatible; SemrushBot/7~bl; +http://www.semrush.com/bot.html)" 
103.153.42.48 - - [25/Oct/2025:05:57:06 -0700] "GET /author-sitemap.xml HTTP/1.1" 429 3837 "-" "Mozilla/5.0 (X11; Linux x86_64) AppleWebKit/537.36 (KHTML, like Gecko) Chrome/141.0.7390.77 Safari/537.36" 
146.59.209.203 - - [25/Oct/2025:05:57:07 -0700] "GET /author-sitemap.xml HTTP/1.1" 429 3852 "-" "Mozilla/5.0 (X11; Linux x86_64) AppleWebKit/537.36 (KHTML, like Gecko) Chrome/141.0.7390.77 Safari/537.36" 
20.171.207.247 - - [25/Oct/2025:05:57:07 -0700] "GET /shopdetail159817368?kg=0158485676 HTTP/2.0" 404 47283 "-" "Mozilla/5.0 AppleWebKit/537.36 (KHTML, like Gecko; compatible; GPTBot/1.2; +https://openai.com/gptbot)" 
66.249.68.135 - - [25/Oct/2025:05:57:10 -0700] "GET /shopdetail325432864?kg=0322721043 HTTP/1.1" 200 30078 "-" "Mozilla/5.0 (Linux; Android 6.0.1; Nexus 5X Build/MMB29P) AppleWebKit/537.36 (KHTML, like Gecko) Chrome/141.0.7390.122 Mobile Safari/537.36 (compatible; GoogleOther)" 
20.171.207.247 - - [25/Oct/2025:05:57:10 -0700] "GET /shopdetail159862616?kg=0158530548 HTTP/2.0" 404 47283 "-" "Mozilla/5.0 AppleWebKit/537.36 (KHTML, like Gecko; compatible; GPTBot/1.2; +https://openai.com/gptbot)" 
64.90.53.137 - - [25/Oct/2025:05:57:14 -0700] "POST /wp-cron.php?doing_wp_cron=1761397034.4085540771484375000000 HTTP/1.1" 200 3634 "https://www.biblioglow.com/wp-cron.php?doing_wp_cron=1761397034.4085540771484375000000" "WordPress/6.1.9; https://www.biblioglow.com" 
20.171.207.247 - - [25/Oct/2025:05:57:13 -0700] "GET /shopdetail159889496?kg=0158557204 HTTP/2.0" 404 47283 "-" "Mozilla/5.0 AppleWebKit/537.36 (KHTML, like Gecko; compatible; GPTBot/1.2; +https://openai.com/gptbot)" 
66.249.68.133 - - [25/Oct/2025:05:57:15 -0700] "GET /shopdetail59115560?kg=0058623050 HTTP/1.1" 200 30501 "-" "Mozilla/5.0 (Linux; Android 6.0.1; Nexus 5X Build/MMB29P) AppleWebKit/537.36 (KHTML, like Gecko) Chrome/141.0.7390.122 Mobile Safari/537.36 (compatible; GoogleOther)" 
20.171.207.247 - - [25/Oct/2025:05:57:16 -0700] "GET /shopdetail278099648?kg=0275782271 HTTP/2.0" 404 47283 "-" "Mozilla/5.0 AppleWebKit/537.36 (KHTML, like Gecko; compatible; GPTBot/1.2; +https://openai.com/gptbot)" 
20.171.207.247 - - [25/Oct/2025:05:57:20 -0700] "GET /shopdetail278181936?kg=0275863873 HTTP/2.0" 404 47283 "-" "Mozilla/5.0 AppleWebKit/537.36 (KHTML, like Gecko; compatible; GPTBot/1.2; +https://openai.com/gptbot)" 
20.171.207.247 - - [25/Oct/2025:05:57:23 -0700] "GET /shopdetail159842872?kg=0158510968 HTTP/2.0" 404 47283 "-" "Mozilla/5.0 AppleWebKit/537.36 (KHTML, like Gecko; compatible; GPTBot/1.2; +https://openai.com/gptbot)" 
20.171.207.247 - - [25/Oct/2025:05:57:26 -0700] "GET /shopdetail278136672?kg=0275818987 HTTP/2.0" 404 47283 "-" "Mozilla/5.0 AppleWebKit/537.36 (KHTML, like Gecko; compatible; GPTBot/1.2; +https://openai.com/gptbot)" 
20.171.207.247 - - [25/Oct/2025:05:57:29 -0700] "GET /shopdetail278152728?kg=0275834908 HTTP/2.0" 404 47283 "-" "Mozilla/5.0 AppleWebKit/537.36 (KHTML, like Gecko; compatible; GPTBot/1.2; +https://openai.com/gptbot)" 
20.171.207.247 - - [25/Oct/2025:05:57:32 -0700] "GET /shopdetail171668832?kg=0170238379 HTTP/2.0" 404 47283 "-" "Mozilla/5.0 AppleWebKit/537.36 (KHTML, like Gecko; compatible; GPTBot/1.2; +https://openai.com/gptbot)" 
20.171.207.247 - - [25/Oct/2025:05:57:35 -0700] "GET /shopdetail171623024?kg=0170192953 HTTP/2.0" 404 47283 "-" "Mozilla/5.0 AppleWebKit/537.36 (KHTML, like Gecko; compatible; GPTBot/1.2; +https://openai.com/gptbot)" 
20.171.207.247 - - [25/Oct/2025:05:57:39 -0700] "GET /shopdetail171679400?kg=0170248858 HTTP/2.0" 404 47283 "-" "Mozilla/5.0 AppleWebKit/537.36 (KHTML, like Gecko; compatible; GPTBot/1.2; +https://openai.com/gptbot)" 
66.249.68.133 - - [25/Oct/2025:05:57:41 -0700] "GET /shopdetail58977048?kg=0058485692 HTTP/1.1" 200 31334 "-" "Mozilla/5.0 (Linux; Android 6.0.1; Nexus 5X Build/MMB29P) AppleWebKit/537.36 (KHTML, like Gecko) Chrome/141.0.7390.122 Mobile Safari/537.36 (compatible; GoogleOther)" 
20.171.207.247 - - [25/Oct/2025:05:57:42 -0700] "GET /shopdetail278182480?kg=0275864413 HTTP/2.0" 404 47283 "-" "Mozilla/5.0 AppleWebKit/537.36 (KHTML, like Gecko; compatible; GPTBot/1.2; +https://openai.com/gptbot)" 
20.171.207.247 - - [25/Oct/2025:05:57:45 -0700] "GET /shopdetail252391664?kg=0250288521 HTTP/2.0" 404 47283 "-" "Mozilla/5.0 AppleWebKit/537.36 (KHTML, like Gecko; compatible; GPTBot/1.2; +https://openai.com/gptbot)" 
66.249.68.133 - - [25/Oct/2025:05:57:47 -0700] "GET /shopdetail160360320?kg=0159024103 HTTP/1.1" 200 31148 "-" "Mozilla/5.0 (Linux; Android 6.0.1; Nexus 5X Build/MMB29P) AppleWebKit/537.36 (KHTML, like Gecko) Chrome/141.0.7390.122 Mobile Safari/537.36 (compatible; GoogleOther)" 
20.171.207.247 - - [25/Oct/2025:05:57:48 -0700] "GET /shopdetail171681048?kg=0170250492 HTTP/2.0" 404 47283 "-" "Mozilla/5.0 AppleWebKit/537.36 (KHTML, like Gecko; compatible; GPTBot/1.2; +https://openai.com/gptbot)" 
20.171.207.247 - - [25/Oct/2025:05:57:51 -0700] "GET /shopdetail120761272?kg=0119755048 HTTP/2.0" 404 47283 "-" "Mozilla/5.0 AppleWebKit/537.36 (KHTML, like Gecko; compatible; GPTBot/1.2; +https://openai.com/gptbot)" 
20.171.207.247 - - [25/Oct/2025:05:57:55 -0700] "GET /shopdetail171664312?kg=0170233896 HTTP/2.0" 404 47283 "-" "Mozilla/5.0 AppleWebKit/537.36 (KHTML, like Gecko; compatible; GPTBot/1.2; +https://openai.com/gptbot)" 
114.119.129.24 - - [25/Oct/2025:05:57:57 -0700] "GET /shopdetail197667280?kg=0196020173 HTTP/1.1" 301 3732 "https://biblioglow.com/sitemap.xml" "Mozilla/5.0 (Linux; Android 7.0;) AppleWebKit/537.36 (KHTML, like Gecko) Mobile Safari/537.36 (compatible; PetalBot;+https://webmaster.petalsearch.com/site/petalbot)" 
20.171.207.247 - - [25/Oct/2025:05:57:58 -0700] "GET /shopdetail159840272?kg=0158508389 HTTP/2.0" 404 47283 "-" "Mozilla/5.0 AppleWebKit/537.36 (KHTML, like Gecko; compatible; GPTBot/1.2; +https://openai.com/gptbot)" 
114.119.129.24 - - [25/Oct/2025:05:57:59 -0700] "GET /shopdetail197667280?kg=0196020173 HTTP/1.1" 404 51133 "https://biblioglow.com/sitemap.xml" "Mozilla/5.0 (Linux; Android 7.0;) AppleWebKit/537.36 (KHTML, like Gecko) Mobile Safari/537.36 (compatible; PetalBot;+https://webmaster.petalsearch.com/site/petalbot)" 
20.171.207.247 - - [25/Oct/2025:05:58:01 -0700] "GET /shopdetail278106920?kg=0275789482 HTTP/2.0" 404 47283 "-" "Mozilla/5.0 AppleWebKit/537.36 (KHTML, like Gecko; compatible; GPTBot/1.2; +https://openai.com/gptbot)" 
20.171.207.247 - - [25/Oct/2025:05:58:04 -0700] "GET /shopdetail171665400?kg=0170234976 HTTP/2.0" 404 47283 "-" "Mozilla/5.0 AppleWebKit/537.36 (KHTML, like Gecko; compatible; GPTBot/1.2; +https://openai.com/gptbot)" 
49.36.237.63 - - [25/Oct/2025:05:58:05 -0700] "POST /xmlrpc.php HTTP/1.1" 200 3829 "-" "Mozilla/5.0 (Windows NT 6.3; x86) AppleWebKit/537.36 (KHTML, like Gecko) Safari/10.0.0.0 Safari/537.36" 
20.171.207.247 - - [25/Oct/2025:05:58:07 -0700] "GET /shopdetail159828752?kg=0158496965 HTTP/2.0" 404 47283 "-" "Mozilla/5.0 AppleWebKit/537.36 (KHTML, like Gecko; compatible; GPTBot/1.2; +https://openai.com/gptbot)" 
20.171.207.247 - - [25/Oct/2025:05:58:10 -0700] "GET /shopdetail159900472?kg=0158568088 HTTP/2.0" 404 47283 "-" "Mozilla/5.0 AppleWebKit/537.36 (KHTML, like Gecko; compatible; GPTBot/1.2; +https://openai.com/gptbot)" 
66.240.236.13 - - [25/Oct/2025:05:58:11 -0700] "GET /author-sitemap.xml HTTP/1.1" 429 3852 "-" "Mozilla/5.0 (X11; Linux x86_64) AppleWebKit/537.36 (KHTML, like Gecko) Chrome/141.0.7390.77 Safari/537.36" 
64.90.53.137 - - [25/Oct/2025:05:58:14 -0700] "POST /wp-cron.php?doing_wp_cron=1761397094.1780540943145751953125 HTTP/1.1" 200 3634 "https://www.biblioglow.com/wp-cron.php?doing_wp_cron=1761397094.1780540943145751953125" "WordPress/6.1.9; https://www.biblioglow.com" 
20.171.207.247 - - [25/Oct/2025:05:58:13 -0700] "GET /shopdetail159919808?kg=0158587263 HTTP/2.0" 404 47283 "-" "Mozilla/5.0 AppleWebKit/537.36 (KHTML, like Gecko; compatible; GPTBot/1.2; +https://openai.com/gptbot)" 
66.249.68.134 - - [25/Oct/2025:05:58:15 -0700] "GET /shopdetail76379640?kg=0075743264 HTTP/1.1" 200 30812 "-" "Mozilla/5.0 (Linux; Android 6.0.1; Nexus 5X Build/MMB29P) AppleWebKit/537.36 (KHTML, like Gecko) Chrome/141.0.7390.122 Mobile Safari/537.36 (compatible; GoogleOther)" 
20.171.207.247 - - [25/Oct/2025:05:58:16 -0700] "GET /shopdetail171646352?kg=0170216085 HTTP/2.0" 404 47283 "-" "Mozilla/5.0 AppleWebKit/537.36 (KHTML, like Gecko; compatible; GPTBot/1.2; +https://openai.com/gptbot)" 
66.249.68.135 - - [25/Oct/2025:05:58:19 -0700] "GET /shopdetail308617912?kg=0306046216 HTTP/1.1" 200 31867 "-" "Mozilla/5.0 (Linux; Android 6.0.1; Nexus 5X Build/MMB29P) AppleWebKit/537.36 (KHTML, like Gecko) Chrome/141.0.7390.122 Mobile Safari/537.36 (compatible; GoogleOther)" 
20.171.207.247 - - [25/Oct/2025:05:58:19 -0700] "GET /shopdetail252371104?kg=0250268131 HTTP/2.0" 404 47283 "-" "Mozilla/5.0 AppleWebKit/537.36 (KHTML, like Gecko; compatible; GPTBot/1.2; +https://openai.com/gptbot)" 
20.171.207.247 - - [25/Oct/2025:05:58:22 -0700] "GET /shopdetail120718896?kg=0119713025 HTTP/2.0" 404 47283 "-" "Mozilla/5.0 AppleWebKit/537.36 (KHTML, like Gecko; compatible; GPTBot/1.2; +https://openai.com/gptbot)" 
20.171.207.247 - - [25/Oct/2025:05:58:26 -0700] "GET /shopdetail278191672?kg=0275873528 HTTP/2.0" 404 47283 "-" "Mozilla/5.0 AppleWebKit/537.36 (KHTML, like Gecko; compatible; GPTBot/1.2; +https://openai.com/gptbot)" 
47.93.17.46 - - [25/Oct/2025:05:58:27 -0700] "GET /wp-json/wp/v2/users HTTP/1.1" 200 10150 "-" "Mozilla/5.0 (X11; Linux x86_64) AppleWebKit/537.36 (KHTML, like Gecko) Chrome/141.0.7390.77 Safari/537.36" 
20.171.207.247 - - [25/Oct/2025:05:58:29 -0700] "GET /shopdetail252412936?kg=0250309614 HTTP/2.0" 404 47283 "-" "Mozilla/5.0 AppleWebKit/537.36 (KHTML, like Gecko; compatible; GPTBot/1.2; +https://openai.com/gptbot)" 
185.191.171.19 - - [25/Oct/2025:05:58:29 -0700] "GET /shopdetail194964056?kg=0193339476 HTTP/1.1" 301 3732 "-" "Mozilla/5.0 (compatible; SemrushBot/7~bl; +http://www.semrush.com/bot.html)" 
185.191.171.12 - - [25/Oct/2025:05:58:30 -0700] "GET /shopdetail194964056?kg=0193339476 HTTP/1.1" 404 51133 "-" "Mozilla/5.0 (compatible; SemrushBot/7~bl; +http://www.semrush.com/bot.html)" 
20.171.207.247 - - [25/Oct/2025:05:58:32 -0700] "GET /shopdetail159902936?kg=0158570532 HTTP/2.0" 404 47283 "-" "Mozilla/5.0 AppleWebKit/537.36 (KHTML, like Gecko; compatible; GPTBot/1.2; +https://openai.com/gptbot)" 
47.93.17.46 - - [25/Oct/2025:05:58:33 -0700] "GET /wp-json/wp/v2/posts?per_page=50&_fields=author HTTP/1.1" 200 4120 "-" "Mozilla/5.0 (X11; Linux x86_64) AppleWebKit/537.36 (KHTML, like Gecko) Chrome/141.0.7390.77 Safari/537.36" 
20.171.207.247 - - [25/Oct/2025:05:58:35 -0700] "GET /shopdetail278152592?kg=0275834773 HTTP/2.0" 404 47283 "-" "Mozilla/5.0 AppleWebKit/537.36 (KHTML, like Gecko; compatible; GPTBot/1.2; +https://openai.com/gptbot)" 
20.171.207.247 - - [25/Oct/2025:05:58:38 -0700] "GET /shopdetail171657448?kg=0170227090 HTTP/2.0" 404 47418 "-" "Mozilla/5.0 AppleWebKit/537.36 (KHTML, like Gecko; compatible; GPTBot/1.2; +https://openai.com/gptbot)" 
47.93.17.46 - - [25/Oct/2025:05:58:39 -0700] "GET /wp-json/wp/v2/users/1?_fields=slug,name HTTP/1.1" 200 4045 "-" "Mozilla/5.0 (X11; Linux x86_64) AppleWebKit/537.36 (KHTML, like Gecko) Chrome/141.0.7390.77 Safari/537.36" 
20.171.207.247 - - [25/Oct/2025:05:58:41 -0700] "GET /shopdetail278106648?kg=0275789212 HTTP/2.0" 404 47283 "-" "Mozilla/5.0 AppleWebKit/537.36 (KHTML, like Gecko; compatible; GPTBot/1.2; +https://openai.com/gptbot)" 
66.249.68.133 - - [25/Oct/2025:05:58:44 -0700] "GET /shopdetail310260464?kg=0307675081 HTTP/1.1" 200 31120 "-" "Mozilla/5.0 (Linux; Android 6.0.1; Nexus 5X Build/MMB29P) AppleWebKit/537.36 (KHTML, like Gecko) Chrome/141.0.7390.122 Mobile Safari/537.36 (compatible; GoogleOther)" 
20.171.207.247 - - [25/Oct/2025:05:58:44 -0700] "GET /shopdetail278117336?kg=0275799812 HTTP/2.0" 404 47283 "-" "Mozilla/5.0 AppleWebKit/537.36 (KHTML, like Gecko; compatible; GPTBot/1.2; +https://openai.com/gptbot)" 
20.171.207.247 - - [25/Oct/2025:05:58:47 -0700] "GET /shopdetail278121448?kg=0275803890 HTTP/2.0" 404 47283 "-" "Mozilla/5.0 AppleWebKit/537.36 (KHTML, like Gecko; compatible; GPTBot/1.2; +https://openai.com/gptbot)" 
66.249.68.133 - - [25/Oct/2025:05:58:50 -0700] "GET /shopdetail75228880?kg=0074602093 HTTP/1.1" 200 30959 "-" "Mozilla/5.0 (Linux; Android 6.0.1; Nexus 5X Build/MMB29P) AppleWebKit/537.36 (KHTML, like Gecko) Chrome/141.0.7390.122 Mobile Safari/537.36 (compatible; GoogleOther)" 
20.171.207.247 - - [25/Oct/2025:05:58:50 -0700] "GET /shopdetail252419376?kg=0250316001 HTTP/2.0" 404 47283 "-" "Mozilla/5.0 AppleWebKit/537.36 (KHTML, like Gecko; compatible; GPTBot/1.2; +https://openai.com/gptbot)" 
20.171.207.247 - - [25/Oct/2025:05:58:54 -0700] "GET /shopdetail252391816?kg=0250288670 HTTP/2.0" 404 47283 "-" "Mozilla/5.0 AppleWebKit/537.36 (KHTML, like Gecko; compatible; GPTBot/1.2; +https://openai.com/gptbot)" 
20.171.207.247 - - [25/Oct/2025:05:58:57 -0700] "GET /shopdetail278155736?kg=0275837892 HTTP/2.0" 404 47283 "-" "Mozilla/5.0 AppleWebKit/537.36 (KHTML, like Gecko; compatible; GPTBot/1.2; +https://openai.com/gptbot)" 
185.191.171.11 - - [25/Oct/2025:05:58:57 -0700] "GET /shopdetail195040448?kg=0193415231 HTTP/1.1" 301 3732 "-" "Mozilla/5.0 (compatible; SemrushBot/7~bl; +http://www.semrush.com/bot.html)" 
47.93.17.46 - - [25/Oct/2025:05:58:57 -0700] "GET /index.php/wp-json/wp/v2/users HTTP/1.1" 200 10150 "-" "Mozilla/5.0 (X11; Linux x86_64) AppleWebKit/537.36 (KHTML, like Gecko) Chrome/141.0.7390.77 Safari/537.36" 
185.191.171.12 - - [25/Oct/2025:05:58:59 -0700] "GET /shopdetail195040448?kg=0193415231 HTTP/1.1" 404 51133 "-" "Mozilla/5.0 (compatible; SemrushBot/7~bl; +http://www.semrush.com/bot.html)" 
20.171.207.247 - - [25/Oct/2025:05:59:00 -0700] "GET /shopdetail278155464?kg=0275837622 HTTP/2.0" 404 47283 "-" "Mozilla/5.0 AppleWebKit/537.36 (KHTML, like Gecko; compatible; GPTBot/1.2; +https://openai.com/gptbot)" 
20.171.207.247 - - [25/Oct/2025:05:59:03 -0700] "GET /shopdetail159903072?kg=0158570667 HTTP/2.0" 404 47283 "-" "Mozilla/5.0 AppleWebKit/537.36 (KHTML, like Gecko; compatible; GPTBot/1.2; +https://openai.com/gptbot)" 
20.171.207.247 - - [25/Oct/2025:05:59:06 -0700] "GET /shopdetail120752760?kg=0119746608 HTTP/2.0" 404 47283 "-" "Mozilla/5.0 AppleWebKit/537.36 (KHTML, like Gecko; compatible; GPTBot/1.2; +https://openai.com/gptbot)" 
20.171.207.247 - - [25/Oct/2025:05:59:09 -0700] "GET /shopdetail171660064?kg=0170229683 HTTP/2.0" 404 47283 "-" "Mozilla/5.0 AppleWebKit/537.36 (KHTML, like Gecko; compatible; GPTBot/1.2; +https://openai.com/gptbot)" 
49.36.237.63 - - [25/Oct/2025:05:59:12 -0700] "POST /xmlrpc.php HTTP/1.1" 200 3829 "-" "Mozilla/5.0 (Windows NT 6.2; x64) AppleWebKit/537.36 (KHTML, like Gecko) Opera/71.0.0.0 Safari/537.36" 
64.90.53.137 - - [25/Oct/2025:05:59:13 -0700] "POST /wp-cron.php?doing_wp_cron=1761397153.3621079921722412109375 HTTP/1.1" 200 3634 "https://www.biblioglow.com/wp-cron.php?doing_wp_cron=1761397153.3621079921722412109375" "WordPress/6.1.9; https://www.biblioglow.com" 
20.171.207.247 - - [25/Oct/2025:05:59:13 -0700] "GET /shopdetail278175496?kg=0275857486 HTTP/2.0" 404 47283 "-" "Mozilla/5.0 AppleWebKit/537.36 (KHTML, like Gecko; compatible; GPTBot/1.2; +https://openai.com/gptbot)" 
66.249.68.133 - - [25/Oct/2025:05:59:15 -0700] "GET /shopdetail58713448?kg=0058224290 HTTP/1.1" 200 31991 "-" "Mozilla/5.0 (Linux; Android 6.0.1; Nexus 5X Build/MMB29P) AppleWebKit/537.36 (KHTML, like Gecko) Chrome/141.0.7390.122 Mobile Safari/537.36 (compatible; GoogleOther)" 
20.171.207.247 - - [25/Oct/2025:05:59:16 -0700] "GET /shopdetail278184960?kg=0275866871 HTTP/2.0" 404 47283 "-" "Mozilla/5.0 AppleWebKit/537.36 (KHTML, like Gecko; compatible; GPTBot/1.2; +https://openai.com/gptbot)" 
20.171.207.247 - - [25/Oct/2025:05:59:19 -0700] "GET /shopdetail278154920?kg=0275837082 HTTP/2.0" 404 47283 "-" "Mozilla/5.0 AppleWebKit/537.36 (KHTML, like Gecko; compatible; GPTBot/1.2; +https://openai.com/gptbot)" 
47.93.17.46 - - [25/Oct/2025:05:59:21 -0700] "GET /?rest_route=/wp/v2/users HTTP/1.1" 200 10150 "-" "Mozilla/5.0 (X11; Linux x86_64) AppleWebKit/537.36 (KHTML, like Gecko) Chrome/141.0.7390.77 Safari/537.36" 
20.171.207.247 - - [25/Oct/2025:05:59:22 -0700] "GET /shopdetail278137080?kg=0275819392 HTTP/2.0" 404 47283 "-" "Mozilla/5.0 AppleWebKit/537.36 (KHTML, like Gecko; compatible; GPTBot/1.2; +https://openai.com/gptbot)" 
66.249.68.133 - - [25/Oct/2025:05:59:22 -0700] "GET /shopdetail309134120?kg=0306558122 HTTP/1.1" 200 33091 "-" "Mozilla/5.0 (Linux; Android 6.0.1; Nexus 5X Build/MMB29P) AppleWebKit/537.36 (KHTML, like Gecko) Chrome/141.0.7390.122 Mobile Safari/537.36 (compatible; GoogleOther)" 
20.171.207.247 - - [25/Oct/2025:05:59:25 -0700] "GET /shopdetail120805976?kg=0119799380 HTTP/2.0" 404 47283 "-" "Mozilla/5.0 AppleWebKit/537.36 (KHTML, like Gecko; compatible; GPTBot/1.2; +https://openai.com/gptbot)" 
47.93.17.46 - - [25/Oct/2025:05:59:27 -0700] "GET /?rest_route=%2Fwp%2Fv2%2Fusers HTTP/1.1" 200 10150 "-" "Mozilla/5.0 (X11; Linux x86_64) AppleWebKit/537.36 (KHTML, like Gecko) Chrome/141.0.7390.77 Safari/537.36" 
114.119.130.109 - - [25/Oct/2025:05:59:28 -0700] "GET /shopdetail197661248?kg=0196014191 HTTP/1.1" 301 3732 "https://biblioglow.com/sitemap.xml" "Mozilla/5.0 (Linux; Android 7.0;) AppleWebKit/537.36 (KHTML, like Gecko) Mobile Safari/537.36 (compatible; PetalBot;+https://webmaster.petalsearch.com/site/petalbot)" 
20.171.207.247 - - [25/Oct/2025:05:59:28 -0700] "GET /shopdetail171678856?kg=0170248318 HTTP/2.0" 404 47283 "-" "Mozilla/5.0 AppleWebKit/537.36 (KHTML, like Gecko; compatible; GPTBot/1.2; +https://openai.com/gptbot)" 
85.208.96.211 - - [25/Oct/2025:05:59:29 -0700] "GET /shopdetail195017272?kg=0193392248 HTTP/1.1" 301 3732 "-" "Mozilla/5.0 (compatible; SemrushBot/7~bl; +http://www.semrush.com/bot.html)" 
114.119.130.109 - - [25/Oct/2025:05:59:30 -0700] "GET /shopdetail197661248?kg=0196014191 HTTP/1.1" 404 51133 "https://biblioglow.com/sitemap.xml" "Mozilla/5.0 (Linux; Android 7.0;) AppleWebKit/537.36 (KHTML, like Gecko) Mobile Safari/537.36 (compatible; PetalBot;+https://webmaster.petalsearch.com/site/petalbot)" 
85.208.96.208 - - [25/Oct/2025:05:59:30 -0700] "GET /shopdetail195017272?kg=0193392248 HTTP/1.1" 404 51133 "-" "Mozilla/5.0 (compatible; SemrushBot/7~bl; +http://www.semrush.com/bot.html)" 
20.171.207.247 - - [25/Oct/2025:05:59:31 -0700] "GET /shopdetail159836704?kg=0158504851 HTTP/2.0" 404 47283 "-" "Mozilla/5.0 AppleWebKit/537.36 (KHTML, like Gecko; compatible; GPTBot/1.2; +https://openai.com/gptbot)" 
47.93.17.46 - - [25/Oct/2025:05:59:34 -0700] "GET /?rest_route=/Wp/v2/users HTTP/1.1" 200 10150 "-" "Mozilla/5.0 (X11; Linux x86_64) AppleWebKit/537.36 (KHTML, like Gecko) Chrome/141.0.7390.77 Safari/537.36" 
20.171.207.247 - - [25/Oct/2025:05:59:34 -0700] "GET /shopdetail171677480?kg=0170246954 HTTP/2.0" 404 47283 "-" "Mozilla/5.0 AppleWebKit/537.36 (KHTML, like Gecko; compatible; GPTBot/1.2; +https://openai.com/gptbot)" 
20.171.207.247 - - [25/Oct/2025:05:59:37 -0700] "GET /shopdetail171626048?kg=0170195951 HTTP/2.0" 404 47283 "-" "Mozilla/5.0 AppleWebKit/537.36 (KHTML, like Gecko; compatible; GPTBot/1.2; +https://openai.com/gptbot)" 
47.93.17.46 - - [25/Oct/2025:05:59:39 -0700] "GET /?rest_route=/wp/V2/users HTTP/1.1" 200 10150 "-" "Mozilla/5.0 (X11; Linux x86_64) AppleWebKit/537.36 (KHTML, like Gecko) Chrome/141.0.7390.77 Safari/537.36" 
20.171.207.247 - - [25/Oct/2025:05:59:41 -0700] "GET /shopdetail171677344?kg=0170246819 HTTP/2.0" 404 47283 "-" "Mozilla/5.0 AppleWebKit/537.36 (KHTML, like Gecko; compatible; GPTBot/1.2; +https://openai.com/gptbot)" 
185.191.171.5 - - [25/Oct/2025:05:59:42 -0700] "GET /shopdetail194980520?kg=0193355802 HTTP/1.1" 301 3732 "-" "Mozilla/5.0 (compatible; SemrushBot/7~bl; +http://www.semrush.com/bot.html)" 
185.191.171.5 - - [25/Oct/2025:05:59:44 -0700] "GET /shopdetail194980520?kg=0193355802 HTTP/1.1" 404 51133 "-" "Mozilla/5.0 (compatible; SemrushBot/7~bl; +http://www.semrush.com/bot.html)" 
20.171.207.247 - - [25/Oct/2025:05:59:44 -0700] "GET /shopdetail278128312?kg=0275810696 HTTP/2.0" 404 47283 "-" "Mozilla/5.0 AppleWebKit/537.36 (KHTML, like Gecko; compatible; GPTBot/1.2; +https://openai.com/gptbot)" 
66.249.68.133 - - [25/Oct/2025:05:59:46 -0700] "GET /shopdetail35282056?kg=0034988158 HTTP/1.1" 200 34293 "-" "Mozilla/5.0 (Linux; Android 6.0.1; Nexus 5X Build/MMB29P) AppleWebKit/537.36 (KHTML, like Gecko) Chrome/141.0.7390.122 Mobile Safari/537.36 (compatible; GoogleOther)" 
20.171.207.247 - - [25/Oct/2025:05:59:47 -0700] "GET /shopdetail159900744?kg=0158568358 HTTP/2.0" 404 47283 "-" "Mozilla/5.0 AppleWebKit/537.36 (KHTML, like Gecko; compatible; GPTBot/1.2; +https://openai.com/gptbot)" 
20.171.207.247 - - [25/Oct/2025:05:59:50 -0700] "GET /shopdetail252371784?kg=0250268806 HTTP/2.0" 404 47283 "-" "Mozilla/5.0 AppleWebKit/537.36 (KHTML, like Gecko; compatible; GPTBot/1.2; +https://openai.com/gptbot)" 
52.167.144.228 - - [25/Oct/2025:05:59:51 -0700] "GET /shopdetail302353768?kg=0299834274 HTTP/2.0" 200 27851 "-" "Mozilla/5.0 AppleWebKit/537.36 (KHTML, like Gecko; compatible; bingbot/2.0; +http://www.bing.com/bingbot.htm) Chrome/116.0.1938.76 Safari/537.36" 
20.171.207.247 - - [25/Oct/2025:05:59:53 -0700] "GET /shopdetail159899504?kg=0158567129 HTTP/2.0" 404 47283 "-" "Mozilla/5.0 AppleWebKit/537.36 (KHTML, like Gecko; compatible; GPTBot/1.2; +https://openai.com/gptbot)" 
66.249.68.133 - - [25/Oct/2025:05:59:54 -0700] "GET /shopdetail310079576?kg=0307495700 HTTP/1.1" 200 30781 "-" "Mozilla/5.0 (Linux; Android 6.0.1; Nexus 5X Build/MMB29P) AppleWebKit/537.36 (KHTML, like Gecko) Chrome/141.0.7390.122 Mobile Safari/537.36 (compatible; GoogleOther)" 
47.93.17.46 - - [25/Oct/2025:05:59:54 -0700] "GET /?rest_route=/wp/v2/usErs HTTP/1.1" 200 10150 "-" "Mozilla/5.0 (X11; Linux x86_64) AppleWebKit/537.36 (KHTML, like Gecko) Chrome/141.0.7390.77 Safari/537.36" 
20.171.207.247 - - [25/Oct/2025:05:59:56 -0700] "GET /shopdetail159829296?kg=0158497505 HTTP/2.0" 404 47283 "-" "Mozilla/5.0 AppleWebKit/537.36 (KHTML, like Gecko; compatible; GPTBot/1.2; +https://openai.com/gptbot)" 
20.171.207.247 - - [25/Oct/2025:06:00:00 -0700] "GET /shopdetail278136808?kg=0275819122 HTTP/2.0" 404 47283 "-" "Mozilla/5.0 AppleWebKit/537.36 (KHTML, like Gecko; compatible; GPTBot/1.2; +https://openai.com/gptbot)" 
20.171.207.247 - - [25/Oct/2025:06:00:03 -0700] "GET /shopdetail278164656?kg=0275846737 HTTP/2.0" 404 47283 "-" "Mozilla/5.0 AppleWebKit/537.36 (KHTML, like Gecko; compatible; GPTBot/1.2; +https://openai.com/gptbot)" 
49.36.237.63 - - [25/Oct/2025:06:00:05 -0700] "POST /xmlrpc.php HTTP/1.1" 200 3829 "-" "Mozilla/5.0 (Windows NT 6.3; arm64) AppleWebKit/537.36 (KHTML, like Gecko) Safari/13.0.0.0 Safari/537.36" 
20.171.207.247 - - [25/Oct/2025:06:00:06 -0700] "GET /shopdetail278127360?kg=0275809751 HTTP/2.0" 404 47283 "-" "Mozilla/5.0 AppleWebKit/537.36 (KHTML, like Gecko; compatible; GPTBot/1.2; +https://openai.com/gptbot)" 
47.93.17.46 - - [25/Oct/2025:06:00:07 -0700] "GET /wp-json/Wp/v2/users HTTP/1.1" 200 10150 "-" "Mozilla/5.0 (X11; Linux x86_64) AppleWebKit/537.36 (KHTML, like Gecko) Chrome/141.0.7390.77 Safari/537.36" 
20.171.207.247 - - [25/Oct/2025:06:00:09 -0700] "GET /shopdetail120759352?kg=0119753144 HTTP/2.0" 404 47283 "-" "Mozilla/5.0 AppleWebKit/537.36 (KHTML, like Gecko; compatible; GPTBot/1.2; +https://openai.com/gptbot)" 
64.90.53.137 - - [25/Oct/2025:06:00:14 -0700] "POST /wp-cron.php?doing_wp_cron=1761397214.2238070964813232421875 HTTP/1.1" 200 3634 "https://www.biblioglow.com/wp-cron.php?doing_wp_cron=1761397214.2238070964813232421875" "WordPress/6.1.9; https://www.biblioglow.com" 
20.171.207.247 - - [25/Oct/2025:06:00:12 -0700] "GET /shopdetail252417184?kg=0250313827 HTTP/2.0" 404 47283 "-" "Mozilla/5.0 AppleWebKit/537.36 (KHTML, like Gecko; compatible; GPTBot/1.2; +https://openai.com/gptbot)" 
20.171.207.247 - - [25/Oct/2025:06:00:15 -0700] "GET /shopdetail159836432?kg=0158504581 HTTP/2.0" 404 47283 "-" "Mozilla/5.0 AppleWebKit/537.36 (KHTML, like Gecko; compatible; GPTBot/1.2; +https://openai.com/gptbot)" 
20.171.207.247 - - [25/Oct/2025:06:00:18 -0700] "GET /shopdetail159835328?kg=0158503487 HTTP/2.0" 404 47283 "-" "Mozilla/5.0 AppleWebKit/537.36 (KHTML, like Gecko; compatible; GPTBot/1.2; +https://openai.com/gptbot)" 
20.171.207.247 - - [25/Oct/2025:06:00:22 -0700] "GET /shopdetail278121736?kg=0275804174 HTTP/2.0" 404 47283 "-" "Mozilla/5.0 AppleWebKit/537.36 (KHTML, like Gecko; compatible; GPTBot/1.2; +https://openai.com/gptbot)" 
20.171.207.247 - - [25/Oct/2025:06:00:25 -0700] "GET /shopdetail252420464?kg=0250317081 HTTP/2.0" 404 47283 "-" "Mozilla/5.0 AppleWebKit/537.36 (KHTML, like Gecko; compatible; GPTBot/1.2; +https://openai.com/gptbot)" 
66.249.68.134 - - [25/Oct/2025:06:00:28 -0700] "GET /shopdetail326096912?kg=0323379557 HTTP/1.1" 200 32757 "-" "Mozilla/5.0 (Linux; Android 6.0.1; Nexus 5X Build/MMB29P) AppleWebKit/537.36 (KHTML, like Gecko) Chrome/141.0.7390.122 Mobile Safari/537.36 (compatible; GoogleOther)" 
20.171.207.247 - - [25/Oct/2025:06:00:28 -0700] "GET /shopdetail278165880?kg=0275847952 HTTP/2.0" 404 47283 "-" "Mozilla/5.0 AppleWebKit/537.36 (KHTML, like Gecko; compatible; GPTBot/1.2; +https://openai.com/gptbot)" 
66.249.68.133 - - [25/Oct/2025:06:00:31 -0700] "GET /shopdetail75577080?kg=0074947392 HTTP/1.1" 200 30750 "-" "Mozilla/5.0 (Linux; Android 6.0.1; Nexus 5X Build/MMB29P) AppleWebKit/537.36 (KHTML, like Gecko) Chrome/141.0.7390.122 Mobile Safari/537.36 (compatible; GoogleOther)" 
20.171.207.247 - - [25/Oct/2025:06:00:31 -0700] "GET /shopdetail278180696?kg=0275862644 HTTP/2.0" 404 47283 "-" "Mozilla/5.0 AppleWebKit/537.36 (KHTML, like Gecko; compatible; GPTBot/1.2; +https://openai.com/gptbot)" 
202.131.96.220 - - [25/Oct/2025:06:00:34 -0700] "GET /wp-json/wp/V2/users HTTP/1.1" 429 3837 "-" "Mozilla/5.0 (X11; Linux x86_64) AppleWebKit/537.36 (KHTML, like Gecko) Chrome/141.0.7390.77 Safari/537.36" 
20.171.207.247 - - [25/Oct/2025:06:00:34 -0700] "GET /shopdetail252377816?kg=0250274788 HTTP/2.0" 404 47283 "-" "Mozilla/5.0 AppleWebKit/537.36 (KHTML, like Gecko; compatible; GPTBot/1.2; +https://openai.com/gptbot)" 
20.171.207.247 - - [25/Oct/2025:06:00:37 -0700] "GET /shopdetail159896088?kg=0158563740 HTTP/2.0" 404 47283 "-" "Mozilla/5.0 AppleWebKit/537.36 (KHTML, like Gecko; compatible; GPTBot/1.2; +https://openai.com/gptbot)" 
20.171.207.247 - - [25/Oct/2025:06:00:40 -0700] "GET /shopdetail278139424?kg=0275821715 HTTP/2.0" 404 47283 "-" "Mozilla/5.0 AppleWebKit/537.36 (KHTML, like Gecko; compatible; GPTBot/1.2; +https://openai.com/gptbot)" 
185.244.36.159 - - [25/Oct/2025:06:00:43 -0700] "GET /wp-json/wp/V2/users HTTP/1.1" 429 3837 "-" "Mozilla/5.0 (X11; Linux x86_64) AppleWebKit/537.36 (KHTML, like Gecko) Chrome/141.0.7390.77 Safari/537.36" 
20.171.207.247 - - [25/Oct/2025:06:00:44 -0700] "GET /shopdetail171681456?kg=0170250897 HTTP/2.0" 404 47283 "-" "Mozilla/5.0 AppleWebKit/537.36 (KHTML, like Gecko; compatible; GPTBot/1.2; +https://openai.com/gptbot)" 
50.28.2.112 - - [25/Oct/2025:06:00:46 -0700] "GET /wp-json/wp/V2/users HTTP/1.1" 429 3837 "-" "Mozilla/5.0 (X11; Linux x86_64) AppleWebKit/537.36 (KHTML, like Gecko) Chrome/141.0.7390.77 Safari/537.36" 
20.171.207.247 - - [25/Oct/2025:06:00:47 -0700] "GET /shopdetail159821344?kg=0158489619 HTTP/2.0" 404 47283 "-" "Mozilla/5.0 AppleWebKit/537.36 (KHTML, like Gecko; compatible; GPTBot/1.2; +https://openai.com/gptbot)" 
66.249.68.133 - - [25/Oct/2025:06:00:48 -0700] "GET /shopdetail310134576?kg=0307550241 HTTP/1.1" 200 31236 "-" "Mozilla/5.0 (Linux; Android 6.0.1; Nexus 5X Build/MMB29P) AppleWebKit/537.36 (KHTML, like Gecko) Chrome/141.0.7390.122 Mobile Safari/537.36 (compatible; GoogleOther)" 
20.171.207.247 - - [25/Oct/2025:06:00:50 -0700] "GET /shopdetail171686400?kg=0170255799 HTTP/2.0" 404 47283 "-" "Mozilla/5.0 AppleWebKit/537.36 (KHTML, like Gecko; compatible; GPTBot/1.2; +https://openai.com/gptbot)" 
114.119.135.207 - - [25/Oct/2025:06:00:52 -0700] "GET /shopdetail197650408?kg=0196003442 HTTP/1.1" 301 3732 "https://biblioglow.com/sitemap.xml" "Mozilla/5.0 (Linux; Android 7.0;) AppleWebKit/537.36 (KHTML, like Gecko) Mobile Safari/537.36 (compatible; PetalBot;+https://webmaster.petalsearch.com/site/petalbot)" 
20.171.207.247 - - [25/Oct/2025:06:00:53 -0700] "GET /shopdetail159868376?kg=0158536260 HTTP/2.0" 404 47283 "-" "Mozilla/5.0 AppleWebKit/537.36 (KHTML, like Gecko; compatible; GPTBot/1.2; +https://openai.com/gptbot)" 
114.119.135.207 - - [25/Oct/2025:06:00:53 -0700] "GET /shopdetail197650408?kg=0196003442 HTTP/1.1" 404 51133 "https://biblioglow.com/sitemap.xml" "Mozilla/5.0 (Linux; Android 7.0;) AppleWebKit/537.36 (KHTML, like Gecko) Mobile Safari/537.36 (compatible; PetalBot;+https://webmaster.petalsearch.com/site/petalbot)" 
20.171.207.247 - - [25/Oct/2025:06:00:56 -0700] "GET /shopdetail159855072?kg=0158523067 HTTP/2.0" 404 47283 "-" "Mozilla/5.0 AppleWebKit/537.36 (KHTML, like Gecko; compatible; GPTBot/1.2; +https://openai.com/gptbot)" 
66.249.68.133 - - [25/Oct/2025:06:00:58 -0700] "GET /shopdetail33277152?kg=0032999963 HTTP/1.1" 200 30813 "-" "Mozilla/5.0 (Linux; Android 6.0.1; Nexus 5X Build/MMB29P) AppleWebKit/537.36 (KHTML, like Gecko) Chrome/141.0.7390.122 Mobile Safari/537.36 (compatible; GoogleOther)" 
20.171.207.247 - - [25/Oct/2025:06:00:59 -0700] "GET /shopdetail278105408?kg=0275787983 HTTP/2.0" 404 47283 "-" "Mozilla/5.0 AppleWebKit/537.36 (KHTML, like Gecko; compatible; GPTBot/1.2; +https://openai.com/gptbot)" 
213.171.211.93 - - [25/Oct/2025:06:01:01 -0700] "GET /wp-json/wp/v2/usErs HTTP/1.1" 429 3837 "-" "Mozilla/5.0 (X11; Linux x86_64) AppleWebKit/537.36 (KHTML, like Gecko) Chrome/141.0.7390.77 Safari/537.36" 
20.171.207.247 - - [25/Oct/2025:06:01:03 -0700] "GET /shopdetail171687896?kg=0170257284 HTTP/2.0" 404 47283 "-" "Mozilla/5.0 AppleWebKit/537.36 (KHTML, like Gecko; compatible; GPTBot/1.2; +https://openai.com/gptbot)" 
20.171.207.247 - - [25/Oct/2025:06:01:06 -0700] "GET /shopdetail159876192?kg=0158544011 HTTP/2.0" 404 47283 "-" "Mozilla/5.0 AppleWebKit/537.36 (KHTML, like Gecko; compatible; GPTBot/1.2; +https://openai.com/gptbot)" 
20.171.207.247 - - [25/Oct/2025:06:01:09 -0700] "GET /shopdetail278189616?kg=0275871489 HTTP/2.0" 404 47283 "-" "Mozilla/5.0 AppleWebKit/537.36 (KHTML, like Gecko; compatible; GPTBot/1.2; +https://openai.com/gptbot)" 
103.109.180.104 - - [25/Oct/2025:06:01:11 -0700] "GET /wp-json/wp/v2/usErs HTTP/1.1" 429 3836 "-" "Mozilla/5.0 (X11; Linux x86_64) AppleWebKit/537.36 (KHTML, like Gecko) Chrome/141.0.7390.77 Safari/537.36" 
64.90.53.137 - - [25/Oct/2025:06:01:13 -0700] "POST /wp-cron.php?doing_wp_cron=1761397273.2433500289916992187500 HTTP/1.1" 200 3634 "https://www.biblioglow.com/wp-cron.php?doing_wp_cron=1761397273.2433500289916992187500" "WordPress/6.1.9; https://www.biblioglow.com" 
20.171.207.247 - - [25/Oct/2025:06:01:12 -0700] "GET /shopdetail120764144?kg=0119757897 HTTP/2.0" 404 47283 "-" "Mozilla/5.0 AppleWebKit/537.36 (KHTML, like Gecko; compatible; GPTBot/1.2; +https://openai.com/gptbot)" 
66.240.236.13 - - [25/Oct/2025:06:01:14 -0700] "GET /wp-login.php HTTP/2.0" 429 362 "-" "Mozilla/5.0 (Windows NT 6.1; Trident/7.0; EIE10;ENUSWOL; rv:11.0) like Gecko" 
66.240.236.13 - - [25/Oct/2025:06:01:14 -0700] "POST /wp-login.php HTTP/2.0" 429 255 "https://www.biblioglow.com/wp-login.php" "Mozilla/5.0 (Windows NT 6.1; Trident/7.0; EIE10;ENUSWOL; rv:11.0) like Gecko" 
20.171.207.247 - - [25/Oct/2025:06:01:16 -0700] "GET /shopdetail159827648?kg=0158495871 HTTP/2.0" 404 47283 "-" "Mozilla/5.0 AppleWebKit/537.36 (KHTML, like Gecko; compatible; GPTBot/1.2; +https://openai.com/gptbot)" 
20.171.207.247 - - [25/Oct/2025:06:01:19 -0700] "GET /shopdetail171659640?kg=0170229264 HTTP/2.0" 404 47283 "-" "Mozilla/5.0 AppleWebKit/537.36 (KHTML, like Gecko; compatible; GPTBot/1.2; +https://openai.com/gptbot)" 
66.249.68.133 - - [25/Oct/2025:06:01:19 -0700] "GET /shopdetail33196240?kg=0032919725 HTTP/1.1" 200 32393 "-" "Mozilla/5.0 (Linux; Android 6.0.1; Nexus 5X Build/MMB29P) AppleWebKit/537.36 (KHTML, like Gecko) Chrome/141.0.7390.122 Mobile Safari/537.36 (compatible; GoogleOther)" 
20.171.207.247 - - [25/Oct/2025:06:01:22 -0700] "GET /shopdetail159870160?kg=0158538029 HTTP/2.0" 404 47283 "-" "Mozilla/5.0 AppleWebKit/537.36 (KHTML, like Gecko; compatible; GPTBot/1.2; +https://openai.com/gptbot)" 
49.36.237.63 - - [25/Oct/2025:06:01:22 -0700] "POST /xmlrpc.php HTTP/1.1" 200 3829 "-" "Mozilla/5.0 (X11; Ubuntu; Linux x86_64; x86) AppleWebKit/537.36 (KHTML, like Gecko) Edge/80.0.0.0 Safari/537.36" 
20.171.207.247 - - [25/Oct/2025:06:01:25 -0700] "GET /shopdetail159824912?kg=0158493157 HTTP/2.0" 404 47283 "-" "Mozilla/5.0 AppleWebKit/537.36 (KHTML, like Gecko; compatible; GPTBot/1.2; +https://openai.com/gptbot)" 
103.185.74.193 - - [25/Oct/2025:06:01:26 -0700] "POST /xmlrpc.php HTTP/2.0" 429 362 "-" "Mozilla/5.0 (Windows NT 6.1; WOW64; Trident/7.0; EIE11;ENUSMSN; rv:11.0) like Gecko" 
103.185.74.193 - - [25/Oct/2025:06:01:29 -0700] "POST /xmlrpc.php HTTP/2.0" 429 362 "-" "Mozilla/5.0 (Windows NT 6.1; WOW64; Trident/7.0; EIE11;ENUSMSN; rv:11.0) like Gecko" 
20.171.207.247 - - [25/Oct/2025:06:01:28 -0700] "GET /shopdetail278158760?kg=0275840890 HTTP/2.0" 404 47283 "-" "Mozilla/5.0 AppleWebKit/537.36 (KHTML, like Gecko; compatible; GPTBot/1.2; +https://openai.com/gptbot)" 
66.249.68.134 - - [25/Oct/2025:06:01:30 -0700] "GET /shopdetail58754192?kg=0058264693 HTTP/1.1" 200 31342 "-" "Mozilla/5.0 (Linux; Android 6.0.1; Nexus 5X Build/MMB29P) AppleWebKit/537.36 (KHTML, like Gecko) Chrome/141.0.7390.122 Mobile Safari/537.36 (compatible; GoogleOther)" 
103.185.74.193 - - [25/Oct/2025:06:01:31 -0700] "POST /xmlrpc.php HTTP/2.0" 429 362 "-" "Mozilla/5.0 (Windows NT 6.1; WOW64; Trident/7.0; EIE11;ENUSMSN; rv:11.0) like Gecko" 
20.171.207.247 - - [25/Oct/2025:06:01:31 -0700] "GET /shopdetail159880032?kg=0158547819 HTTP/2.0" 404 47283 "-" "Mozilla/5.0 AppleWebKit/537.36 (KHTML, like Gecko; compatible; GPTBot/1.2; +https://openai.com/gptbot)" 
20.171.207.247 - - [25/Oct/2025:06:01:34 -0700] "GET /shopdetail278109656?kg=0275792196 HTTP/2.0" 404 47283 "-" "Mozilla/5.0 AppleWebKit/537.36 (KHTML, like Gecko; compatible; GPTBot/1.2; +https://openai.com/gptbot)" 
20.171.207.247 - - [25/Oct/2025:06:01:37 -0700] "GET /shopdetail252397016?kg=0250293828 HTTP/2.0" 404 47418 "-" "Mozilla/5.0 AppleWebKit/537.36 (KHTML, like Gecko; compatible; GPTBot/1.2; +https://openai.com/gptbot)" 
20.171.207.247 - - [25/Oct/2025:06:01:40 -0700] "GET /shopdetail159832168?kg=0158500354 HTTP/2.0" 404 47283 "-" "Mozilla/5.0 AppleWebKit/537.36 (KHTML, like Gecko; compatible; GPTBot/1.2; +https://openai.com/gptbot)" 
20.171.207.247 - - [25/Oct/2025:06:01:44 -0700] "GET /shopdetail120815440?kg=0119808765 HTTP/2.0" 404 47283 "-" "Mozilla/5.0 AppleWebKit/537.36 (KHTML, like Gecko; compatible; GPTBot/1.2; +https://openai.com/gptbot)" 
85.208.96.199 - - [25/Oct/2025:06:01:45 -0700] "GET /shopdetail195008776?kg=0193383822 HTTP/1.1" 301 3732 "-" "Mozilla/5.0 (compatible; SemrushBot/7~bl; +http://www.semrush.com/bot.html)" 
185.191.171.7 - - [25/Oct/2025:06:01:46 -0700] "GET /shopdetail195008776?kg=0193383822 HTTP/1.1" 404 51133 "-" "Mozilla/5.0 (compatible; SemrushBot/7~bl; +http://www.semrush.com/bot.html)" 
20.171.207.247 - - [25/Oct/2025:06:01:47 -0700] "GET /shopdetail159814752?kg=0158483083 HTTP/2.0" 404 47283 "-" "Mozilla/5.0 AppleWebKit/537.36 (KHTML, like Gecko; compatible; GPTBot/1.2; +https://openai.com/gptbot)" 
20.171.207.247 - - [25/Oct/2025:06:01:50 -0700] "GET /shopdetail278159984?kg=0275842105 HTTP/2.0" 404 47283 "-" "Mozilla/5.0 AppleWebKit/537.36 (KHTML, like Gecko; compatible; GPTBot/1.2; +https://openai.com/gptbot)" 
66.249.68.133 - - [25/Oct/2025:06:01:51 -0700] "GET /shopdetail308228288?kg=0305659839 HTTP/1.1" 200 32370 "-" "Mozilla/5.0 (Linux; Android 6.0.1; Nexus 5X Build/MMB29P) AppleWebKit/537.36 (KHTML, like Gecko) Chrome/141.0.7390.122 Mobile Safari/537.36 (compatible; GoogleOther)" 
20.171.207.247 - - [25/Oct/2025:06:01:53 -0700] "GET /shopdetail120790344?kg=0119783878 HTTP/2.0" 404 47283 "-" "Mozilla/5.0 AppleWebKit/537.36 (KHTML, like Gecko; compatible; GPTBot/1.2; +https://openai.com/gptbot)" 
20.171.207.247 - - [25/Oct/2025:06:01:56 -0700] "GET /shopdetail159818320?kg=0158486621 HTTP/2.0" 404 47283 "-" "Mozilla/5.0 AppleWebKit/537.36 (KHTML, like Gecko; compatible; GPTBot/1.2; +https://openai.com/gptbot)" 
20.171.207.247 - - [25/Oct/2025:06:01:59 -0700] "GET /shopdetail159870568?kg=0158538434 HTTP/2.0" 404 47283 "-" "Mozilla/5.0 AppleWebKit/537.36 (KHTML, like Gecko; compatible; GPTBot/1.2; +https://openai.com/gptbot)" 
66.249.68.135 - - [25/Oct/2025:06:02:02 -0700] "GET /shopdetail74031632?kg=0073414821 HTTP/1.1" 200 34660 "-" "Mozilla/5.0 (Linux; Android 6.0.1; Nexus 5X Build/MMB29P) AppleWebKit/537.36 (KHTML, like Gecko) Chrome/141.0.7390.122 Mobile Safari/537.36 (compatible; GoogleOther)" 
20.171.207.247 - - [25/Oct/2025:06:02:03 -0700] "GET /shopdetail120803512?kg=0119796936 HTTP/2.0" 404 47283 "-" "Mozilla/5.0 AppleWebKit/537.36 (KHTML, like Gecko; compatible; GPTBot/1.2; +https://openai.com/gptbot)" 
49.36.237.63 - - [25/Oct/2025:06:02:03 -0700] "POST /xmlrpc.php HTTP/1.1" 200 3829 "-" "Mozilla/5.0 (Linux; Android 10; x86) AppleWebKit/537.36 (KHTML, like Gecko) Safari/10.0.0.0 Safari/537.36" 
20.171.207.247 - - [25/Oct/2025:06:02:06 -0700] "GET /shopdetail120750720?kg=0119744583 HTTP/2.0" 404 47283 "-" "Mozilla/5.0 AppleWebKit/537.36 (KHTML, like Gecko; compatible; GPTBot/1.2; +https://openai.com/gptbot)" 
20.171.207.247 - - [25/Oct/2025:06:02:09 -0700] "GET /shopdetail278138864?kg=0275821161 HTTP/2.0" 404 47283 "-" "Mozilla/5.0 AppleWebKit/537.36 (KHTML, like Gecko; compatible; GPTBot/1.2; +https://openai.com/gptbot)" 
20.171.207.247 - - [25/Oct/2025:06:02:12 -0700] "GET /shopdetail159883872?kg=0158551627 HTTP/2.0" 404 47283 "-" "Mozilla/5.0 AppleWebKit/537.36 (KHTML, like Gecko; compatible; GPTBot/1.2; +https://openai.com/gptbot)" 
