HEX
Server: Apache
System: Linux pdx1-shared-a4-02 6.6.104-grsec-jammy+ #3 SMP Tue Sep 16 00:28:11 UTC 2025 x86_64
User: niched (5283231)
PHP: 7.4.33
Disabled: NONE
Upload Files
File: /home/niched/logs/biblioglow.com/https/access.log.0
66.249.68.134 - - [25/Oct/2025:00:49:38 -0700] "GET /shopdetail159737680?kg=0158406653 HTTP/1.1" 200 31904 "-" "Mozilla/5.0 (Linux; Android 6.0.1; Nexus 5X Build/MMB29P) AppleWebKit/537.36 (KHTML, like Gecko) Chrome/141.0.7390.122 Mobile Safari/537.36 (compatible; GoogleOther)" 
66.249.68.134 - - [25/Oct/2025:00:49:41 -0700] "GET /shopdetail159214624?kg=0157887955 HTTP/1.1" 200 27710 "-" "Mozilla/5.0 (Linux; Android 6.0.1; Nexus 5X Build/MMB29P) AppleWebKit/537.36 (KHTML, like Gecko) Chrome/141.0.7390.122 Mobile Safari/537.36 (compatible; GoogleOther)" 
185.191.171.18 - - [25/Oct/2025:00:49:49 -0700] "GET /shopdetail194982032?kg=0193357301 HTTP/1.1" 301 3732 "-" "Mozilla/5.0 (compatible; SemrushBot/7~bl; +http://www.semrush.com/bot.html)" 
64.90.53.137 - - [25/Oct/2025:00:49:50 -0700] "POST /wp-cron.php?doing_wp_cron=1761378590.7229869365692138671875 HTTP/1.1" 200 3634 "https://www.biblioglow.com/wp-cron.php?doing_wp_cron=1761378590.7229869365692138671875" "WordPress/6.1.9; https://www.biblioglow.com" 
85.208.96.208 - - [25/Oct/2025:00:49:52 -0700] "GET /shopdetail194982032?kg=0193357301 HTTP/1.1" 404 51133 "-" "Mozilla/5.0 (compatible; SemrushBot/7~bl; +http://www.semrush.com/bot.html)" 
185.191.171.7 - - [25/Oct/2025:00:50:03 -0700] "GET /shopdetail195037016?kg=0193411828 HTTP/1.1" 301 3732 "-" "Mozilla/5.0 (compatible; SemrushBot/7~bl; +http://www.semrush.com/bot.html)" 
185.191.171.11 - - [25/Oct/2025:00:50:05 -0700] "GET /shopdetail195037016?kg=0193411828 HTTP/1.1" 404 51133 "-" "Mozilla/5.0 (compatible; SemrushBot/7~bl; +http://www.semrush.com/bot.html)" 
114.119.136.150 - - [25/Oct/2025:00:50:06 -0700] "GET /shopdetail68853800?kg=0068280138 HTTP/1.1" 301 3731 "https://biblioglow.com/sitemap.xml" "Mozilla/5.0 (Linux; Android 7.0;) AppleWebKit/537.36 (KHTML, like Gecko) Mobile Safari/537.36 (compatible; PetalBot;+https://webmaster.petalsearch.com/site/petalbot)" 
66.249.68.135 - - [25/Oct/2025:00:50:06 -0700] "GET /shopdetail325700968?kg=0322986914 HTTP/1.1" 200 33389 "-" "Mozilla/5.0 (Linux; Android 6.0.1; Nexus 5X Build/MMB29P) AppleWebKit/537.36 (KHTML, like Gecko) Chrome/141.0.7390.122 Mobile Safari/537.36 (compatible; GoogleOther)" 
114.119.136.150 - - [25/Oct/2025:00:50:08 -0700] "GET /shopdetail68853800?kg=0068280138 HTTP/1.1" 404 51132 "https://biblioglow.com/sitemap.xml" "Mozilla/5.0 (Linux; Android 7.0;) AppleWebKit/537.36 (KHTML, like Gecko) Mobile Safari/537.36 (compatible; PetalBot;+https://webmaster.petalsearch.com/site/petalbot)" 
66.249.68.133 - - [25/Oct/2025:00:50:09 -0700] "GET /shopdetail310125248?kg=0307540991 HTTP/1.1" 200 31248 "-" "Mozilla/5.0 (Linux; Android 6.0.1; Nexus 5X Build/MMB29P) AppleWebKit/537.36 (KHTML, like Gecko) Chrome/141.0.7390.122 Mobile Safari/537.36 (compatible; GoogleOther)" 
66.249.79.5 - - [25/Oct/2025:00:50:31 -0700] "GET /shopdetail8686488?kg=0008614220 HTTP/1.1" 200 33379 "-" "Mozilla/5.0 (Linux; Android 6.0.1; Nexus 5X Build/MMB29P) AppleWebKit/537.36 (KHTML, like Gecko) Chrome/141.0.7390.122 Mobile Safari/537.36 (compatible; Googlebot/2.1; +http://www.google.com/bot.html)" 
64.90.53.137 - - [25/Oct/2025:00:50:44 -0700] "POST /wp-cron.php?doing_wp_cron=1761378644.4038178920745849609375 HTTP/1.1" 200 3634 "https://www.biblioglow.com/wp-cron.php?doing_wp_cron=1761378644.4038178920745849609375" "WordPress/6.1.9; https://www.biblioglow.com" 
185.191.171.10 - - [25/Oct/2025:00:50:44 -0700] "GET /shopdetail195048264?kg=0193422982 HTTP/1.1" 301 3732 "-" "Mozilla/5.0 (compatible; SemrushBot/7~bl; +http://www.semrush.com/bot.html)" 
85.208.96.197 - - [25/Oct/2025:00:50:45 -0700] "GET /shopdetail195048264?kg=0193422982 HTTP/1.1" 404 51133 "-" "Mozilla/5.0 (compatible; SemrushBot/7~bl; +http://www.semrush.com/bot.html)" 
66.249.68.134 - - [25/Oct/2025:00:50:48 -0700] "GET /shopdetail310449592?kg=0307862632 HTTP/1.1" 200 32329 "-" "Mozilla/5.0 (Linux; Android 6.0.1; Nexus 5X Build/MMB29P) AppleWebKit/537.36 (KHTML, like Gecko) Chrome/141.0.7390.122 Mobile Safari/537.36 (compatible; GoogleOther)" 
66.249.68.133 - - [25/Oct/2025:00:50:52 -0700] "GET /shopdetail310123056?kg=0307538817 HTTP/1.1" 200 31121 "-" "Mozilla/5.0 (Linux; Android 6.0.1; Nexus 5X Build/MMB29P) AppleWebKit/537.36 (KHTML, like Gecko) Chrome/141.0.7390.122 Mobile Safari/537.36 (compatible; GoogleOther)" 
40.77.167.51 - - [25/Oct/2025:00:50:54 -0700] "GET /shopdetail267449952?kg=0265221323 HTTP/2.0" 200 27369 "-" "Mozilla/5.0 AppleWebKit/537.36 (KHTML, like Gecko; compatible; bingbot/2.0; +http://www.bing.com/bingbot.htm) Chrome/116.0.1938.76 Safari/537.36" 
64.90.53.137 - - [25/Oct/2025:00:51:30 -0700] "POST /wp-cron.php?doing_wp_cron=1761378690.7671129703521728515625 HTTP/1.1" 200 3634 "https://www.biblioglow.com/wp-cron.php?doing_wp_cron=1761378690.7671129703521728515625" "WordPress/6.1.9; https://www.biblioglow.com" 
114.119.136.150 - - [25/Oct/2025:00:51:30 -0700] "GET /shopdetail68853120?kg=0068279463 HTTP/1.1" 301 3731 "https://biblioglow.com/sitemap.xml" "Mozilla/5.0 (Linux; Android 7.0;) AppleWebKit/537.36 (KHTML, like Gecko) Mobile Safari/537.36 (compatible; PetalBot;+https://webmaster.petalsearch.com/site/petalbot)" 
114.119.136.150 - - [25/Oct/2025:00:51:31 -0700] "GET /shopdetail68853120?kg=0068279463 HTTP/1.1" 404 51132 "https://biblioglow.com/sitemap.xml" "Mozilla/5.0 (Linux; Android 7.0;) AppleWebKit/537.36 (KHTML, like Gecko) Mobile Safari/537.36 (compatible; PetalBot;+https://webmaster.petalsearch.com/site/petalbot)" 
66.249.68.134 - - [25/Oct/2025:00:51:31 -0700] "GET /shopdetail75079256?kg=0074453716 HTTP/1.1" 200 30856 "-" "Mozilla/5.0 (Linux; Android 6.0.1; Nexus 5X Build/MMB29P) AppleWebKit/537.36 (KHTML, like Gecko) Chrome/141.0.7390.122 Mobile Safari/537.36 (compatible; GoogleOther)" 
66.249.68.133 - - [25/Oct/2025:00:51:34 -0700] "GET /shopdetail187353872?kg=0185792709 HTTP/1.1" 200 33990 "-" "Mozilla/5.0 (Linux; Android 6.0.1; Nexus 5X Build/MMB29P) AppleWebKit/537.36 (KHTML, like Gecko) Chrome/141.0.7390.122 Mobile Safari/537.36 (compatible; GoogleOther)" 
66.249.68.133 - - [25/Oct/2025:00:52:14 -0700] "GET /shopdetail159733976?kg=0158402980 HTTP/1.1" 200 31467 "-" "Mozilla/5.0 (Linux; Android 6.0.1; Nexus 5X Build/MMB29P) AppleWebKit/537.36 (KHTML, like Gecko) Chrome/141.0.7390.122 Mobile Safari/537.36 (compatible; GoogleOther)" 
66.249.68.135 - - [25/Oct/2025:00:52:16 -0700] "GET /shopdetail160604568?kg=0159266316 HTTP/1.1" 200 30101 "-" "Mozilla/5.0 (Linux; Android 6.0.1; Nexus 5X Build/MMB29P) AppleWebKit/537.36 (KHTML, like Gecko) Chrome/141.0.7390.122 Mobile Safari/537.36 (compatible; GoogleOther)" 
43.135.186.135 - - [25/Oct/2025:00:52:37 -0700] "GET /?s= HTTP/1.1" 429 3784 "-" "Mozilla/5.0 (iPhone; CPU iPhone OS 13_2_3 like Mac OS X) AppleWebKit/605.1.15 (KHTML, like Gecko) Version/13.0.3 Mobile/15E148 Safari/604.1" 
114.119.130.109 - - [25/Oct/2025:00:52:52 -0700] "GET /shopdetail68852016?kg=0068278369 HTTP/1.1" 301 3731 "https://biblioglow.com/sitemap.xml" "Mozilla/5.0 (Linux; Android 7.0;) AppleWebKit/537.36 (KHTML, like Gecko) Mobile Safari/537.36 (compatible; PetalBot;+https://webmaster.petalsearch.com/site/petalbot)" 
64.90.53.137 - - [25/Oct/2025:00:52:53 -0700] "POST /wp-cron.php?doing_wp_cron=1761378773.1166749000549316406250 HTTP/1.1" 200 3634 "https://www.biblioglow.com/wp-cron.php?doing_wp_cron=1761378773.1166749000549316406250" "WordPress/6.1.9; https://www.biblioglow.com" 
114.119.130.109 - - [25/Oct/2025:00:52:55 -0700] "GET /shopdetail68852016?kg=0068278369 HTTP/1.1" 404 51132 "https://biblioglow.com/sitemap.xml" "Mozilla/5.0 (Linux; Android 7.0;) AppleWebKit/537.36 (KHTML, like Gecko) Mobile Safari/537.36 (compatible; PetalBot;+https://webmaster.petalsearch.com/site/petalbot)" 
66.249.68.133 - - [25/Oct/2025:00:52:56 -0700] "GET /shopdetail76155832?kg=0075521320 HTTP/1.1" 200 30448 "-" "Mozilla/5.0 (Linux; Android 6.0.1; Nexus 5X Build/MMB29P) AppleWebKit/537.36 (KHTML, like Gecko) Chrome/141.0.7390.122 Mobile Safari/537.36 (compatible; GoogleOther)" 
66.249.68.133 - - [25/Oct/2025:00:52:59 -0700] "GET /shopdetail189121496?kg=0187545604 HTTP/1.1" 200 28727 "-" "Mozilla/5.0 (Linux; Android 6.0.1; Nexus 5X Build/MMB29P) AppleWebKit/537.36 (KHTML, like Gecko) Chrome/141.0.7390.122 Mobile Safari/537.36 (compatible; GoogleOther)" 
66.249.68.133 - - [25/Oct/2025:00:53:39 -0700] "GET /shopdetail34251696?kg=0033966385 HTTP/1.1" 200 31262 "-" "Mozilla/5.0 (Linux; Android 6.0.1; Nexus 5X Build/MMB29P) AppleWebKit/537.36 (KHTML, like Gecko) Chrome/141.0.7390.122 Mobile Safari/537.36 (compatible; GoogleOther)" 
66.249.68.133 - - [25/Oct/2025:00:53:42 -0700] "GET /shopdetail33468472?kg=0033189688 HTTP/1.1" 200 27317 "-" "Mozilla/5.0 (Linux; Android 6.0.1; Nexus 5X Build/MMB29P) AppleWebKit/537.36 (KHTML, like Gecko) Chrome/141.0.7390.122 Mobile Safari/537.36 (compatible; GoogleOther)" 
114.119.141.83 - - [25/Oct/2025:00:54:22 -0700] "GET /shopdetail68850640?kg=0068277005 HTTP/1.1" 301 3731 "https://biblioglow.com/sitemap.xml" "Mozilla/5.0 (Linux; Android 7.0;) AppleWebKit/537.36 (KHTML, like Gecko) Mobile Safari/537.36 (compatible; PetalBot;+https://webmaster.petalsearch.com/site/petalbot)" 
66.249.68.134 - - [25/Oct/2025:00:54:22 -0700] "GET /shopdetail58581936?kg=0058093873 HTTP/1.1" 200 31018 "-" "Mozilla/5.0 (Linux; Android 6.0.1; Nexus 5X Build/MMB29P) AppleWebKit/537.36 (KHTML, like Gecko) Chrome/141.0.7390.122 Mobile Safari/537.36 (compatible; GoogleOther)" 
64.90.53.137 - - [25/Oct/2025:00:54:22 -0700] "POST /wp-cron.php?doing_wp_cron=1761378862.5649340152740478515625 HTTP/1.1" 200 3634 "https://www.biblioglow.com/wp-cron.php?doing_wp_cron=1761378862.5649340152740478515625" "WordPress/6.1.9; https://www.biblioglow.com" 
66.249.68.133 - - [25/Oct/2025:00:54:25 -0700] "GET /shopdetail74839256?kg=0074215716 HTTP/1.1" 200 33151 "-" "Mozilla/5.0 (Linux; Android 6.0.1; Nexus 5X Build/MMB29P) AppleWebKit/537.36 (KHTML, like Gecko) Chrome/141.0.7390.122 Mobile Safari/537.36 (compatible; GoogleOther)" 
114.119.141.83 - - [25/Oct/2025:00:54:24 -0700] "GET /shopdetail68850640?kg=0068277005 HTTP/1.1" 404 51132 "https://biblioglow.com/sitemap.xml" "Mozilla/5.0 (Linux; Android 7.0;) AppleWebKit/537.36 (KHTML, like Gecko) Mobile Safari/537.36 (compatible; PetalBot;+https://webmaster.petalsearch.com/site/petalbot)" 
66.249.68.134 - - [25/Oct/2025:00:55:04 -0700] "GET /shopdetail160824960?kg=0159484871 HTTP/1.1" 200 31732 "-" "Mozilla/5.0 (Linux; Android 6.0.1; Nexus 5X Build/MMB29P) AppleWebKit/537.36 (KHTML, like Gecko) Chrome/141.0.7390.122 Mobile Safari/537.36 (compatible; GoogleOther)" 
66.249.68.133 - - [25/Oct/2025:00:55:07 -0700] "GET /shopdetail187840040?kg=0186274826 HTTP/1.1" 200 30877 "-" "Mozilla/5.0 (Linux; Android 6.0.1; Nexus 5X Build/MMB29P) AppleWebKit/537.36 (KHTML, like Gecko) Chrome/141.0.7390.122 Mobile Safari/537.36 (compatible; GoogleOther)" 
114.119.136.150 - - [25/Oct/2025:00:55:44 -0700] "GET /shopdetail68850232?kg=0068276600 HTTP/1.1" 301 3731 "https://biblioglow.com/sitemap.xml" "Mozilla/5.0 (Linux; Android 7.0;) AppleWebKit/537.36 (KHTML, like Gecko) Mobile Safari/537.36 (compatible; PetalBot;+https://webmaster.petalsearch.com/site/petalbot)" 
64.90.53.137 - - [25/Oct/2025:00:55:44 -0700] "POST /wp-cron.php?doing_wp_cron=1761378944.6215100288391113281250 HTTP/1.1" 200 3634 "https://www.biblioglow.com/wp-cron.php?doing_wp_cron=1761378944.6215100288391113281250" "WordPress/6.1.9; https://www.biblioglow.com" 
114.119.136.150 - - [25/Oct/2025:00:55:46 -0700] "GET /shopdetail68850232?kg=0068276600 HTTP/1.1" 404 51132 "https://biblioglow.com/sitemap.xml" "Mozilla/5.0 (Linux; Android 7.0;) AppleWebKit/537.36 (KHTML, like Gecko) Mobile Safari/537.36 (compatible; PetalBot;+https://webmaster.petalsearch.com/site/petalbot)" 
66.249.68.133 - - [25/Oct/2025:00:55:47 -0700] "GET /shopdetail310177632?kg=0307592939 HTTP/1.1" 200 31565 "-" "Mozilla/5.0 (Linux; Android 6.0.1; Nexus 5X Build/MMB29P) AppleWebKit/537.36 (KHTML, like Gecko) Chrome/141.0.7390.122 Mobile Safari/537.36 (compatible; GoogleOther)" 
66.249.68.133 - - [25/Oct/2025:00:55:49 -0700] "GET /shopdetail75077744?kg=0074452217 HTTP/1.1" 200 27285 "-" "Mozilla/5.0 (Linux; Android 6.0.1; Nexus 5X Build/MMB29P) AppleWebKit/537.36 (KHTML, like Gecko) Chrome/141.0.7390.122 Mobile Safari/537.36 (compatible; GoogleOther)" 
66.249.68.135 - - [25/Oct/2025:00:56:29 -0700] "GET /shopdetail309410600?kg=0306832298 HTTP/1.1" 200 31820 "-" "Mozilla/5.0 (Linux; Android 6.0.1; Nexus 5X Build/MMB29P) AppleWebKit/537.36 (KHTML, like Gecko) Chrome/141.0.7390.122 Mobile Safari/537.36 (compatible; GoogleOther)" 
66.249.68.135 - - [25/Oct/2025:00:56:31 -0700] "GET /shopdetail31673952?kg=0031410123 HTTP/1.1" 200 27715 "-" "Mozilla/5.0 (Linux; Android 6.0.1; Nexus 5X Build/MMB29P) AppleWebKit/537.36 (KHTML, like Gecko) Chrome/141.0.7390.122 Mobile Safari/537.36 (compatible; GoogleOther)" 
114.119.136.150 - - [25/Oct/2025:00:57:04 -0700] "GET /shopdetail68849400?kg=0068275776 HTTP/1.1" 301 3731 "https://biblioglow.com/sitemap.xml" "Mozilla/5.0 (Linux; Android 7.0;) AppleWebKit/537.36 (KHTML, like Gecko) Mobile Safari/537.36 (compatible; PetalBot;+https://webmaster.petalsearch.com/site/petalbot)" 
114.119.136.150 - - [25/Oct/2025:00:57:07 -0700] "GET /shopdetail68849400?kg=0068275776 HTTP/1.1" 404 51132 "https://biblioglow.com/sitemap.xml" "Mozilla/5.0 (Linux; Android 7.0;) AppleWebKit/537.36 (KHTML, like Gecko) Mobile Safari/537.36 (compatible; PetalBot;+https://webmaster.petalsearch.com/site/petalbot)" 
64.90.53.137 - - [25/Oct/2025:00:57:05 -0700] "POST /wp-cron.php?doing_wp_cron=1761379025.3980939388275146484375 HTTP/1.1" 200 3634 "https://www.biblioglow.com/wp-cron.php?doing_wp_cron=1761379025.3980939388275146484375" "WordPress/6.1.9; https://www.biblioglow.com" 
66.249.68.134 - - [25/Oct/2025:00:57:11 -0700] "GET /shopdetail187682328?kg=0186118428 HTTP/1.1" 200 30684 "-" "Mozilla/5.0 (Linux; Android 6.0.1; Nexus 5X Build/MMB29P) AppleWebKit/537.36 (KHTML, like Gecko) Chrome/141.0.7390.122 Mobile Safari/537.36 (compatible; GoogleOther)" 
66.249.68.134 - - [25/Oct/2025:00:57:14 -0700] "GET /shopdetail188430296?kg=0186860164 HTTP/1.1" 200 28118 "-" "Mozilla/5.0 (Linux; Android 6.0.1; Nexus 5X Build/MMB29P) AppleWebKit/537.36 (KHTML, like Gecko) Chrome/141.0.7390.122 Mobile Safari/537.36 (compatible; GoogleOther)" 
64.90.53.137 - - [25/Oct/2025:00:57:44 -0700] "POST /wp-cron.php?doing_wp_cron=1761379064.8220419883728027343750 HTTP/1.1" 200 3634 "https://www.biblioglow.com/wp-cron.php?doing_wp_cron=1761379064.8220419883728027343750" "WordPress/6.1.9; https://www.biblioglow.com" 
85.208.96.203 - - [25/Oct/2025:00:57:44 -0700] "GET /shopdetail195055672?kg=0193430328 HTTP/1.1" 301 3732 "-" "Mozilla/5.0 (compatible; SemrushBot/7~bl; +http://www.semrush.com/bot.html)" 
185.191.171.9 - - [25/Oct/2025:00:57:46 -0700] "GET /shopdetail195055672?kg=0193430328 HTTP/1.1" 404 51133 "-" "Mozilla/5.0 (compatible; SemrushBot/7~bl; +http://www.semrush.com/bot.html)" 
66.249.68.133 - - [25/Oct/2025:00:57:54 -0700] "GET /shopdetail74064120?kg=0073447040 HTTP/1.1" 200 31778 "-" "Mozilla/5.0 (Linux; Android 6.0.1; Nexus 5X Build/MMB29P) AppleWebKit/537.36 (KHTML, like Gecko) Chrome/141.0.7390.122 Mobile Safari/537.36 (compatible; GoogleOther)" 
66.249.68.134 - - [25/Oct/2025:00:57:56 -0700] "GET /shopdetail73783256?kg=0073168516 HTTP/1.1" 200 31579 "-" "Mozilla/5.0 (Linux; Android 6.0.1; Nexus 5X Build/MMB29P) AppleWebKit/537.36 (KHTML, like Gecko) Chrome/141.0.7390.122 Mobile Safari/537.36 (compatible; GoogleOther)" 
85.208.96.200 - - [25/Oct/2025:00:58:07 -0700] "GET /shopdetail194955696?kg=0193331185 HTTP/1.1" 301 3732 "-" "Mozilla/5.0 (compatible; SemrushBot/7~bl; +http://www.semrush.com/bot.html)" 
185.191.171.7 - - [25/Oct/2025:00:58:08 -0700] "GET /shopdetail194955696?kg=0193331185 HTTP/1.1" 404 51133 "-" "Mozilla/5.0 (compatible; SemrushBot/7~bl; +http://www.semrush.com/bot.html)" 
66.249.79.4 - - [25/Oct/2025:00:58:13 -0700] "GET /shopdetail6384680?kg=0006331594 HTTP/1.1" 200 31422 "-" "Mozilla/5.0 (Linux; Android 6.0.1; Nexus 5X Build/MMB29P) AppleWebKit/537.36 (KHTML, like Gecko) Chrome/141.0.7390.122 Mobile Safari/537.36 (compatible; Googlebot/2.1; +http://www.google.com/bot.html)" 
64.90.53.137 - - [25/Oct/2025:00:58:30 -0700] "POST /wp-cron.php?doing_wp_cron=1761379110.4175360202789306640625 HTTP/1.1" 200 3634 "https://www.biblioglow.com/wp-cron.php?doing_wp_cron=1761379110.4175360202789306640625" "WordPress/6.1.9; https://www.biblioglow.com" 
114.119.148.10 - - [25/Oct/2025:00:58:29 -0700] "GET /shopdetail68848176?kg=0068274561 HTTP/1.1" 301 3731 "https://biblioglow.com/sitemap.xml" "Mozilla/5.0 (Linux; Android 7.0;) AppleWebKit/537.36 (KHTML, like Gecko) Mobile Safari/537.36 (compatible; PetalBot;+https://webmaster.petalsearch.com/site/petalbot)" 
114.119.148.10 - - [25/Oct/2025:00:58:31 -0700] "GET /shopdetail68848176?kg=0068274561 HTTP/1.1" 404 51132 "https://biblioglow.com/sitemap.xml" "Mozilla/5.0 (Linux; Android 7.0;) AppleWebKit/537.36 (KHTML, like Gecko) Mobile Safari/537.36 (compatible; PetalBot;+https://webmaster.petalsearch.com/site/petalbot)" 
66.249.68.135 - - [25/Oct/2025:00:58:36 -0700] "GET /shopdetail74135720?kg=0073518042 HTTP/1.1" 200 31960 "-" "Mozilla/5.0 (Linux; Android 6.0.1; Nexus 5X Build/MMB29P) AppleWebKit/537.36 (KHTML, like Gecko) Chrome/141.0.7390.122 Mobile Safari/537.36 (compatible; GoogleOther)" 
66.249.68.135 - - [25/Oct/2025:00:58:38 -0700] "GET /shopdetail59318248?kg=0058824050 HTTP/1.1" 200 27575 "-" "Mozilla/5.0 (Linux; Android 6.0.1; Nexus 5X Build/MMB29P) AppleWebKit/537.36 (KHTML, like Gecko) Chrome/141.0.7390.122 Mobile Safari/537.36 (compatible; GoogleOther)" 
74.125.150.133 - - [25/Oct/2025:00:58:44 -0700] "GET /shopdetail42262480?kg=0041910413 HTTP/1.1" 301 3768 "-" "Mozilla/5.0 (X11; Linux x86_64) AppleWebKit/537.36 (KHTML, like Gecko) Chrome/140.0.7339.207 Safari/537.36" 
72.14.199.100 - - [25/Oct/2025:00:58:44 -0700] "GET /shopdetail42262480?kg=0041910413 HTTP/1.1" 404 51169 "-" "Mozilla/5.0 (X11; Linux x86_64) AppleWebKit/537.36 (KHTML, like Gecko) Chrome/140.0.7339.207 Safari/537.36" 
72.14.199.100 - - [25/Oct/2025:00:58:45 -0700] "GET /wp-content/themes/pro/framework/legacy/cranium/dist/css/site/integrity-light.css?ver=3.2.3 HTTP/1.1" 200 2957 "https://www.biblioglow.com/shopdetail42262480?kg=0041910413" "Mozilla/5.0 (X11; Linux x86_64) AppleWebKit/537.36 (KHTML, like Gecko) Chrome/140.0.7339.207 Safari/537.36" 
72.14.199.100 - - [25/Oct/2025:00:58:46 -0700] "GET /wp-includes/js/jquery/jquery-migrate.min.js?ver=3.3.2 HTTP/1.1" 200 4637 "https://www.biblioglow.com/shopdetail42262480?kg=0041910413" "Mozilla/5.0 (X11; Linux x86_64) AppleWebKit/537.36 (KHTML, like Gecko) Chrome/140.0.7339.207 Safari/537.36" 
72.14.199.99 - - [25/Oct/2025:00:58:46 -0700] "GET /wp-includes/css/classic-themes.min.css?ver=1 HTTP/1.1" 200 3949 "https://www.biblioglow.com/shopdetail42262480?kg=0041910413" "Mozilla/5.0 (X11; Linux x86_64) AppleWebKit/537.36 (KHTML, like Gecko) Chrome/140.0.7339.207 Safari/537.36" 
72.14.199.99 - - [25/Oct/2025:00:58:47 -0700] "GET /wp-includes/js/jquery/jquery.min.js?ver=3.6.1 HTTP/1.1" 200 32130 "https://www.biblioglow.com/shopdetail42262480?kg=0041910413" "Mozilla/5.0 (X11; Linux x86_64) AppleWebKit/537.36 (KHTML, like Gecko) Chrome/140.0.7339.207 Safari/537.36" 
72.14.199.99 - - [25/Oct/2025:00:58:47 -0700] "GET /wp-content/themes/pro/framework/dist/css/site/stacks/integrity-light.css?ver=3.2.3 HTTP/1.1" 200 29292 "https://www.biblioglow.com/shopdetail42262480?kg=0041910413" "Mozilla/5.0 (X11; Linux x86_64) AppleWebKit/537.36 (KHTML, like Gecko) Chrome/140.0.7339.207 Safari/537.36" 
72.14.199.99 - - [25/Oct/2025:00:58:48 -0700] "GET /wp-content/themes/pro/framework/dist/js/site/x.js?ver=3.2.3 HTTP/1.1" 200 25286 "https://www.biblioglow.com/shopdetail42262480?kg=0041910413" "Mozilla/5.0 (X11; Linux x86_64) AppleWebKit/537.36 (KHTML, like Gecko) Chrome/140.0.7339.207 Safari/537.36" 
72.14.199.99 - - [25/Oct/2025:00:58:48 -0700] "GET /wp-content/themes/pro/cornerstone/assets/dist/js/site/cs.0ce70e6.js HTTP/1.1" 200 56249 "https://www.biblioglow.com/shopdetail42262480?kg=0041910413" "Mozilla/5.0 (X11; Linux x86_64) AppleWebKit/537.36 (KHTML, like Gecko) Chrome/140.0.7339.207 Safari/537.36" 
72.14.199.99 - - [25/Oct/2025:00:58:49 -0700] "GET /wp-includes/js/wp-emoji-release.min.js?ver=6.1.9 HTTP/1.1" 200 5518 "https://www.biblioglow.com/shopdetail42262480?kg=0041910413" "Mozilla/5.0 (X11; Linux x86_64) AppleWebKit/537.36 (KHTML, like Gecko) Chrome/140.0.7339.207 Safari/537.36" 
72.14.199.99 - - [25/Oct/2025:00:58:49 -0700] "GET /wp-includes/css/dist/block-library/style.min.css?ver=6.1.9 HTTP/1.1" 200 13488 "https://www.biblioglow.com/shopdetail42262480?kg=0041910413" "Mozilla/5.0 (X11; Linux x86_64) AppleWebKit/537.36 (KHTML, like Gecko) Chrome/140.0.7339.207 Safari/537.36" 
72.14.199.99 - - [25/Oct/2025:00:58:50 -0700] "GET /wp-content/themes/pro/cornerstone/assets/dist/fonts/fa-solid-900.woff2 HTTP/1.1" 200 138767 "https://www.biblioglow.com/shopdetail42262480?kg=0041910413" "Mozilla/5.0 (X11; Linux x86_64) AppleWebKit/537.36 (KHTML, like Gecko) Chrome/140.0.7339.207 Safari/537.36" 
66.249.68.133 - - [25/Oct/2025:00:59:18 -0700] "GET /shopdetail325383896?kg=0322672484 HTTP/1.1" 200 31292 "-" "Mozilla/5.0 (Linux; Android 6.0.1; Nexus 5X Build/MMB29P) AppleWebKit/537.36 (KHTML, like Gecko) Chrome/141.0.7390.122 Mobile Safari/537.36 (compatible; GoogleOther)" 
66.249.68.133 - - [25/Oct/2025:00:59:21 -0700] "GET /shopdetail34133200?kg=0033848877 HTTP/1.1" 200 29392 "-" "Mozilla/5.0 (Linux; Android 6.0.1; Nexus 5X Build/MMB29P) AppleWebKit/537.36 (KHTML, like Gecko) Chrome/141.0.7390.122 Mobile Safari/537.36 (compatible; GoogleOther)" 
114.119.129.24 - - [25/Oct/2025:00:59:51 -0700] "GET /shopdetail68847496?kg=0068273886 HTTP/1.1" 301 3731 "https://biblioglow.com/sitemap.xml" "Mozilla/5.0 (Linux; Android 7.0;) AppleWebKit/537.36 (KHTML, like Gecko) Mobile Safari/537.36 (compatible; PetalBot;+https://webmaster.petalsearch.com/site/petalbot)" 
64.90.53.137 - - [25/Oct/2025:00:59:52 -0700] "POST /wp-cron.php?doing_wp_cron=1761379192.3368899822235107421875 HTTP/1.1" 200 3634 "https://www.biblioglow.com/wp-cron.php?doing_wp_cron=1761379192.3368899822235107421875" "WordPress/6.1.9; https://www.biblioglow.com" 
114.119.129.24 - - [25/Oct/2025:00:59:54 -0700] "GET /shopdetail68847496?kg=0068273886 HTTP/1.1" 404 51132 "https://biblioglow.com/sitemap.xml" "Mozilla/5.0 (Linux; Android 7.0;) AppleWebKit/537.36 (KHTML, like Gecko) Mobile Safari/537.36 (compatible; PetalBot;+https://webmaster.petalsearch.com/site/petalbot)" 
66.249.68.133 - - [25/Oct/2025:01:00:00 -0700] "GET /shopdetail325438488?kg=0322726620 HTTP/1.1" 200 31508 "-" "Mozilla/5.0 (Linux; Android 6.0.1; Nexus 5X Build/MMB29P) AppleWebKit/537.36 (KHTML, like Gecko) Chrome/141.0.7390.122 Mobile Safari/537.36 (compatible; GoogleOther)" 
66.249.68.135 - - [25/Oct/2025:01:00:03 -0700] "GET /shopdetail34546560?kg=0034258791 HTTP/1.1" 200 32094 "-" "Mozilla/5.0 (Linux; Android 6.0.1; Nexus 5X Build/MMB29P) AppleWebKit/537.36 (KHTML, like Gecko) Chrome/141.0.7390.122 Mobile Safari/537.36 (compatible; GoogleOther)" 
66.249.68.133 - - [25/Oct/2025:01:00:43 -0700] "GET /shopdetail74646304?kg=0074024371 HTTP/1.1" 200 31095 "-" "Mozilla/5.0 (Linux; Android 6.0.1; Nexus 5X Build/MMB29P) AppleWebKit/537.36 (KHTML, like Gecko) Chrome/141.0.7390.122 Mobile Safari/537.36 (compatible; GoogleOther)" 
66.249.68.134 - - [25/Oct/2025:01:00:46 -0700] "GET /shopdetail58836752?kg=0058346565 HTTP/1.1" 200 32346 "-" "Mozilla/5.0 (Linux; Android 6.0.1; Nexus 5X Build/MMB29P) AppleWebKit/537.36 (KHTML, like Gecko) Chrome/141.0.7390.122 Mobile Safari/537.36 (compatible; GoogleOther)" 
114.119.141.83 - - [25/Oct/2025:01:01:16 -0700] "GET /shopdetail68841872?kg=0068268309 HTTP/1.1" 301 3731 "https://biblioglow.com/sitemap.xml" "Mozilla/5.0 (Linux; Android 7.0;) AppleWebKit/537.36 (KHTML, like Gecko) Mobile Safari/537.36 (compatible; PetalBot;+https://webmaster.petalsearch.com/site/petalbot)" 
64.90.53.137 - - [25/Oct/2025:01:01:17 -0700] "POST /wp-cron.php?doing_wp_cron=1761379277.2229020595550537109375 HTTP/1.1" 200 3634 "https://www.biblioglow.com/wp-cron.php?doing_wp_cron=1761379277.2229020595550537109375" "WordPress/6.1.9; https://www.biblioglow.com" 
114.119.141.83 - - [25/Oct/2025:01:01:19 -0700] "GET /shopdetail68841872?kg=0068268309 HTTP/1.1" 404 51132 "https://biblioglow.com/sitemap.xml" "Mozilla/5.0 (Linux; Android 7.0;) AppleWebKit/537.36 (KHTML, like Gecko) Mobile Safari/537.36 (compatible; PetalBot;+https://webmaster.petalsearch.com/site/petalbot)" 
66.249.68.134 - - [25/Oct/2025:01:01:25 -0700] "GET /shopdetail58714008?kg=0058224844 HTTP/1.1" 200 31141 "-" "Mozilla/5.0 (Linux; Android 6.0.1; Nexus 5X Build/MMB29P) AppleWebKit/537.36 (KHTML, like Gecko) Chrome/141.0.7390.122 Mobile Safari/537.36 (compatible; GoogleOther)" 
66.249.68.135 - - [25/Oct/2025:01:01:28 -0700] "GET /shopdetail58615800?kg=0058127456 HTTP/1.1" 200 30870 "-" "Mozilla/5.0 (Linux; Android 6.0.1; Nexus 5X Build/MMB29P) AppleWebKit/537.36 (KHTML, like Gecko) Chrome/141.0.7390.122 Mobile Safari/537.36 (compatible; GoogleOther)" 
52.167.144.218 - - [25/Oct/2025:01:01:43 -0700] "GET /shopdetail267450648?kg=0265222012 HTTP/2.0" 200 27640 "-" "Mozilla/5.0 AppleWebKit/537.36 (KHTML, like Gecko; compatible; bingbot/2.0; +http://www.bing.com/bingbot.htm) Chrome/116.0.1938.76 Safari/537.36" 
66.249.68.135 - - [25/Oct/2025:01:02:07 -0700] "GET /shopdetail160603192?kg=0159264952 HTTP/1.1" 200 30381 "-" "Mozilla/5.0 (Linux; Android 6.0.1; Nexus 5X Build/MMB29P) AppleWebKit/537.36 (KHTML, like Gecko) Chrome/141.0.7390.122 Mobile Safari/537.36 (compatible; GoogleOther)" 
66.249.68.133 - - [25/Oct/2025:01:02:11 -0700] "GET /shopdetail34557112?kg=0034269256 HTTP/1.1" 200 33109 "-" "Mozilla/5.0 (Linux; Android 6.0.1; Nexus 5X Build/MMB29P) AppleWebKit/537.36 (KHTML, like Gecko) Chrome/141.0.7390.122 Mobile Safari/537.36 (compatible; GoogleOther)" 
43.131.36.84 - - [25/Oct/2025:01:02:28 -0700] "GET /comments/feed/ HTTP/1.1" 429 3774 "-" "Mozilla/5.0 (iPhone; CPU iPhone OS 13_2_3 like Mac OS X) AppleWebKit/605.1.15 (KHTML, like Gecko) Version/13.0.3 Mobile/15E148 Safari/604.1" 
114.119.135.207 - - [25/Oct/2025:01:02:41 -0700] "GET /shopdetail68841448?kg=0068267890 HTTP/1.1" 301 3731 "https://biblioglow.com/sitemap.xml" "Mozilla/5.0 (Linux; Android 7.0;) AppleWebKit/537.36 (KHTML, like Gecko) Mobile Safari/537.36 (compatible; PetalBot;+https://webmaster.petalsearch.com/site/petalbot)" 
64.90.53.137 - - [25/Oct/2025:01:02:42 -0700] "POST /wp-cron.php?doing_wp_cron=1761379362.4258499145507812500000 HTTP/1.1" 200 3634 "https://www.biblioglow.com/wp-cron.php?doing_wp_cron=1761379362.4258499145507812500000" "WordPress/6.1.9; https://www.biblioglow.com" 
114.119.135.207 - - [25/Oct/2025:01:02:46 -0700] "GET /shopdetail68841448?kg=0068267890 HTTP/1.1" 404 51132 "https://biblioglow.com/sitemap.xml" "Mozilla/5.0 (Linux; Android 7.0;) AppleWebKit/537.36 (KHTML, like Gecko) Mobile Safari/537.36 (compatible; PetalBot;+https://webmaster.petalsearch.com/site/petalbot)" 
66.249.68.134 - - [25/Oct/2025:01:02:49 -0700] "GET /shopdetail58531200?kg=0058043559 HTTP/1.1" 200 30742 "-" "Mozilla/5.0 (Linux; Android 6.0.1; Nexus 5X Build/MMB29P) AppleWebKit/537.36 (KHTML, like Gecko) Chrome/141.0.7390.122 Mobile Safari/537.36 (compatible; GoogleOther)" 
66.249.68.133 - - [25/Oct/2025:01:02:54 -0700] "GET /shopdetail188394648?kg=0186824812 HTTP/1.1" 200 31427 "-" "Mozilla/5.0 (Linux; Android 6.0.1; Nexus 5X Build/MMB29P) AppleWebKit/537.36 (KHTML, like Gecko) Chrome/141.0.7390.122 Mobile Safari/537.36 (compatible; GoogleOther)" 
66.249.68.135 - - [25/Oct/2025:01:03:32 -0700] "GET /shopdetail325441224?kg=0322729334 HTTP/1.1" 200 30403 "-" "Mozilla/5.0 (Linux; Android 6.0.1; Nexus 5X Build/MMB29P) AppleWebKit/537.36 (KHTML, like Gecko) Chrome/141.0.7390.122 Mobile Safari/537.36 (compatible; GoogleOther)" 
66.249.68.134 - - [25/Oct/2025:01:03:36 -0700] "GET /shopdetail34559304?kg=0034271430 HTTP/1.1" 200 31661 "-" "Mozilla/5.0 (Linux; Android 6.0.1; Nexus 5X Build/MMB29P) AppleWebKit/537.36 (KHTML, like Gecko) Chrome/141.0.7390.122 Mobile Safari/537.36 (compatible; GoogleOther)" 
64.90.53.137 - - [25/Oct/2025:01:03:48 -0700] "POST /wp-cron.php?doing_wp_cron=1761379428.3139159679412841796875 HTTP/1.1" 200 3634 "https://www.biblioglow.com/wp-cron.php?doing_wp_cron=1761379428.3139159679412841796875" "WordPress/6.1.9; https://www.biblioglow.com" 
185.191.171.14 - - [25/Oct/2025:01:03:47 -0700] "GET /shopdetail194993416?kg=0193368590 HTTP/1.1" 301 3732 "-" "Mozilla/5.0 (compatible; SemrushBot/7~bl; +http://www.semrush.com/bot.html)" 
185.191.171.19 - - [25/Oct/2025:01:03:49 -0700] "GET /shopdetail194993416?kg=0193368590 HTTP/1.1" 404 51133 "-" "Mozilla/5.0 (compatible; SemrushBot/7~bl; +http://www.semrush.com/bot.html)" 
185.191.171.4 - - [25/Oct/2025:01:03:54 -0700] "GET /shopdetail194951176?kg=0193326702 HTTP/1.1" 301 3732 "-" "Mozilla/5.0 (compatible; SemrushBot/7~bl; +http://www.semrush.com/bot.html)" 
85.208.96.193 - - [25/Oct/2025:01:03:55 -0700] "GET /shopdetail194951176?kg=0193326702 HTTP/1.1" 404 51133 "-" "Mozilla/5.0 (compatible; SemrushBot/7~bl; +http://www.semrush.com/bot.html)" 
114.119.151.155 - - [25/Oct/2025:01:04:03 -0700] "GET /shopdetail68841040?kg=0068267485 HTTP/1.1" 301 3731 "https://biblioglow.com/sitemap.xml" "Mozilla/5.0 (Linux; Android 7.0;) AppleWebKit/537.36 (KHTML, like Gecko) Mobile Safari/537.36 (compatible; PetalBot;+https://webmaster.petalsearch.com/site/petalbot)" 
114.119.151.155 - - [25/Oct/2025:01:04:05 -0700] "GET /shopdetail68841040?kg=0068267485 HTTP/1.1" 404 51132 "https://biblioglow.com/sitemap.xml" "Mozilla/5.0 (Linux; Android 7.0;) AppleWebKit/537.36 (KHTML, like Gecko) Mobile Safari/537.36 (compatible; PetalBot;+https://webmaster.petalsearch.com/site/petalbot)" 
66.249.68.133 - - [25/Oct/2025:01:04:14 -0700] "GET /shopdetail58185448?kg=0057700690 HTTP/1.1" 200 31325 "-" "Mozilla/5.0 (Linux; Android 6.0.1; Nexus 5X Build/MMB29P) AppleWebKit/537.36 (KHTML, like Gecko) Chrome/141.0.7390.122 Mobile Safari/537.36 (compatible; GoogleOther)" 
66.249.68.134 - - [25/Oct/2025:01:04:19 -0700] "GET /shopdetail309976304?kg=0307393289 HTTP/1.1" 200 32519 "-" "Mozilla/5.0 (Linux; Android 6.0.1; Nexus 5X Build/MMB29P) AppleWebKit/537.36 (KHTML, like Gecko) Chrome/141.0.7390.122 Mobile Safari/537.36 (compatible; GoogleOther)" 
66.249.68.133 - - [25/Oct/2025:01:04:56 -0700] "GET /shopdetail32716104?kg=0032443590 HTTP/1.1" 200 35319 "-" "Mozilla/5.0 (Linux; Android 6.0.1; Nexus 5X Build/MMB29P) AppleWebKit/537.36 (KHTML, like Gecko) Chrome/141.0.7390.122 Mobile Safari/537.36 (compatible; GoogleOther)" 
66.249.68.135 - - [25/Oct/2025:01:05:01 -0700] "GET /shopdetail184732936?kg=0183193614 HTTP/1.1" 200 33806 "-" "Mozilla/5.0 (Linux; Android 6.0.1; Nexus 5X Build/MMB29P) AppleWebKit/537.36 (KHTML, like Gecko) Chrome/141.0.7390.122 Mobile Safari/537.36 (compatible; GoogleOther)" 
40.77.167.55 - - [25/Oct/2025:01:05:06 -0700] "GET /shopdetail144824904?kg=0143618150 HTTP/2.0" 200 27075 "-" "Mozilla/5.0 AppleWebKit/537.36 (KHTML, like Gecko; compatible; bingbot/2.0; +http://www.bing.com/bingbot.htm) Chrome/116.0.1938.76 Safari/537.36" 
64.90.53.137 - - [25/Oct/2025:01:05:19 -0700] "POST /wp-cron.php?doing_wp_cron=1761379519.9204099178314208984375 HTTP/1.1" 200 3634 "https://www.biblioglow.com/wp-cron.php?doing_wp_cron=1761379519.9204099178314208984375" "WordPress/6.1.9; https://www.biblioglow.com" 
85.208.96.208 - - [25/Oct/2025:01:05:19 -0700] "GET /shopdetail194990664?kg=0193365862 HTTP/1.1" 301 3732 "-" "Mozilla/5.0 (compatible; SemrushBot/7~bl; +http://www.semrush.com/bot.html)" 
185.191.171.15 - - [25/Oct/2025:01:05:21 -0700] "GET /shopdetail194990664?kg=0193365862 HTTP/1.1" 404 51133 "-" "Mozilla/5.0 (compatible; SemrushBot/7~bl; +http://www.semrush.com/bot.html)" 
114.119.129.24 - - [25/Oct/2025:01:05:26 -0700] "GET /shopdetail68839528?kg=0068265986 HTTP/1.1" 301 3731 "https://biblioglow.com/sitemap.xml" "Mozilla/5.0 (Linux; Android 7.0;) AppleWebKit/537.36 (KHTML, like Gecko) Mobile Safari/537.36 (compatible; PetalBot;+https://webmaster.petalsearch.com/site/petalbot)" 
114.119.129.24 - - [25/Oct/2025:01:05:27 -0700] "GET /shopdetail68839528?kg=0068265986 HTTP/1.1" 404 51132 "https://biblioglow.com/sitemap.xml" "Mozilla/5.0 (Linux; Android 7.0;) AppleWebKit/537.36 (KHTML, like Gecko) Mobile Safari/537.36 (compatible; PetalBot;+https://webmaster.petalsearch.com/site/petalbot)" 
66.249.68.134 - - [25/Oct/2025:01:05:38 -0700] "GET /shopdetail325040760?kg=0322332208 HTTP/1.1" 200 31623 "-" "Mozilla/5.0 (Linux; Android 6.0.1; Nexus 5X Build/MMB29P) AppleWebKit/537.36 (KHTML, like Gecko) Chrome/141.0.7390.122 Mobile Safari/537.36 (compatible; GoogleOther)" 
66.249.68.133 - - [25/Oct/2025:01:05:44 -0700] "GET /shopdetail34430528?kg=0034143727 HTTP/1.1" 200 31109 "-" "Mozilla/5.0 (Linux; Android 6.0.1; Nexus 5X Build/MMB29P) AppleWebKit/537.36 (KHTML, like Gecko) Chrome/141.0.7390.122 Mobile Safari/537.36 (compatible; GoogleOther)" 
66.249.68.133 - - [25/Oct/2025:01:06:21 -0700] "GET /shopdetail309616720?kg=0307036701 HTTP/1.1" 200 30746 "-" "Mozilla/5.0 (Linux; Android 6.0.1; Nexus 5X Build/MMB29P) AppleWebKit/537.36 (KHTML, like Gecko) Chrome/141.0.7390.122 Mobile Safari/537.36 (compatible; GoogleOther)" 
66.249.68.133 - - [25/Oct/2025:01:06:27 -0700] "GET /shopdetail34331520?kg=0034045543 HTTP/1.1" 200 31187 "-" "Mozilla/5.0 (Linux; Android 6.0.1; Nexus 5X Build/MMB29P) AppleWebKit/537.36 (KHTML, like Gecko) Chrome/141.0.7390.122 Mobile Safari/537.36 (compatible; GoogleOther)" 
114.119.129.24 - - [25/Oct/2025:01:06:50 -0700] "GET /shopdetail68839120?kg=0068265581 HTTP/1.1" 301 3731 "https://biblioglow.com/sitemap.xml" "Mozilla/5.0 (Linux; Android 7.0;) AppleWebKit/537.36 (KHTML, like Gecko) Mobile Safari/537.36 (compatible; PetalBot;+https://webmaster.petalsearch.com/site/petalbot)" 
64.90.53.137 - - [25/Oct/2025:01:06:50 -0700] "POST /wp-cron.php?doing_wp_cron=1761379610.8632540702819824218750 HTTP/1.1" 200 3634 "https://www.biblioglow.com/wp-cron.php?doing_wp_cron=1761379610.8632540702819824218750" "WordPress/6.1.9; https://www.biblioglow.com" 
114.119.129.24 - - [25/Oct/2025:01:06:52 -0700] "GET /shopdetail68839120?kg=0068265581 HTTP/1.1" 404 51132 "https://biblioglow.com/sitemap.xml" "Mozilla/5.0 (Linux; Android 7.0;) AppleWebKit/537.36 (KHTML, like Gecko) Mobile Safari/537.36 (compatible; PetalBot;+https://webmaster.petalsearch.com/site/petalbot)" 
66.249.68.133 - - [25/Oct/2025:01:07:03 -0700] "GET /shopdetail184730864?kg=0183191561 HTTP/1.1" 200 30463 "-" "Mozilla/5.0 (Linux; Android 6.0.1; Nexus 5X Build/MMB29P) AppleWebKit/537.36 (KHTML, like Gecko) Chrome/141.0.7390.122 Mobile Safari/537.36 (compatible; GoogleOther)" 
66.249.68.134 - - [25/Oct/2025:01:07:09 -0700] "GET /shopdetail160988432?kg=0159646981 HTTP/1.1" 200 30693 "-" "Mozilla/5.0 (Linux; Android 6.0.1; Nexus 5X Build/MMB29P) AppleWebKit/537.36 (KHTML, like Gecko) Chrome/141.0.7390.122 Mobile Safari/537.36 (compatible; GoogleOther)" 
66.249.68.133 - - [25/Oct/2025:01:07:45 -0700] "GET /shopdetail186630168?kg=0185075036 HTTP/1.1" 200 30701 "-" "Mozilla/5.0 (Linux; Android 6.0.1; Nexus 5X Build/MMB29P) AppleWebKit/537.36 (KHTML, like Gecko) Chrome/141.0.7390.122 Mobile Safari/537.36 (compatible; GoogleOther)" 
85.208.96.198 - - [25/Oct/2025:01:07:48 -0700] "GET /shopdetail195037576?kg=0193412382 HTTP/1.1" 301 3732 "-" "Mozilla/5.0 (compatible; SemrushBot/7~bl; +http://www.semrush.com/bot.html)" 
185.191.171.7 - - [25/Oct/2025:01:07:50 -0700] "GET /shopdetail195037576?kg=0193412382 HTTP/1.1" 404 51133 "-" "Mozilla/5.0 (compatible; SemrushBot/7~bl; +http://www.semrush.com/bot.html)" 
64.90.53.137 - - [25/Oct/2025:01:07:49 -0700] "POST /wp-cron.php?doing_wp_cron=1761379669.0388369560241699218750 HTTP/1.1" 200 3634 "https://www.biblioglow.com/wp-cron.php?doing_wp_cron=1761379669.0388369560241699218750" "WordPress/6.1.9; https://www.biblioglow.com" 
66.249.68.133 - - [25/Oct/2025:01:07:52 -0700] "GET /shopdetail188583624?kg=0187012214 HTTP/1.1" 200 31918 "-" "Mozilla/5.0 (Linux; Android 6.0.1; Nexus 5X Build/MMB29P) AppleWebKit/537.36 (KHTML, like Gecko) Chrome/141.0.7390.122 Mobile Safari/537.36 (compatible; GoogleOther)" 
64.90.53.137 - - [25/Oct/2025:01:08:14 -0700] "POST /wp-cron.php?doing_wp_cron=1761379694.2334780693054199218750 HTTP/1.1" 200 3634 "https://www.biblioglow.com/wp-cron.php?doing_wp_cron=1761379694.2334780693054199218750" "WordPress/6.1.9; https://www.biblioglow.com" 
114.119.129.24 - - [25/Oct/2025:01:08:13 -0700] "GET /shopdetail68837880?kg=0068264352 HTTP/1.1" 301 3731 "https://biblioglow.com/sitemap.xml" "Mozilla/5.0 (Linux; Android 7.0;) AppleWebKit/537.36 (KHTML, like Gecko) Mobile Safari/537.36 (compatible; PetalBot;+https://webmaster.petalsearch.com/site/petalbot)" 
185.191.171.17 - - [25/Oct/2025:01:08:15 -0700] "GET /shopdetail194976272?kg=0193351589 HTTP/1.1" 301 3732 "-" "Mozilla/5.0 (compatible; SemrushBot/7~bl; +http://www.semrush.com/bot.html)" 
114.119.129.24 - - [25/Oct/2025:01:08:15 -0700] "GET /shopdetail68837880?kg=0068264352 HTTP/1.1" 404 51132 "https://biblioglow.com/sitemap.xml" "Mozilla/5.0 (Linux; Android 7.0;) AppleWebKit/537.36 (KHTML, like Gecko) Mobile Safari/537.36 (compatible; PetalBot;+https://webmaster.petalsearch.com/site/petalbot)" 
185.191.171.18 - - [25/Oct/2025:01:08:16 -0700] "GET /shopdetail194976272?kg=0193351589 HTTP/1.1" 404 51133 "-" "Mozilla/5.0 (compatible; SemrushBot/7~bl; +http://www.semrush.com/bot.html)" 
66.249.68.134 - - [25/Oct/2025:01:08:27 -0700] "GET /shopdetail187477704?kg=0185915510 HTTP/1.1" 200 30723 "-" "Mozilla/5.0 (Linux; Android 6.0.1; Nexus 5X Build/MMB29P) AppleWebKit/537.36 (KHTML, like Gecko) Chrome/141.0.7390.122 Mobile Safari/537.36 (compatible; GoogleOther)" 
66.249.68.133 - - [25/Oct/2025:01:08:35 -0700] "GET /shopdetail324451320?kg=0321747680 HTTP/1.1" 200 32035 "-" "Mozilla/5.0 (Linux; Android 6.0.1; Nexus 5X Build/MMB29P) AppleWebKit/537.36 (KHTML, like Gecko) Chrome/141.0.7390.122 Mobile Safari/537.36 (compatible; GoogleOther)" 
5.1.6.50 - - [25/Oct/2025:01:08:52 -0700] "GET /2020/07/03/the-hamilton-affair-discussion-questions/ HTTP/1.0" 429 3582 "https://www.biblioglow.com/2020/07/03/the-hamilton-affair-discussion-questions/" "Mozilla/5.0 (Windows NT 10.0; Win64; x64) AppleWebKit/537.36 (KHTML, like Gecko) Chrome/131.0.0.0 Safari/537.36" 
5.1.6.50 - - [25/Oct/2025:01:08:53 -0700] "GET / HTTP/1.0" 429 3582 "https://www.biblioglow.com/" "Mozilla/5.0 (Windows NT 10.0; Win64; x64) AppleWebKit/537.36 (KHTML, like Gecko) Chrome/131.0.0.0 Safari/537.36" 
85.208.96.207 - - [25/Oct/2025:01:09:08 -0700] "GET /shopdetail195054856?kg=0193429518 HTTP/1.1" 301 3732 "-" "Mozilla/5.0 (compatible; SemrushBot/7~bl; +http://www.semrush.com/bot.html)" 
85.208.96.194 - - [25/Oct/2025:01:09:09 -0700] "GET /shopdetail195054856?kg=0193429518 HTTP/1.1" 404 51133 "-" "Mozilla/5.0 (compatible; SemrushBot/7~bl; +http://www.semrush.com/bot.html)" 
66.249.68.134 - - [25/Oct/2025:01:09:10 -0700] "GET /shopdetail33767720?kg=0033486442 HTTP/1.1" 200 30865 "-" "Mozilla/5.0 (Linux; Android 6.0.1; Nexus 5X Build/MMB29P) AppleWebKit/537.36 (KHTML, like Gecko) Chrome/141.0.7390.122 Mobile Safari/537.36 (compatible; GoogleOther)" 
66.249.68.133 - - [25/Oct/2025:01:09:17 -0700] "GET /shopdetail34762008?kg=0034472444 HTTP/1.1" 200 32122 "-" "Mozilla/5.0 (Linux; Android 6.0.1; Nexus 5X Build/MMB29P) AppleWebKit/537.36 (KHTML, like Gecko) Chrome/141.0.7390.122 Mobile Safari/537.36 (compatible; GoogleOther)" 
64.90.53.137 - - [25/Oct/2025:01:09:37 -0700] "POST /wp-cron.php?doing_wp_cron=1761379777.9286470413208007812500 HTTP/1.1" 200 3634 "https://www.biblioglow.com/wp-cron.php?doing_wp_cron=1761379777.9286470413208007812500" "WordPress/6.1.9; https://www.biblioglow.com" 
114.119.129.24 - - [25/Oct/2025:01:09:37 -0700] "GET /shopdetail68835976?kg=0068262462 HTTP/1.1" 301 3731 "https://biblioglow.com/sitemap.xml" "Mozilla/5.0 (Linux; Android 7.0;) AppleWebKit/537.36 (KHTML, like Gecko) Mobile Safari/537.36 (compatible; PetalBot;+https://webmaster.petalsearch.com/site/petalbot)" 
114.119.129.24 - - [25/Oct/2025:01:09:39 -0700] "GET /shopdetail68835976?kg=0068262462 HTTP/1.1" 404 51132 "https://biblioglow.com/sitemap.xml" "Mozilla/5.0 (Linux; Android 7.0;) AppleWebKit/537.36 (KHTML, like Gecko) Mobile Safari/537.36 (compatible; PetalBot;+https://webmaster.petalsearch.com/site/petalbot)" 
66.249.68.133 - - [25/Oct/2025:01:09:52 -0700] "GET /shopdetail57984680?kg=0057501594 HTTP/1.1" 200 32839 "-" "Mozilla/5.0 (Linux; Android 6.0.1; Nexus 5X Build/MMB29P) AppleWebKit/537.36 (KHTML, like Gecko) Chrome/141.0.7390.122 Mobile Safari/537.36 (compatible; GoogleOther)" 
66.249.68.134 - - [25/Oct/2025:01:10:00 -0700] "GET /shopdetail161684696?kg=0160337444 HTTP/1.1" 200 30605 "-" "Mozilla/5.0 (Linux; Android 6.0.1; Nexus 5X Build/MMB29P) AppleWebKit/537.36 (KHTML, like Gecko) Chrome/141.0.7390.122 Mobile Safari/537.36 (compatible; GoogleOther)" 
66.249.68.134 - - [25/Oct/2025:01:10:34 -0700] "GET /shopdetail33769368?kg=0033488076 HTTP/1.1" 200 30849 "-" "Mozilla/5.0 (Linux; Android 6.0.1; Nexus 5X Build/MMB29P) AppleWebKit/537.36 (KHTML, like Gecko) Chrome/141.0.7390.122 Mobile Safari/537.36 (compatible; GoogleOther)" 
66.249.68.133 - - [25/Oct/2025:01:10:43 -0700] "GET /shopdetail159918160?kg=0158585629 HTTP/1.1" 200 30673 "-" "Mozilla/5.0 (Linux; Android 6.0.1; Nexus 5X Build/MMB29P) AppleWebKit/537.36 (KHTML, like Gecko) Chrome/141.0.7390.122 Mobile Safari/537.36 (compatible; GoogleOther)" 
64.90.53.137 - - [25/Oct/2025:01:11:01 -0700] "POST /wp-cron.php?doing_wp_cron=1761379861.7238171100616455078125 HTTP/1.1" 200 3634 "https://www.biblioglow.com/wp-cron.php?doing_wp_cron=1761379861.7238171100616455078125" "WordPress/6.1.9; https://www.biblioglow.com" 
114.119.129.24 - - [25/Oct/2025:01:11:01 -0700] "GET /shopdetail68835688?kg=0068262178 HTTP/1.1" 301 3731 "https://biblioglow.com/sitemap.xml" "Mozilla/5.0 (Linux; Android 7.0;) AppleWebKit/537.36 (KHTML, like Gecko) Mobile Safari/537.36 (compatible; PetalBot;+https://webmaster.petalsearch.com/site/petalbot)" 
114.119.129.24 - - [25/Oct/2025:01:11:04 -0700] "GET /shopdetail68835688?kg=0068262178 HTTP/1.1" 404 51132 "https://biblioglow.com/sitemap.xml" "Mozilla/5.0 (Linux; Android 7.0;) AppleWebKit/537.36 (KHTML, like Gecko) Mobile Safari/537.36 (compatible; PetalBot;+https://webmaster.petalsearch.com/site/petalbot)" 
66.249.68.135 - - [25/Oct/2025:01:11:16 -0700] "GET /shopdetail309489456?kg=0306910497 HTTP/1.1" 200 31072 "-" "Mozilla/5.0 (Linux; Android 6.0.1; Nexus 5X Build/MMB29P) AppleWebKit/537.36 (KHTML, like Gecko) Chrome/141.0.7390.122 Mobile Safari/537.36 (compatible; GoogleOther)" 
66.249.68.133 - - [25/Oct/2025:01:11:25 -0700] "GET /shopdetail34738408?kg=0034449042 HTTP/1.1" 200 30566 "-" "Mozilla/5.0 (Linux; Android 6.0.1; Nexus 5X Build/MMB29P) AppleWebKit/537.36 (KHTML, like Gecko) Chrome/141.0.7390.122 Mobile Safari/537.36 (compatible; GoogleOther)" 
66.249.68.133 - - [25/Oct/2025:01:11:59 -0700] "GET /shopdetail74089776?kg=0073472481 HTTP/1.1" 200 30819 "-" "Mozilla/5.0 (Linux; Android 6.0.1; Nexus 5X Build/MMB29P) AppleWebKit/537.36 (KHTML, like Gecko) Chrome/141.0.7390.122 Mobile Safari/537.36 (compatible; GoogleOther)" 
66.249.68.135 - - [25/Oct/2025:01:12:08 -0700] "GET /shopdetail187885560?kg=0186319968 HTTP/1.1" 200 32374 "-" "Mozilla/5.0 (Linux; Android 6.0.1; Nexus 5X Build/MMB29P) AppleWebKit/537.36 (KHTML, like Gecko) Chrome/141.0.7390.122 Mobile Safari/537.36 (compatible; GoogleOther)" 
64.90.53.137 - - [25/Oct/2025:01:12:21 -0700] "POST /wp-cron.php?doing_wp_cron=1761379941.0032598972320556640625 HTTP/1.1" 200 3634 "https://www.biblioglow.com/wp-cron.php?doing_wp_cron=1761379941.0032598972320556640625" "WordPress/6.1.9; https://www.biblioglow.com" 
85.208.96.202 - - [25/Oct/2025:01:12:20 -0700] "GET /shopdetail194992992?kg=0193368171 HTTP/1.1" 301 3732 "-" "Mozilla/5.0 (compatible; SemrushBot/7~bl; +http://www.semrush.com/bot.html)" 
85.208.96.212 - - [25/Oct/2025:01:12:21 -0700] "GET /shopdetail194992992?kg=0193368171 HTTP/1.1" 404 51133 "-" "Mozilla/5.0 (compatible; SemrushBot/7~bl; +http://www.semrush.com/bot.html)" 
114.119.141.83 - - [25/Oct/2025:01:12:25 -0700] "GET /shopdetail68835144?kg=0068261638 HTTP/1.1" 301 3731 "https://biblioglow.com/sitemap.xml" "Mozilla/5.0 (Linux; Android 7.0;) AppleWebKit/537.36 (KHTML, like Gecko) Mobile Safari/537.36 (compatible; PetalBot;+https://webmaster.petalsearch.com/site/petalbot)" 
114.119.141.83 - - [25/Oct/2025:01:12:28 -0700] "GET /shopdetail68835144?kg=0068261638 HTTP/1.1" 404 51132 "https://biblioglow.com/sitemap.xml" "Mozilla/5.0 (Linux; Android 7.0;) AppleWebKit/537.36 (KHTML, like Gecko) Mobile Safari/537.36 (compatible; PetalBot;+https://webmaster.petalsearch.com/site/petalbot)" 
66.249.68.134 - - [25/Oct/2025:01:12:41 -0700] "GET /shopdetail32998888?kg=0032724018 HTTP/1.1" 200 31014 "-" "Mozilla/5.0 (Linux; Android 6.0.1; Nexus 5X Build/MMB29P) AppleWebKit/537.36 (KHTML, like Gecko) Chrome/141.0.7390.122 Mobile Safari/537.36 (compatible; GoogleOther)" 
66.249.68.133 - - [25/Oct/2025:01:12:51 -0700] "GET /shopdetail73960592?kg=0073344373 HTTP/1.1" 200 30890 "-" "Mozilla/5.0 (Linux; Android 6.0.1; Nexus 5X Build/MMB29P) AppleWebKit/537.36 (KHTML, like Gecko) Chrome/141.0.7390.122 Mobile Safari/537.36 (compatible; GoogleOther)" 
185.191.171.14 - - [25/Oct/2025:01:13:04 -0700] "GET /shopdetail195002320?kg=0193377421 HTTP/1.1" 301 3732 "-" "Mozilla/5.0 (compatible; SemrushBot/7~bl; +http://www.semrush.com/bot.html)" 
85.208.96.211 - - [25/Oct/2025:01:13:05 -0700] "GET /shopdetail195002320?kg=0193377421 HTTP/1.1" 404 51133 "-" "Mozilla/5.0 (compatible; SemrushBot/7~bl; +http://www.semrush.com/bot.html)" 
66.249.68.135 - - [25/Oct/2025:01:13:23 -0700] "GET /shopdetail74259008?kg=0073640303 HTTP/1.1" 200 30407 "-" "Mozilla/5.0 (Linux; Android 6.0.1; Nexus 5X Build/MMB29P) AppleWebKit/537.36 (KHTML, like Gecko) Chrome/141.0.7390.122 Mobile Safari/537.36 (compatible; GoogleOther)" 
64.90.53.137 - - [25/Oct/2025:01:13:31 -0700] "POST /wp-cron.php?doing_wp_cron=1761380011.4398930072784423828125 HTTP/1.1" 200 3634 "https://www.biblioglow.com/wp-cron.php?doing_wp_cron=1761380011.4398930072784423828125" "WordPress/6.1.9; https://www.biblioglow.com" 
85.208.96.208 - - [25/Oct/2025:01:13:30 -0700] "GET /shopdetail195046480?kg=0193421213 HTTP/1.1" 301 3732 "-" "Mozilla/5.0 (compatible; SemrushBot/7~bl; +http://www.semrush.com/bot.html)" 
85.208.96.210 - - [25/Oct/2025:01:13:32 -0700] "GET /shopdetail195046480?kg=0193421213 HTTP/1.1" 404 51133 "-" "Mozilla/5.0 (compatible; SemrushBot/7~bl; +http://www.semrush.com/bot.html)" 
66.249.68.134 - - [25/Oct/2025:01:13:33 -0700] "GET /shopdetail34447128?kg=0034160188 HTTP/1.1" 200 32044 "-" "Mozilla/5.0 (Linux; Android 6.0.1; Nexus 5X Build/MMB29P) AppleWebKit/537.36 (KHTML, like Gecko) Chrome/141.0.7390.122 Mobile Safari/537.36 (compatible; GoogleOther)" 
185.191.171.10 - - [25/Oct/2025:01:13:47 -0700] "GET /shopdetail195029608?kg=0193404482 HTTP/1.1" 301 3732 "-" "Mozilla/5.0 (compatible; SemrushBot/7~bl; +http://www.semrush.com/bot.html)" 
114.119.141.83 - - [25/Oct/2025:01:13:47 -0700] "GET /shopdetail68834328?kg=0068260828 HTTP/1.1" 301 3731 "https://biblioglow.com/sitemap.xml" "Mozilla/5.0 (Linux; Android 7.0;) AppleWebKit/537.36 (KHTML, like Gecko) Mobile Safari/537.36 (compatible; PetalBot;+https://webmaster.petalsearch.com/site/petalbot)" 
85.208.96.210 - - [25/Oct/2025:01:13:48 -0700] "GET /shopdetail195029608?kg=0193404482 HTTP/1.1" 404 51133 "-" "Mozilla/5.0 (compatible; SemrushBot/7~bl; +http://www.semrush.com/bot.html)" 
114.119.141.83 - - [25/Oct/2025:01:13:49 -0700] "GET /shopdetail68834328?kg=0068260828 HTTP/1.1" 404 51132 "https://biblioglow.com/sitemap.xml" "Mozilla/5.0 (Linux; Android 7.0;) AppleWebKit/537.36 (KHTML, like Gecko) Mobile Safari/537.36 (compatible; PetalBot;+https://webmaster.petalsearch.com/site/petalbot)" 
66.249.68.135 - - [25/Oct/2025:01:14:05 -0700] "GET /shopdetail186925016?kg=0185367428 HTTP/1.1" 200 31940 "-" "Mozilla/5.0 (Linux; Android 6.0.1; Nexus 5X Build/MMB29P) AppleWebKit/537.36 (KHTML, like Gecko) Chrome/141.0.7390.122 Mobile Safari/537.36 (compatible; GoogleOther)" 
66.249.68.134 - - [25/Oct/2025:01:14:16 -0700] "GET /shopdetail76335768?kg=0075699756 HTTP/1.1" 200 30690 "-" "Mozilla/5.0 (Linux; Android 6.0.1; Nexus 5X Build/MMB29P) AppleWebKit/537.36 (KHTML, like Gecko) Chrome/141.0.7390.122 Mobile Safari/537.36 (compatible; GoogleOther)" 
64.90.53.137 - - [25/Oct/2025:01:14:44 -0700] "POST /wp-cron.php?doing_wp_cron=1761380084.0053880214691162109375 HTTP/1.1" 200 3634 "https://www.biblioglow.com/wp-cron.php?doing_wp_cron=1761380084.0053880214691162109375" "WordPress/6.1.9; https://www.biblioglow.com" 
85.208.96.196 - - [25/Oct/2025:01:14:43 -0700] "GET /shopdetail195028792?kg=0193403672 HTTP/1.1" 301 3732 "-" "Mozilla/5.0 (compatible; SemrushBot/7~bl; +http://www.semrush.com/bot.html)" 
85.208.96.197 - - [25/Oct/2025:01:14:44 -0700] "GET /shopdetail195028792?kg=0193403672 HTTP/1.1" 404 51133 "-" "Mozilla/5.0 (compatible; SemrushBot/7~bl; +http://www.semrush.com/bot.html)" 
66.249.68.133 - - [25/Oct/2025:01:14:48 -0700] "GET /shopdetail324825720?kg=0322118960 HTTP/1.1" 200 30485 "-" "Mozilla/5.0 (Linux; Android 6.0.1; Nexus 5X Build/MMB29P) AppleWebKit/537.36 (KHTML, like Gecko) Chrome/141.0.7390.122 Mobile Safari/537.36 (compatible; GoogleOther)" 
185.191.171.3 - - [25/Oct/2025:01:14:57 -0700] "GET /shopdetail195034960?kg=0193409789 HTTP/1.1" 301 3732 "-" "Mozilla/5.0 (compatible; SemrushBot/7~bl; +http://www.semrush.com/bot.html)" 
