64.90.53.137 - - [25/Oct/2025:02:36:33 -0700] "POST /wp-cron.php?doing_wp_cron=1761384992.9538319110870361328125 HTTP/1.1" 200 3634 "https://www.biblioglow.com/wp-cron.php?doing_wp_cron=1761384992.9538319110870361328125" "WordPress/6.1.9; https://www.biblioglow.com" 
156.212.135.134 - - [25/Oct/2025:02:36:32 -0700] "POST /xmlrpc.php HTTP/1.1" 200 4060 "-" "Mozilla/5.0 (Macintosh; Intel Mac OS X 10_15_7; x86) AppleWebKit/537.36 (KHTML, like Gecko) Edge/86.0.0.0 Safari/537.36" 
66.249.68.133 - - [25/Oct/2025:02:36:57 -0700] "GET /shopdetail31482240?kg=0031220007 HTTP/1.1" 200 30521 "-" "Mozilla/5.0 (Linux; Android 6.0.1; Nexus 5X Build/MMB29P) AppleWebKit/537.36 (KHTML, like Gecko) Chrome/141.0.7390.122 Mobile Safari/537.36 (compatible; GoogleOther)" 
66.249.68.134 - - [25/Oct/2025:02:37:10 -0700] "GET /shopdetail160069296?kg=0158735505 HTTP/1.1" 200 30732 "-" "Mozilla/5.0 (Linux; Android 6.0.1; Nexus 5X Build/MMB29P) AppleWebKit/537.36 (KHTML, like Gecko) Chrome/141.0.7390.122 Mobile Safari/537.36 (compatible; GoogleOther)" 
64.90.53.137 - - [25/Oct/2025:02:37:24 -0700] "POST /wp-cron.php?doing_wp_cron=1761385044.0307009220123291015625 HTTP/1.1" 200 3634 "https://www.biblioglow.com/wp-cron.php?doing_wp_cron=1761385044.0307009220123291015625" "WordPress/6.1.9; https://www.biblioglow.com" 
114.119.141.83 - - [25/Oct/2025:02:37:23 -0700] "GET /shopdetail68788928?kg=0068215807 HTTP/1.1" 301 3731 "https://biblioglow.com/sitemap.xml" "Mozilla/5.0 (Linux; Android 7.0;) AppleWebKit/537.36 (KHTML, like Gecko) Mobile Safari/537.36 (compatible; PetalBot;+https://webmaster.petalsearch.com/site/petalbot)" 
114.119.141.83 - - [25/Oct/2025:02:37:25 -0700] "GET /shopdetail68788928?kg=0068215807 HTTP/1.1" 404 51132 "https://biblioglow.com/sitemap.xml" "Mozilla/5.0 (Linux; Android 7.0;) AppleWebKit/537.36 (KHTML, like Gecko) Mobile Safari/537.36 (compatible; PetalBot;+https://webmaster.petalsearch.com/site/petalbot)" 
66.249.68.133 - - [25/Oct/2025:02:37:34 -0700] "GET /shopdetail73774488?kg=0073159820 HTTP/1.1" 200 30515 "-" "Mozilla/5.0 (Linux; Android 6.0.1; Nexus 5X Build/MMB29P) AppleWebKit/537.36 (KHTML, like Gecko) Chrome/141.0.7390.122 Mobile Safari/537.36 (compatible; GoogleOther)" 
66.249.68.133 - - [25/Oct/2025:02:37:48 -0700] "GET /shopdetail59169728?kg=0058676767 HTTP/1.1" 200 31062 "-" "Mozilla/5.0 (Linux; Android 6.0.1; Nexus 5X Build/MMB29P) AppleWebKit/537.36 (KHTML, like Gecko) Chrome/141.0.7390.122 Mobile Safari/537.36 (compatible; GoogleOther)" 
85.208.96.200 - - [25/Oct/2025:02:38:02 -0700] "GET /shopdetail195020432?kg=0193395381 HTTP/1.1" 301 3732 "-" "Mozilla/5.0 (compatible; SemrushBot/7~bl; +http://www.semrush.com/bot.html)" 
185.191.171.13 - - [25/Oct/2025:02:38:03 -0700] "GET /shopdetail195020432?kg=0193395381 HTTP/1.1" 404 51133 "-" "Mozilla/5.0 (compatible; SemrushBot/7~bl; +http://www.semrush.com/bot.html)" 
85.208.96.202 - - [25/Oct/2025:02:38:08 -0700] "GET /shopdetail195015896?kg=0193390884 HTTP/1.1" 301 3732 "-" "Mozilla/5.0 (compatible; SemrushBot/7~bl; +http://www.semrush.com/bot.html)" 
66.249.68.134 - - [25/Oct/2025:02:38:11 -0700] "GET /shopdetail34016776?kg=0033733422 HTTP/1.1" 200 32386 "-" "Mozilla/5.0 (Linux; Android 6.0.1; Nexus 5X Build/MMB29P) AppleWebKit/537.36 (KHTML, like Gecko) Chrome/141.0.7390.122 Mobile Safari/537.36 (compatible; GoogleOther)" 
85.208.96.201 - - [25/Oct/2025:02:38:10 -0700] "GET /shopdetail195015896?kg=0193390884 HTTP/1.1" 404 51133 "-" "Mozilla/5.0 (compatible; SemrushBot/7~bl; +http://www.semrush.com/bot.html)" 
64.90.53.137 - - [25/Oct/2025:02:38:23 -0700] "POST /wp-cron.php?doing_wp_cron=1761385103.5405828952789306640625 HTTP/1.1" 200 3634 "https://www.biblioglow.com/wp-cron.php?doing_wp_cron=1761385103.5405828952789306640625" "WordPress/6.1.9; https://www.biblioglow.com" 
185.191.171.16 - - [25/Oct/2025:02:38:22 -0700] "GET /shopdetail194960776?kg=0193336222 HTTP/1.1" 301 3732 "-" "Mozilla/5.0 (compatible; SemrushBot/7~bl; +http://www.semrush.com/bot.html)" 
85.208.96.211 - - [25/Oct/2025:02:38:24 -0700] "GET /shopdetail194960776?kg=0193336222 HTTP/1.1" 404 51133 "-" "Mozilla/5.0 (compatible; SemrushBot/7~bl; +http://www.semrush.com/bot.html)" 
66.249.68.133 - - [25/Oct/2025:02:38:26 -0700] "GET /shopdetail35305776?kg=0035011681 HTTP/1.1" 200 31614 "-" "Mozilla/5.0 (Linux; Android 6.0.1; Nexus 5X Build/MMB29P) AppleWebKit/537.36 (KHTML, like Gecko) Chrome/141.0.7390.122 Mobile Safari/537.36 (compatible; GoogleOther)" 
85.208.96.210 - - [25/Oct/2025:02:38:28 -0700] "GET /shopdetail195046072?kg=0193420808 HTTP/1.1" 301 3732 "-" "Mozilla/5.0 (compatible; SemrushBot/7~bl; +http://www.semrush.com/bot.html)" 
185.191.171.7 - - [25/Oct/2025:02:38:30 -0700] "GET /shopdetail195046072?kg=0193420808 HTTP/1.1" 404 51133 "-" "Mozilla/5.0 (compatible; SemrushBot/7~bl; +http://www.semrush.com/bot.html)" 
85.208.96.207 - - [25/Oct/2025:02:38:42 -0700] "GET /shopdetail195018648?kg=0193393612 HTTP/1.1" 301 3732 "-" "Mozilla/5.0 (compatible; SemrushBot/7~bl; +http://www.semrush.com/bot.html)" 
185.191.171.13 - - [25/Oct/2025:02:38:44 -0700] "GET /shopdetail195018648?kg=0193393612 HTTP/1.1" 404 51133 "-" "Mozilla/5.0 (compatible; SemrushBot/7~bl; +http://www.semrush.com/bot.html)" 
85.208.96.200 - - [25/Oct/2025:02:38:47 -0700] "GET /shopdetail195012616?kg=0193387630 HTTP/1.1" 301 3732 "-" "Mozilla/5.0 (compatible; SemrushBot/7~bl; +http://www.semrush.com/bot.html)" 
114.119.135.207 - - [25/Oct/2025:02:38:47 -0700] "GET /shopdetail68788248?kg=0068215132 HTTP/1.1" 301 3731 "https://biblioglow.com/sitemap.xml" "Mozilla/5.0 (Linux; Android 7.0;) AppleWebKit/537.36 (KHTML, like Gecko) Mobile Safari/537.36 (compatible; PetalBot;+https://webmaster.petalsearch.com/site/petalbot)" 
66.249.68.133 - - [25/Oct/2025:02:38:48 -0700] "GET /shopdetail188208136?kg=0186639854 HTTP/1.1" 200 32407 "-" "Mozilla/5.0 (Linux; Android 6.0.1; Nexus 5X Build/MMB29P) AppleWebKit/537.36 (KHTML, like Gecko) Chrome/141.0.7390.122 Mobile Safari/537.36 (compatible; GoogleOther)" 
114.119.135.207 - - [25/Oct/2025:02:38:49 -0700] "GET /shopdetail68788248?kg=0068215132 HTTP/1.1" 404 51132 "https://biblioglow.com/sitemap.xml" "Mozilla/5.0 (Linux; Android 7.0;) AppleWebKit/537.36 (KHTML, like Gecko) Mobile Safari/537.36 (compatible; PetalBot;+https://webmaster.petalsearch.com/site/petalbot)" 
185.191.171.17 - - [25/Oct/2025:02:38:49 -0700] "GET /shopdetail195012616?kg=0193387630 HTTP/1.1" 404 51133 "-" "Mozilla/5.0 (compatible; SemrushBot/7~bl; +http://www.semrush.com/bot.html)" 
66.249.68.134 - - [25/Oct/2025:02:39:04 -0700] "GET /shopdetail188649600?kg=0187077639 HTTP/1.1" 200 30238 "-" "Mozilla/5.0 (Linux; Android 6.0.1; Nexus 5X Build/MMB29P) AppleWebKit/537.36 (KHTML, like Gecko) Chrome/141.0.7390.122 Mobile Safari/537.36 (compatible; GoogleOther)" 
64.90.53.137 - - [25/Oct/2025:02:39:23 -0700] "POST /wp-cron.php?doing_wp_cron=1761385163.0465049743652343750000 HTTP/1.1" 200 3634 "https://www.biblioglow.com/wp-cron.php?doing_wp_cron=1761385163.0465049743652343750000" "WordPress/6.1.9; https://www.biblioglow.com" 
185.191.171.1 - - [25/Oct/2025:02:39:22 -0700] "GET /shopdetail195045120?kg=0193419863 HTTP/1.1" 301 3732 "-" "Mozilla/5.0 (compatible; SemrushBot/7~bl; +http://www.semrush.com/bot.html)" 
66.249.68.133 - - [25/Oct/2025:02:39:24 -0700] "GET /shopdetail160170224?kg=0158835593 HTTP/1.1" 200 33245 "-" "Mozilla/5.0 (Linux; Android 6.0.1; Nexus 5X Build/MMB29P) AppleWebKit/537.36 (KHTML, like Gecko) Chrome/141.0.7390.122 Mobile Safari/537.36 (compatible; GoogleOther)" 
85.208.96.193 - - [25/Oct/2025:02:39:24 -0700] "GET /shopdetail195045120?kg=0193419863 HTTP/1.1" 404 51133 "-" "Mozilla/5.0 (compatible; SemrushBot/7~bl; +http://www.semrush.com/bot.html)" 
156.212.135.134 - - [25/Oct/2025:02:39:25 -0700] "POST /xmlrpc.php HTTP/1.1" 200 4060 "-" "Mozilla/5.0 (X11; Ubuntu; Linux x86_64; arm64) AppleWebKit/537.36 (KHTML, like Gecko) Firefox/100.0.0.0 Safari/537.36" 
66.249.68.133 - - [25/Oct/2025:02:39:42 -0700] "GET /shopdetail35313048?kg=0035018892 HTTP/1.1" 200 31011 "-" "Mozilla/5.0 (Linux; Android 6.0.1; Nexus 5X Build/MMB29P) AppleWebKit/537.36 (KHTML, like Gecko) Chrome/141.0.7390.122 Mobile Safari/537.36 (compatible; GoogleOther)" 
103.171.180.119 - - [25/Oct/2025:02:39:51 -0700] "GET /wp-login.php HTTP/2.0" 429 351 "-" "Mozilla/5.0 (Macintosh; Intel Mac OS X 10_13_4) AppleWebKit/537.36 (KHTML, like Gecko) Chrome/66.0.3359.139 Safari/537.36" 
66.249.68.135 - - [25/Oct/2025:02:40:01 -0700] "GET /shopdetail59477064?kg=0058981542 HTTP/1.1" 200 33509 "-" "Mozilla/5.0 (Linux; Android 6.0.1; Nexus 5X Build/MMB29P) AppleWebKit/537.36 (KHTML, like Gecko) Chrome/141.0.7390.122 Mobile Safari/537.36 (compatible; GoogleOther)" 
64.90.53.137 - - [25/Oct/2025:02:40:16 -0700] "POST /wp-cron.php?doing_wp_cron=1761385216.2453870773315429687500 HTTP/1.1" 200 3634 "https://www.biblioglow.com/wp-cron.php?doing_wp_cron=1761385216.2453870773315429687500" "WordPress/6.1.9; https://www.biblioglow.com" 
114.119.129.24 - - [25/Oct/2025:02:40:15 -0700] "GET /shopdetail68788112?kg=0068214997 HTTP/1.1" 301 3731 "https://biblioglow.com/sitemap.xml" "Mozilla/5.0 (Linux; Android 7.0;) AppleWebKit/537.36 (KHTML, like Gecko) Mobile Safari/537.36 (compatible; PetalBot;+https://webmaster.petalsearch.com/site/petalbot)" 
114.119.129.24 - - [25/Oct/2025:02:40:17 -0700] "GET /shopdetail68788112?kg=0068214997 HTTP/1.1" 404 51132 "https://biblioglow.com/sitemap.xml" "Mozilla/5.0 (Linux; Android 7.0;) AppleWebKit/537.36 (KHTML, like Gecko) Mobile Safari/537.36 (compatible; PetalBot;+https://webmaster.petalsearch.com/site/petalbot)" 
66.249.68.134 - - [25/Oct/2025:02:40:20 -0700] "GET /shopdetail59169864?kg=0058676902 HTTP/1.1" 200 30634 "-" "Mozilla/5.0 (Linux; Android 6.0.1; Nexus 5X Build/MMB29P) AppleWebKit/537.36 (KHTML, like Gecko) Chrome/141.0.7390.122 Mobile Safari/537.36 (compatible; GoogleOther)" 
66.249.68.133 - - [25/Oct/2025:02:40:38 -0700] "GET /shopdetail58613336?kg=0058125012 HTTP/1.1" 200 30595 "-" "Mozilla/5.0 (Linux; Android 6.0.1; Nexus 5X Build/MMB29P) AppleWebKit/537.36 (KHTML, like Gecko) Chrome/141.0.7390.122 Mobile Safari/537.36 (compatible; GoogleOther)" 
66.249.68.133 - - [25/Oct/2025:02:40:58 -0700] "GET /shopdetail310786136?kg=0308196372 HTTP/1.1" 200 32819 "-" "Mozilla/5.0 (Linux; Android 6.0.1; Nexus 5X Build/MMB29P) AppleWebKit/537.36 (KHTML, like Gecko) Chrome/141.0.7390.122 Mobile Safari/537.36 (compatible; GoogleOther)" 
66.249.68.134 - - [25/Oct/2025:02:41:14 -0700] "GET /shopdetail76152808?kg=0075518322 HTTP/1.1" 200 31085 "-" "Mozilla/5.0 (Linux; Android 6.0.1; Nexus 5X Build/MMB29P) AppleWebKit/537.36 (KHTML, like Gecko) Chrome/141.0.7390.122 Mobile Safari/537.36 (compatible; GoogleOther)" 
66.249.68.134 - - [25/Oct/2025:02:41:36 -0700] "GET /shopdetail59174536?kg=0058681534 HTTP/1.1" 200 32038 "-" "Mozilla/5.0 (Linux; Android 6.0.1; Nexus 5X Build/MMB29P) AppleWebKit/537.36 (KHTML, like Gecko) Chrome/141.0.7390.122 Mobile Safari/537.36 (compatible; GoogleOther)" 
64.90.53.137 - - [25/Oct/2025:02:41:38 -0700] "POST /wp-cron.php?doing_wp_cron=1761385298.0445139408111572265625 HTTP/1.1" 200 3634 "https://www.biblioglow.com/wp-cron.php?doing_wp_cron=1761385298.0445139408111572265625" "WordPress/6.1.9; https://www.biblioglow.com" 
114.119.136.150 - - [25/Oct/2025:02:41:37 -0700] "GET /shopdetail68787976?kg=0068214862 HTTP/1.1" 301 3731 "https://biblioglow.com/sitemap.xml" "Mozilla/5.0 (Linux; Android 7.0;) AppleWebKit/537.36 (KHTML, like Gecko) Mobile Safari/537.36 (compatible; PetalBot;+https://webmaster.petalsearch.com/site/petalbot)" 
114.119.136.150 - - [25/Oct/2025:02:41:39 -0700] "GET /shopdetail68787976?kg=0068214862 HTTP/1.1" 404 51132 "https://biblioglow.com/sitemap.xml" "Mozilla/5.0 (Linux; Android 7.0;) AppleWebKit/537.36 (KHTML, like Gecko) Mobile Safari/537.36 (compatible; PetalBot;+https://webmaster.petalsearch.com/site/petalbot)" 
66.249.68.133 - - [25/Oct/2025:02:41:51 -0700] "GET /shopdetail34258544?kg=0033973177 HTTP/1.1" 200 31018 "-" "Mozilla/5.0 (Linux; Android 6.0.1; Nexus 5X Build/MMB29P) AppleWebKit/537.36 (KHTML, like Gecko) Chrome/141.0.7390.122 Mobile Safari/537.36 (compatible; GoogleOther)" 
156.212.135.134 - - [25/Oct/2025:02:42:07 -0700] "POST /xmlrpc.php HTTP/1.1" 200 4060 "-" "Mozilla/5.0 (Windows NT 6.3; x64) AppleWebKit/537.36 (KHTML, like Gecko) Edge/84.0.0.0 Safari/537.36" 
185.191.171.8 - - [25/Oct/2025:02:42:08 -0700] "GET /shopdetail194969680?kg=0193345053 HTTP/1.1" 301 3732 "-" "Mozilla/5.0 (compatible; SemrushBot/7~bl; +http://www.semrush.com/bot.html)" 
185.191.171.2 - - [25/Oct/2025:02:42:10 -0700] "GET /shopdetail194969680?kg=0193345053 HTTP/1.1" 404 51133 "-" "Mozilla/5.0 (compatible; SemrushBot/7~bl; +http://www.semrush.com/bot.html)" 
66.249.68.135 - - [25/Oct/2025:02:42:14 -0700] "GET /shopdetail324997432?kg=0322289240 HTTP/1.1" 200 30292 "-" "Mozilla/5.0 (Linux; Android 6.0.1; Nexus 5X Build/MMB29P) AppleWebKit/537.36 (KHTML, like Gecko) Chrome/141.0.7390.122 Mobile Safari/537.36 (compatible; GoogleOther)" 
85.208.96.204 - - [25/Oct/2025:02:42:23 -0700] "GET /shopdetail194959536?kg=0193334993 HTTP/1.1" 301 3732 "-" "Mozilla/5.0 (compatible; SemrushBot/7~bl; +http://www.semrush.com/bot.html)" 
64.90.53.137 - - [25/Oct/2025:02:42:25 -0700] "POST /wp-cron.php?doing_wp_cron=1761385345.1451289653778076171875 HTTP/1.1" 200 3634 "https://www.biblioglow.com/wp-cron.php?doing_wp_cron=1761385345.1451289653778076171875" "WordPress/6.1.9; https://www.biblioglow.com" 
85.208.96.202 - - [25/Oct/2025:02:42:26 -0700] "GET /shopdetail194959536?kg=0193334993 HTTP/1.1" 404 51133 "-" "Mozilla/5.0 (compatible; SemrushBot/7~bl; +http://www.semrush.com/bot.html)" 
66.249.68.133 - - [25/Oct/2025:02:42:28 -0700] "GET /shopdetail161281632?kg=0159937739 HTTP/1.1" 200 31205 "-" "Mozilla/5.0 (Linux; Android 6.0.1; Nexus 5X Build/MMB29P) AppleWebKit/537.36 (KHTML, like Gecko) Chrome/141.0.7390.122 Mobile Safari/537.36 (compatible; GoogleOther)" 
66.249.68.133 - - [25/Oct/2025:02:42:52 -0700] "GET /shopdetail325852512?kg=0323137195 HTTP/1.1" 200 30936 "-" "Mozilla/5.0 (Linux; Android 6.0.1; Nexus 5X Build/MMB29P) AppleWebKit/537.36 (KHTML, like Gecko) Chrome/141.0.7390.122 Mobile Safari/537.36 (compatible; GoogleOther)" 
114.119.141.83 - - [25/Oct/2025:02:42:57 -0700] "GET /shopdetail68787416?kg=0068214308 HTTP/1.1" 301 3731 "https://biblioglow.com/sitemap.xml" "Mozilla/5.0 (Linux; Android 7.0;) AppleWebKit/537.36 (KHTML, like Gecko) Mobile Safari/537.36 (compatible; PetalBot;+https://webmaster.petalsearch.com/site/petalbot)" 
114.119.141.83 - - [25/Oct/2025:02:42:59 -0700] "GET /shopdetail68787416?kg=0068214308 HTTP/1.1" 404 51132 "https://biblioglow.com/sitemap.xml" "Mozilla/5.0 (Linux; Android 7.0;) AppleWebKit/537.36 (KHTML, like Gecko) Mobile Safari/537.36 (compatible; PetalBot;+https://webmaster.petalsearch.com/site/petalbot)" 
185.191.171.15 - - [25/Oct/2025:02:43:02 -0700] "GET /shopdetail195033040?kg=0193407885 HTTP/1.1" 301 3732 "-" "Mozilla/5.0 (compatible; SemrushBot/7~bl; +http://www.semrush.com/bot.html)" 
185.191.171.14 - - [25/Oct/2025:02:43:03 -0700] "GET /shopdetail195033040?kg=0193407885 HTTP/1.1" 404 51133 "-" "Mozilla/5.0 (compatible; SemrushBot/7~bl; +http://www.semrush.com/bot.html)" 
66.249.68.134 - - [25/Oct/2025:02:43:05 -0700] "GET /shopdetail310454112?kg=0307867115 HTTP/1.1" 200 30773 "-" "Mozilla/5.0 (Linux; Android 6.0.1; Nexus 5X Build/MMB29P) AppleWebKit/537.36 (KHTML, like Gecko) Chrome/141.0.7390.122 Mobile Safari/537.36 (compatible; GoogleOther)" 
64.90.53.137 - - [25/Oct/2025:02:43:21 -0700] "POST /wp-cron.php?doing_wp_cron=1761385401.4174399375915527343750 HTTP/1.1" 200 3634 "https://www.biblioglow.com/wp-cron.php?doing_wp_cron=1761385401.4174399375915527343750" "WordPress/6.1.9; https://www.biblioglow.com" 
205.196.221.238 - - [25/Oct/2025:02:43:20 -0700] "POST /xmlrpc.php HTTP/2.0" 200 389 "-" "Mozilla/5.0 (Windows NT 10.0; WOW64; Trident/7.0; NMTE; rv:11.0) like Gecko" 
66.249.68.133 - - [25/Oct/2025:02:43:30 -0700] "GET /shopdetail58964560?kg=0058473309 HTTP/1.1" 200 33486 "-" "Mozilla/5.0 (Linux; Android 6.0.1; Nexus 5X Build/MMB29P) AppleWebKit/537.36 (KHTML, like Gecko) Chrome/141.0.7390.122 Mobile Safari/537.36 (compatible; GoogleOther)" 
66.249.68.133 - - [25/Oct/2025:02:43:41 -0700] "GET /shopdetail188016000?kg=0186449319 HTTP/1.1" 200 31267 "-" "Mozilla/5.0 (Linux; Android 6.0.1; Nexus 5X Build/MMB29P) AppleWebKit/537.36 (KHTML, like Gecko) Chrome/141.0.7390.122 Mobile Safari/537.36 (compatible; GoogleOther)" 
85.208.96.202 - - [25/Oct/2025:02:43:42 -0700] "GET /shopdetail194978328?kg=0193353628 HTTP/1.1" 301 3732 "-" "Mozilla/5.0 (compatible; SemrushBot/7~bl; +http://www.semrush.com/bot.html)" 
40.77.167.70 - - [25/Oct/2025:02:43:43 -0700] "GET /shopdetail144769088?kg=0143562799 HTTP/2.0" 200 27547 "-" "Mozilla/5.0 AppleWebKit/537.36 (KHTML, like Gecko; compatible; bingbot/2.0; +http://www.bing.com/bingbot.htm) Chrome/116.0.1938.76 Safari/537.36" 
156.212.135.134 - - [25/Oct/2025:02:43:44 -0700] "POST /xmlrpc.php HTTP/1.1" 200 4060 "-" "Mozilla/5.0 (Linux; Android 10; x64) AppleWebKit/537.36 (KHTML, like Gecko) Edge/93.0.0.0 Safari/537.36" 
85.208.96.209 - - [25/Oct/2025:02:43:44 -0700] "GET /shopdetail194978328?kg=0193353628 HTTP/1.1" 404 51133 "-" "Mozilla/5.0 (compatible; SemrushBot/7~bl; +http://www.semrush.com/bot.html)" 
66.249.68.135 - - [25/Oct/2025:02:44:08 -0700] "GET /shopdetail162097088?kg=0160746399 HTTP/1.1" 200 30669 "-" "Mozilla/5.0 (Linux; Android 6.0.1; Nexus 5X Build/MMB29P) AppleWebKit/537.36 (KHTML, like Gecko) Chrome/141.0.7390.122 Mobile Safari/537.36 (compatible; GoogleOther)" 
66.249.68.133 - - [25/Oct/2025:02:44:18 -0700] "GET /shopdetail160628152?kg=0159289704 HTTP/1.1" 200 30898 "-" "Mozilla/5.0 (Linux; Android 6.0.1; Nexus 5X Build/MMB29P) AppleWebKit/537.36 (KHTML, like Gecko) Chrome/141.0.7390.122 Mobile Safari/537.36 (compatible; GoogleOther)" 
64.90.53.137 - - [25/Oct/2025:02:44:24 -0700] "POST /wp-cron.php?doing_wp_cron=1761385464.3533160686492919921875 HTTP/1.1" 200 3634 "https://www.biblioglow.com/wp-cron.php?doing_wp_cron=1761385464.3533160686492919921875" "WordPress/6.1.9; https://www.biblioglow.com" 
114.119.151.155 - - [25/Oct/2025:02:44:23 -0700] "GET /shopdetail68786736?kg=0068213633 HTTP/1.1" 301 3731 "https://biblioglow.com/sitemap.xml" "Mozilla/5.0 (Linux; Android 7.0;) AppleWebKit/537.36 (KHTML, like Gecko) Mobile Safari/537.36 (compatible; PetalBot;+https://webmaster.petalsearch.com/site/petalbot)" 
114.119.151.155 - - [25/Oct/2025:02:44:25 -0700] "GET /shopdetail68786736?kg=0068213633 HTTP/1.1" 404 51132 "https://biblioglow.com/sitemap.xml" "Mozilla/5.0 (Linux; Android 7.0;) AppleWebKit/537.36 (KHTML, like Gecko) Mobile Safari/537.36 (compatible; PetalBot;+https://webmaster.petalsearch.com/site/petalbot)" 
216.73.216.36 - - [25/Oct/2025:02:44:36 -0700] "GET /robots.txt HTTP/2.0" 200 270 "-" "Mozilla/5.0 AppleWebKit/537.36 (KHTML, like Gecko; compatible; ClaudeBot/1.0; +claudebot@anthropic.com)" 
216.73.216.36 - - [25/Oct/2025:02:44:37 -0700] "GET /the-glow HTTP/2.0" 301 156 "-" "Mozilla/5.0 AppleWebKit/537.36 (KHTML, like Gecko; compatible; ClaudeBot/1.0; +claudebot@anthropic.com)" 
216.73.216.36 - - [25/Oct/2025:02:44:37 -0700] "GET /the-glow/ HTTP/2.0" 200 13039 "https://www.biblioglow.com/the-glow" "Mozilla/5.0 AppleWebKit/537.36 (KHTML, like Gecko; compatible; ClaudeBot/1.0; +claudebot@anthropic.com)" 
66.249.68.133 - - [25/Oct/2025:02:44:48 -0700] "GET /shopdetail34991304?kg=0034699830 HTTP/1.1" 200 30696 "-" "Mozilla/5.0 (Linux; Android 6.0.1; Nexus 5X Build/MMB29P) AppleWebKit/537.36 (KHTML, like Gecko) Chrome/141.0.7390.122 Mobile Safari/537.36 (compatible; GoogleOther)" 
66.249.68.133 - - [25/Oct/2025:02:44:55 -0700] "GET /shopdetail58813288?kg=0058323298 HTTP/1.1" 200 31043 "-" "Mozilla/5.0 (Linux; Android 6.0.1; Nexus 5X Build/MMB29P) AppleWebKit/537.36 (KHTML, like Gecko) Chrome/141.0.7390.122 Mobile Safari/537.36 (compatible; GoogleOther)" 
66.249.68.133 - - [25/Oct/2025:02:45:24 -0700] "GET /shopdetail325718384?kg=0323004185 HTTP/1.1" 200 30457 "-" "Mozilla/5.0 (Linux; Android 6.0.1; Nexus 5X Build/MMB29P) AppleWebKit/537.36 (KHTML, like Gecko) Chrome/141.0.7390.122 Mobile Safari/537.36 (compatible; GoogleOther)" 
64.90.53.137 - - [25/Oct/2025:02:45:32 -0700] "POST /wp-cron.php?doing_wp_cron=1761385532.0196530818939208984375 HTTP/1.1" 200 3634 "https://www.biblioglow.com/wp-cron.php?doing_wp_cron=1761385532.0196530818939208984375" "WordPress/6.1.9; https://www.biblioglow.com" 
185.191.171.7 - - [25/Oct/2025:02:45:31 -0700] "GET /shopdetail195014808?kg=0193389804 HTTP/1.1" 301 3732 "-" "Mozilla/5.0 (compatible; SemrushBot/7~bl; +http://www.semrush.com/bot.html)" 
85.208.96.196 - - [25/Oct/2025:02:45:32 -0700] "GET /shopdetail195014808?kg=0193389804 HTTP/1.1" 404 51133 "-" "Mozilla/5.0 (compatible; SemrushBot/7~bl; +http://www.semrush.com/bot.html)" 
66.249.68.134 - - [25/Oct/2025:02:45:32 -0700] "GET /shopdetail160830160?kg=0159490029 HTTP/1.1" 200 31422 "-" "Mozilla/5.0 (Linux; Android 6.0.1; Nexus 5X Build/MMB29P) AppleWebKit/537.36 (KHTML, like Gecko) Chrome/141.0.7390.122 Mobile Safari/537.36 (compatible; GoogleOther)" 
114.119.129.24 - - [25/Oct/2025:02:45:52 -0700] "GET /shopdetail68785360?kg=0068212269 HTTP/1.1" 301 3731 "https://biblioglow.com/sitemap.xml" "Mozilla/5.0 (Linux; Android 7.0;) AppleWebKit/537.36 (KHTML, like Gecko) Mobile Safari/537.36 (compatible; PetalBot;+https://webmaster.petalsearch.com/site/petalbot)" 
114.119.129.24 - - [25/Oct/2025:02:45:53 -0700] "GET /shopdetail68785360?kg=0068212269 HTTP/1.1" 404 51132 "https://biblioglow.com/sitemap.xml" "Mozilla/5.0 (Linux; Android 7.0;) AppleWebKit/537.36 (KHTML, like Gecko) Mobile Safari/537.36 (compatible; PetalBot;+https://webmaster.petalsearch.com/site/petalbot)" 
66.249.68.133 - - [25/Oct/2025:02:46:02 -0700] "GET /shopdetail60391256?kg=0059888116 HTTP/1.1" 200 30788 "-" "Mozilla/5.0 (Linux; Android 6.0.1; Nexus 5X Build/MMB29P) AppleWebKit/537.36 (KHTML, like Gecko) Chrome/141.0.7390.122 Mobile Safari/537.36 (compatible; GoogleOther)" 
66.249.68.134 - - [25/Oct/2025:02:46:08 -0700] "GET /shopdetail160833320?kg=0159493162 HTTP/1.1" 200 30644 "-" "Mozilla/5.0 (Linux; Android 6.0.1; Nexus 5X Build/MMB29P) AppleWebKit/537.36 (KHTML, like Gecko) Chrome/141.0.7390.122 Mobile Safari/537.36 (compatible; GoogleOther)" 
64.90.53.137 - - [25/Oct/2025:02:46:28 -0700] "POST /wp-cron.php?doing_wp_cron=1761385588.5597100257873535156250 HTTP/1.1" 200 3634 "https://www.biblioglow.com/wp-cron.php?doing_wp_cron=1761385588.5597100257873535156250" "WordPress/6.1.9; https://www.biblioglow.com" 
185.191.171.9 - - [25/Oct/2025:02:46:27 -0700] "GET /shopdetail195030848?kg=0193405711 HTTP/1.1" 301 3732 "-" "Mozilla/5.0 (compatible; SemrushBot/7~bl; +http://www.semrush.com/bot.html)" 
85.208.96.211 - - [25/Oct/2025:02:46:29 -0700] "GET /shopdetail195030848?kg=0193405711 HTTP/1.1" 404 51133 "-" "Mozilla/5.0 (compatible; SemrushBot/7~bl; +http://www.semrush.com/bot.html)" 
66.249.68.133 - - [25/Oct/2025:02:46:39 -0700] "GET /shopdetail160484288?kg=0159147039 HTTP/1.1" 200 31383 "-" "Mozilla/5.0 (Linux; Android 6.0.1; Nexus 5X Build/MMB29P) AppleWebKit/537.36 (KHTML, like Gecko) Chrome/141.0.7390.122 Mobile Safari/537.36 (compatible; GoogleOther)" 
66.249.68.133 - - [25/Oct/2025:02:46:45 -0700] "GET /shopdetail160638840?kg=0159300304 HTTP/1.1" 200 31059 "-" "Mozilla/5.0 (Linux; Android 6.0.1; Nexus 5X Build/MMB29P) AppleWebKit/537.36 (KHTML, like Gecko) Chrome/141.0.7390.122 Mobile Safari/537.36 (compatible; GoogleOther)" 
156.212.135.134 - - [25/Oct/2025:02:47:06 -0700] "POST /xmlrpc.php HTTP/1.1" 200 4060 "-" "Mozilla/5.0 (Linux; Android 10; x86) AppleWebKit/537.36 (KHTML, like Gecko) Safari/15.0.0.0 Safari/537.36" 
114.119.135.207 - - [25/Oct/2025:02:47:08 -0700] "GET /shopdetail68785224?kg=0068212134 HTTP/1.1" 301 3731 "https://biblioglow.com/sitemap.xml" "Mozilla/5.0 (Linux; Android 7.0;) AppleWebKit/537.36 (KHTML, like Gecko) Mobile Safari/537.36 (compatible; PetalBot;+https://webmaster.petalsearch.com/site/petalbot)" 
114.119.135.207 - - [25/Oct/2025:02:47:09 -0700] "GET /shopdetail68785224?kg=0068212134 HTTP/1.1" 404 51132 "https://biblioglow.com/sitemap.xml" "Mozilla/5.0 (Linux; Android 7.0;) AppleWebKit/537.36 (KHTML, like Gecko) Mobile Safari/537.36 (compatible; PetalBot;+https://webmaster.petalsearch.com/site/petalbot)" 
66.249.68.133 - - [25/Oct/2025:02:47:17 -0700] "GET /shopdetail35329496?kg=0035035204 HTTP/1.1" 200 31816 "-" "Mozilla/5.0 (Linux; Android 6.0.1; Nexus 5X Build/MMB29P) AppleWebKit/537.36 (KHTML, like Gecko) Chrome/141.0.7390.122 Mobile Safari/537.36 (compatible; GoogleOther)" 
66.249.68.134 - - [25/Oct/2025:02:47:22 -0700] "GET /shopdetail159936272?kg=0158603589 HTTP/1.1" 200 33386 "-" "Mozilla/5.0 (Linux; Android 6.0.1; Nexus 5X Build/MMB29P) AppleWebKit/537.36 (KHTML, like Gecko) Chrome/141.0.7390.122 Mobile Safari/537.36 (compatible; GoogleOther)" 
64.90.53.137 - - [25/Oct/2025:02:47:38 -0700] "POST /wp-cron.php?doing_wp_cron=1761385658.6460459232330322265625 HTTP/1.1" 200 3634 "https://www.biblioglow.com/wp-cron.php?doing_wp_cron=1761385658.6460459232330322265625" "WordPress/6.1.9; https://www.biblioglow.com" 
85.208.96.210 - - [25/Oct/2025:02:47:38 -0700] "GET /shopdetail194975168?kg=0193350495 HTTP/1.1" 301 3732 "-" "Mozilla/5.0 (compatible; SemrushBot/7~bl; +http://www.semrush.com/bot.html)" 
85.208.96.206 - - [25/Oct/2025:02:47:39 -0700] "GET /shopdetail194975168?kg=0193350495 HTTP/1.1" 404 51133 "-" "Mozilla/5.0 (compatible; SemrushBot/7~bl; +http://www.semrush.com/bot.html)" 
66.249.79.5 - - [25/Oct/2025:02:47:52 -0700] "GET /shopdetail8482680?kg=0008412112 HTTP/1.1" 200 30766 "-" "Mozilla/5.0 (Linux; Android 6.0.1; Nexus 5X Build/MMB29P) AppleWebKit/537.36 (KHTML, like Gecko) Chrome/141.0.7390.122 Mobile Safari/537.36 (compatible; Googlebot/2.1; +http://www.google.com/bot.html)" 
66.249.68.133 - - [25/Oct/2025:02:47:55 -0700] "GET /shopdetail76384992?kg=0075748571 HTTP/1.1" 200 30649 "-" "Mozilla/5.0 (Linux; Android 6.0.1; Nexus 5X Build/MMB29P) AppleWebKit/537.36 (KHTML, like Gecko) Chrome/141.0.7390.122 Mobile Safari/537.36 (compatible; GoogleOther)" 
66.249.68.133 - - [25/Oct/2025:02:47:58 -0700] "GET /shopdetail74197976?kg=0073579780 HTTP/1.1" 200 27550 "-" "Mozilla/5.0 (Linux; Android 6.0.1; Nexus 5X Build/MMB29P) AppleWebKit/537.36 (KHTML, like Gecko) Chrome/141.0.7390.122 Mobile Safari/537.36 (compatible; GoogleOther)" 
52.167.144.166 - - [25/Oct/2025:02:48:04 -0700] "GET /shopdetail249328720?kg=0247251101 HTTP/2.0" 200 27418 "-" "Mozilla/5.0 AppleWebKit/537.36 (KHTML, like Gecko; compatible; bingbot/2.0; +http://www.bing.com/bingbot.htm) Chrome/116.0.1938.76 Safari/537.36" 
141.98.11.175 - - [25/Oct/2025:02:48:32 -0700] "GET /wp-login.php HTTP/1.1" 429 3852 "https://duckduckgo.com/" "Mozilla/5.0 (X11; Ubuntu; Linux x86_64) AppleWebKit/537.36 (KHTML, like Gecko) Chrome/119.0.0.0 Safari/537.36" 
64.90.53.137 - - [25/Oct/2025:02:48:33 -0700] "POST /wp-cron.php?doing_wp_cron=1761385713.0619430541992187500000 HTTP/1.1" 200 3634 "https://www.biblioglow.com/wp-cron.php?doing_wp_cron=1761385713.0619430541992187500000" "WordPress/6.1.9; https://www.biblioglow.com" 
114.119.136.150 - - [25/Oct/2025:02:48:32 -0700] "GET /shopdetail68784544?kg=0068211459 HTTP/1.1" 301 3731 "https://biblioglow.com/sitemap.xml" "Mozilla/5.0 (Linux; Android 7.0;) AppleWebKit/537.36 (KHTML, like Gecko) Mobile Safari/537.36 (compatible; PetalBot;+https://webmaster.petalsearch.com/site/petalbot)" 
141.98.11.175 - - [25/Oct/2025:02:48:33 -0700] "GET /wp-login.php HTTP/1.1" 429 3852 "https://duckduckgo.com/" "Mozilla/5.0 (X11; Linux x86_64) AppleWebKit/537.36 (KHTML, like Gecko) Chrome/118.0.0.0 Safari/537.36" 
141.98.11.175 - - [25/Oct/2025:02:48:33 -0700] "GET /wp-admin/ HTTP/1.1" 429 522 "https://wordpress.org/" "Mozilla/5.0 (X11; Ubuntu; Linux x86_64) AppleWebKit/537.36 (KHTML, like Gecko) Chrome/121.0.0.0 Safari/537.36" 
66.249.68.135 - - [25/Oct/2025:02:48:33 -0700] "GET /shopdetail160490456?kg=0159153156 HTTP/1.1" 200 31306 "-" "Mozilla/5.0 (Linux; Android 6.0.1; Nexus 5X Build/MMB29P) AppleWebKit/537.36 (KHTML, like Gecko) Chrome/141.0.7390.122 Mobile Safari/537.36 (compatible; GoogleOther)" 
114.119.136.150 - - [25/Oct/2025:02:48:34 -0700] "GET /shopdetail68784544?kg=0068211459 HTTP/1.1" 404 51132 "https://biblioglow.com/sitemap.xml" "Mozilla/5.0 (Linux; Android 7.0;) AppleWebKit/537.36 (KHTML, like Gecko) Mobile Safari/537.36 (compatible; PetalBot;+https://webmaster.petalsearch.com/site/petalbot)" 
66.249.68.134 - - [25/Oct/2025:02:48:38 -0700] "GET /shopdetail74886848?kg=0074262911 HTTP/1.1" 200 31554 "-" "Mozilla/5.0 (Linux; Android 6.0.1; Nexus 5X Build/MMB29P) AppleWebKit/537.36 (KHTML, like Gecko) Chrome/141.0.7390.122 Mobile Safari/537.36 (compatible; GoogleOther)" 
66.249.68.133 - - [25/Oct/2025:02:49:12 -0700] "GET /shopdetail35001584?kg=0034710025 HTTP/1.1" 200 30678 "-" "Mozilla/5.0 (Linux; Android 6.0.1; Nexus 5X Build/MMB29P) AppleWebKit/537.36 (KHTML, like Gecko) Chrome/141.0.7390.122 Mobile Safari/537.36 (compatible; GoogleOther)" 
64.90.53.137 - - [25/Oct/2025:02:49:14 -0700] "POST /wp-cron.php?doing_wp_cron=1761385754.1361000537872314453125 HTTP/1.1" 200 3634 "https://www.biblioglow.com/wp-cron.php?doing_wp_cron=1761385754.1361000537872314453125" "WordPress/6.1.9; https://www.biblioglow.com" 
74.125.150.134 - - [25/Oct/2025:02:49:13 -0700] "GET /shopdetail7891744?kg=0007826099 HTTP/1.1" 301 3767 "-" "Mozilla/5.0 (X11; Linux x86_64) AppleWebKit/537.36 (KHTML, like Gecko) Chrome/140.0.7339.207 Safari/537.36" 
72.14.199.100 - - [25/Oct/2025:02:49:14 -0700] "GET /shopdetail7891744?kg=0007826099 HTTP/1.1" 404 51168 "-" "Mozilla/5.0 (X11; Linux x86_64) AppleWebKit/537.36 (KHTML, like Gecko) Chrome/140.0.7339.207 Safari/537.36" 
66.249.68.134 - - [25/Oct/2025:02:49:15 -0700] "GET /shopdetail325677928?kg=0322964066 HTTP/1.1" 200 32166 "-" "Mozilla/5.0 (Linux; Android 6.0.1; Nexus 5X Build/MMB29P) AppleWebKit/537.36 (KHTML, like Gecko) Chrome/141.0.7390.122 Mobile Safari/537.36 (compatible; GoogleOther)" 
72.14.199.99 - - [25/Oct/2025:02:49:16 -0700] "GET /wp-includes/js/jquery/jquery.min.js?ver=3.6.1 HTTP/1.1" 200 35467 "https://www.biblioglow.com/shopdetail7891744?kg=0007826099" "Mozilla/5.0 (X11; Linux x86_64) AppleWebKit/537.36 (KHTML, like Gecko) Chrome/140.0.7339.207 Safari/537.36" 
72.14.199.100 - - [25/Oct/2025:02:49:16 -0700] "GET /wp-includes/css/classic-themes.min.css?ver=1 HTTP/1.1" 200 612 "https://www.biblioglow.com/shopdetail7891744?kg=0007826099" "Mozilla/5.0 (X11; Linux x86_64) AppleWebKit/537.36 (KHTML, like Gecko) Chrome/140.0.7339.207 Safari/537.36" 
72.14.199.101 - - [25/Oct/2025:02:49:17 -0700] "GET /wp-content/themes/pro/framework/dist/css/site/stacks/integrity-light.css?ver=3.2.3 HTTP/1.1" 200 32629 "https://www.biblioglow.com/shopdetail7891744?kg=0007826099" "Mozilla/5.0 (X11; Linux x86_64) AppleWebKit/537.36 (KHTML, like Gecko) Chrome/140.0.7339.207 Safari/537.36" 
72.14.199.100 - - [25/Oct/2025:02:49:17 -0700] "GET /wp-content/themes/pro/framework/legacy/cranium/dist/css/site/integrity-light.css?ver=3.2.3 HTTP/1.1" 200 2957 "https://www.biblioglow.com/shopdetail7891744?kg=0007826099" "Mozilla/5.0 (X11; Linux x86_64) AppleWebKit/537.36 (KHTML, like Gecko) Chrome/140.0.7339.207 Safari/537.36" 
72.14.199.101 - - [25/Oct/2025:02:49:18 -0700] "GET /wp-content/themes/pro/cornerstone/assets/dist/js/site/cs.0ce70e6.js HTTP/1.1" 200 56249 "https://www.biblioglow.com/shopdetail7891744?kg=0007826099" "Mozilla/5.0 (X11; Linux x86_64) AppleWebKit/537.36 (KHTML, like Gecko) Chrome/140.0.7339.207 Safari/537.36" 
72.14.199.99 - - [25/Oct/2025:02:49:19 -0700] "GET /wp-includes/css/dist/block-library/style.min.css?ver=6.1.9 HTTP/1.1" 200 13488 "https://www.biblioglow.com/shopdetail7891744?kg=0007826099" "Mozilla/5.0 (X11; Linux x86_64) AppleWebKit/537.36 (KHTML, like Gecko) Chrome/140.0.7339.207 Safari/537.36" 
72.14.199.100 - - [25/Oct/2025:02:49:19 -0700] "GET /wp-includes/js/wp-emoji-release.min.js?ver=6.1.9 HTTP/1.1" 200 5518 "https://www.biblioglow.com/shopdetail7891744?kg=0007826099" "Mozilla/5.0 (X11; Linux x86_64) AppleWebKit/537.36 (KHTML, like Gecko) Chrome/140.0.7339.207 Safari/537.36" 
72.14.199.99 - - [25/Oct/2025:02:49:20 -0700] "GET /wp-includes/js/jquery/jquery-migrate.min.js?ver=3.3.2 HTTP/1.1" 200 4637 "https://www.biblioglow.com/shopdetail7891744?kg=0007826099" "Mozilla/5.0 (X11; Linux x86_64) AppleWebKit/537.36 (KHTML, like Gecko) Chrome/140.0.7339.207 Safari/537.36" 
72.14.199.99 - - [25/Oct/2025:02:49:20 -0700] "GET /wp-content/themes/pro/framework/dist/js/site/x.js?ver=3.2.3 HTTP/1.1" 200 25286 "https://www.biblioglow.com/shopdetail7891744?kg=0007826099" "Mozilla/5.0 (X11; Linux x86_64) AppleWebKit/537.36 (KHTML, like Gecko) Chrome/140.0.7339.207 Safari/537.36" 
72.14.199.100 - - [25/Oct/2025:02:49:21 -0700] "GET /wp-content/themes/pro/cornerstone/assets/dist/fonts/fa-solid-900.woff2 HTTP/1.1" 200 138767 "https://www.biblioglow.com/shopdetail7891744?kg=0007826099" "Mozilla/5.0 (X11; Linux x86_64) AppleWebKit/537.36 (KHTML, like Gecko) Chrome/140.0.7339.207 Safari/537.36" 
156.212.135.134 - - [25/Oct/2025:02:49:26 -0700] "POST /xmlrpc.php HTTP/1.1" 200 4060 "-" "Mozilla/5.0 (Windows NT 10.0; x86) AppleWebKit/537.36 (KHTML, like Gecko) Chrome/81.0.0.0 Safari/537.36" 
66.249.68.133 - - [25/Oct/2025:02:49:49 -0700] "GET /shopdetail34755280?kg=0034465773 HTTP/1.1" 200 30899 "-" "Mozilla/5.0 (Linux; Android 6.0.1; Nexus 5X Build/MMB29P) AppleWebKit/537.36 (KHTML, like Gecko) Chrome/141.0.7390.122 Mobile Safari/537.36 (compatible; GoogleOther)" 
66.249.68.133 - - [25/Oct/2025:02:49:49 -0700] "GET /shopdetail285740296?kg=0283359246 HTTP/1.1" 200 31846 "-" "Mozilla/5.0 (Linux; Android 6.0.1; Nexus 5X Build/MMB29P) AppleWebKit/537.36 (KHTML, like Gecko) Chrome/141.0.7390.122 Mobile Safari/537.36 (compatible; Googlebot/2.1; +http://www.google.com/bot.html)" 
66.249.68.134 - - [25/Oct/2025:02:49:51 -0700] "GET /shopdetail162082136?kg=0160731572 HTTP/1.1" 200 32328 "-" "Mozilla/5.0 (Linux; Android 6.0.1; Nexus 5X Build/MMB29P) AppleWebKit/537.36 (KHTML, like Gecko) Chrome/141.0.7390.122 Mobile Safari/537.36 (compatible; GoogleOther)" 
114.119.156.60 - - [25/Oct/2025:02:49:56 -0700] "GET /shopdetail68783712?kg=0068210635 HTTP/1.1" 301 3731 "https://biblioglow.com/sitemap.xml" "Mozilla/5.0 (Linux; Android 7.0;) AppleWebKit/537.36 (KHTML, like Gecko) Mobile Safari/537.36 (compatible; PetalBot;+https://webmaster.petalsearch.com/site/petalbot)" 
114.119.156.60 - - [25/Oct/2025:02:49:58 -0700] "GET /shopdetail68783712?kg=0068210635 HTTP/1.1" 404 51132 "https://biblioglow.com/sitemap.xml" "Mozilla/5.0 (Linux; Android 7.0;) AppleWebKit/537.36 (KHTML, like Gecko) Mobile Safari/537.36 (compatible; PetalBot;+https://webmaster.petalsearch.com/site/petalbot)" 
66.249.68.135 - - [25/Oct/2025:02:50:27 -0700] "GET /shopdetail161868744?kg=0160519958 HTTP/1.1" 200 33736 "-" "Mozilla/5.0 (Linux; Android 6.0.1; Nexus 5X Build/MMB29P) AppleWebKit/537.36 (KHTML, like Gecko) Chrome/141.0.7390.122 Mobile Safari/537.36 (compatible; GoogleOther)" 
66.249.68.134 - - [25/Oct/2025:02:50:29 -0700] "GET /shopdetail34894624?kg=0034603955 HTTP/1.1" 200 31089 "-" "Mozilla/5.0 (Linux; Android 6.0.1; Nexus 5X Build/MMB29P) AppleWebKit/537.36 (KHTML, like Gecko) Chrome/141.0.7390.122 Mobile Safari/537.36 (compatible; GoogleOther)" 
64.90.53.137 - - [25/Oct/2025:02:50:51 -0700] "POST /wp-cron.php?doing_wp_cron=1761385851.6577260494232177734375 HTTP/1.1" 200 3634 "https://www.biblioglow.com/wp-cron.php?doing_wp_cron=1761385851.6577260494232177734375" "WordPress/6.1.9; https://www.biblioglow.com" 
185.191.171.9 - - [25/Oct/2025:02:50:51 -0700] "GET /shopdetail194965296?kg=0193340705 HTTP/1.1" 301 3732 "-" "Mozilla/5.0 (compatible; SemrushBot/7~bl; +http://www.semrush.com/bot.html)" 
185.191.171.9 - - [25/Oct/2025:02:50:53 -0700] "GET /shopdetail194965296?kg=0193340705 HTTP/1.1" 404 51133 "-" "Mozilla/5.0 (compatible; SemrushBot/7~bl; +http://www.semrush.com/bot.html)" 
66.249.68.133 - - [25/Oct/2025:02:51:02 -0700] "GET /shopdetail75982896?kg=0075349825 HTTP/1.1" 200 30564 "-" "Mozilla/5.0 (Linux; Android 6.0.1; Nexus 5X Build/MMB29P) AppleWebKit/537.36 (KHTML, like Gecko) Chrome/141.0.7390.122 Mobile Safari/537.36 (compatible; GoogleOther)" 
66.249.68.133 - - [25/Oct/2025:02:51:05 -0700] "GET /shopdetail325844152?kg=0323128904 HTTP/1.1" 200 28555 "-" "Mozilla/5.0 (Linux; Android 6.0.1; Nexus 5X Build/MMB29P) AppleWebKit/537.36 (KHTML, like Gecko) Chrome/141.0.7390.122 Mobile Safari/537.36 (compatible; GoogleOther)" 
66.249.68.135 - - [25/Oct/2025:02:51:06 -0700] "GET /shopdetail43511176?kg=0043148702 HTTP/1.1" 200 30506 "-" "Mozilla/5.0 (Linux; Android 6.0.1; Nexus 5X Build/MMB29P) AppleWebKit/537.36 (KHTML, like Gecko) Chrome/141.0.7390.122 Mobile Safari/537.36 (compatible; Googlebot/2.1; +http://www.google.com/bot.html)" 
64.90.53.137 - - [25/Oct/2025:02:51:16 -0700] "POST /wp-cron.php?doing_wp_cron=1761385876.2648279666900634765625 HTTP/1.1" 200 3634 "https://www.biblioglow.com/wp-cron.php?doing_wp_cron=1761385876.2648279666900634765625" "WordPress/6.1.9; https://www.biblioglow.com" 
85.208.96.203 - - [25/Oct/2025:02:51:15 -0700] "GET /shopdetail194965568?kg=0193340975 HTTP/1.1" 301 3732 "-" "Mozilla/5.0 (compatible; SemrushBot/7~bl; +http://www.semrush.com/bot.html)" 
85.208.96.204 - - [25/Oct/2025:02:51:17 -0700] "GET /shopdetail194965568?kg=0193340975 HTTP/1.1" 404 51133 "-" "Mozilla/5.0 (compatible; SemrushBot/7~bl; +http://www.semrush.com/bot.html)" 
114.119.148.10 - - [25/Oct/2025:02:51:20 -0700] "GET /shopdetail68782200?kg=0068209136 HTTP/1.1" 301 3731 "https://biblioglow.com/sitemap.xml" "Mozilla/5.0 (Linux; Android 7.0;) AppleWebKit/537.36 (KHTML, like Gecko) Mobile Safari/537.36 (compatible; PetalBot;+https://webmaster.petalsearch.com/site/petalbot)" 
114.119.148.10 - - [25/Oct/2025:02:51:21 -0700] "GET /shopdetail68782200?kg=0068209136 HTTP/1.1" 404 51132 "https://biblioglow.com/sitemap.xml" "Mozilla/5.0 (Linux; Android 7.0;) AppleWebKit/537.36 (KHTML, like Gecko) Mobile Safari/537.36 (compatible; PetalBot;+https://webmaster.petalsearch.com/site/petalbot)" 
156.212.135.134 - - [25/Oct/2025:02:51:27 -0700] "POST /xmlrpc.php HTTP/1.1" 200 4060 "-" "Mozilla/5.0 (Windows NT 10.0; arm64) AppleWebKit/537.36 (KHTML, like Gecko) Safari/15.0.0.0 Safari/537.36" 
66.249.68.134 - - [25/Oct/2025:02:51:39 -0700] "GET /shopdetail159393728?kg=0158065567 HTTP/1.1" 200 31653 "-" "Mozilla/5.0 (Linux; Android 6.0.1; Nexus 5X Build/MMB29P) AppleWebKit/537.36 (KHTML, like Gecko) Chrome/141.0.7390.122 Mobile Safari/537.36 (compatible; GoogleOther)" 
66.249.68.133 - - [25/Oct/2025:02:51:43 -0700] "GET /shopdetail76125928?kg=0075491666 HTTP/1.1" 200 30771 "-" "Mozilla/5.0 (Linux; Android 6.0.1; Nexus 5X Build/MMB29P) AppleWebKit/537.36 (KHTML, like Gecko) Chrome/141.0.7390.122 Mobile Safari/537.36 (compatible; GoogleOther)" 
185.191.171.13 - - [25/Oct/2025:02:51:54 -0700] "GET /shopdetail195049096?kg=0193423806 HTTP/1.1" 301 3732 "-" "Mozilla/5.0 (compatible; SemrushBot/7~bl; +http://www.semrush.com/bot.html)" 
185.191.171.13 - - [25/Oct/2025:02:51:56 -0700] "GET /shopdetail195049096?kg=0193423806 HTTP/1.1" 404 51133 "-" "Mozilla/5.0 (compatible; SemrushBot/7~bl; +http://www.semrush.com/bot.html)" 
66.249.68.135 - - [25/Oct/2025:02:52:16 -0700] "GET /shopdetail34271712?kg=0033986235 HTTP/1.1" 200 31970 "-" "Mozilla/5.0 (Linux; Android 6.0.1; Nexus 5X Build/MMB29P) AppleWebKit/537.36 (KHTML, like Gecko) Chrome/141.0.7390.122 Mobile Safari/537.36 (compatible; GoogleOther)" 
66.249.68.134 - - [25/Oct/2025:02:52:25 -0700] "GET /shopdetail59163016?kg=0058670110 HTTP/1.1" 200 30555 "-" "Mozilla/5.0 (Linux; Android 6.0.1; Nexus 5X Build/MMB29P) AppleWebKit/537.36 (KHTML, like Gecko) Chrome/141.0.7390.122 Mobile Safari/537.36 (compatible; GoogleOther)" 
64.90.53.137 - - [25/Oct/2025:02:52:30 -0700] "POST /wp-cron.php?doing_wp_cron=1761385950.6384820938110351562500 HTTP/1.1" 200 3634 "https://www.biblioglow.com/wp-cron.php?doing_wp_cron=1761385950.6384820938110351562500" "WordPress/6.1.9; https://www.biblioglow.com" 
185.191.171.7 - - [25/Oct/2025:02:52:30 -0700] "GET /shopdetail195002880?kg=0193377975 HTTP/1.1" 301 3732 "-" "Mozilla/5.0 (compatible; SemrushBot/7~bl; +http://www.semrush.com/bot.html)" 
85.208.96.206 - - [25/Oct/2025:02:52:31 -0700] "GET /shopdetail195002880?kg=0193377975 HTTP/1.1" 404 51133 "-" "Mozilla/5.0 (compatible; SemrushBot/7~bl; +http://www.semrush.com/bot.html)" 
114.119.151.155 - - [25/Oct/2025:02:52:43 -0700] "GET /shopdetail68781792?kg=0068208731 HTTP/1.1" 301 3731 "https://biblioglow.com/sitemap.xml" "Mozilla/5.0 (Linux; Android 7.0;) AppleWebKit/537.36 (KHTML, like Gecko) Mobile Safari/537.36 (compatible; PetalBot;+https://webmaster.petalsearch.com/site/petalbot)" 
114.119.151.155 - - [25/Oct/2025:02:52:45 -0700] "GET /shopdetail68781792?kg=0068208731 HTTP/1.1" 404 51132 "https://biblioglow.com/sitemap.xml" "Mozilla/5.0 (Linux; Android 7.0;) AppleWebKit/537.36 (KHTML, like Gecko) Mobile Safari/537.36 (compatible; PetalBot;+https://webmaster.petalsearch.com/site/petalbot)" 
66.249.68.133 - - [25/Oct/2025:02:52:52 -0700] "GET /shopdetail34262520?kg=0033977120 HTTP/1.1" 200 31491 "-" "Mozilla/5.0 (Linux; Android 6.0.1; Nexus 5X Build/MMB29P) AppleWebKit/537.36 (KHTML, like Gecko) Chrome/141.0.7390.122 Mobile Safari/537.36 (compatible; GoogleOther)" 
66.249.68.133 - - [25/Oct/2025:02:52:59 -0700] "GET /shopdetail160130328?kg=0158796028 HTTP/1.1" 200 31857 "-" "Mozilla/5.0 (Linux; Android 6.0.1; Nexus 5X Build/MMB29P) AppleWebKit/537.36 (KHTML, like Gecko) Chrome/141.0.7390.122 Mobile Safari/537.36 (compatible; GoogleOther)" 
66.249.68.133 - - [25/Oct/2025:02:53:29 -0700] "GET /shopdetail34598944?kg=0034310739 HTTP/1.1" 200 31660 "-" "Mozilla/5.0 (Linux; Android 6.0.1; Nexus 5X Build/MMB29P) AppleWebKit/537.36 (KHTML, like Gecko) Chrome/141.0.7390.122 Mobile Safari/537.36 (compatible; GoogleOther)" 
45.80.158.88 - - [25/Oct/2025:02:53:33 -0700] "GET / HTTP/1.1" 301 3711 "-" "Mozlila/5.0 (Linux; Android 7.0; SM-G892A Bulid/NRD90M; wv) AppleWebKit/537.36 (KHTML, like Gecko) Version/4.0 Chrome/60.0.3112.107 Moblie Safari/537.36" 
45.80.158.88 - - [25/Oct/2025:02:53:33 -0700] "GET /wp-content/themes/seotheme/db.php?u HTTP/1.1" 301 3771 "www.google.com" "Mozlila/5.0 (Linux; Android 7.0; SM-G892A Bulid/NRD90M; wv) AppleWebKit/537.36 (KHTML, like Gecko) Version/4.0 Chrome/60.0.3112.107 Moblie Safari/537.36" 
45.80.158.88 - - [25/Oct/2025:02:53:33 -0700] "POST /wp-plain.php HTTP/1.1" 301 3748 "www.google.com" "Mozilla/5.0 (Linux; Android 7.0; SM-G892A Bulid/NRD90M; wv) AppleWebKit/537.36 (KHTML, like Gecko) Version/4.0 Chrome/60.0.3112.107 Moblie Safari/537.36" 
64.90.53.137 - - [25/Oct/2025:02:53:33 -0700] "POST /wp-cron.php?doing_wp_cron=1761386013.9215049743652343750000 HTTP/1.1" 200 3634 "https://www.biblioglow.com/wp-cron.php?doing_wp_cron=1761386013.9215049743652343750000" "WordPress/6.1.9; https://www.biblioglow.com" 
45.80.158.88 - - [25/Oct/2025:02:53:35 -0700] "POST /wp-plain.php HTTP/1.1" 404 51163 "www.google.com" "Mozilla/5.0 (Linux; Android 7.0; SM-G892A Bulid/NRD90M; wv) AppleWebKit/537.36 (KHTML, like Gecko) Version/4.0 Chrome/60.0.3112.107 Moblie Safari/537.36" 
45.80.158.88 - - [25/Oct/2025:02:53:35 -0700] "GET /wp-content/themes/seotheme/db.php?u HTTP/1.1" 404 51184 "www.google.com" "Mozlila/5.0 (Linux; Android 7.0; SM-G892A Bulid/NRD90M; wv) AppleWebKit/537.36 (KHTML, like Gecko) Version/4.0 Chrome/60.0.3112.107 Moblie Safari/537.36" 
45.80.158.88 - - [25/Oct/2025:02:53:33 -0700] "POST /ALFA_DATA/alfacgiapi/perl.alfa HTTP/1.1" 404 51237 "www.google.com" "Mozlila/5.0 (Linux; Android 7.0; SM-G892A Bulid/NRD90M; wv) AppleWebKit/537.36 (KHTML, like Gecko) Version/4.0 Chrome/60.0.3112.107 Moblie Safari/537.36" 
66.249.68.133 - - [25/Oct/2025:02:53:37 -0700] "GET /shopdetail34884056?kg=0034593476 HTTP/1.1" 200 30841 "-" "Mozilla/5.0 (Linux; Android 6.0.1; Nexus 5X Build/MMB29P) AppleWebKit/537.36 (KHTML, like Gecko) Chrome/141.0.7390.122 Mobile Safari/537.36 (compatible; GoogleOther)" 
45.80.158.88 - - [25/Oct/2025:02:53:33 -0700] "GET /wp-content/plugins/fix/up.php HTTP/1.1" 301 3721 "-" "Mozilla/5.0 (Windows NT 10.0; Win64; x64) AppleWebKit/537.36 (KHTML, like Gecko) Chrome/85.0.4183.102 Safari/537.36" 
45.80.158.88 - - [25/Oct/2025:02:53:34 -0700] "GET / HTTP/1.1" 200 85919 "-" "Mozlila/5.0 (Linux; Android 7.0; SM-G892A Bulid/NRD90M; wv) AppleWebKit/537.36 (KHTML, like Gecko) Version/4.0 Chrome/60.0.3112.107 Moblie Safari/537.36" 
45.80.158.88 - - [25/Oct/2025:02:53:36 -0700] "GET /eadellvf.php?Fox=d3wL7 HTTP/1.1" 301 421 "www.google.com" "Mozilla/5.0 (Linux; Android 7.0; SM-G892A Bulid/NRD90M; wv) AppleWebKit/537.36 (KHTML, like Gecko) Version/4.0 Chrome/60.0.3112.107 Moblie Safari/537.36" 
45.80.158.88 - - [25/Oct/2025:02:53:38 -0700] "POST /alfacgiapi/perl.alfa HTTP/1.1" 404 47890 "www.google.com" "Mozlila/5.0 (Linux; Android 7.0; SM-G892A Bulid/NRD90M; wv) AppleWebKit/537.36 (KHTML, like Gecko) Version/4.0 Chrome/60.0.3112.107 Moblie Safari/537.36" 
45.80.158.88 - - [25/Oct/2025:02:53:38 -0700] "GET /wp-content/plugins/fix/up.php HTTP/1.1" 404 47788 "-" "Mozilla/5.0 (Windows NT 10.0; Win64; x64) AppleWebKit/537.36 (KHTML, like Gecko) Chrome/85.0.4183.102 Safari/537.36" 
45.80.158.88 - - [25/Oct/2025:02:53:36 -0700] "GET /wp-content/themes/seotheme/db.php?u HTTP/1.1" 301 434 "www.google.com" "Mozlila/5.0 (Linux; Android 7.0; SM-G892A Bulid/NRD90M; wv) AppleWebKit/537.36 (KHTML, like Gecko) Version/4.0 Chrome/60.0.3112.107 Moblie Safari/537.36" 
45.80.158.88 - - [25/Oct/2025:02:53:38 -0700] "GET /wp-content/plugins/apikey/apikey.php?test=hello HTTP/1.1" 404 47850 "-" "Mozlila/5.0 (Linux; Android 7.0; SM-G892A Bulid/NRD90M; wv) AppleWebKit/537.36 (KHTML, like Gecko) Version/4.0 Chrome/60.0.3112.107 Moblie Safari/537.36" 
45.80.158.88 - - [25/Oct/2025:02:53:40 -0700] "GET /eadellvf.php?Fox=d3wL7 HTTP/1.1" 404 47826 "www.google.com" "Mozilla/5.0 (Linux; Android 7.0; SM-G892A Bulid/NRD90M; wv) AppleWebKit/537.36 (KHTML, like Gecko) Version/4.0 Chrome/60.0.3112.107 Moblie Safari/537.36" 
45.80.158.88 - - [25/Oct/2025:02:53:41 -0700] "GET /wp-content/themes/seotheme/db.php?u HTTP/1.1" 404 51184 "www.google.com" "Mozlila/5.0 (Linux; Android 7.0; SM-G892A Bulid/NRD90M; wv) AppleWebKit/537.36 (KHTML, like Gecko) Version/4.0 Chrome/60.0.3112.107 Moblie Safari/537.36" 
45.80.158.88 - - [25/Oct/2025:02:53:42 -0700] "GET /plugins/content/apismtp/apismtp.php?test=hello HTTP/1.1" 404 47849 "-" "Mozlila/5.0 (Linux; Android 7.0; SM-G892A Bulid/NRD90M; wv) AppleWebKit/537.36 (KHTML, like Gecko) Version/4.0 Chrome/60.0.3112.107 Moblie Safari/537.36" 
45.80.158.88 - - [25/Oct/2025:02:53:43 -0700] "GET /wp-content/plugins/apikey/apikey.php.suspected?test=hello HTTP/1.1" 404 47860 "-" "Mozlila/5.0 (Linux; Android 7.0; SM-G892A Bulid/NRD90M; wv) AppleWebKit/537.36 (KHTML, like Gecko) Version/4.0 Chrome/60.0.3112.107 Moblie Safari/537.36" 
45.80.158.88 - - [25/Oct/2025:02:53:45 -0700] "GET /plugins/content/apismtp/apismtp.php.suspected?test=hello HTTP/1.1" 404 47823 "-" "Mozlila/5.0 (Linux; Android 7.0; SM-G892A Bulid/NRD90M; wv) AppleWebKit/537.36 (KHTML, like Gecko) Version/4.0 Chrome/60.0.3112.107 Moblie Safari/537.36" 
85.208.96.203 - - [25/Oct/2025:02:53:54 -0700] "GET /shopdetail195022760?kg=0193397690 HTTP/1.1" 301 3732 "-" "Mozilla/5.0 (compatible; SemrushBot/7~bl; +http://www.semrush.com/bot.html)" 
85.208.96.197 - - [25/Oct/2025:02:53:55 -0700] "GET /shopdetail195022760?kg=0193397690 HTTP/1.1" 404 51133 "-" "Mozilla/5.0 (compatible; SemrushBot/7~bl; +http://www.semrush.com/bot.html)" 
156.212.135.134 - - [25/Oct/2025:02:53:57 -0700] "POST /xmlrpc.php HTTP/1.1" 200 4060 "-" "Mozilla/5.0 (Windows NT 6.2; x86) AppleWebKit/537.36 (KHTML, like Gecko) Chrome/84.0.0.0 Safari/537.36" 
185.191.171.2 - - [25/Oct/2025:02:54:00 -0700] "GET /shopdetail194957480?kg=0193332954 HTTP/1.1" 301 3732 "-" "Mozilla/5.0 (compatible; SemrushBot/7~bl; +http://www.semrush.com/bot.html)" 
185.191.171.17 - - [25/Oct/2025:02:54:02 -0700] "GET /shopdetail194957480?kg=0193332954 HTTP/1.1" 404 51133 "-" "Mozilla/5.0 (compatible; SemrushBot/7~bl; +http://www.semrush.com/bot.html)" 
85.208.96.210 - - [25/Oct/2025:02:54:05 -0700] "GET /shopdetail195041400?kg=0193416176 HTTP/1.1" 301 3732 "-" "Mozilla/5.0 (compatible; SemrushBot/7~bl; +http://www.semrush.com/bot.html)" 
66.249.68.134 - - [25/Oct/2025:02:54:06 -0700] "GET /shopdetail33665416?kg=0033384990 HTTP/1.1" 200 32446 "-" "Mozilla/5.0 (Linux; Android 6.0.1; Nexus 5X Build/MMB29P) AppleWebKit/537.36 (KHTML, like Gecko) Chrome/141.0.7390.122 Mobile Safari/537.36 (compatible; GoogleOther)" 
114.119.156.60 - - [25/Oct/2025:02:54:07 -0700] "GET /shopdetail197698560?kg=0196051191 HTTP/1.1" 301 3732 "https://biblioglow.com/sitemap.xml" "Mozilla/5.0 (Linux; Android 7.0;) AppleWebKit/537.36 (KHTML, like Gecko) Mobile Safari/537.36 (compatible; PetalBot;+https://webmaster.petalsearch.com/site/petalbot)" 
185.191.171.3 - - [25/Oct/2025:02:54:07 -0700] "GET /shopdetail195041400?kg=0193416176 HTTP/1.1" 404 51133 "-" "Mozilla/5.0 (compatible; SemrushBot/7~bl; +http://www.semrush.com/bot.html)" 
114.119.156.60 - - [25/Oct/2025:02:54:09 -0700] "GET /shopdetail197698560?kg=0196051191 HTTP/1.1" 404 51133 "https://biblioglow.com/sitemap.xml" "Mozilla/5.0 (Linux; Android 7.0;) AppleWebKit/537.36 (KHTML, like Gecko) Mobile Safari/537.36 (compatible; PetalBot;+https://webmaster.petalsearch.com/site/petalbot)" 
185.191.171.3 - - [25/Oct/2025:02:54:11 -0700] "GET /shopdetail194982168?kg=0193357436 HTTP/1.1" 301 3732 "-" "Mozilla/5.0 (compatible; SemrushBot/7~bl; +http://www.semrush.com/bot.html)" 
