114.119.148.10 - - [25/Oct/2025:04:27:30 -0700] "GET /shopdetail197638208?kg=0195991343 HTTP/1.1" 404 51133 "https://biblioglow.com/sitemap.xml" "Mozilla/5.0 (Linux; Android 7.0;) AppleWebKit/537.36 (KHTML, like Gecko) Mobile Safari/537.36 (compatible; PetalBot;+https://webmaster.petalsearch.com/site/petalbot)" 
66.249.68.133 - - [25/Oct/2025:04:27:30 -0700] "GET /shopdetail31623760?kg=0031360349 HTTP/1.1" 200 27469 "-" "Mozilla/5.0 (Linux; Android 6.0.1; Nexus 5X Build/MMB29P) AppleWebKit/537.36 (KHTML, like Gecko) Chrome/141.0.7390.122 Mobile Safari/537.36 (compatible; GoogleOther)" 
66.249.68.134 - - [25/Oct/2025:04:27:42 -0700] "GET /?shopdetail43150896?kg=0042791425 HTTP/1.1" 200 31298 "-" "Mozilla/5.0 (Linux; Android 6.0.1; Nexus 5X Build/MMB29P) AppleWebKit/537.36 (KHTML, like Gecko) Chrome/141.0.7390.122 Mobile Safari/537.36 (compatible; Googlebot/2.1; +http://www.google.com/bot.html)" 
85.208.96.193 - - [25/Oct/2025:04:27:59 -0700] "GET /shopdetail194962968?kg=0193338396 HTTP/1.1" 301 3732 "-" "Mozilla/5.0 (compatible; SemrushBot/7~bl; +http://www.semrush.com/bot.html)" 
85.208.96.198 - - [25/Oct/2025:04:28:00 -0700] "GET /shopdetail194962968?kg=0193338396 HTTP/1.1" 404 51133 "-" "Mozilla/5.0 (compatible; SemrushBot/7~bl; +http://www.semrush.com/bot.html)" 
66.249.68.134 - - [25/Oct/2025:04:28:02 -0700] "GET /shopdetail310208352?kg=0307623403 HTTP/1.1" 200 31324 "-" "Mozilla/5.0 (Linux; Android 6.0.1; Nexus 5X Build/MMB29P) AppleWebKit/537.36 (KHTML, like Gecko) Chrome/141.0.7390.122 Mobile Safari/537.36 (compatible; GoogleOther)" 
66.249.68.133 - - [25/Oct/2025:04:28:04 -0700] "GET /shopdetail326493792?kg=0323773131 HTTP/1.1" 200 31150 "-" "Mozilla/5.0 (Linux; Android 6.0.1; Nexus 5X Build/MMB29P) AppleWebKit/537.36 (KHTML, like Gecko) Chrome/141.0.7390.122 Mobile Safari/537.36 (compatible; GoogleOther)" 
64.90.53.137 - - [25/Oct/2025:04:28:18 -0700] "POST /wp-cron.php?doing_wp_cron=1761391698.1062660217285156250000 HTTP/1.1" 200 3634 "https://www.biblioglow.com/wp-cron.php?doing_wp_cron=1761391698.1062660217285156250000" "WordPress/6.1.9; https://www.biblioglow.com" 
85.208.96.206 - - [25/Oct/2025:04:28:17 -0700] "GET /shopdetail194968032?kg=0193343419 HTTP/1.1" 301 3732 "-" "Mozilla/5.0 (compatible; SemrushBot/7~bl; +http://www.semrush.com/bot.html)" 
85.208.96.193 - - [25/Oct/2025:04:28:19 -0700] "GET /shopdetail194968032?kg=0193343419 HTTP/1.1" 404 51133 "-" "Mozilla/5.0 (compatible; SemrushBot/7~bl; +http://www.semrush.com/bot.html)" 
185.191.171.3 - - [25/Oct/2025:04:28:34 -0700] "GET /shopdetail194966536?kg=0193341934 HTTP/1.1" 301 3732 "-" "Mozilla/5.0 (compatible; SemrushBot/7~bl; +http://www.semrush.com/bot.html)" 
185.191.171.8 - - [25/Oct/2025:04:28:36 -0700] "GET /shopdetail194966536?kg=0193341934 HTTP/1.1" 404 51133 "-" "Mozilla/5.0 (compatible; SemrushBot/7~bl; +http://www.semrush.com/bot.html)" 
66.249.68.134 - - [25/Oct/2025:04:28:36 -0700] "GET /shopdetail58642544?kg=0058153977 HTTP/1.1" 200 31588 "-" "Mozilla/5.0 (Linux; Android 6.0.1; Nexus 5X Build/MMB29P) AppleWebKit/537.36 (KHTML, like Gecko) Chrome/141.0.7390.122 Mobile Safari/537.36 (compatible; GoogleOther)" 
66.249.68.133 - - [25/Oct/2025:04:28:41 -0700] "GET /shopdetail162293472?kg=0160941147 HTTP/1.1" 200 31577 "-" "Mozilla/5.0 (Linux; Android 6.0.1; Nexus 5X Build/MMB29P) AppleWebKit/537.36 (KHTML, like Gecko) Chrome/141.0.7390.122 Mobile Safari/537.36 (compatible; GoogleOther)" 
185.191.171.14 - - [25/Oct/2025:04:28:49 -0700] "GET /robots.txt HTTP/1.1" 200 3816 "-" "Mozilla/5.0 (compatible; SemrushBot/7~bl; +http://www.semrush.com/bot.html)" 
85.208.96.203 - - [25/Oct/2025:04:28:49 -0700] "GET /shopdetail194982712?kg=0193357976 HTTP/1.1" 301 3732 "-" "Mozilla/5.0 (compatible; SemrushBot/7~bl; +http://www.semrush.com/bot.html)" 
185.191.171.6 - - [25/Oct/2025:04:28:50 -0700] "GET /robots.txt HTTP/1.1" 200 3816 "-" "Mozilla/5.0 (compatible; SemrushBot/7~bl; +http://www.semrush.com/bot.html)" 
85.208.96.201 - - [25/Oct/2025:04:28:51 -0700] "GET /shopdetail194982712?kg=0193357976 HTTP/1.1" 404 51133 "-" "Mozilla/5.0 (compatible; SemrushBot/7~bl; +http://www.semrush.com/bot.html)" 
114.119.130.109 - - [25/Oct/2025:04:28:56 -0700] "GET /shopdetail197635336?kg=0195988494 HTTP/1.1" 301 3732 "https://biblioglow.com/sitemap.xml" "Mozilla/5.0 (Linux; Android 7.0;) AppleWebKit/537.36 (KHTML, like Gecko) Mobile Safari/537.36 (compatible; PetalBot;+https://webmaster.petalsearch.com/site/petalbot)" 
114.119.130.109 - - [25/Oct/2025:04:28:59 -0700] "GET /shopdetail197635336?kg=0195988494 HTTP/1.1" 404 51133 "https://biblioglow.com/sitemap.xml" "Mozilla/5.0 (Linux; Android 7.0;) AppleWebKit/537.36 (KHTML, like Gecko) Mobile Safari/537.36 (compatible; PetalBot;+https://webmaster.petalsearch.com/site/petalbot)" 
66.249.68.133 - - [25/Oct/2025:04:29:10 -0700] "GET /shopdetail160626776?kg=0159288340 HTTP/1.1" 200 30096 "-" "Mozilla/5.0 (Linux; Android 6.0.1; Nexus 5X Build/MMB29P) AppleWebKit/537.36 (KHTML, like Gecko) Chrome/141.0.7390.122 Mobile Safari/537.36 (compatible; GoogleOther)" 
66.249.68.134 - - [25/Oct/2025:04:29:19 -0700] "GET /shopdetail34840440?kg=0034550224 HTTP/1.1" 200 34671 "-" "Mozilla/5.0 (Linux; Android 6.0.1; Nexus 5X Build/MMB29P) AppleWebKit/537.36 (KHTML, like Gecko) Chrome/141.0.7390.122 Mobile Safari/537.36 (compatible; GoogleOther)" 
66.249.68.133 - - [25/Oct/2025:04:29:45 -0700] "GET /shopdetail75175680?kg=0074549335 HTTP/1.1" 200 30997 "-" "Mozilla/5.0 (Linux; Android 6.0.1; Nexus 5X Build/MMB29P) AppleWebKit/537.36 (KHTML, like Gecko) Chrome/141.0.7390.122 Mobile Safari/537.36 (compatible; GoogleOther)" 
64.90.53.137 - - [25/Oct/2025:04:29:51 -0700] "POST /wp-cron.php?doing_wp_cron=1761391791.2523839473724365234375 HTTP/1.1" 200 3634 "https://www.biblioglow.com/wp-cron.php?doing_wp_cron=1761391791.2523839473724365234375" "WordPress/6.1.9; https://www.biblioglow.com" 
85.208.96.204 - - [25/Oct/2025:04:29:50 -0700] "GET /shopdetail195057728?kg=0193432367 HTTP/1.1" 301 3732 "-" "Mozilla/5.0 (compatible; SemrushBot/7~bl; +http://www.semrush.com/bot.html)" 
85.208.96.201 - - [25/Oct/2025:04:29:52 -0700] "GET /shopdetail195057728?kg=0193432367 HTTP/1.1" 404 51133 "-" "Mozilla/5.0 (compatible; SemrushBot/7~bl; +http://www.semrush.com/bot.html)" 
66.249.68.133 - - [25/Oct/2025:04:29:56 -0700] "GET /shopdetail161390936?kg=0160046132 HTTP/1.1" 200 30528 "-" "Mozilla/5.0 (Linux; Android 6.0.1; Nexus 5X Build/MMB29P) AppleWebKit/537.36 (KHTML, like Gecko) Chrome/141.0.7390.122 Mobile Safari/537.36 (compatible; GoogleOther)" 
85.208.96.201 - - [25/Oct/2025:04:30:05 -0700] "GET /shopdetail195041280?kg=0193416055 HTTP/1.1" 301 3732 "-" "Mozilla/5.0 (compatible; SemrushBot/7~bl; +http://www.semrush.com/bot.html)" 
85.208.96.202 - - [25/Oct/2025:04:30:06 -0700] "GET /shopdetail195041280?kg=0193416055 HTTP/1.1" 404 51133 "-" "Mozilla/5.0 (compatible; SemrushBot/7~bl; +http://www.semrush.com/bot.html)" 
66.249.68.133 - - [25/Oct/2025:04:30:18 -0700] "GET /shopdetail58743760?kg=0058254349 HTTP/1.1" 200 30875 "-" "Mozilla/5.0 (Linux; Android 6.0.1; Nexus 5X Build/MMB29P) AppleWebKit/537.36 (KHTML, like Gecko) Chrome/141.0.7390.122 Mobile Safari/537.36 (compatible; GoogleOther)" 
64.90.53.137 - - [25/Oct/2025:04:30:22 -0700] "POST /wp-cron.php?doing_wp_cron=1761391822.4362940788269042968750 HTTP/1.1" 200 3634 "https://www.biblioglow.com/wp-cron.php?doing_wp_cron=1761391822.4362940788269042968750" "WordPress/6.1.9; https://www.biblioglow.com" 
114.119.156.60 - - [25/Oct/2025:04:30:22 -0700] "GET /shopdetail197635320?kg=0195988480 HTTP/1.1" 301 3732 "https://biblioglow.com/sitemap.xml" "Mozilla/5.0 (Linux; Android 7.0;) AppleWebKit/537.36 (KHTML, like Gecko) Mobile Safari/537.36 (compatible; PetalBot;+https://webmaster.petalsearch.com/site/petalbot)" 
114.119.156.60 - - [25/Oct/2025:04:30:24 -0700] "GET /shopdetail197635320?kg=0195988480 HTTP/1.1" 404 51133 "https://biblioglow.com/sitemap.xml" "Mozilla/5.0 (Linux; Android 7.0;) AppleWebKit/537.36 (KHTML, like Gecko) Mobile Safari/537.36 (compatible; PetalBot;+https://webmaster.petalsearch.com/site/petalbot)" 
185.191.171.12 - - [25/Oct/2025:04:30:25 -0700] "GET /shopdetail195032224?kg=0193407075 HTTP/1.1" 301 3732 "-" "Mozilla/5.0 (compatible; SemrushBot/7~bl; +http://www.semrush.com/bot.html)" 
185.191.171.11 - - [25/Oct/2025:04:30:26 -0700] "GET /shopdetail195032224?kg=0193407075 HTTP/1.1" 404 51133 "-" "Mozilla/5.0 (compatible; SemrushBot/7~bl; +http://www.semrush.com/bot.html)" 
66.249.68.133 - - [25/Oct/2025:04:30:33 -0700] "GET /shopdetail73596608?kg=0072983423 HTTP/1.1" 200 34940 "-" "Mozilla/5.0 (Linux; Android 6.0.1; Nexus 5X Build/MMB29P) AppleWebKit/537.36 (KHTML, like Gecko) Chrome/141.0.7390.122 Mobile Safari/537.36 (compatible; GoogleOther)" 
45.61.187.69 - - [25/Oct/2025:04:30:51 -0700] "GET /wp-login.php HTTP/1.1" 429 3636 "https://www.bing.com/" "Mozilla/5.0 (Macintosh; Intel Mac OS X 10_15_7) AppleWebKit/605.1.15 (KHTML, like Gecko) Version/16.6 Safari/605.1.15" 
66.249.68.133 - - [25/Oct/2025:04:30:53 -0700] "GET /shopdetail33476696?kg=0033197844 HTTP/1.1" 200 30710 "-" "Mozilla/5.0 (Linux; Android 6.0.1; Nexus 5X Build/MMB29P) AppleWebKit/537.36 (KHTML, like Gecko) Chrome/141.0.7390.122 Mobile Safari/537.36 (compatible; GoogleOther)" 
185.191.171.14 - - [25/Oct/2025:04:31:04 -0700] "GET /shopdetail195044152?kg=0193418904 HTTP/1.1" 301 3732 "-" "Mozilla/5.0 (compatible; SemrushBot/7~bl; +http://www.semrush.com/bot.html)" 
85.208.96.208 - - [25/Oct/2025:04:31:05 -0700] "GET /shopdetail195044152?kg=0193418904 HTTP/1.1" 404 51133 "-" "Mozilla/5.0 (compatible; SemrushBot/7~bl; +http://www.semrush.com/bot.html)" 
66.249.68.134 - - [25/Oct/2025:04:31:10 -0700] "GET /shopdetail162442688?kg=0161089119 HTTP/1.1" 200 32344 "-" "Mozilla/5.0 (Linux; Android 6.0.1; Nexus 5X Build/MMB29P) AppleWebKit/537.36 (KHTML, like Gecko) Chrome/141.0.7390.122 Mobile Safari/537.36 (compatible; GoogleOther)" 
66.249.68.133 - - [25/Oct/2025:04:31:27 -0700] "GET /shopdetail33194456?kg=0032917956 HTTP/1.1" 200 30798 "-" "Mozilla/5.0 (Linux; Android 6.0.1; Nexus 5X Build/MMB29P) AppleWebKit/537.36 (KHTML, like Gecko) Chrome/141.0.7390.122 Mobile Safari/537.36 (compatible; GoogleOther)" 
114.119.148.10 - - [25/Oct/2025:04:31:38 -0700] "GET /shopdetail197635184?kg=0195988345 HTTP/1.1" 301 3732 "https://biblioglow.com/sitemap.xml" "Mozilla/5.0 (Linux; Android 7.0;) AppleWebKit/537.36 (KHTML, like Gecko) Mobile Safari/537.36 (compatible; PetalBot;+https://webmaster.petalsearch.com/site/petalbot)" 
64.90.53.137 - - [25/Oct/2025:04:31:38 -0700] "POST /wp-cron.php?doing_wp_cron=1761391898.6890931129455566406250 HTTP/1.1" 200 3634 "https://www.biblioglow.com/wp-cron.php?doing_wp_cron=1761391898.6890931129455566406250" "WordPress/6.1.9; https://www.biblioglow.com" 
114.119.148.10 - - [25/Oct/2025:04:31:40 -0700] "GET /shopdetail197635184?kg=0195988345 HTTP/1.1" 404 51133 "https://biblioglow.com/sitemap.xml" "Mozilla/5.0 (Linux; Android 7.0;) AppleWebKit/537.36 (KHTML, like Gecko) Mobile Safari/537.36 (compatible; PetalBot;+https://webmaster.petalsearch.com/site/petalbot)" 
85.208.96.202 - - [25/Oct/2025:04:31:44 -0700] "GET /shopdetail194987928?kg=0193363148 HTTP/1.1" 301 3732 "-" "Mozilla/5.0 (compatible; SemrushBot/7~bl; +http://www.semrush.com/bot.html)" 
85.208.96.198 - - [25/Oct/2025:04:31:45 -0700] "GET /shopdetail194987928?kg=0193363148 HTTP/1.1" 404 51133 "-" "Mozilla/5.0 (compatible; SemrushBot/7~bl; +http://www.semrush.com/bot.html)" 
66.249.68.133 - - [25/Oct/2025:04:31:46 -0700] "GET /shopdetail43853888?kg=0043488559 HTTP/1.1" 200 31755 "-" "Mozilla/5.0 (Linux; Android 6.0.1; Nexus 5X Build/MMB29P) AppleWebKit/537.36 (KHTML, like Gecko) Chrome/141.0.7390.122 Mobile Safari/537.36 (compatible; Googlebot/2.1; +http://www.google.com/bot.html)" 
66.249.68.133 - - [25/Oct/2025:04:31:48 -0700] "GET /shopdetail74557848?kg=0073936652 HTTP/1.1" 200 30682 "-" "Mozilla/5.0 (Linux; Android 6.0.1; Nexus 5X Build/MMB29P) AppleWebKit/537.36 (KHTML, like Gecko) Chrome/141.0.7390.122 Mobile Safari/537.36 (compatible; GoogleOther)" 
66.249.68.134 - - [25/Oct/2025:04:32:01 -0700] "GET /shopdetail33103264?kg=0032827523 HTTP/1.1" 200 31075 "-" "Mozilla/5.0 (Linux; Android 6.0.1; Nexus 5X Build/MMB29P) AppleWebKit/537.36 (KHTML, like Gecko) Chrome/141.0.7390.122 Mobile Safari/537.36 (compatible; GoogleOther)" 
66.249.68.134 - - [25/Oct/2025:04:32:25 -0700] "GET /shopdetail160673264?kg=0159334441 HTTP/1.1" 200 30426 "-" "Mozilla/5.0 (Linux; Android 6.0.1; Nexus 5X Build/MMB29P) AppleWebKit/537.36 (KHTML, like Gecko) Chrome/141.0.7390.122 Mobile Safari/537.36 (compatible; GoogleOther)" 
66.249.68.133 - - [25/Oct/2025:04:32:35 -0700] "GET /shopdetail325443824?kg=0322731913 HTTP/1.1" 200 31787 "-" "Mozilla/5.0 (Linux; Android 6.0.1; Nexus 5X Build/MMB29P) AppleWebKit/537.36 (KHTML, like Gecko) Chrome/141.0.7390.122 Mobile Safari/537.36 (compatible; GoogleOther)" 
114.119.130.109 - - [25/Oct/2025:04:33:01 -0700] "GET /shopdetail197634776?kg=0195987940 HTTP/1.1" 301 3732 "https://biblioglow.com/sitemap.xml" "Mozilla/5.0 (Linux; Android 7.0;) AppleWebKit/537.36 (KHTML, like Gecko) Mobile Safari/537.36 (compatible; PetalBot;+https://webmaster.petalsearch.com/site/petalbot)" 
66.249.68.134 - - [25/Oct/2025:04:33:02 -0700] "GET /shopdetail162441600?kg=0161088039 HTTP/1.1" 200 31645 "-" "Mozilla/5.0 (Linux; Android 6.0.1; Nexus 5X Build/MMB29P) AppleWebKit/537.36 (KHTML, like Gecko) Chrome/141.0.7390.122 Mobile Safari/537.36 (compatible; GoogleOther)" 
114.119.130.109 - - [25/Oct/2025:04:33:04 -0700] "GET /shopdetail197634776?kg=0195987940 HTTP/1.1" 404 51133 "https://biblioglow.com/sitemap.xml" "Mozilla/5.0 (Linux; Android 7.0;) AppleWebKit/537.36 (KHTML, like Gecko) Mobile Safari/537.36 (compatible; PetalBot;+https://webmaster.petalsearch.com/site/petalbot)" 
64.90.53.137 - - [25/Oct/2025:04:33:02 -0700] "POST /wp-cron.php?doing_wp_cron=1761391982.2380468845367431640625 HTTP/1.1" 200 3634 "https://www.biblioglow.com/wp-cron.php?doing_wp_cron=1761391982.2380468845367431640625" "WordPress/6.1.9; https://www.biblioglow.com" 
66.249.68.134 - - [25/Oct/2025:04:33:09 -0700] "GET /shopdetail310100152?kg=0307516104 HTTP/1.1" 200 31098 "-" "Mozilla/5.0 (Linux; Android 6.0.1; Nexus 5X Build/MMB29P) AppleWebKit/537.36 (KHTML, like Gecko) Chrome/141.0.7390.122 Mobile Safari/537.36 (compatible; GoogleOther)" 
66.249.68.133 - - [25/Oct/2025:04:33:39 -0700] "GET /shopdetail73649264?kg=0073035641 HTTP/1.1" 200 30704 "-" "Mozilla/5.0 (Linux; Android 6.0.1; Nexus 5X Build/MMB29P) AppleWebKit/537.36 (KHTML, like Gecko) Chrome/141.0.7390.122 Mobile Safari/537.36 (compatible; GoogleOther)" 
66.249.68.133 - - [25/Oct/2025:04:33:46 -0700] "GET /shopdetail58204936?kg=0057720014 HTTP/1.1" 200 31948 "-" "Mozilla/5.0 (Linux; Android 6.0.1; Nexus 5X Build/MMB29P) AppleWebKit/537.36 (KHTML, like Gecko) Chrome/141.0.7390.122 Mobile Safari/537.36 (compatible; GoogleOther)" 
20.171.207.247 - - [25/Oct/2025:04:33:56 -0700] "GET /sitemap_index.xml HTTP/2.0" 200 732 "-" "Mozilla/5.0 AppleWebKit/537.36 (KHTML, like Gecko; compatible; GPTBot/1.2; +https://openai.com/gptbot)" 
20.171.207.247 - - [25/Oct/2025:04:34:15 -0700] "GET /sitemap-sub-316.xml HTTP/2.0" 200 7662 "-" "Mozilla/5.0 AppleWebKit/537.36 (KHTML, like Gecko; compatible; GPTBot/1.2; +https://openai.com/gptbot)" 
66.249.68.135 - - [25/Oct/2025:04:34:16 -0700] "GET /shopdetail326121448?kg=0323403890 HTTP/1.1" 200 31492 "-" "Mozilla/5.0 (Linux; Android 6.0.1; Nexus 5X Build/MMB29P) AppleWebKit/537.36 (KHTML, like Gecko) Chrome/141.0.7390.122 Mobile Safari/537.36 (compatible; GoogleOther)" 
20.171.207.247 - - [25/Oct/2025:04:34:19 -0700] "GET /sitemap-sub-413.xml HTTP/2.0" 200 7676 "-" "Mozilla/5.0 AppleWebKit/537.36 (KHTML, like Gecko; compatible; GPTBot/1.2; +https://openai.com/gptbot)" 
64.90.53.137 - - [25/Oct/2025:04:34:21 -0700] "POST /wp-cron.php?doing_wp_cron=1761392061.0783619880676269531250 HTTP/1.1" 200 3634 "https://www.biblioglow.com/wp-cron.php?doing_wp_cron=1761392061.0783619880676269531250" "WordPress/6.1.9; https://www.biblioglow.com" 
15.235.27.113 - - [25/Oct/2025:04:34:20 -0700] "GET / HTTP/2.0" 200 13218 "-" "Mozilla/5.0 (compatible; AhrefsBot/7.0; +http://ahrefs.com/robot/)" 
66.249.68.134 - - [25/Oct/2025:04:34:22 -0700] "GET /shopdetail187089320?kg=0185530362 HTTP/1.1" 200 30422 "-" "Mozilla/5.0 (Linux; Android 6.0.1; Nexus 5X Build/MMB29P) AppleWebKit/537.36 (KHTML, like Gecko) Chrome/141.0.7390.122 Mobile Safari/537.36 (compatible; GoogleOther)" 
114.119.148.10 - - [25/Oct/2025:04:34:26 -0700] "GET /shopdetail197634368?kg=0195987535 HTTP/1.1" 301 3732 "https://biblioglow.com/sitemap.xml" "Mozilla/5.0 (Linux; Android 7.0;) AppleWebKit/537.36 (KHTML, like Gecko) Mobile Safari/537.36 (compatible; PetalBot;+https://webmaster.petalsearch.com/site/petalbot)" 
114.119.148.10 - - [25/Oct/2025:04:34:28 -0700] "GET /shopdetail197634368?kg=0195987535 HTTP/1.1" 404 51133 "https://biblioglow.com/sitemap.xml" "Mozilla/5.0 (Linux; Android 7.0;) AppleWebKit/537.36 (KHTML, like Gecko) Mobile Safari/537.36 (compatible; PetalBot;+https://webmaster.petalsearch.com/site/petalbot)" 
20.171.207.247 - - [25/Oct/2025:04:34:31 -0700] "GET /sitemap-sub-475.xml HTTP/2.0" 200 7665 "-" "Mozilla/5.0 AppleWebKit/537.36 (KHTML, like Gecko; compatible; GPTBot/1.2; +https://openai.com/gptbot)" 
20.171.207.247 - - [25/Oct/2025:04:34:35 -0700] "GET /sitemap-sub-672.xml HTTP/2.0" 200 7690 "-" "Mozilla/5.0 AppleWebKit/537.36 (KHTML, like Gecko; compatible; GPTBot/1.2; +https://openai.com/gptbot)" 
20.171.207.247 - - [25/Oct/2025:04:34:38 -0700] "GET /sitemap-sub-738.xml HTTP/2.0" 200 7682 "-" "Mozilla/5.0 AppleWebKit/537.36 (KHTML, like Gecko; compatible; GPTBot/1.2; +https://openai.com/gptbot)" 
66.249.68.133 - - [25/Oct/2025:04:34:39 -0700] "GET /shopdetail2079360?kg=0002062151 HTTP/1.1" 200 30607 "-" "Mozilla/5.0 (compatible; Googlebot/2.1; +http://www.google.com/bot.html)" 
20.171.207.247 - - [25/Oct/2025:04:34:49 -0700] "GET /sitemap-sub-915.xml HTTP/2.0" 200 7715 "-" "Mozilla/5.0 AppleWebKit/537.36 (KHTML, like Gecko; compatible; GPTBot/1.2; +https://openai.com/gptbot)" 
185.191.171.16 - - [25/Oct/2025:04:34:49 -0700] "GET /shopdetail194964752?kg=0193340165 HTTP/1.1" 301 3732 "-" "Mozilla/5.0 (compatible; SemrushBot/7~bl; +http://www.semrush.com/bot.html)" 
66.249.68.133 - - [25/Oct/2025:04:34:51 -0700] "GET /shopdetail324458048?kg=0321754351 HTTP/1.1" 200 30701 "-" "Mozilla/5.0 (Linux; Android 6.0.1; Nexus 5X Build/MMB29P) AppleWebKit/537.36 (KHTML, like Gecko) Chrome/141.0.7390.122 Mobile Safari/537.36 (compatible; GoogleOther)" 
20.171.207.247 - - [25/Oct/2025:04:34:52 -0700] "GET /sitemap-sub-963.xml HTTP/2.0" 200 7751 "-" "Mozilla/5.0 AppleWebKit/537.36 (KHTML, like Gecko; compatible; GPTBot/1.2; +https://openai.com/gptbot)" 
20.171.207.247 - - [25/Oct/2025:04:34:55 -0700] "GET /sitemap-sub-807.xml HTTP/2.0" 200 7612 "-" "Mozilla/5.0 AppleWebKit/537.36 (KHTML, like Gecko; compatible; GPTBot/1.2; +https://openai.com/gptbot)" 
185.191.171.13 - - [25/Oct/2025:04:34:52 -0700] "GET /shopdetail194964752?kg=0193340165 HTTP/1.1" 404 51133 "-" "Mozilla/5.0 (compatible; SemrushBot/7~bl; +http://www.semrush.com/bot.html)" 
66.249.68.133 - - [25/Oct/2025:04:34:56 -0700] "GET /shopdetail74857640?kg=0074233946 HTTP/1.1" 200 30520 "-" "Mozilla/5.0 (Linux; Android 6.0.1; Nexus 5X Build/MMB29P) AppleWebKit/537.36 (KHTML, like Gecko) Chrome/141.0.7390.122 Mobile Safari/537.36 (compatible; GoogleOther)" 
20.171.207.247 - - [25/Oct/2025:04:34:58 -0700] "GET /sitemap-sub-964.xml HTTP/2.0" 200 7649 "-" "Mozilla/5.0 AppleWebKit/537.36 (KHTML, like Gecko; compatible; GPTBot/1.2; +https://openai.com/gptbot)" 
20.171.207.247 - - [25/Oct/2025:04:35:01 -0700] "GET /sitemap-sub-1034.xml HTTP/2.0" 200 7616 "-" "Mozilla/5.0 AppleWebKit/537.36 (KHTML, like Gecko; compatible; GPTBot/1.2; +https://openai.com/gptbot)" 
20.171.207.247 - - [25/Oct/2025:04:35:04 -0700] "GET /sitemap-sub-718.xml HTTP/2.0" 200 7688 "-" "Mozilla/5.0 AppleWebKit/537.36 (KHTML, like Gecko; compatible; GPTBot/1.2; +https://openai.com/gptbot)" 
66.249.68.135 - - [25/Oct/2025:04:35:25 -0700] "GET /shopdetail325475784?kg=0322763606 HTTP/1.1" 200 30972 "-" "Mozilla/5.0 (Linux; Android 6.0.1; Nexus 5X Build/MMB29P) AppleWebKit/537.36 (KHTML, like Gecko) Chrome/141.0.7390.122 Mobile Safari/537.36 (compatible; GoogleOther)" 
85.208.96.207 - - [25/Oct/2025:04:35:23 -0700] "GET /shopdetail194951448?kg=0193326972 HTTP/1.1" 301 3732 "-" "Mozilla/5.0 (compatible; SemrushBot/7~bl; +http://www.semrush.com/bot.html)" 
20.171.207.247 - - [25/Oct/2025:04:35:23 -0700] "GET /shopdetail224656720?kg=0222784701 HTTP/2.0" 404 47418 "-" "Mozilla/5.0 AppleWebKit/537.36 (KHTML, like Gecko; compatible; GPTBot/1.2; +https://openai.com/gptbot)" 
64.90.53.137 - - [25/Oct/2025:04:35:27 -0700] "POST /wp-cron.php?doing_wp_cron=1761392127.5873041152954101562500 HTTP/1.1" 200 3634 "https://www.biblioglow.com/wp-cron.php?doing_wp_cron=1761392127.5873041152954101562500" "WordPress/6.1.9; https://www.biblioglow.com" 
66.249.68.134 - - [25/Oct/2025:04:35:31 -0700] "GET /shopdetail160517608?kg=0159180082 HTTP/1.1" 200 30471 "-" "Mozilla/5.0 (Linux; Android 6.0.1; Nexus 5X Build/MMB29P) AppleWebKit/537.36 (KHTML, like Gecko) Chrome/141.0.7390.122 Mobile Safari/537.36 (compatible; GoogleOther)" 
20.171.207.247 - - [25/Oct/2025:04:35:33 -0700] "GET /shopdetail252418968?kg=0250315596 HTTP/2.0" 404 47283 "-" "Mozilla/5.0 AppleWebKit/537.36 (KHTML, like Gecko; compatible; GPTBot/1.2; +https://openai.com/gptbot)" 
185.191.171.14 - - [25/Oct/2025:04:35:29 -0700] "GET /shopdetail194951448?kg=0193326972 HTTP/1.1" 404 51133 "-" "Mozilla/5.0 (compatible; SemrushBot/7~bl; +http://www.semrush.com/bot.html)" 
114.119.136.150 - - [25/Oct/2025:04:35:49 -0700] "GET /shopdetail197634096?kg=0195987265 HTTP/1.1" 301 3732 "https://biblioglow.com/sitemap.xml" "Mozilla/5.0 (Linux; Android 7.0;) AppleWebKit/537.36 (KHTML, like Gecko) Mobile Safari/537.36 (compatible; PetalBot;+https://webmaster.petalsearch.com/site/petalbot)" 
114.119.136.150 - - [25/Oct/2025:04:35:52 -0700] "GET /shopdetail197634096?kg=0195987265 HTTP/1.1" 404 51133 "https://biblioglow.com/sitemap.xml" "Mozilla/5.0 (Linux; Android 7.0;) AppleWebKit/537.36 (KHTML, like Gecko) Mobile Safari/537.36 (compatible; PetalBot;+https://webmaster.petalsearch.com/site/petalbot)" 
20.171.207.247 - - [25/Oct/2025:04:35:56 -0700] "GET /shopdetail47862032?kg=0047463301 HTTP/2.0" 404 47417 "-" "Mozilla/5.0 AppleWebKit/537.36 (KHTML, like Gecko; compatible; GPTBot/1.2; +https://openai.com/gptbot)" 
66.249.68.135 - - [25/Oct/2025:04:36:00 -0700] "GET /shopdetail159908696?kg=0158576244 HTTP/1.1" 200 30660 "-" "Mozilla/5.0 (Linux; Android 6.0.1; Nexus 5X Build/MMB29P) AppleWebKit/537.36 (KHTML, like Gecko) Chrome/141.0.7390.122 Mobile Safari/537.36 (compatible; GoogleOther)" 
66.249.68.134 - - [25/Oct/2025:04:36:08 -0700] "GET /shopdetail34999120?kg=0034707581 HTTP/1.1" 200 31140 "-" "Mozilla/5.0 (Linux; Android 6.0.1; Nexus 5X Build/MMB29P) AppleWebKit/537.36 (KHTML, like Gecko) Chrome/141.0.7390.122 Mobile Safari/537.36 (compatible; GoogleOther)" 
195.54.178.5 - - [25/Oct/2025:04:36:06 -0700] "POST /xmlrpc.php HTTP/2.0" 200 389 "-" "Mozilla/5.0 (Windows NT 10.0; WOW64) AppleWebKit/537.36 (KHTML, like Gecko) Chrome/66.0.3359.181 Safari/537.36" 
85.208.96.207 - - [25/Oct/2025:04:36:09 -0700] "GET /shopdetail194996832?kg=0193371979 HTTP/1.1" 301 3732 "-" "Mozilla/5.0 (compatible; SemrushBot/7~bl; +http://www.semrush.com/bot.html)" 
20.171.207.247 - - [25/Oct/2025:04:36:11 -0700] "GET /shopdetail224612152?kg=0222740504 HTTP/2.0" 404 47418 "-" "Mozilla/5.0 AppleWebKit/537.36 (KHTML, like Gecko; compatible; GPTBot/1.2; +https://openai.com/gptbot)" 
185.191.171.5 - - [25/Oct/2025:04:36:11 -0700] "GET /shopdetail194996832?kg=0193371979 HTTP/1.1" 404 51133 "-" "Mozilla/5.0 (compatible; SemrushBot/7~bl; +http://www.semrush.com/bot.html)" 
64.90.53.137 - - [25/Oct/2025:04:36:13 -0700] "POST /wp-cron.php?doing_wp_cron=1761392173.9103040695190429687500 HTTP/1.1" 200 3634 "https://www.biblioglow.com/wp-cron.php?doing_wp_cron=1761392173.9103040695190429687500" "WordPress/6.1.9; https://www.biblioglow.com" 
66.249.79.6 - - [25/Oct/2025:04:36:30 -0700] "GET /shopdetail8653440?kg=0008581447 HTTP/1.1" 200 34717 "-" "Mozilla/5.0 (Linux; Android 6.0.1; Nexus 5X Build/MMB29P) AppleWebKit/537.36 (KHTML, like Gecko) Chrome/141.0.7390.122 Mobile Safari/537.36 (compatible; Googlebot/2.1; +http://www.google.com/bot.html)" 
20.171.207.247 - - [25/Oct/2025:04:36:32 -0700] "GET /shopdetail54136456?kg=0053685438 HTTP/2.0" 404 47417 "-" "Mozilla/5.0 AppleWebKit/537.36 (KHTML, like Gecko; compatible; GPTBot/1.2; +https://openai.com/gptbot)" 
66.249.68.133 - - [25/Oct/2025:04:36:33 -0700] "GET /shopdetail73981576?kg=0073365182 HTTP/1.1" 200 31672 "-" "Mozilla/5.0 (Linux; Android 6.0.1; Nexus 5X Build/MMB29P) AppleWebKit/537.36 (KHTML, like Gecko) Chrome/141.0.7390.122 Mobile Safari/537.36 (compatible; GoogleOther)" 
20.171.207.247 - - [25/Oct/2025:04:36:35 -0700] "GET /shopdetail54084464?kg=0053633881 HTTP/2.0" 404 47282 "-" "Mozilla/5.0 AppleWebKit/537.36 (KHTML, like Gecko; compatible; GPTBot/1.2; +https://openai.com/gptbot)" 
20.171.207.247 - - [25/Oct/2025:04:36:38 -0700] "GET /shopdetail87748384?kg=0087017267 HTTP/2.0" 404 47282 "-" "Mozilla/5.0 AppleWebKit/537.36 (KHTML, like Gecko; compatible; GPTBot/1.2; +https://openai.com/gptbot)" 
20.171.207.247 - - [25/Oct/2025:04:36:41 -0700] "GET /shopdetail4181896?kg=0004147166 HTTP/2.0" 404 47281 "-" "Mozilla/5.0 AppleWebKit/537.36 (KHTML, like Gecko; compatible; GPTBot/1.2; +https://openai.com/gptbot)" 
66.249.68.133 - - [25/Oct/2025:04:36:45 -0700] "GET /shopdetail76342480?kg=0075706413 HTTP/1.1" 200 31667 "-" "Mozilla/5.0 (Linux; Android 6.0.1; Nexus 5X Build/MMB29P) AppleWebKit/537.36 (KHTML, like Gecko) Chrome/141.0.7390.122 Mobile Safari/537.36 (compatible; GoogleOther)" 
20.171.207.247 - - [25/Oct/2025:04:36:44 -0700] "GET /shopdetail120729720?kg=0119723760 HTTP/2.0" 404 47283 "-" "Mozilla/5.0 AppleWebKit/537.36 (KHTML, like Gecko; compatible; GPTBot/1.2; +https://openai.com/gptbot)" 
20.171.207.247 - - [25/Oct/2025:04:36:47 -0700] "GET /shopdetail87756608?kg=0087025423 HTTP/2.0" 404 47282 "-" "Mozilla/5.0 AppleWebKit/537.36 (KHTML, like Gecko; compatible; GPTBot/1.2; +https://openai.com/gptbot)" 
20.171.207.247 - - [25/Oct/2025:04:36:50 -0700] "GET /shopdetail120735496?kg=0119729486 HTTP/2.0" 404 47283 "-" "Mozilla/5.0 AppleWebKit/537.36 (KHTML, like Gecko; compatible; GPTBot/1.2; +https://openai.com/gptbot)" 
20.171.207.247 - - [25/Oct/2025:04:36:53 -0700] "GET /shopdetail47878616?kg=0047479748 HTTP/2.0" 404 47282 "-" "Mozilla/5.0 AppleWebKit/537.36 (KHTML, like Gecko; compatible; GPTBot/1.2; +https://openai.com/gptbot)" 
20.171.207.247 - - [25/Oct/2025:04:36:57 -0700] "GET /shopdetail224674272?kg=0222802107 HTTP/2.0" 404 47283 "-" "Mozilla/5.0 AppleWebKit/537.36 (KHTML, like Gecko; compatible; GPTBot/1.2; +https://openai.com/gptbot)" 
20.171.207.247 - - [25/Oct/2025:04:37:00 -0700] "GET /shopdetail224618184?kg=0222746486 HTTP/2.0" 404 47283 "-" "Mozilla/5.0 AppleWebKit/537.36 (KHTML, like Gecko; compatible; GPTBot/1.2; +https://openai.com/gptbot)" 
20.171.207.247 - - [25/Oct/2025:04:37:03 -0700] "GET /shopdetail159911720?kg=0158579242 HTTP/2.0" 404 47283 "-" "Mozilla/5.0 AppleWebKit/537.36 (KHTML, like Gecko; compatible; GPTBot/1.2; +https://openai.com/gptbot)" 
20.171.207.247 - - [25/Oct/2025:04:37:06 -0700] "GET /shopdetail87708200?kg=0086977418 HTTP/2.0" 404 47282 "-" "Mozilla/5.0 AppleWebKit/537.36 (KHTML, like Gecko; compatible; GPTBot/1.2; +https://openai.com/gptbot)" 
66.249.68.134 - - [25/Oct/2025:04:37:08 -0700] "GET /shopdetail31988968?kg=0031722514 HTTP/1.1" 200 31341 "-" "Mozilla/5.0 (Linux; Android 6.0.1; Nexus 5X Build/MMB29P) AppleWebKit/537.36 (KHTML, like Gecko) Chrome/141.0.7390.122 Mobile Safari/537.36 (compatible; GoogleOther)" 
20.171.207.247 - - [25/Oct/2025:04:37:09 -0700] "GET /shopdetail278107056?kg=0275789617 HTTP/2.0" 404 47283 "-" "Mozilla/5.0 AppleWebKit/537.36 (KHTML, like Gecko; compatible; GPTBot/1.2; +https://openai.com/gptbot)" 
114.119.135.207 - - [25/Oct/2025:04:37:12 -0700] "GET /shopdetail197633552?kg=0195986725 HTTP/1.1" 301 3732 "https://biblioglow.com/sitemap.xml" "Mozilla/5.0 (Linux; Android 7.0;) AppleWebKit/537.36 (KHTML, like Gecko) Mobile Safari/537.36 (compatible; PetalBot;+https://webmaster.petalsearch.com/site/petalbot)" 
64.90.53.137 - - [25/Oct/2025:04:37:13 -0700] "POST /wp-cron.php?doing_wp_cron=1761392233.3018269538879394531250 HTTP/1.1" 200 3634 "https://www.biblioglow.com/wp-cron.php?doing_wp_cron=1761392233.3018269538879394531250" "WordPress/6.1.9; https://www.biblioglow.com" 
20.171.207.247 - - [25/Oct/2025:04:37:12 -0700] "GET /shopdetail278190992?kg=0275872853 HTTP/2.0" 404 47283 "-" "Mozilla/5.0 AppleWebKit/537.36 (KHTML, like Gecko; compatible; GPTBot/1.2; +https://openai.com/gptbot)" 
114.119.135.207 - - [25/Oct/2025:04:37:14 -0700] "GET /shopdetail197633552?kg=0195986725 HTTP/1.1" 404 51133 "https://biblioglow.com/sitemap.xml" "Mozilla/5.0 (Linux; Android 7.0;) AppleWebKit/537.36 (KHTML, like Gecko) Mobile Safari/537.36 (compatible; PetalBot;+https://webmaster.petalsearch.com/site/petalbot)" 
20.171.207.247 - - [25/Oct/2025:04:37:15 -0700] "GET /shopdetail120725064?kg=0119719142 HTTP/2.0" 404 47283 "-" "Mozilla/5.0 AppleWebKit/537.36 (KHTML, like Gecko; compatible; GPTBot/1.2; +https://openai.com/gptbot)" 
20.171.207.247 - - [25/Oct/2025:04:37:19 -0700] "GET /shopdetail278158216?kg=0275840350 HTTP/2.0" 404 47283 "-" "Mozilla/5.0 AppleWebKit/537.36 (KHTML, like Gecko; compatible; GPTBot/1.2; +https://openai.com/gptbot)" 
66.249.68.134 - - [25/Oct/2025:04:37:22 -0700] "GET /shopdetail160266240?kg=0158930807 HTTP/1.1" 200 34070 "-" "Mozilla/5.0 (Linux; Android 6.0.1; Nexus 5X Build/MMB29P) AppleWebKit/537.36 (KHTML, like Gecko) Chrome/141.0.7390.122 Mobile Safari/537.36 (compatible; GoogleOther)" 
20.171.207.247 - - [25/Oct/2025:04:37:22 -0700] "GET /shopdetail171682408?kg=0170251842 HTTP/2.0" 404 47283 "-" "Mozilla/5.0 AppleWebKit/537.36 (KHTML, like Gecko; compatible; GPTBot/1.2; +https://openai.com/gptbot)" 
20.171.207.247 - - [25/Oct/2025:04:37:25 -0700] "GET /shopdetail159899096?kg=0158566724 HTTP/2.0" 404 47283 "-" "Mozilla/5.0 AppleWebKit/537.36 (KHTML, like Gecko; compatible; GPTBot/1.2; +https://openai.com/gptbot)" 
85.208.96.201 - - [25/Oct/2025:04:37:28 -0700] "GET /shopdetail194990120?kg=0193365322 HTTP/1.1" 301 3732 "-" "Mozilla/5.0 (compatible; SemrushBot/7~bl; +http://www.semrush.com/bot.html)" 
20.171.207.247 - - [25/Oct/2025:04:37:28 -0700] "GET /shopdetail87692296?kg=0086961646 HTTP/2.0" 404 47282 "-" "Mozilla/5.0 AppleWebKit/537.36 (KHTML, like Gecko; compatible; GPTBot/1.2; +https://openai.com/gptbot)" 
185.191.171.2 - - [25/Oct/2025:04:37:32 -0700] "GET /shopdetail194990120?kg=0193365322 HTTP/1.1" 404 51133 "-" "Mozilla/5.0 (compatible; SemrushBot/7~bl; +http://www.semrush.com/bot.html)" 
20.171.207.247 - - [25/Oct/2025:04:37:32 -0700] "GET /shopdetail278191944?kg=0275873798 HTTP/2.0" 404 47283 "-" "Mozilla/5.0 AppleWebKit/537.36 (KHTML, like Gecko; compatible; GPTBot/1.2; +https://openai.com/gptbot)" 
20.171.207.247 - - [25/Oct/2025:04:37:36 -0700] "GET /shopdetail252389744?kg=0250286617 HTTP/2.0" 404 47283 "-" "Mozilla/5.0 AppleWebKit/537.36 (KHTML, like Gecko; compatible; GPTBot/1.2; +https://openai.com/gptbot)" 
20.171.207.247 - - [25/Oct/2025:04:37:39 -0700] "GET /shopdetail159854936?kg=0158522932 HTTP/2.0" 404 47283 "-" "Mozilla/5.0 AppleWebKit/537.36 (KHTML, like Gecko; compatible; GPTBot/1.2; +https://openai.com/gptbot)" 
20.171.207.247 - - [25/Oct/2025:04:37:42 -0700] "GET /shopdetail4163376?kg=0004128801 HTTP/2.0" 404 47281 "-" "Mozilla/5.0 AppleWebKit/537.36 (KHTML, like Gecko; compatible; GPTBot/1.2; +https://openai.com/gptbot)" 
20.171.207.247 - - [25/Oct/2025:04:37:45 -0700] "GET /shopdetail4137584?kg=0004103225 HTTP/2.0" 404 47281 "-" "Mozilla/5.0 AppleWebKit/537.36 (KHTML, like Gecko; compatible; GPTBot/1.2; +https://openai.com/gptbot)" 
20.171.207.247 - - [25/Oct/2025:04:37:48 -0700] "GET /shopdetail159834360?kg=0158502528 HTTP/2.0" 404 47283 "-" "Mozilla/5.0 AppleWebKit/537.36 (KHTML, like Gecko; compatible; GPTBot/1.2; +https://openai.com/gptbot)" 
66.249.68.133 - - [25/Oct/2025:04:37:51 -0700] "GET /shopdetail34639264?kg=0034350723 HTTP/1.1" 200 31376 "-" "Mozilla/5.0 (Linux; Android 6.0.1; Nexus 5X Build/MMB29P) AppleWebKit/537.36 (KHTML, like Gecko) Chrome/141.0.7390.122 Mobile Safari/537.36 (compatible; GoogleOther)" 
20.171.207.247 - - [25/Oct/2025:04:37:51 -0700] "GET /shopdetail54088032?kg=0053637419 HTTP/2.0" 404 47282 "-" "Mozilla/5.0 AppleWebKit/537.36 (KHTML, like Gecko; compatible; GPTBot/1.2; +https://openai.com/gptbot)" 
20.171.207.247 - - [25/Oct/2025:04:37:55 -0700] "GET /shopdetail89399024?kg=0088654153 HTTP/2.0" 404 47282 "-" "Mozilla/5.0 AppleWebKit/537.36 (KHTML, like Gecko; compatible; GPTBot/1.2; +https://openai.com/gptbot)" 
20.171.207.247 - - [25/Oct/2025:04:37:58 -0700] "GET /shopdetail89364328?kg=0088619746 HTTP/2.0" 404 47282 "-" "Mozilla/5.0 AppleWebKit/537.36 (KHTML, like Gecko; compatible; GPTBot/1.2; +https://openai.com/gptbot)" 
66.249.68.133 - - [25/Oct/2025:04:37:59 -0700] "GET /shopdetail325152952?kg=0322443464 HTTP/1.1" 200 32858 "-" "Mozilla/5.0 (Linux; Android 6.0.1; Nexus 5X Build/MMB29P) AppleWebKit/537.36 (KHTML, like Gecko) Chrome/141.0.7390.122 Mobile Safari/537.36 (compatible; GoogleOther)" 
20.171.207.247 - - [25/Oct/2025:04:38:01 -0700] "GET /shopdetail224675512?kg=0222803336 HTTP/2.0" 404 47283 "-" "Mozilla/5.0 AppleWebKit/537.36 (KHTML, like Gecko; compatible; GPTBot/1.2; +https://openai.com/gptbot)" 
20.171.207.247 - - [25/Oct/2025:04:38:04 -0700] "GET /shopdetail224651792?kg=0222779813 HTTP/2.0" 404 47283 "-" "Mozilla/5.0 AppleWebKit/537.36 (KHTML, like Gecko; compatible; GPTBot/1.2; +https://openai.com/gptbot)" 
20.171.207.247 - - [25/Oct/2025:04:38:07 -0700] "GET /shopdetail252346008?kg=0250243244 HTTP/2.0" 404 47283 "-" "Mozilla/5.0 AppleWebKit/537.36 (KHTML, like Gecko; compatible; GPTBot/1.2; +https://openai.com/gptbot)" 
20.171.207.247 - - [25/Oct/2025:04:38:10 -0700] "GET /shopdetail159855208?kg=0158523202 HTTP/2.0" 404 47283 "-" "Mozilla/5.0 AppleWebKit/537.36 (KHTML, like Gecko; compatible; GPTBot/1.2; +https://openai.com/gptbot)" 
66.249.68.133 - - [25/Oct/2025:04:38:16 -0700] "GET /shopdetail74861616?kg=0074237889 HTTP/1.1" 200 31365 "-" "Mozilla/5.0 (Linux; Android 6.0.1; Nexus 5X Build/MMB29P) AppleWebKit/537.36 (KHTML, like Gecko) Chrome/141.0.7390.122 Mobile Safari/537.36 (compatible; GoogleOther)" 
64.90.53.137 - - [25/Oct/2025:04:38:15 -0700] "POST /wp-cron.php?doing_wp_cron=1761392295.4849689006805419921875 HTTP/1.1" 200 3634 "https://www.biblioglow.com/wp-cron.php?doing_wp_cron=1761392295.4849689006805419921875" "WordPress/6.1.9; https://www.biblioglow.com" 
20.171.207.247 - - [25/Oct/2025:04:38:13 -0700] "GET /shopdetail252392088?kg=0250288940 HTTP/2.0" 404 47283 "-" "Mozilla/5.0 AppleWebKit/537.36 (KHTML, like Gecko; compatible; GPTBot/1.2; +https://openai.com/gptbot)" 
20.171.207.247 - - [25/Oct/2025:04:38:17 -0700] "GET /shopdetail159853152?kg=0158521163 HTTP/2.0" 404 47283 "-" "Mozilla/5.0 AppleWebKit/537.36 (KHTML, like Gecko; compatible; GPTBot/1.2; +https://openai.com/gptbot)" 
20.171.207.247 - - [25/Oct/2025:04:38:20 -0700] "GET /shopdetail159846440?kg=0158514506 HTTP/2.0" 404 47283 "-" "Mozilla/5.0 AppleWebKit/537.36 (KHTML, like Gecko; compatible; GPTBot/1.2; +https://openai.com/gptbot)" 
20.171.207.247 - - [25/Oct/2025:04:38:23 -0700] "GET /shopdetail252420752?kg=0250317365 HTTP/2.0" 404 47283 "-" "Mozilla/5.0 AppleWebKit/537.36 (KHTML, like Gecko; compatible; GPTBot/1.2; +https://openai.com/gptbot)" 
20.171.207.247 - - [25/Oct/2025:04:38:26 -0700] "GET /shopdetail54100248?kg=0053649532 HTTP/2.0" 404 47282 "-" "Mozilla/5.0 AppleWebKit/537.36 (KHTML, like Gecko; compatible; GPTBot/1.2; +https://openai.com/gptbot)" 
20.171.207.247 - - [25/Oct/2025:04:38:29 -0700] "GET /shopdetail54163200?kg=0053711959 HTTP/2.0" 404 47282 "-" "Mozilla/5.0 AppleWebKit/537.36 (KHTML, like Gecko; compatible; GPTBot/1.2; +https://openai.com/gptbot)" 
185.191.171.10 - - [25/Oct/2025:04:38:29 -0700] "GET /the-shelf/prizes-awards/ HTTP/1.1" 200 15948 "-" "Mozilla/5.0 (compatible; SemrushBot/7~bl; +http://www.semrush.com/bot.html)" 
20.171.207.247 - - [25/Oct/2025:04:38:33 -0700] "GET /shopdetail252370544?kg=0250267577 HTTP/2.0" 404 47283 "-" "Mozilla/5.0 AppleWebKit/537.36 (KHTML, like Gecko; compatible; GPTBot/1.2; +https://openai.com/gptbot)" 
66.249.68.133 - - [25/Oct/2025:04:38:37 -0700] "GET /shopdetail160298456?kg=0158962756 HTTP/1.1" 200 31062 "-" "Mozilla/5.0 (Linux; Android 6.0.1; Nexus 5X Build/MMB29P) AppleWebKit/537.36 (KHTML, like Gecko) Chrome/141.0.7390.122 Mobile Safari/537.36 (compatible; GoogleOther)" 
20.171.207.247 - - [25/Oct/2025:04:38:36 -0700] "GET /shopdetail54166616?kg=0053715348 HTTP/2.0" 404 47282 "-" "Mozilla/5.0 AppleWebKit/537.36 (KHTML, like Gecko; compatible; GPTBot/1.2; +https://openai.com/gptbot)" 
114.119.151.155 - - [25/Oct/2025:04:38:36 -0700] "GET /shopdetail197633280?kg=0195986455 HTTP/1.1" 301 3732 "https://biblioglow.com/sitemap.xml" "Mozilla/5.0 (Linux; Android 7.0;) AppleWebKit/537.36 (KHTML, like Gecko) Mobile Safari/537.36 (compatible; PetalBot;+https://webmaster.petalsearch.com/site/petalbot)" 
20.171.207.247 - - [25/Oct/2025:04:38:39 -0700] "GET /shopdetail47877104?kg=0047478249 HTTP/2.0" 404 47282 "-" "Mozilla/5.0 AppleWebKit/537.36 (KHTML, like Gecko; compatible; GPTBot/1.2; +https://openai.com/gptbot)" 
114.119.151.155 - - [25/Oct/2025:04:38:40 -0700] "GET /shopdetail197633280?kg=0195986455 HTTP/1.1" 404 51133 "https://biblioglow.com/sitemap.xml" "Mozilla/5.0 (Linux; Android 7.0;) AppleWebKit/537.36 (KHTML, like Gecko) Mobile Safari/537.36 (compatible; PetalBot;+https://webmaster.petalsearch.com/site/petalbot)" 
20.171.207.247 - - [25/Oct/2025:04:38:42 -0700] "GET /shopdetail159851368?kg=0158519394 HTTP/2.0" 404 47283 "-" "Mozilla/5.0 AppleWebKit/537.36 (KHTML, like Gecko; compatible; GPTBot/1.2; +https://openai.com/gptbot)" 
20.171.207.247 - - [25/Oct/2025:04:38:45 -0700] "GET /shopdetail47887672?kg=0047488728 HTTP/2.0" 404 47282 "-" "Mozilla/5.0 AppleWebKit/537.36 (KHTML, like Gecko; compatible; GPTBot/1.2; +https://openai.com/gptbot)" 
185.191.171.5 - - [25/Oct/2025:04:38:46 -0700] "GET /shopdetail194988472?kg=0193363688 HTTP/1.1" 301 3732 "-" "Mozilla/5.0 (compatible; SemrushBot/7~bl; +http://www.semrush.com/bot.html)" 
85.208.96.199 - - [25/Oct/2025:04:38:47 -0700] "GET /shopdetail194988472?kg=0193363688 HTTP/1.1" 404 51133 "-" "Mozilla/5.0 (compatible; SemrushBot/7~bl; +http://www.semrush.com/bot.html)" 
20.171.207.247 - - [25/Oct/2025:04:38:49 -0700] "GET /shopdetail87694760?kg=0086964090 HTTP/2.0" 404 47282 "-" "Mozilla/5.0 AppleWebKit/537.36 (KHTML, like Gecko; compatible; GPTBot/1.2; +https://openai.com/gptbot)" 
66.249.68.133 - - [25/Oct/2025:04:38:50 -0700] "GET /shopdetail59892328?kg=0059393346 HTTP/1.1" 200 31427 "-" "Mozilla/5.0 (Linux; Android 6.0.1; Nexus 5X Build/MMB29P) AppleWebKit/537.36 (KHTML, like Gecko) Chrome/141.0.7390.122 Mobile Safari/537.36 (compatible; GoogleOther)" 
20.171.207.247 - - [25/Oct/2025:04:38:52 -0700] "GET /shopdetail87698736?kg=0086968033 HTTP/2.0" 404 47282 "-" "Mozilla/5.0 AppleWebKit/537.36 (KHTML, like Gecko; compatible; GPTBot/1.2; +https://openai.com/gptbot)" 
20.171.207.247 - - [25/Oct/2025:04:38:55 -0700] "GET /shopdetail89447720?kg=0088702442 HTTP/2.0" 404 47282 "-" "Mozilla/5.0 AppleWebKit/537.36 (KHTML, like Gecko; compatible; GPTBot/1.2; +https://openai.com/gptbot)" 
20.171.207.247 - - [25/Oct/2025:04:38:58 -0700] "GET /shopdetail278121040?kg=0275803485 HTTP/2.0" 404 47283 "-" "Mozilla/5.0 AppleWebKit/537.36 (KHTML, like Gecko; compatible; GPTBot/1.2; +https://openai.com/gptbot)" 
20.171.207.247 - - [25/Oct/2025:04:39:01 -0700] "GET /shopdetail120768816?kg=0119762529 HTTP/2.0" 404 47283 "-" "Mozilla/5.0 AppleWebKit/537.36 (KHTML, like Gecko; compatible; GPTBot/1.2; +https://openai.com/gptbot)" 
20.171.207.247 - - [25/Oct/2025:04:39:04 -0700] "GET /shopdetail278109112?kg=0275791656 HTTP/2.0" 404 47283 "-" "Mozilla/5.0 AppleWebKit/537.36 (KHTML, like Gecko; compatible; GPTBot/1.2; +https://openai.com/gptbot)" 
185.191.171.2 - - [25/Oct/2025:04:39:07 -0700] "GET /shopdetail195031528?kg=0193406386 HTTP/1.1" 301 3732 "-" "Mozilla/5.0 (compatible; SemrushBot/7~bl; +http://www.semrush.com/bot.html)" 
20.171.207.247 - - [25/Oct/2025:04:39:07 -0700] "GET /shopdetail171639624?kg=0170209414 HTTP/2.0" 404 47283 "-" "Mozilla/5.0 AppleWebKit/537.36 (KHTML, like Gecko; compatible; GPTBot/1.2; +https://openai.com/gptbot)" 
20.171.207.247 - - [25/Oct/2025:04:39:11 -0700] "GET /shopdetail159860016?kg=0158527969 HTTP/2.0" 404 47283 "-" "Mozilla/5.0 AppleWebKit/537.36 (KHTML, like Gecko; compatible; GPTBot/1.2; +https://openai.com/gptbot)" 
64.90.53.137 - - [25/Oct/2025:04:39:13 -0700] "POST /wp-cron.php?doing_wp_cron=1761392353.0031139850616455078125 HTTP/1.1" 200 3634 "https://www.biblioglow.com/wp-cron.php?doing_wp_cron=1761392353.0031139850616455078125" "WordPress/6.1.9; https://www.biblioglow.com" 
85.208.96.199 - - [25/Oct/2025:04:39:11 -0700] "GET /shopdetail195031528?kg=0193406386 HTTP/1.1" 404 51133 "-" "Mozilla/5.0 (compatible; SemrushBot/7~bl; +http://www.semrush.com/bot.html)" 
66.249.68.133 - - [25/Oct/2025:04:39:14 -0700] "GET /shopdetail162639768?kg=0161284556 HTTP/1.1" 200 30532 "-" "Mozilla/5.0 (Linux; Android 6.0.1; Nexus 5X Build/MMB29P) AppleWebKit/537.36 (KHTML, like Gecko) Chrome/141.0.7390.122 Mobile Safari/537.36 (compatible; GoogleOther)" 
20.171.207.247 - - [25/Oct/2025:04:39:14 -0700] "GET /shopdetail252344768?kg=0250242015 HTTP/2.0" 404 47283 "-" "Mozilla/5.0 AppleWebKit/537.36 (KHTML, like Gecko; compatible; GPTBot/1.2; +https://openai.com/gptbot)" 
20.171.207.247 - - [25/Oct/2025:04:39:17 -0700] "GET /shopdetail278091560?kg=0275774250 HTTP/2.0" 404 47283 "-" "Mozilla/5.0 AppleWebKit/537.36 (KHTML, like Gecko; compatible; GPTBot/1.2; +https://openai.com/gptbot)" 
20.171.207.247 - - [25/Oct/2025:04:39:20 -0700] "GET /shopdetail252381248?kg=0250278191 HTTP/2.0" 404 47283 "-" "Mozilla/5.0 AppleWebKit/537.36 (KHTML, like Gecko; compatible; GPTBot/1.2; +https://openai.com/gptbot)" 
66.249.68.134 - - [25/Oct/2025:04:39:24 -0700] "GET /shopdetail309711480?kg=0307130672 HTTP/1.1" 200 32126 "-" "Mozilla/5.0 (Linux; Android 6.0.1; Nexus 5X Build/MMB29P) AppleWebKit/537.36 (KHTML, like Gecko) Chrome/141.0.7390.122 Mobile Safari/537.36 (compatible; GoogleOther)" 
20.171.207.247 - - [25/Oct/2025:04:39:23 -0700] "GET /shopdetail87664312?kg=0086933896 HTTP/2.0" 404 47282 "-" "Mozilla/5.0 AppleWebKit/537.36 (KHTML, like Gecko; compatible; GPTBot/1.2; +https://openai.com/gptbot)" 
20.171.207.247 - - [25/Oct/2025:04:39:27 -0700] "GET /shopdetail171639080?kg=0170208874 HTTP/2.0" 404 47283 "-" "Mozilla/5.0 AppleWebKit/537.36 (KHTML, like Gecko; compatible; GPTBot/1.2; +https://openai.com/gptbot)" 
20.171.207.247 - - [25/Oct/2025:04:39:30 -0700] "GET /shopdetail89370784?kg=0088626147 HTTP/2.0" 404 47282 "-" "Mozilla/5.0 AppleWebKit/537.36 (KHTML, like Gecko; compatible; GPTBot/1.2; +https://openai.com/gptbot)" 
20.171.207.247 - - [25/Oct/2025:04:39:33 -0700] "GET /shopdetail89382440?kg=0088637706 HTTP/2.0" 404 47417 "-" "Mozilla/5.0 AppleWebKit/537.36 (KHTML, like Gecko; compatible; GPTBot/1.2; +https://openai.com/gptbot)" 
20.171.207.247 - - [25/Oct/2025:04:39:36 -0700] "GET /shopdetail89450728?kg=0088705426 HTTP/2.0" 404 47282 "-" "Mozilla/5.0 AppleWebKit/537.36 (KHTML, like Gecko; compatible; GPTBot/1.2; +https://openai.com/gptbot)" 
20.171.207.247 - - [25/Oct/2025:04:39:39 -0700] "GET /shopdetail224659184?kg=0222787145 HTTP/2.0" 404 47283 "-" "Mozilla/5.0 AppleWebKit/537.36 (KHTML, like Gecko; compatible; GPTBot/1.2; +https://openai.com/gptbot)" 
20.171.207.247 - - [25/Oct/2025:04:39:42 -0700] "GET /shopdetail224687984?kg=0222815705 HTTP/2.0" 404 47283 "-" "Mozilla/5.0 AppleWebKit/537.36 (KHTML, like Gecko; compatible; GPTBot/1.2; +https://openai.com/gptbot)" 
20.171.207.247 - - [25/Oct/2025:04:39:45 -0700] "GET /shopdetail171684888?kg=0170254300 HTTP/2.0" 404 47283 "-" "Mozilla/5.0 AppleWebKit/537.36 (KHTML, like Gecko; compatible; GPTBot/1.2; +https://openai.com/gptbot)" 
20.171.207.247 - - [25/Oct/2025:04:39:49 -0700] "GET /shopdetail171666368?kg=0170235935 HTTP/2.0" 404 47283 "-" "Mozilla/5.0 AppleWebKit/537.36 (KHTML, like Gecko; compatible; GPTBot/1.2; +https://openai.com/gptbot)" 
66.249.68.133 - - [25/Oct/2025:04:39:51 -0700] "GET /shopdetail161470064?kg=0160124601 HTTP/1.1" 200 32177 "-" "Mozilla/5.0 (Linux; Android 6.0.1; Nexus 5X Build/MMB29P) AppleWebKit/537.36 (KHTML, like Gecko) Chrome/141.0.7390.122 Mobile Safari/537.36 (compatible; GoogleOther)" 
20.171.207.247 - - [25/Oct/2025:04:39:52 -0700] "GET /shopdetail224675920?kg=0222803741 HTTP/2.0" 404 47283 "-" "Mozilla/5.0 AppleWebKit/537.36 (KHTML, like Gecko; compatible; GPTBot/1.2; +https://openai.com/gptbot)" 
20.171.207.247 - - [25/Oct/2025:04:39:55 -0700] "GET /shopdetail120784312?kg=0119777896 HTTP/2.0" 404 47283 "-" "Mozilla/5.0 AppleWebKit/537.36 (KHTML, like Gecko; compatible; GPTBot/1.2; +https://openai.com/gptbot)" 
66.249.68.133 - - [25/Oct/2025:04:39:58 -0700] "GET /shopdetail32178912?kg=0031910875 HTTP/1.1" 200 31912 "-" "Mozilla/5.0 (Linux; Android 6.0.1; Nexus 5X Build/MMB29P) AppleWebKit/537.36 (KHTML, like Gecko) Chrome/141.0.7390.122 Mobile Safari/537.36 (compatible; GoogleOther)" 
20.171.207.247 - - [25/Oct/2025:04:39:58 -0700] "GET /shopdetail252418000?kg=0250314637 HTTP/2.0" 404 47283 "-" "Mozilla/5.0 AppleWebKit/537.36 (KHTML, like Gecko; compatible; GPTBot/1.2; +https://openai.com/gptbot)" 
114.119.151.155 - - [25/Oct/2025:04:39:59 -0700] "GET /shopdetail197633128?kg=0195986306 HTTP/1.1" 301 3732 "https://biblioglow.com/sitemap.xml" "Mozilla/5.0 (Linux; Android 7.0;) AppleWebKit/537.36 (KHTML, like Gecko) Mobile Safari/537.36 (compatible; PetalBot;+https://webmaster.petalsearch.com/site/petalbot)" 
114.119.151.155 - - [25/Oct/2025:04:40:00 -0700] "GET /shopdetail197633128?kg=0195986306 HTTP/1.1" 404 51111 "https://biblioglow.com/sitemap.xml" "Mozilla/5.0 (Linux; Android 7.0;) AppleWebKit/537.36 (KHTML, like Gecko) Mobile Safari/537.36 (compatible; PetalBot;+https://webmaster.petalsearch.com/site/petalbot)" 
20.171.207.247 - - [25/Oct/2025:04:40:01 -0700] "GET /shopdetail278139000?kg=0275821296 HTTP/2.0" 404 47283 "-" "Mozilla/5.0 AppleWebKit/537.36 (KHTML, like Gecko; compatible; GPTBot/1.2; +https://openai.com/gptbot)" 
85.208.96.197 - - [25/Oct/2025:04:40:03 -0700] "GET /shopdetail194951992?kg=0193327512 HTTP/1.1" 301 3732 "-" "Mozilla/5.0 (compatible; SemrushBot/7~bl; +http://www.semrush.com/bot.html)" 
20.171.207.247 - - [25/Oct/2025:04:40:04 -0700] "GET /shopdetail224690056?kg=0222817758 HTTP/2.0" 404 47283 "-" "Mozilla/5.0 AppleWebKit/537.36 (KHTML, like Gecko; compatible; GPTBot/1.2; +https://openai.com/gptbot)" 
85.208.96.202 - - [25/Oct/2025:04:40:05 -0700] "GET /shopdetail194951992?kg=0193327512 HTTP/1.1" 404 51133 "-" "Mozilla/5.0 (compatible; SemrushBot/7~bl; +http://www.semrush.com/bot.html)" 
20.171.207.247 - - [25/Oct/2025:04:40:08 -0700] "GET /shopdetail224607496?kg=0222735886 HTTP/2.0" 404 47283 "-" "Mozilla/5.0 AppleWebKit/537.36 (KHTML, like Gecko; compatible; GPTBot/1.2; +https://openai.com/gptbot)" 
20.171.207.247 - - [25/Oct/2025:04:40:11 -0700] "GET /shopdetail224589656?kg=0222718196 HTTP/2.0" 404 47283 "-" "Mozilla/5.0 AppleWebKit/537.36 (KHTML, like Gecko; compatible; GPTBot/1.2; +https://openai.com/gptbot)" 
64.90.53.137 - - [25/Oct/2025:04:40:14 -0700] "POST /wp-cron.php?doing_wp_cron=1761392414.8485469818115234375000 HTTP/1.1" 200 3634 "https://www.biblioglow.com/wp-cron.php?doing_wp_cron=1761392414.8485469818115234375000" "WordPress/6.1.9; https://www.biblioglow.com" 
20.171.207.247 - - [25/Oct/2025:04:40:14 -0700] "GET /shopdetail159909120?kg=0158576663 HTTP/2.0" 404 47283 "-" "Mozilla/5.0 AppleWebKit/537.36 (KHTML, like Gecko; compatible; GPTBot/1.2; +https://openai.com/gptbot)" 
85.208.96.197 - - [25/Oct/2025:04:40:16 -0700] "GET /shopdetail195042504?kg=0193417270 HTTP/1.1" 301 3732 "-" "Mozilla/5.0 (compatible; SemrushBot/7~bl; +http://www.semrush.com/bot.html)" 
20.171.207.247 - - [25/Oct/2025:04:40:17 -0700] "GET /shopdetail224639168?kg=0222767295 HTTP/2.0" 404 47283 "-" "Mozilla/5.0 AppleWebKit/537.36 (KHTML, like Gecko; compatible; GPTBot/1.2; +https://openai.com/gptbot)" 
85.208.96.208 - - [25/Oct/2025:04:40:17 -0700] "GET /shopdetail195042504?kg=0193417270 HTTP/1.1" 404 51133 "-" "Mozilla/5.0 (compatible; SemrushBot/7~bl; +http://www.semrush.com/bot.html)" 
20.171.207.247 - - [25/Oct/2025:04:40:20 -0700] "GET /shopdetail159849736?kg=0158517774 HTTP/2.0" 404 47283 "-" "Mozilla/5.0 AppleWebKit/537.36 (KHTML, like Gecko; compatible; GPTBot/1.2; +https://openai.com/gptbot)" 
185.191.171.5 - - [25/Oct/2025:04:40:22 -0700] "GET /shopdetail195052240?kg=0193426925 HTTP/1.1" 301 3732 "-" "Mozilla/5.0 (compatible; SemrushBot/7~bl; +http://www.semrush.com/bot.html)" 
20.171.207.247 - - [25/Oct/2025:04:40:23 -0700] "GET /shopdetail224595144?kg=0222723638 HTTP/2.0" 404 47283 "-" "Mozilla/5.0 AppleWebKit/537.36 (KHTML, like Gecko; compatible; GPTBot/1.2; +https://openai.com/gptbot)" 
85.208.96.198 - - [25/Oct/2025:04:40:23 -0700] "GET /shopdetail195052240?kg=0193426925 HTTP/1.1" 404 51133 "-" "Mozilla/5.0 (compatible; SemrushBot/7~bl; +http://www.semrush.com/bot.html)" 
20.171.207.247 - - [25/Oct/2025:04:40:26 -0700] "GET /shopdetail224668512?kg=0222796395 HTTP/2.0" 404 47283 "-" "Mozilla/5.0 AppleWebKit/537.36 (KHTML, like Gecko; compatible; GPTBot/1.2; +https://openai.com/gptbot)" 
