66.249.79.5 - - [25/Oct/2025:01:51:04 -0700] "GET /shopdetail8285344?kg=0008216419 HTTP/1.1" 200 31630 "-" "Mozilla/5.0 (Linux; Android 6.0.1; Nexus 5X Build/MMB29P) AppleWebKit/537.36 (KHTML, like Gecko) Chrome/141.0.7390.122 Mobile Safari/537.36 (compatible; Googlebot/2.1; +http://www.google.com/bot.html)" 
185.191.171.14 - - [25/Oct/2025:01:51:11 -0700] "GET /shopdetail194992720?kg=0193367901 HTTP/1.1" 301 3732 "-" "Mozilla/5.0 (compatible; SemrushBot/7~bl; +http://www.semrush.com/bot.html)" 
64.90.53.137 - - [25/Oct/2025:01:51:28 -0700] "POST /wp-cron.php?doing_wp_cron=1761382288.2342450618743896484375 HTTP/1.1" 200 3634 "https://www.biblioglow.com/wp-cron.php?doing_wp_cron=1761382288.2342450618743896484375" "WordPress/6.1.9; https://www.biblioglow.com" 
114.119.135.207 - - [25/Oct/2025:01:51:27 -0700] "GET /shopdetail68811288?kg=0068237980 HTTP/1.1" 301 3731 "https://biblioglow.com/sitemap.xml" "Mozilla/5.0 (Linux; Android 7.0;) AppleWebKit/537.36 (KHTML, like Gecko) Mobile Safari/537.36 (compatible; PetalBot;+https://webmaster.petalsearch.com/site/petalbot)" 
114.119.135.207 - - [25/Oct/2025:01:51:30 -0700] "GET /shopdetail68811288?kg=0068237980 HTTP/1.1" 404 51132 "https://biblioglow.com/sitemap.xml" "Mozilla/5.0 (Linux; Android 7.0;) AppleWebKit/537.36 (KHTML, like Gecko) Mobile Safari/537.36 (compatible; PetalBot;+https://webmaster.petalsearch.com/site/petalbot)" 
49.205.40.121 - - [25/Oct/2025:01:51:34 -0700] "POST /xmlrpc.php HTTP/1.1" 200 4060 "-" "Mozilla/5.0 (Macintosh; Intel Mac OS X 10_15_7; x64) AppleWebKit/537.36 (KHTML, like Gecko) Chrome/84.0.0.0 Safari/537.36" 
66.249.68.134 - - [25/Oct/2025:01:51:36 -0700] "GET /shopdetail34515960?kg=0034228448 HTTP/1.1" 200 31274 "-" "Mozilla/5.0 (Linux; Android 6.0.1; Nexus 5X Build/MMB29P) AppleWebKit/537.36 (KHTML, like Gecko) Chrome/141.0.7390.122 Mobile Safari/537.36 (compatible; GoogleOther)" 
66.249.68.134 - - [25/Oct/2025:01:51:39 -0700] "GET /shopdetail34957712?kg=0034666517 HTTP/1.1" 200 27443 "-" "Mozilla/5.0 (Linux; Android 6.0.1; Nexus 5X Build/MMB29P) AppleWebKit/537.36 (KHTML, like Gecko) Chrome/141.0.7390.122 Mobile Safari/537.36 (compatible; GoogleOther)" 
156.212.135.134 - - [25/Oct/2025:01:52:04 -0700] "POST /xmlrpc.php HTTP/1.1" 200 4060 "-" "Mozilla/5.0 (Macintosh; Intel Mac OS X 10_15_7; x64) AppleWebKit/537.36 (KHTML, like Gecko) Safari/15.0.0.0 Safari/537.36" 
66.249.68.135 - - [25/Oct/2025:01:52:14 -0700] "GET /shopdetail324624816?kg=0321919729 HTTP/1.1" 200 31027 "-" "Mozilla/5.0 (Linux; Android 6.0.1; Nexus 5X Build/MMB29P) AppleWebKit/537.36 (KHTML, like Gecko) Chrome/141.0.7390.122 Mobile Safari/537.36 (compatible; GoogleOther)" 
66.249.68.135 - - [25/Oct/2025:01:52:16 -0700] "GET /shopdetail160823448?kg=0159483372 HTTP/1.1" 200 27353 "-" "Mozilla/5.0 (Linux; Android 6.0.1; Nexus 5X Build/MMB29P) AppleWebKit/537.36 (KHTML, like Gecko) Chrome/141.0.7390.122 Mobile Safari/537.36 (compatible; GoogleOther)" 
64.90.53.137 - - [25/Oct/2025:01:52:34 -0700] "POST /wp-cron.php?doing_wp_cron=1761382354.1421999931335449218750 HTTP/1.1" 200 3634 "https://www.biblioglow.com/wp-cron.php?doing_wp_cron=1761382354.1421999931335449218750" "WordPress/6.1.9; https://www.biblioglow.com" 
49.205.40.121 - - [25/Oct/2025:01:52:33 -0700] "POST /xmlrpc.php HTTP/1.1" 200 4060 "-" "Mozilla/5.0 (Macintosh; Intel Mac OS X 10_15_7; arm64) AppleWebKit/537.36 (KHTML, like Gecko) Chrome/81.0.0.0 Safari/537.36" 
85.208.96.209 - - [25/Oct/2025:01:52:39 -0700] "GET /shopdetail194992720?kg=0193367901 HTTP/1.1" 404 51133 "-" "Mozilla/5.0 (compatible; SemrushBot/7~bl; +http://www.semrush.com/bot.html)" 
114.119.141.83 - - [25/Oct/2025:01:52:50 -0700] "GET /shopdetail68811152?kg=0068237845 HTTP/1.1" 301 3731 "https://biblioglow.com/sitemap.xml" "Mozilla/5.0 (Linux; Android 7.0;) AppleWebKit/537.36 (KHTML, like Gecko) Mobile Safari/537.36 (compatible; PetalBot;+https://webmaster.petalsearch.com/site/petalbot)" 
114.119.141.83 - - [25/Oct/2025:01:52:51 -0700] "GET /shopdetail68811152?kg=0068237845 HTTP/1.1" 404 51132 "https://biblioglow.com/sitemap.xml" "Mozilla/5.0 (Linux; Android 7.0;) AppleWebKit/537.36 (KHTML, like Gecko) Mobile Safari/537.36 (compatible; PetalBot;+https://webmaster.petalsearch.com/site/petalbot)" 
66.249.68.134 - - [25/Oct/2025:01:52:52 -0700] "GET /shopdetail161178360?kg=0159835328 HTTP/1.1" 200 31448 "-" "Mozilla/5.0 (Linux; Android 6.0.1; Nexus 5X Build/MMB29P) AppleWebKit/537.36 (KHTML, like Gecko) Chrome/141.0.7390.122 Mobile Safari/537.36 (compatible; GoogleOther)" 
66.249.68.133 - - [25/Oct/2025:01:52:55 -0700] "GET /shopdetail188419472?kg=0186849429 HTTP/1.1" 200 31000 "-" "Mozilla/5.0 (Linux; Android 6.0.1; Nexus 5X Build/MMB29P) AppleWebKit/537.36 (KHTML, like Gecko) Chrome/141.0.7390.122 Mobile Safari/537.36 (compatible; GoogleOther)" 
66.249.68.134 - - [25/Oct/2025:01:53:29 -0700] "GET /shopdetail73959896?kg=0073343684 HTTP/1.1" 200 30642 "-" "Mozilla/5.0 (Linux; Android 6.0.1; Nexus 5X Build/MMB29P) AppleWebKit/537.36 (KHTML, like Gecko) Chrome/141.0.7390.122 Mobile Safari/537.36 (compatible; GoogleOther)" 
66.249.68.135 - - [25/Oct/2025:01:53:32 -0700] "GET /shopdetail74705960?kg=0074083530 HTTP/1.1" 200 32123 "-" "Mozilla/5.0 (Linux; Android 6.0.1; Nexus 5X Build/MMB29P) AppleWebKit/537.36 (KHTML, like Gecko) Chrome/141.0.7390.122 Mobile Safari/537.36 (compatible; GoogleOther)" 
64.90.53.137 - - [25/Oct/2025:01:53:35 -0700] "POST /wp-cron.php?doing_wp_cron=1761382415.9249849319458007812500 HTTP/1.1" 200 3634 "https://www.biblioglow.com/wp-cron.php?doing_wp_cron=1761382415.9249849319458007812500" "WordPress/6.1.9; https://www.biblioglow.com" 
49.205.40.121 - - [25/Oct/2025:01:53:35 -0700] "POST /xmlrpc.php HTTP/1.1" 200 4060 "-" "Mozilla/5.0 (Linux; Android 10; arm64) AppleWebKit/537.36 (KHTML, like Gecko) Safari/12.0.0.0 Safari/537.36" 
85.208.96.195 - - [25/Oct/2025:01:53:36 -0700] "GET /shopdetail195018360?kg=0193393328 HTTP/1.1" 301 3732 "-" "Mozilla/5.0 (compatible; SemrushBot/7~bl; +http://www.semrush.com/bot.html)" 
85.208.96.193 - - [25/Oct/2025:01:53:38 -0700] "GET /shopdetail195018360?kg=0193393328 HTTP/1.1" 404 51133 "-" "Mozilla/5.0 (compatible; SemrushBot/7~bl; +http://www.semrush.com/bot.html)" 
66.249.68.133 - - [25/Oct/2025:01:54:06 -0700] "GET /shopdetail34300936?kg=0034015214 HTTP/1.1" 200 31589 "-" "Mozilla/5.0 (Linux; Android 6.0.1; Nexus 5X Build/MMB29P) AppleWebKit/537.36 (KHTML, like Gecko) Chrome/141.0.7390.122 Mobile Safari/537.36 (compatible; GoogleOther)" 
66.249.68.133 - - [25/Oct/2025:01:54:09 -0700] "GET /shopdetail160098912?kg=0158764875 HTTP/1.1" 200 29091 "-" "Mozilla/5.0 (Linux; Android 6.0.1; Nexus 5X Build/MMB29P) AppleWebKit/537.36 (KHTML, like Gecko) Chrome/141.0.7390.122 Mobile Safari/537.36 (compatible; GoogleOther)" 
64.90.53.137 - - [25/Oct/2025:01:54:16 -0700] "POST /wp-cron.php?doing_wp_cron=1761382456.6217710971832275390625 HTTP/1.1" 200 3634 "https://www.biblioglow.com/wp-cron.php?doing_wp_cron=1761382456.6217710971832275390625" "WordPress/6.1.9; https://www.biblioglow.com" 
114.119.148.10 - - [25/Oct/2025:01:54:16 -0700] "GET /shopdetail68810048?kg=0068236751 HTTP/1.1" 301 3731 "https://biblioglow.com/sitemap.xml" "Mozilla/5.0 (Linux; Android 7.0;) AppleWebKit/537.36 (KHTML, like Gecko) Mobile Safari/537.36 (compatible; PetalBot;+https://webmaster.petalsearch.com/site/petalbot)" 
114.119.148.10 - - [25/Oct/2025:01:54:17 -0700] "GET /shopdetail68810048?kg=0068236751 HTTP/1.1" 404 51132 "https://biblioglow.com/sitemap.xml" "Mozilla/5.0 (Linux; Android 7.0;) AppleWebKit/537.36 (KHTML, like Gecko) Mobile Safari/537.36 (compatible; PetalBot;+https://webmaster.petalsearch.com/site/petalbot)" 
49.205.40.121 - - [25/Oct/2025:01:54:34 -0700] "POST /xmlrpc.php HTTP/1.1" 200 4060 "-" "Mozilla/5.0 (Windows NT 10.0; x64) AppleWebKit/537.36 (KHTML, like Gecko) Safari/15.0.0.0 Safari/537.36" 
85.208.96.204 - - [25/Oct/2025:01:54:36 -0700] "GET /shopdetail195039632?kg=0193414421 HTTP/1.1" 301 3732 "-" "Mozilla/5.0 (compatible; SemrushBot/7~bl; +http://www.semrush.com/bot.html)" 
85.208.96.201 - - [25/Oct/2025:01:54:37 -0700] "GET /shopdetail195039632?kg=0193414421 HTTP/1.1" 404 51133 "-" "Mozilla/5.0 (compatible; SemrushBot/7~bl; +http://www.semrush.com/bot.html)" 
66.249.68.134 - - [25/Oct/2025:01:54:43 -0700] "GET /shopdetail325472912?kg=0322760757 HTTP/1.1" 200 31169 "-" "Mozilla/5.0 (Linux; Android 6.0.1; Nexus 5X Build/MMB29P) AppleWebKit/537.36 (KHTML, like Gecko) Chrome/141.0.7390.122 Mobile Safari/537.36 (compatible; GoogleOther)" 
66.249.68.134 - - [25/Oct/2025:01:54:46 -0700] "GET /shopdetail72760440?kg=0072154224 HTTP/1.1" 200 27159 "-" "Mozilla/5.0 (Linux; Android 6.0.1; Nexus 5X Build/MMB29P) AppleWebKit/537.36 (KHTML, like Gecko) Chrome/141.0.7390.122 Mobile Safari/537.36 (compatible; GoogleOther)" 
156.212.135.134 - - [25/Oct/2025:01:54:54 -0700] "POST /xmlrpc.php HTTP/1.1" 200 4060 "-" "Mozilla/5.0 (Macintosh; Intel Mac OS X 10_15_7; x64) AppleWebKit/537.36 (KHTML, like Gecko) Opera/60.0.0.0 Safari/537.36" 
185.191.171.12 - - [25/Oct/2025:01:54:55 -0700] "GET /shopdetail194961320?kg=0193336762 HTTP/1.1" 301 3732 "-" "Mozilla/5.0 (compatible; SemrushBot/7~bl; +http://www.semrush.com/bot.html)" 
185.191.171.12 - - [25/Oct/2025:01:54:57 -0700] "GET /shopdetail194961320?kg=0193336762 HTTP/1.1" 404 51133 "-" "Mozilla/5.0 (compatible; SemrushBot/7~bl; +http://www.semrush.com/bot.html)" 
66.249.68.133 - - [25/Oct/2025:01:55:20 -0700] "GET /shopdetail34374712?kg=0034088376 HTTP/1.1" 200 30687 "-" "Mozilla/5.0 (Linux; Android 6.0.1; Nexus 5X Build/MMB29P) AppleWebKit/537.36 (KHTML, like Gecko) Chrome/141.0.7390.122 Mobile Safari/537.36 (compatible; GoogleOther)" 
66.249.68.133 - - [25/Oct/2025:01:55:24 -0700] "GET /shopdetail76517472?kg=0075879947 HTTP/1.1" 200 28233 "-" "Mozilla/5.0 (Linux; Android 6.0.1; Nexus 5X Build/MMB29P) AppleWebKit/537.36 (KHTML, like Gecko) Chrome/141.0.7390.122 Mobile Safari/537.36 (compatible; GoogleOther)" 
64.90.53.137 - - [25/Oct/2025:01:55:39 -0700] "POST /wp-cron.php?doing_wp_cron=1761382539.3052780628204345703125 HTTP/1.1" 200 3634 "https://www.biblioglow.com/wp-cron.php?doing_wp_cron=1761382539.3052780628204345703125" "WordPress/6.1.9; https://www.biblioglow.com" 
114.119.130.109 - - [25/Oct/2025:01:55:38 -0700] "GET /shopdetail68809640?kg=0068236346 HTTP/1.1" 301 3731 "https://biblioglow.com/sitemap.xml" "Mozilla/5.0 (Linux; Android 7.0;) AppleWebKit/537.36 (KHTML, like Gecko) Mobile Safari/537.36 (compatible; PetalBot;+https://webmaster.petalsearch.com/site/petalbot)" 
114.119.130.109 - - [25/Oct/2025:01:55:40 -0700] "GET /shopdetail68809640?kg=0068236346 HTTP/1.1" 404 51132 "https://biblioglow.com/sitemap.xml" "Mozilla/5.0 (Linux; Android 7.0;) AppleWebKit/537.36 (KHTML, like Gecko) Mobile Safari/537.36 (compatible; PetalBot;+https://webmaster.petalsearch.com/site/petalbot)" 
66.249.68.133 - - [25/Oct/2025:01:55:56 -0700] "GET /shopdetail58644464?kg=0058155881 HTTP/1.1" 200 31014 "-" "Mozilla/5.0 (Linux; Android 6.0.1; Nexus 5X Build/MMB29P) AppleWebKit/537.36 (KHTML, like Gecko) Chrome/141.0.7390.122 Mobile Safari/537.36 (compatible; GoogleOther)" 
66.249.68.135 - - [25/Oct/2025:01:56:02 -0700] "GET /shopdetail34927128?kg=0034636188 HTTP/1.1" 200 31222 "-" "Mozilla/5.0 (Linux; Android 6.0.1; Nexus 5X Build/MMB29P) AppleWebKit/537.36 (KHTML, like Gecko) Chrome/141.0.7390.122 Mobile Safari/537.36 (compatible; GoogleOther)" 
66.249.68.133 - - [25/Oct/2025:01:56:33 -0700] "GET /shopdetail159582432?kg=0158252699 HTTP/1.1" 200 30532 "-" "Mozilla/5.0 (Linux; Android 6.0.1; Nexus 5X Build/MMB29P) AppleWebKit/537.36 (KHTML, like Gecko) Chrome/141.0.7390.122 Mobile Safari/537.36 (compatible; GoogleOther)" 
66.249.68.133 - - [25/Oct/2025:01:56:40 -0700] "GET /shopdetail72058688?kg=0071458319 HTTP/1.1" 200 32074 "-" "Mozilla/5.0 (Linux; Android 6.0.1; Nexus 5X Build/MMB29P) AppleWebKit/537.36 (KHTML, like Gecko) Chrome/141.0.7390.122 Mobile Safari/537.36 (compatible; GoogleOther)" 
64.90.53.137 - - [25/Oct/2025:01:56:49 -0700] "POST /wp-cron.php?doing_wp_cron=1761382609.3128850460052490234375 HTTP/1.1" 200 3634 "https://www.biblioglow.com/wp-cron.php?doing_wp_cron=1761382609.3128850460052490234375" "WordPress/6.1.9; https://www.biblioglow.com" 
185.191.171.2 - - [25/Oct/2025:01:56:48 -0700] "GET /shopdetail195042096?kg=0193416865 HTTP/1.1" 301 3732 "-" "Mozilla/5.0 (compatible; SemrushBot/7~bl; +http://www.semrush.com/bot.html)" 
85.208.96.212 - - [25/Oct/2025:01:56:50 -0700] "GET /shopdetail195042096?kg=0193416865 HTTP/1.1" 404 51133 "-" "Mozilla/5.0 (compatible; SemrushBot/7~bl; +http://www.semrush.com/bot.html)" 
156.212.135.134 - - [25/Oct/2025:01:56:54 -0700] "POST /xmlrpc.php HTTP/1.1" 200 4060 "-" "Mozilla/5.0 (Windows NT 6.3; x86) AppleWebKit/537.36 (KHTML, like Gecko) Opera/74.0.0.0 Safari/537.36" 
85.208.96.205 - - [25/Oct/2025:01:56:58 -0700] "GET /shopdetail195035792?kg=0193410613 HTTP/1.1" 301 3732 "-" "Mozilla/5.0 (compatible; SemrushBot/7~bl; +http://www.semrush.com/bot.html)" 
185.191.171.5 - - [25/Oct/2025:01:56:59 -0700] "GET /shopdetail195035792?kg=0193410613 HTTP/1.1" 404 51133 "-" "Mozilla/5.0 (compatible; SemrushBot/7~bl; +http://www.semrush.com/bot.html)" 
114.119.130.109 - - [25/Oct/2025:01:57:01 -0700] "GET /shopdetail68808960?kg=0068235671 HTTP/1.1" 301 3731 "https://biblioglow.com/sitemap.xml" "Mozilla/5.0 (Linux; Android 7.0;) AppleWebKit/537.36 (KHTML, like Gecko) Mobile Safari/537.36 (compatible; PetalBot;+https://webmaster.petalsearch.com/site/petalbot)" 
114.119.130.109 - - [25/Oct/2025:01:57:03 -0700] "GET /shopdetail68808960?kg=0068235671 HTTP/1.1" 404 51132 "https://biblioglow.com/sitemap.xml" "Mozilla/5.0 (Linux; Android 7.0;) AppleWebKit/537.36 (KHTML, like Gecko) Mobile Safari/537.36 (compatible; PetalBot;+https://webmaster.petalsearch.com/site/petalbot)" 
85.208.96.193 - - [25/Oct/2025:01:57:05 -0700] "GET /shopdetail195046344?kg=0193421078 HTTP/1.1" 301 3732 "-" "Mozilla/5.0 (compatible; SemrushBot/7~bl; +http://www.semrush.com/bot.html)" 
85.208.96.193 - - [25/Oct/2025:01:57:06 -0700] "GET /shopdetail195046344?kg=0193421078 HTTP/1.1" 404 51133 "-" "Mozilla/5.0 (compatible; SemrushBot/7~bl; +http://www.semrush.com/bot.html)" 
66.249.68.133 - - [25/Oct/2025:01:57:10 -0700] "GET /shopdetail75054840?kg=0074429504 HTTP/1.1" 200 32169 "-" "Mozilla/5.0 (Linux; Android 6.0.1; Nexus 5X Build/MMB29P) AppleWebKit/537.36 (KHTML, like Gecko) Chrome/141.0.7390.122 Mobile Safari/537.36 (compatible; GoogleOther)" 
66.249.68.134 - - [25/Oct/2025:01:57:18 -0700] "GET /shopdetail72058008?kg=0071457644 HTTP/1.1" 200 30622 "-" "Mozilla/5.0 (Linux; Android 6.0.1; Nexus 5X Build/MMB29P) AppleWebKit/537.36 (KHTML, like Gecko) Chrome/141.0.7390.122 Mobile Safari/537.36 (compatible; GoogleOther)" 
64.90.53.137 - - [25/Oct/2025:01:57:32 -0700] "POST /wp-cron.php?doing_wp_cron=1761382652.3256030082702636718750 HTTP/1.1" 200 3634 "https://www.biblioglow.com/wp-cron.php?doing_wp_cron=1761382652.3256030082702636718750" "WordPress/6.1.9; https://www.biblioglow.com" 
185.191.171.7 - - [25/Oct/2025:01:57:31 -0700] "GET /shopdetail194993400?kg=0193368576 HTTP/1.1" 301 3732 "-" "Mozilla/5.0 (compatible; SemrushBot/7~bl; +http://www.semrush.com/bot.html)" 
85.208.96.193 - - [25/Oct/2025:01:57:33 -0700] "GET /shopdetail194993400?kg=0193368576 HTTP/1.1" 404 51133 "-" "Mozilla/5.0 (compatible; SemrushBot/7~bl; +http://www.semrush.com/bot.html)" 
66.249.68.133 - - [25/Oct/2025:01:57:46 -0700] "GET /shopdetail188405880?kg=0186835952 HTTP/1.1" 200 30564 "-" "Mozilla/5.0 (Linux; Android 6.0.1; Nexus 5X Build/MMB29P) AppleWebKit/537.36 (KHTML, like Gecko) Chrome/141.0.7390.122 Mobile Safari/537.36 (compatible; GoogleOther)" 
66.249.68.133 - - [25/Oct/2025:01:57:56 -0700] "GET /shopdetail33718208?kg=0033437343 HTTP/1.1" 200 30847 "-" "Mozilla/5.0 (Linux; Android 6.0.1; Nexus 5X Build/MMB29P) AppleWebKit/537.36 (KHTML, like Gecko) Chrome/141.0.7390.122 Mobile Safari/537.36 (compatible; GoogleOther)" 
124.236.100.56 - - [25/Oct/2025:01:58:10 -0700] "GET / HTTP/1.1" 429 3881 "-" "Mozilla/5.0 (Macintosh; Intel Mac OS X 10_12_5) AppleWebKit/537.36 (KHTML, like Gecko) Chrome/61.0.3163.100 Safari/537.36" 
124.236.100.56 - - [25/Oct/2025:01:58:13 -0700] "GET / HTTP/1.1" 429 3881 "-" "Mozilla/5.0 (Windows NT 10.0; WOW64) AppleWebKit/537.36 (KHTML, like Gecko) Chrome/61.0.3163.100 Safari/537.36" 
66.249.68.134 - - [25/Oct/2025:01:58:23 -0700] "GET /shopdetail58653248?kg=0058164591 HTTP/1.1" 200 30612 "-" "Mozilla/5.0 (Linux; Android 6.0.1; Nexus 5X Build/MMB29P) AppleWebKit/537.36 (KHTML, like Gecko) Chrome/141.0.7390.122 Mobile Safari/537.36 (compatible; GoogleOther)" 
64.90.53.137 - - [25/Oct/2025:01:58:26 -0700] "POST /wp-cron.php?doing_wp_cron=1761382706.1482779979705810546875 HTTP/1.1" 200 3634 "https://www.biblioglow.com/wp-cron.php?doing_wp_cron=1761382706.1482779979705810546875" "WordPress/6.1.9; https://www.biblioglow.com" 
114.119.141.83 - - [25/Oct/2025:01:58:25 -0700] "GET /shopdetail68807992?kg=0068234712 HTTP/1.1" 301 3731 "https://biblioglow.com/sitemap.xml" "Mozilla/5.0 (Linux; Android 7.0;) AppleWebKit/537.36 (KHTML, like Gecko) Mobile Safari/537.36 (compatible; PetalBot;+https://webmaster.petalsearch.com/site/petalbot)" 
114.119.141.83 - - [25/Oct/2025:01:58:27 -0700] "GET /shopdetail68807992?kg=0068234712 HTTP/1.1" 404 51110 "https://biblioglow.com/sitemap.xml" "Mozilla/5.0 (Linux; Android 7.0;) AppleWebKit/537.36 (KHTML, like Gecko) Mobile Safari/537.36 (compatible; PetalBot;+https://webmaster.petalsearch.com/site/petalbot)" 
66.249.68.133 - - [25/Oct/2025:01:58:34 -0700] "GET /shopdetail58814392?kg=0058324392 HTTP/1.1" 200 31142 "-" "Mozilla/5.0 (Linux; Android 6.0.1; Nexus 5X Build/MMB29P) AppleWebKit/537.36 (KHTML, like Gecko) Chrome/141.0.7390.122 Mobile Safari/537.36 (compatible; GoogleOther)" 
156.212.135.134 - - [25/Oct/2025:01:58:52 -0700] "POST /xmlrpc.php HTTP/1.1" 200 4060 "-" "Mozilla/5.0 (X11; Ubuntu; Linux x86_64; x64) AppleWebKit/537.36 (KHTML, like Gecko) Firefox/90.0.0.0 Safari/537.36" 
66.249.68.133 - - [25/Oct/2025:01:59:00 -0700] "GET /shopdetail160804656?kg=0159464737 HTTP/1.1" 200 31699 "-" "Mozilla/5.0 (Linux; Android 6.0.1; Nexus 5X Build/MMB29P) AppleWebKit/537.36 (KHTML, like Gecko) Chrome/141.0.7390.122 Mobile Safari/537.36 (compatible; GoogleOther)" 
66.249.68.134 - - [25/Oct/2025:01:59:12 -0700] "GET /shopdetail60014936?kg=0059514932 HTTP/1.1" 200 33084 "-" "Mozilla/5.0 (Linux; Android 6.0.1; Nexus 5X Build/MMB29P) AppleWebKit/537.36 (KHTML, like Gecko) Chrome/141.0.7390.122 Mobile Safari/537.36 (compatible; GoogleOther)" 
66.249.68.133 - - [25/Oct/2025:01:59:37 -0700] "GET /shopdetail188423992?kg=0186853912 HTTP/1.1" 200 32679 "-" "Mozilla/5.0 (Linux; Android 6.0.1; Nexus 5X Build/MMB29P) AppleWebKit/537.36 (KHTML, like Gecko) Chrome/141.0.7390.122 Mobile Safari/537.36 (compatible; GoogleOther)" 
64.90.53.137 - - [25/Oct/2025:01:59:49 -0700] "POST /wp-cron.php?doing_wp_cron=1761382789.2791719436645507812500 HTTP/1.1" 200 3634 "https://www.biblioglow.com/wp-cron.php?doing_wp_cron=1761382789.2791719436645507812500" "WordPress/6.1.9; https://www.biblioglow.com" 
114.119.148.10 - - [25/Oct/2025:01:59:48 -0700] "GET /shopdetail68807040?kg=0068233767 HTTP/1.1" 301 3731 "https://biblioglow.com/sitemap.xml" "Mozilla/5.0 (Linux; Android 7.0;) AppleWebKit/537.36 (KHTML, like Gecko) Mobile Safari/537.36 (compatible; PetalBot;+https://webmaster.petalsearch.com/site/petalbot)" 
66.249.68.133 - - [25/Oct/2025:01:59:49 -0700] "GET /shopdetail33919400?kg=0033636858 HTTP/1.1" 200 33333 "-" "Mozilla/5.0 (Linux; Android 6.0.1; Nexus 5X Build/MMB29P) AppleWebKit/537.36 (KHTML, like Gecko) Chrome/141.0.7390.122 Mobile Safari/537.36 (compatible; GoogleOther)" 
114.119.148.10 - - [25/Oct/2025:01:59:50 -0700] "GET /shopdetail68807040?kg=0068233767 HTTP/1.1" 404 51132 "https://biblioglow.com/sitemap.xml" "Mozilla/5.0 (Linux; Android 7.0;) AppleWebKit/537.36 (KHTML, like Gecko) Mobile Safari/537.36 (compatible; PetalBot;+https://webmaster.petalsearch.com/site/petalbot)" 
85.208.96.203 - - [25/Oct/2025:02:00:08 -0700] "GET /shopdetail195021112?kg=0193396056 HTTP/1.1" 301 3732 "-" "Mozilla/5.0 (compatible; SemrushBot/7~bl; +http://www.semrush.com/bot.html)" 
85.208.96.203 - - [25/Oct/2025:02:00:09 -0700] "GET /shopdetail195021112?kg=0193396056 HTTP/1.1" 404 51133 "-" "Mozilla/5.0 (compatible; SemrushBot/7~bl; +http://www.semrush.com/bot.html)" 
66.249.68.133 - - [25/Oct/2025:02:00:13 -0700] "GET /shopdetail161703080?kg=0160355674 HTTP/1.1" 200 30632 "-" "Mozilla/5.0 (Linux; Android 6.0.1; Nexus 5X Build/MMB29P) AppleWebKit/537.36 (KHTML, like Gecko) Chrome/141.0.7390.122 Mobile Safari/537.36 (compatible; GoogleOther)" 
66.249.68.133 - - [25/Oct/2025:02:00:29 -0700] "GET /shopdetail188259280?kg=0186690573 HTTP/1.1" 200 31907 "-" "Mozilla/5.0 (Linux; Android 6.0.1; Nexus 5X Build/MMB29P) AppleWebKit/537.36 (KHTML, like Gecko) Chrome/141.0.7390.122 Mobile Safari/537.36 (compatible; GoogleOther)" 
64.90.53.137 - - [25/Oct/2025:02:00:31 -0700] "POST /wp-cron.php?doing_wp_cron=1761382831.2283699512481689453125 HTTP/1.1" 200 3634 "https://www.biblioglow.com/wp-cron.php?doing_wp_cron=1761382831.2283699512481689453125" "WordPress/6.1.9; https://www.biblioglow.com" 
85.208.96.193 - - [25/Oct/2025:02:00:30 -0700] "GET /shopdetail195007536?kg=0193382593 HTTP/1.1" 301 3732 "-" "Mozilla/5.0 (compatible; SemrushBot/7~bl; +http://www.semrush.com/bot.html)" 
185.191.171.8 - - [25/Oct/2025:02:00:32 -0700] "GET /shopdetail195007536?kg=0193382593 HTTP/1.1" 404 51133 "-" "Mozilla/5.0 (compatible; SemrushBot/7~bl; +http://www.semrush.com/bot.html)" 
66.249.68.133 - - [25/Oct/2025:02:00:50 -0700] "GET /shopdetail34754040?kg=0034464544 HTTP/1.1" 200 30906 "-" "Mozilla/5.0 (Linux; Android 6.0.1; Nexus 5X Build/MMB29P) AppleWebKit/537.36 (KHTML, like Gecko) Chrome/141.0.7390.122 Mobile Safari/537.36 (compatible; GoogleOther)" 
185.191.171.14 - - [25/Oct/2025:02:00:58 -0700] "GET /shopdetail194973928?kg=0193349266 HTTP/1.1" 301 3732 "-" "Mozilla/5.0 (compatible; SemrushBot/7~bl; +http://www.semrush.com/bot.html)" 
66.249.68.135 - - [25/Oct/2025:02:01:05 -0700] "GET /shopdetail188782896?kg=0187209825 HTTP/1.1" 200 30494 "-" "Mozilla/5.0 (Linux; Android 6.0.1; Nexus 5X Build/MMB29P) AppleWebKit/537.36 (KHTML, like Gecko) Chrome/141.0.7390.122 Mobile Safari/537.36 (compatible; GoogleOther)" 
64.90.53.137 - - [25/Oct/2025:02:01:13 -0700] "POST /wp-cron.php?doing_wp_cron=1761382873.3080649375915527343750 HTTP/1.1" 200 3634 "https://www.biblioglow.com/wp-cron.php?doing_wp_cron=1761382873.3080649375915527343750" "WordPress/6.1.9; https://www.biblioglow.com" 
114.119.136.150 - - [25/Oct/2025:02:01:12 -0700] "GET /shopdetail68804832?kg=0068231579 HTTP/1.1" 301 3731 "https://biblioglow.com/sitemap.xml" "Mozilla/5.0 (Linux; Android 7.0;) AppleWebKit/537.36 (KHTML, like Gecko) Mobile Safari/537.36 (compatible; PetalBot;+https://webmaster.petalsearch.com/site/petalbot)" 
114.119.136.150 - - [25/Oct/2025:02:01:15 -0700] "GET /shopdetail68804832?kg=0068231579 HTTP/1.1" 404 51110 "https://biblioglow.com/sitemap.xml" "Mozilla/5.0 (Linux; Android 7.0;) AppleWebKit/537.36 (KHTML, like Gecko) Mobile Safari/537.36 (compatible; PetalBot;+https://webmaster.petalsearch.com/site/petalbot)" 
66.249.68.134 - - [25/Oct/2025:02:01:27 -0700] "GET /shopdetail76160624?kg=0075526073 HTTP/1.1" 200 30711 "-" "Mozilla/5.0 (Linux; Android 6.0.1; Nexus 5X Build/MMB29P) AppleWebKit/537.36 (KHTML, like Gecko) Chrome/141.0.7390.122 Mobile Safari/537.36 (compatible; GoogleOther)" 
66.249.68.133 - - [25/Oct/2025:02:01:43 -0700] "GET /shopdetail74994368?kg=0074369535 HTTP/1.1" 200 30764 "-" "Mozilla/5.0 (Linux; Android 6.0.1; Nexus 5X Build/MMB29P) AppleWebKit/537.36 (KHTML, like Gecko) Chrome/141.0.7390.122 Mobile Safari/537.36 (compatible; GoogleOther)" 
156.212.135.134 - - [25/Oct/2025:02:02:00 -0700] "POST /xmlrpc.php HTTP/1.1" 200 4060 "-" "Mozilla/5.0 (Windows NT 6.3; x86) AppleWebKit/537.36 (KHTML, like Gecko) Chrome/98.0.0.0 Safari/537.36" 
66.249.68.134 - - [25/Oct/2025:02:02:04 -0700] "GET /shopdetail310402408?kg=0307815842 HTTP/1.1" 200 31083 "-" "Mozilla/5.0 (Linux; Android 6.0.1; Nexus 5X Build/MMB29P) AppleWebKit/537.36 (KHTML, like Gecko) Chrome/141.0.7390.122 Mobile Safari/537.36 (compatible; GoogleOther)" 
185.191.171.13 - - [25/Oct/2025:02:02:10 -0700] "GET /shopdetail194989424?kg=0193364633 HTTP/1.1" 301 3732 "-" "Mozilla/5.0 (compatible; SemrushBot/7~bl; +http://www.semrush.com/bot.html)" 
66.249.68.133 - - [25/Oct/2025:02:02:21 -0700] "GET /shopdetail34640640?kg=0034352087 HTTP/1.1" 200 31104 "-" "Mozilla/5.0 (Linux; Android 6.0.1; Nexus 5X Build/MMB29P) AppleWebKit/537.36 (KHTML, like Gecko) Chrome/141.0.7390.122 Mobile Safari/537.36 (compatible; GoogleOther)" 
64.90.53.137 - - [25/Oct/2025:02:02:22 -0700] "POST /wp-cron.php?doing_wp_cron=1761382942.5217149257659912109375 HTTP/1.1" 200 3634 "https://www.biblioglow.com/wp-cron.php?doing_wp_cron=1761382942.5217149257659912109375" "WordPress/6.1.9; https://www.biblioglow.com" 
185.191.171.10 - - [25/Oct/2025:02:02:21 -0700] "GET /shopdetail194966944?kg=0193342339 HTTP/1.1" 301 3732 "-" "Mozilla/5.0 (compatible; SemrushBot/7~bl; +http://www.semrush.com/bot.html)" 
87.98.128.54 - - [25/Oct/2025:02:02:23 -0700] "GET /wp-login.php HTTP/2.0" 429 351 "-" "Mozilla/5.0 (Windows NT 10.0; WOW64; Trident/7.0; MATBJS; rv:11.0) like Gecko" 
87.98.128.54 - - [25/Oct/2025:02:02:24 -0700] "POST /wp-login.php HTTP/2.0" 429 278 "https://www.biblioglow.com/wp-login.php" "Mozilla/5.0 (Windows NT 10.0; WOW64; Trident/7.0; MATBJS; rv:11.0) like Gecko" 
114.119.151.155 - - [25/Oct/2025:02:02:40 -0700] "GET /shopdetail68804696?kg=0068231444 HTTP/1.1" 301 3731 "https://biblioglow.com/sitemap.xml" "Mozilla/5.0 (Linux; Android 7.0;) AppleWebKit/537.36 (KHTML, like Gecko) Mobile Safari/537.36 (compatible; PetalBot;+https://webmaster.petalsearch.com/site/petalbot)" 
66.249.68.133 - - [25/Oct/2025:02:02:40 -0700] "GET /shopdetail59276296?kg=0058782446 HTTP/1.1" 200 30758 "-" "Mozilla/5.0 (Linux; Android 6.0.1; Nexus 5X Build/MMB29P) AppleWebKit/537.36 (KHTML, like Gecko) Chrome/141.0.7390.122 Mobile Safari/537.36 (compatible; GoogleOther)" 
114.119.151.155 - - [25/Oct/2025:02:02:42 -0700] "GET /shopdetail68804696?kg=0068231444 HTTP/1.1" 404 51132 "https://biblioglow.com/sitemap.xml" "Mozilla/5.0 (Linux; Android 7.0;) AppleWebKit/537.36 (KHTML, like Gecko) Mobile Safari/537.36 (compatible; PetalBot;+https://webmaster.petalsearch.com/site/petalbot)" 
66.249.68.133 - - [25/Oct/2025:02:02:59 -0700] "GET /shopdetail325335216?kg=0322624209 HTTP/1.1" 200 31084 "-" "Mozilla/5.0 (Linux; Android 6.0.1; Nexus 5X Build/MMB29P) AppleWebKit/537.36 (KHTML, like Gecko) Chrome/141.0.7390.122 Mobile Safari/537.36 (compatible; GoogleOther)" 
85.208.96.205 - - [25/Oct/2025:02:03:05 -0700] "GET /shopdetail194966944?kg=0193342339 HTTP/1.1" 404 51133 "-" "Mozilla/5.0 (compatible; SemrushBot/7~bl; +http://www.semrush.com/bot.html)" 
185.191.171.14 - - [25/Oct/2025:02:03:11 -0700] "GET /shopdetail194989424?kg=0193364633 HTTP/1.1" 404 51133 "-" "Mozilla/5.0 (compatible; SemrushBot/7~bl; +http://www.semrush.com/bot.html)" 
64.90.53.137 - - [25/Oct/2025:02:03:16 -0700] "POST /wp-cron.php?doing_wp_cron=1761382996.7465469837188720703125 HTTP/1.1" 200 3634 "https://www.biblioglow.com/wp-cron.php?doing_wp_cron=1761382996.7465469837188720703125" "WordPress/6.1.9; https://www.biblioglow.com" 
85.208.96.205 - - [25/Oct/2025:02:03:16 -0700] "GET /shopdetail194983392?kg=0193358651 HTTP/1.1" 301 3732 "-" "Mozilla/5.0 (compatible; SemrushBot/7~bl; +http://www.semrush.com/bot.html)" 
66.249.68.133 - - [25/Oct/2025:02:03:17 -0700] "GET /shopdetail34723336?kg=0034434094 HTTP/1.1" 200 30662 "-" "Mozilla/5.0 (Linux; Android 6.0.1; Nexus 5X Build/MMB29P) AppleWebKit/537.36 (KHTML, like Gecko) Chrome/141.0.7390.122 Mobile Safari/537.36 (compatible; GoogleOther)" 
185.191.171.15 - - [25/Oct/2025:02:03:18 -0700] "GET /shopdetail194983392?kg=0193358651 HTTP/1.1" 404 51133 "-" "Mozilla/5.0 (compatible; SemrushBot/7~bl; +http://www.semrush.com/bot.html)" 
66.249.68.133 - - [25/Oct/2025:02:03:37 -0700] "GET /?shopdetail31093024?kg=0030834035 HTTP/1.1" 200 30465 "-" "Mozilla/5.0 (Linux; Android 6.0.1; Nexus 5X Build/MMB29P) AppleWebKit/537.36 (KHTML, like Gecko) Chrome/141.0.7390.122 Mobile Safari/537.36 (compatible; GoogleOther)" 
66.249.68.133 - - [25/Oct/2025:02:03:54 -0700] "GET /shopdetail161288632?kg=0159944680 HTTP/1.1" 200 30799 "-" "Mozilla/5.0 (Linux; Android 6.0.1; Nexus 5X Build/MMB29P) AppleWebKit/537.36 (KHTML, like Gecko) Chrome/141.0.7390.122 Mobile Safari/537.36 (compatible; GoogleOther)" 
114.119.156.60 - - [25/Oct/2025:02:03:59 -0700] "GET /shopdetail68803336?kg=0068230094 HTTP/1.1" 301 3731 "https://biblioglow.com/sitemap.xml" "Mozilla/5.0 (Linux; Android 7.0;) AppleWebKit/537.36 (KHTML, like Gecko) Mobile Safari/537.36 (compatible; PetalBot;+https://webmaster.petalsearch.com/site/petalbot)" 
114.119.156.60 - - [25/Oct/2025:02:04:02 -0700] "GET /shopdetail68803336?kg=0068230094 HTTP/1.1" 404 51132 "https://biblioglow.com/sitemap.xml" "Mozilla/5.0 (Linux; Android 7.0;) AppleWebKit/537.36 (KHTML, like Gecko) Mobile Safari/537.36 (compatible; PetalBot;+https://webmaster.petalsearch.com/site/petalbot)" 
66.249.68.135 - - [25/Oct/2025:02:04:05 -0700] "GET /shopdetail286370040?kg=0283983744 HTTP/1.1" 200 30773 "-" "Mozilla/5.0 (compatible; Googlebot/2.1; +http://www.google.com/bot.html)" 
66.249.68.133 - - [25/Oct/2025:02:04:15 -0700] "GET /shopdetail43150760?kg=0042791290 HTTP/1.1" 200 32346 "-" "Mozilla/5.0 (Linux; Android 6.0.1; Nexus 5X Build/MMB29P) AppleWebKit/537.36 (KHTML, like Gecko) Chrome/141.0.7390.122 Mobile Safari/537.36 (compatible; Googlebot/2.1; +http://www.google.com/bot.html)" 
66.249.68.133 - - [25/Oct/2025:02:04:16 -0700] "GET /shopdetail33908152?kg=0033625704 HTTP/1.1" 200 31187 "-" "Mozilla/5.0 (Linux; Android 6.0.1; Nexus 5X Build/MMB29P) AppleWebKit/537.36 (KHTML, like Gecko) Chrome/141.0.7390.122 Mobile Safari/537.36 (compatible; GoogleOther)" 
66.249.68.133 - - [25/Oct/2025:02:04:30 -0700] "GET /shopdetail76155152?kg=0075520645 HTTP/1.1" 200 33791 "-" "Mozilla/5.0 (Linux; Android 6.0.1; Nexus 5X Build/MMB29P) AppleWebKit/537.36 (KHTML, like Gecko) Chrome/141.0.7390.122 Mobile Safari/537.36 (compatible; GoogleOther)" 
66.249.79.6 - - [25/Oct/2025:02:04:41 -0700] "GET /shopdetail7456176?kg=0007394161 HTTP/1.1" 200 31591 "-" "Mozilla/5.0 (Linux; Android 6.0.1; Nexus 5X Build/MMB29P) AppleWebKit/537.36 (KHTML, like Gecko) Chrome/141.0.7390.122 Mobile Safari/537.36 (compatible; Googlebot/2.1; +http://www.google.com/bot.html)" 
66.249.68.133 - - [25/Oct/2025:02:04:53 -0700] "GET /shopdetail187882688?kg=0186317119 HTTP/1.1" 200 30322 "-" "Mozilla/5.0 (Linux; Android 6.0.1; Nexus 5X Build/MMB29P) AppleWebKit/537.36 (KHTML, like Gecko) Chrome/141.0.7390.122 Mobile Safari/537.36 (compatible; GoogleOther)" 
66.249.68.133 - - [25/Oct/2025:02:05:07 -0700] "GET /shopdetail34264728?kg=0033979308 HTTP/1.1" 200 30960 "-" "Mozilla/5.0 (Linux; Android 6.0.1; Nexus 5X Build/MMB29P) AppleWebKit/537.36 (KHTML, like Gecko) Chrome/141.0.7390.122 Mobile Safari/537.36 (compatible; GoogleOther)" 
64.90.53.137 - - [25/Oct/2025:02:05:23 -0700] "POST /wp-cron.php?doing_wp_cron=1761383123.6123430728912353515625 HTTP/1.1" 200 3634 "https://www.biblioglow.com/wp-cron.php?doing_wp_cron=1761383123.6123430728912353515625" "WordPress/6.1.9; https://www.biblioglow.com" 
156.212.135.134 - - [25/Oct/2025:02:05:23 -0700] "POST /xmlrpc.php HTTP/1.1" 200 4060 "-" "Mozilla/5.0 (X11; Ubuntu; Linux x86_64; arm64) AppleWebKit/537.36 (KHTML, like Gecko) Firefox/70.0.0.0 Safari/537.36" 
114.119.136.150 - - [25/Oct/2025:02:05:23 -0700] "GET /shopdetail68802504?kg=0068229270 HTTP/1.1" 301 3731 "https://biblioglow.com/sitemap.xml" "Mozilla/5.0 (Linux; Android 7.0;) AppleWebKit/537.36 (KHTML, like Gecko) Mobile Safari/537.36 (compatible; PetalBot;+https://webmaster.petalsearch.com/site/petalbot)" 
114.119.136.150 - - [25/Oct/2025:02:05:26 -0700] "GET /shopdetail68802504?kg=0068229270 HTTP/1.1" 404 51132 "https://biblioglow.com/sitemap.xml" "Mozilla/5.0 (Linux; Android 7.0;) AppleWebKit/537.36 (KHTML, like Gecko) Mobile Safari/537.36 (compatible; PetalBot;+https://webmaster.petalsearch.com/site/petalbot)" 
66.249.68.134 - - [25/Oct/2025:02:05:33 -0700] "GET /shopdetail188564152?kg=0186992904 HTTP/1.1" 200 30799 "-" "Mozilla/5.0 (Linux; Android 6.0.1; Nexus 5X Build/MMB29P) AppleWebKit/537.36 (KHTML, like Gecko) Chrome/141.0.7390.122 Mobile Safari/537.36 (compatible; GoogleOther)" 
66.249.68.133 - - [25/Oct/2025:02:05:44 -0700] "GET /shopdetail34404600?kg=0034118016 HTTP/1.1" 200 30837 "-" "Mozilla/5.0 (Linux; Android 6.0.1; Nexus 5X Build/MMB29P) AppleWebKit/537.36 (KHTML, like Gecko) Chrome/141.0.7390.122 Mobile Safari/537.36 (compatible; GoogleOther)" 
185.191.171.13 - - [25/Oct/2025:02:06:07 -0700] "GET /shopdetail195003152?kg=0193378245 HTTP/1.1" 301 3732 "-" "Mozilla/5.0 (compatible; SemrushBot/7~bl; +http://www.semrush.com/bot.html)" 
185.191.171.4 - - [25/Oct/2025:02:06:08 -0700] "GET /shopdetail195003152?kg=0193378245 HTTP/1.1" 404 51133 "-" "Mozilla/5.0 (compatible; SemrushBot/7~bl; +http://www.semrush.com/bot.html)" 
66.249.68.135 - - [25/Oct/2025:02:06:09 -0700] "GET /shopdetail325383216?kg=0322671809 HTTP/1.1" 200 30973 "-" "Mozilla/5.0 (Linux; Android 6.0.1; Nexus 5X Build/MMB29P) AppleWebKit/537.36 (KHTML, like Gecko) Chrome/141.0.7390.122 Mobile Safari/537.36 (compatible; GoogleOther)" 
66.249.68.133 - - [25/Oct/2025:02:06:21 -0700] "GET /shopdetail310062856?kg=0307479118 HTTP/1.1" 200 30403 "-" "Mozilla/5.0 (Linux; Android 6.0.1; Nexus 5X Build/MMB29P) AppleWebKit/537.36 (KHTML, like Gecko) Chrome/141.0.7390.122 Mobile Safari/537.36 (compatible; GoogleOther)" 
64.90.53.137 - - [25/Oct/2025:02:06:47 -0700] "POST /wp-cron.php?doing_wp_cron=1761383207.0391030311584472656250 HTTP/1.1" 200 3634 "https://www.biblioglow.com/wp-cron.php?doing_wp_cron=1761383207.0391030311584472656250" "WordPress/6.1.9; https://www.biblioglow.com" 
114.119.129.24 - - [25/Oct/2025:02:06:46 -0700] "GET /shopdetail68858048?kg=0068284351 HTTP/1.1" 301 3731 "https://biblioglow.com/sitemap.xml" "Mozilla/5.0 (Linux; Android 7.0;) AppleWebKit/537.36 (KHTML, like Gecko) Mobile Safari/537.36 (compatible; PetalBot;+https://webmaster.petalsearch.com/site/petalbot)" 
66.249.68.133 - - [25/Oct/2025:02:06:47 -0700] "GET /shopdetail187795472?kg=0186230629 HTTP/1.1" 200 30917 "-" "Mozilla/5.0 (Linux; Android 6.0.1; Nexus 5X Build/MMB29P) AppleWebKit/537.36 (KHTML, like Gecko) Chrome/141.0.7390.122 Mobile Safari/537.36 (compatible; GoogleOther)" 
114.119.129.24 - - [25/Oct/2025:02:06:49 -0700] "GET /shopdetail68858048?kg=0068284351 HTTP/1.1" 404 51132 "https://biblioglow.com/sitemap.xml" "Mozilla/5.0 (Linux; Android 7.0;) AppleWebKit/537.36 (KHTML, like Gecko) Mobile Safari/537.36 (compatible; PetalBot;+https://webmaster.petalsearch.com/site/petalbot)" 
66.249.68.133 - - [25/Oct/2025:02:06:57 -0700] "GET /shopdetail34566576?kg=0034278641 HTTP/1.1" 200 32353 "-" "Mozilla/5.0 (Linux; Android 6.0.1; Nexus 5X Build/MMB29P) AppleWebKit/537.36 (KHTML, like Gecko) Chrome/141.0.7390.122 Mobile Safari/537.36 (compatible; GoogleOther)" 
85.208.96.207 - - [25/Oct/2025:02:07:00 -0700] "GET /shopdetail194960624?kg=0193336073 HTTP/1.1" 301 3732 "-" "Mozilla/5.0 (compatible; SemrushBot/7~bl; +http://www.semrush.com/bot.html)" 
85.208.96.200 - - [25/Oct/2025:02:07:01 -0700] "GET /shopdetail194960624?kg=0193336073 HTTP/1.1" 404 51133 "-" "Mozilla/5.0 (compatible; SemrushBot/7~bl; +http://www.semrush.com/bot.html)" 
66.249.68.135 - - [25/Oct/2025:02:07:25 -0700] "GET /shopdetail160608136?kg=0159269854 HTTP/1.1" 200 32739 "-" "Mozilla/5.0 (Linux; Android 6.0.1; Nexus 5X Build/MMB29P) AppleWebKit/537.36 (KHTML, like Gecko) Chrome/141.0.7390.122 Mobile Safari/537.36 (compatible; GoogleOther)" 
66.249.68.133 - - [25/Oct/2025:02:07:34 -0700] "GET /shopdetail72578736?kg=0071974033 HTTP/1.1" 200 31355 "-" "Mozilla/5.0 (Linux; Android 6.0.1; Nexus 5X Build/MMB29P) AppleWebKit/537.36 (KHTML, like Gecko) Chrome/141.0.7390.122 Mobile Safari/537.36 (compatible; GoogleOther)" 
66.249.68.134 - - [25/Oct/2025:02:08:03 -0700] "GET /shopdetail58779968?kg=0058290255 HTTP/1.1" 200 33991 "-" "Mozilla/5.0 (Linux; Android 6.0.1; Nexus 5X Build/MMB29P) AppleWebKit/537.36 (KHTML, like Gecko) Chrome/141.0.7390.122 Mobile Safari/537.36 (compatible; GoogleOther)" 
64.90.53.137 - - [25/Oct/2025:02:08:10 -0700] "POST /wp-cron.php?doing_wp_cron=1761383290.3501009941101074218750 HTTP/1.1" 200 3634 "https://www.biblioglow.com/wp-cron.php?doing_wp_cron=1761383290.3501009941101074218750" "WordPress/6.1.9; https://www.biblioglow.com" 
114.119.141.83 - - [25/Oct/2025:02:08:09 -0700] "GET /shopdetail68851048?kg=0068277410 HTTP/1.1" 301 3731 "https://biblioglow.com/sitemap.xml" "Mozilla/5.0 (Linux; Android 7.0;) AppleWebKit/537.36 (KHTML, like Gecko) Mobile Safari/537.36 (compatible; PetalBot;+https://webmaster.petalsearch.com/site/petalbot)" 
66.249.68.133 - - [25/Oct/2025:02:08:11 -0700] "GET /shopdetail326208408?kg=0323490124 HTTP/1.1" 200 30952 "-" "Mozilla/5.0 (Linux; Android 6.0.1; Nexus 5X Build/MMB29P) AppleWebKit/537.36 (KHTML, like Gecko) Chrome/141.0.7390.122 Mobile Safari/537.36 (compatible; GoogleOther)" 
64.90.53.137 - - [25/Oct/2025:02:08:13 -0700] "POST /wp-cron.php?doing_wp_cron=1761383293.4220590591430664062500 HTTP/1.1" 200 3634 "https://www.biblioglow.com/wp-cron.php?doing_wp_cron=1761383293.4220590591430664062500" "WordPress/6.1.9; https://www.biblioglow.com" 
114.119.141.83 - - [25/Oct/2025:02:08:12 -0700] "GET /shopdetail68851048?kg=0068277410 HTTP/1.1" 404 51132 "https://biblioglow.com/sitemap.xml" "Mozilla/5.0 (Linux; Android 7.0;) AppleWebKit/537.36 (KHTML, like Gecko) Mobile Safari/537.36 (compatible; PetalBot;+https://webmaster.petalsearch.com/site/petalbot)" 
185.191.171.2 - - [25/Oct/2025:02:08:13 -0700] "GET /shopdetail194958856?kg=0193334318 HTTP/1.1" 301 3732 "-" "Mozilla/5.0 (compatible; SemrushBot/7~bl; +http://www.semrush.com/bot.html)" 
85.208.96.198 - - [25/Oct/2025:02:08:14 -0700] "GET /shopdetail194958856?kg=0193334318 HTTP/1.1" 404 51133 "-" "Mozilla/5.0 (compatible; SemrushBot/7~bl; +http://www.semrush.com/bot.html)" 
66.249.68.133 - - [25/Oct/2025:02:08:41 -0700] "GET /shopdetail160306544?kg=0158970777 HTTP/1.1" 200 31163 "-" "Mozilla/5.0 (Linux; Android 6.0.1; Nexus 5X Build/MMB29P) AppleWebKit/537.36 (KHTML, like Gecko) Chrome/141.0.7390.122 Mobile Safari/537.36 (compatible; GoogleOther)" 
66.249.68.133 - - [25/Oct/2025:02:08:48 -0700] "GET /shopdetail324457232?kg=0321753541 HTTP/1.1" 200 31754 "-" "Mozilla/5.0 (Linux; Android 6.0.1; Nexus 5X Build/MMB29P) AppleWebKit/537.36 (KHTML, like Gecko) Chrome/141.0.7390.122 Mobile Safari/537.36 (compatible; GoogleOther)" 
156.212.135.134 - - [25/Oct/2025:02:08:57 -0700] "POST /xmlrpc.php HTTP/1.1" 200 4060 "-" "Mozilla/5.0 (Windows NT 6.2; x86) AppleWebKit/537.36 (KHTML, like Gecko) Safari/12.0.0.0 Safari/537.36" 
66.249.68.135 - - [25/Oct/2025:02:09:19 -0700] "GET /shopdetail60198440?kg=0059696906 HTTP/1.1" 200 32895 "-" "Mozilla/5.0 (Linux; Android 6.0.1; Nexus 5X Build/MMB29P) AppleWebKit/537.36 (KHTML, like Gecko) Chrome/141.0.7390.122 Mobile Safari/537.36 (compatible; GoogleOther)" 
66.249.68.134 - - [25/Oct/2025:02:09:24 -0700] "GET /shopdetail34951952?kg=0034660805 HTTP/1.1" 200 30900 "-" "Mozilla/5.0 (Linux; Android 6.0.1; Nexus 5X Build/MMB29P) AppleWebKit/537.36 (KHTML, like Gecko) Chrome/141.0.7390.122 Mobile Safari/537.36 (compatible; GoogleOther)" 
195.2.84.198 - - [25/Oct/2025:02:09:31 -0700] "GET /2020/07/03/the-hamilton-affair-discussion-questions/ HTTP/1.0" 429 3600 "https://www.biblioglow.com/2020/07/03/the-hamilton-affair-discussion-questions/" "Mozilla/5.0 (Windows NT 10.0; Win64; x64) AppleWebKit/537.36 (KHTML, like Gecko) Chrome/129.0.0.0 Safari/537.36" 
195.2.84.198 - - [25/Oct/2025:02:09:32 -0700] "GET / HTTP/1.0" 429 3600 "https://www.biblioglow.com/" "Mozilla/5.0 (Windows NT 10.0; Win64; x64) AppleWebKit/537.36 (KHTML, like Gecko) Chrome/129.0.0.0 Safari/537.36" 
114.119.136.150 - - [25/Oct/2025:02:09:33 -0700] "GET /shopdetail68832816?kg=0068259329 HTTP/1.1" 301 3731 "https://biblioglow.com/sitemap.xml" "Mozilla/5.0 (Linux; Android 7.0;) AppleWebKit/537.36 (KHTML, like Gecko) Mobile Safari/537.36 (compatible; PetalBot;+https://webmaster.petalsearch.com/site/petalbot)" 
64.90.53.137 - - [25/Oct/2025:02:09:33 -0700] "POST /wp-cron.php?doing_wp_cron=1761383373.8314330577850341796875 HTTP/1.1" 200 3634 "https://www.biblioglow.com/wp-cron.php?doing_wp_cron=1761383373.8314330577850341796875" "WordPress/6.1.9; https://www.biblioglow.com" 
114.119.136.150 - - [25/Oct/2025:02:09:35 -0700] "GET /shopdetail68832816?kg=0068259329 HTTP/1.1" 404 51132 "https://biblioglow.com/sitemap.xml" "Mozilla/5.0 (Linux; Android 7.0;) AppleWebKit/537.36 (KHTML, like Gecko) Mobile Safari/537.36 (compatible; PetalBot;+https://webmaster.petalsearch.com/site/petalbot)" 
85.208.96.209 - - [25/Oct/2025:02:09:48 -0700] "GET /shopdetail195014400?kg=0193389399 HTTP/1.1" 301 3732 "-" "Mozilla/5.0 (compatible; SemrushBot/7~bl; +http://www.semrush.com/bot.html)" 
85.208.96.195 - - [25/Oct/2025:02:09:49 -0700] "GET /shopdetail195014400?kg=0193389399 HTTP/1.1" 404 51133 "-" "Mozilla/5.0 (compatible; SemrushBot/7~bl; +http://www.semrush.com/bot.html)" 
66.249.68.133 - - [25/Oct/2025:02:09:57 -0700] "GET /shopdetail188452520?kg=0186882202 HTTP/1.1" 200 33315 "-" "Mozilla/5.0 (Linux; Android 6.0.1; Nexus 5X Build/MMB29P) AppleWebKit/537.36 (KHTML, like Gecko) Chrome/141.0.7390.122 Mobile Safari/537.36 (compatible; GoogleOther)" 
66.249.68.134 - - [25/Oct/2025:02:10:01 -0700] "GET /shopdetail74876144?kg=0074252297 HTTP/1.1" 200 34358 "-" "Mozilla/5.0 (Linux; Android 6.0.1; Nexus 5X Build/MMB29P) AppleWebKit/537.36 (KHTML, like Gecko) Chrome/141.0.7390.122 Mobile Safari/537.36 (compatible; GoogleOther)" 
66.249.68.133 - - [25/Oct/2025:02:10:35 -0700] "GET /shopdetail34715504?kg=0034426329 HTTP/1.1" 200 32776 "-" "Mozilla/5.0 (Linux; Android 6.0.1; Nexus 5X Build/MMB29P) AppleWebKit/537.36 (KHTML, like Gecko) Chrome/141.0.7390.122 Mobile Safari/537.36 (compatible; GoogleOther)" 
66.249.68.133 - - [25/Oct/2025:02:10:38 -0700] "GET /shopdetail325685200?kg=0322971277 HTTP/1.1" 200 28442 "-" "Mozilla/5.0 (Linux; Android 6.0.1; Nexus 5X Build/MMB29P) AppleWebKit/537.36 (KHTML, like Gecko) Chrome/141.0.7390.122 Mobile Safari/537.36 (compatible; GoogleOther)" 
40.77.167.79 - - [25/Oct/2025:02:10:51 -0700] "GET /shopdetail267457224?kg=0265228534 HTTP/2.0" 200 26469 "-" "Mozilla/5.0 AppleWebKit/537.36 (KHTML, like Gecko; compatible; bingbot/2.0; +http://www.bing.com/bingbot.htm) Chrome/116.0.1938.76 Safari/537.36" 
114.119.151.155 - - [25/Oct/2025:02:10:56 -0700] "GET /shopdetail68827464?kg=0068254022 HTTP/1.1" 301 3731 "https://biblioglow.com/sitemap.xml" "Mozilla/5.0 (Linux; Android 7.0;) AppleWebKit/537.36 (KHTML, like Gecko) Mobile Safari/537.36 (compatible; PetalBot;+https://webmaster.petalsearch.com/site/petalbot)" 
114.119.151.155 - - [25/Oct/2025:02:10:59 -0700] "GET /shopdetail68827464?kg=0068254022 HTTP/1.1" 404 51132 "https://biblioglow.com/sitemap.xml" "Mozilla/5.0 (Linux; Android 7.0;) AppleWebKit/537.36 (KHTML, like Gecko) Mobile Safari/537.36 (compatible; PetalBot;+https://webmaster.petalsearch.com/site/petalbot)" 
64.90.53.137 - - [25/Oct/2025:02:10:57 -0700] "POST /wp-cron.php?doing_wp_cron=1761383457.4182610511779785156250 HTTP/1.1" 200 3634 "https://www.biblioglow.com/wp-cron.php?doing_wp_cron=1761383457.4182610511779785156250" "WordPress/6.1.9; https://www.biblioglow.com" 
66.249.68.135 - - [25/Oct/2025:02:11:13 -0700] "GET /shopdetail325939744?kg=0323223699 HTTP/1.1" 200 36156 "-" "Mozilla/5.0 (Linux; Android 6.0.1; Nexus 5X Build/MMB29P) AppleWebKit/537.36 (KHTML, like Gecko) Chrome/141.0.7390.122 Mobile Safari/537.36 (compatible; GoogleOther)" 
66.249.68.135 - - [25/Oct/2025:02:11:16 -0700] "GET /shopdetail34566712?kg=0034278776 HTTP/1.1" 200 28678 "-" "Mozilla/5.0 (Linux; Android 6.0.1; Nexus 5X Build/MMB29P) AppleWebKit/537.36 (KHTML, like Gecko) Chrome/141.0.7390.122 Mobile Safari/537.36 (compatible; GoogleOther)" 
64.90.53.137 - - [25/Oct/2025:02:11:31 -0700] "POST /wp-cron.php?doing_wp_cron=1761383491.6383290290832519531250 HTTP/1.1" 200 3634 "https://www.biblioglow.com/wp-cron.php?doing_wp_cron=1761383491.6383290290832519531250" "WordPress/6.1.9; https://www.biblioglow.com" 
185.191.171.7 - - [25/Oct/2025:02:11:30 -0700] "GET /shopdetail195034008?kg=0193408844 HTTP/1.1" 301 3732 "-" "Mozilla/5.0 (compatible; SemrushBot/7~bl; +http://www.semrush.com/bot.html)" 
85.208.96.211 - - [25/Oct/2025:02:11:32 -0700] "GET /shopdetail195034008?kg=0193408844 HTTP/1.1" 404 51133 "-" "Mozilla/5.0 (compatible; SemrushBot/7~bl; +http://www.semrush.com/bot.html)" 
156.212.135.134 - - [25/Oct/2025:02:11:34 -0700] "POST /xmlrpc.php HTTP/1.1" 200 4060 "-" "Mozilla/5.0 (Windows NT 6.3; x86) AppleWebKit/537.36 (KHTML, like Gecko) Safari/11.0.0.0 Safari/537.36" 
66.249.68.134 - - [25/Oct/2025:02:11:51 -0700] "GET /shopdetail34817552?kg=0034527525 HTTP/1.1" 200 30992 "-" "Mozilla/5.0 (Linux; Android 6.0.1; Nexus 5X Build/MMB29P) AppleWebKit/537.36 (KHTML, like Gecko) Chrome/141.0.7390.122 Mobile Safari/537.36 (compatible; GoogleOther)" 
66.249.68.134 - - [25/Oct/2025:02:11:54 -0700] "GET /shopdetail160613200?kg=0159274877 HTTP/1.1" 200 27854 "-" "Mozilla/5.0 (Linux; Android 6.0.1; Nexus 5X Build/MMB29P) AppleWebKit/537.36 (KHTML, like Gecko) Chrome/141.0.7390.122 Mobile Safari/537.36 (compatible; GoogleOther)" 
64.90.53.137 - - [25/Oct/2025:02:12:23 -0700] "POST /wp-cron.php?doing_wp_cron=1761383543.5294990539550781250000 HTTP/1.1" 200 3634 "https://www.biblioglow.com/wp-cron.php?doing_wp_cron=1761383543.5294990539550781250000" "WordPress/6.1.9; https://www.biblioglow.com" 
185.191.171.7 - - [25/Oct/2025:02:12:22 -0700] "GET /shopdetail195007944?kg=0193382998 HTTP/1.1" 301 3732 "-" "Mozilla/5.0 (compatible; SemrushBot/7~bl; +http://www.semrush.com/bot.html)" 
85.208.96.204 - - [25/Oct/2025:02:12:24 -0700] "GET /shopdetail195007944?kg=0193382998 HTTP/1.1" 404 51133 "-" "Mozilla/5.0 (compatible; SemrushBot/7~bl; +http://www.semrush.com/bot.html)" 
114.119.141.83 - - [25/Oct/2025:02:12:25 -0700] "GET /shopdetail68814432?kg=0068241099 HTTP/1.1" 301 3731 "https://biblioglow.com/sitemap.xml" "Mozilla/5.0 (Linux; Android 7.0;) AppleWebKit/537.36 (KHTML, like Gecko) Mobile Safari/537.36 (compatible; PetalBot;+https://webmaster.petalsearch.com/site/petalbot)" 
114.119.141.83 - - [25/Oct/2025:02:12:27 -0700] "GET /shopdetail68814432?kg=0068241099 HTTP/1.1" 404 51132 "https://biblioglow.com/sitemap.xml" "Mozilla/5.0 (Linux; Android 7.0;) AppleWebKit/537.36 (KHTML, like Gecko) Mobile Safari/537.36 (compatible; PetalBot;+https://webmaster.petalsearch.com/site/petalbot)" 
66.249.68.134 - - [25/Oct/2025:02:12:28 -0700] "GET /shopdetail325320960?kg=0322610071 HTTP/1.1" 200 30688 "-" "Mozilla/5.0 (Linux; Android 6.0.1; Nexus 5X Build/MMB29P) AppleWebKit/537.36 (KHTML, like Gecko) Chrome/141.0.7390.122 Mobile Safari/537.36 (compatible; GoogleOther)" 
66.249.68.135 - - [25/Oct/2025:02:12:31 -0700] "GET /shopdetail159952312?kg=0158619496 HTTP/1.1" 200 30740 "-" "Mozilla/5.0 (Linux; Android 6.0.1; Nexus 5X Build/MMB29P) AppleWebKit/537.36 (KHTML, like Gecko) Chrome/141.0.7390.122 Mobile Safari/537.36 (compatible; GoogleOther)" 
66.249.68.133 - - [25/Oct/2025:02:13:05 -0700] "GET /shopdetail310041872?kg=0307458309 HTTP/1.1" 200 30658 "-" "Mozilla/5.0 (Linux; Android 6.0.1; Nexus 5X Build/MMB29P) AppleWebKit/537.36 (KHTML, like Gecko) Chrome/141.0.7390.122 Mobile Safari/537.36 (compatible; GoogleOther)" 
66.249.68.134 - - [25/Oct/2025:02:13:07 -0700] "GET /shopdetail162061440?kg=0160711047 HTTP/1.1" 200 30675 "-" "Mozilla/5.0 (Linux; Android 6.0.1; Nexus 5X Build/MMB29P) AppleWebKit/537.36 (KHTML, like Gecko) Chrome/141.0.7390.122 Mobile Safari/537.36 (compatible; GoogleOther)" 
66.249.68.133 - - [25/Oct/2025:02:13:41 -0700] "GET /shopdetail159940792?kg=0158608072 HTTP/1.1" 200 30754 "-" "Mozilla/5.0 (Linux; Android 6.0.1; Nexus 5X Build/MMB29P) AppleWebKit/537.36 (KHTML, like Gecko) Chrome/141.0.7390.122 Mobile Safari/537.36 (compatible; GoogleOther)" 
66.249.68.133 - - [25/Oct/2025:02:13:45 -0700] "GET /shopdetail74362144?kg=0073742579 HTTP/1.1" 200 29737 "-" "Mozilla/5.0 (Linux; Android 6.0.1; Nexus 5X Build/MMB29P) AppleWebKit/537.36 (KHTML, like Gecko) Chrome/141.0.7390.122 Mobile Safari/537.36 (compatible; GoogleOther)" 
114.119.151.155 - - [25/Oct/2025:02:13:50 -0700] "GET /shopdetail68802096?kg=0068228865 HTTP/1.1" 301 3731 "https://biblioglow.com/sitemap.xml" "Mozilla/5.0 (Linux; Android 7.0;) AppleWebKit/537.36 (KHTML, like Gecko) Mobile Safari/537.36 (compatible; PetalBot;+https://webmaster.petalsearch.com/site/petalbot)" 
64.90.53.137 - - [25/Oct/2025:02:13:51 -0700] "POST /wp-cron.php?doing_wp_cron=1761383631.3428370952606201171875 HTTP/1.1" 200 3634 "https://www.biblioglow.com/wp-cron.php?doing_wp_cron=1761383631.3428370952606201171875" "WordPress/6.1.9; https://www.biblioglow.com" 
114.119.151.155 - - [25/Oct/2025:02:13:53 -0700] "GET /shopdetail68802096?kg=0068228865 HTTP/1.1" 404 51132 "https://biblioglow.com/sitemap.xml" "Mozilla/5.0 (Linux; Android 7.0;) AppleWebKit/537.36 (KHTML, like Gecko) Mobile Safari/537.36 (compatible; PetalBot;+https://webmaster.petalsearch.com/site/petalbot)" 
185.191.171.15 - - [25/Oct/2025:02:14:01 -0700] "GET /shopdetail195056352?kg=0193431003 HTTP/1.1" 301 3732 "-" "Mozilla/5.0 (compatible; SemrushBot/7~bl; +http://www.semrush.com/bot.html)" 
85.208.96.209 - - [25/Oct/2025:02:14:03 -0700] "GET /shopdetail195056352?kg=0193431003 HTTP/1.1" 404 51133 "-" "Mozilla/5.0 (compatible; SemrushBot/7~bl; +http://www.semrush.com/bot.html)" 
