85.208.96.205 - - [25/Oct/2025:07:57:55 -0700] "GET /shopdetail194983528?kg=0193358786 HTTP/1.1" 404 51133 "-" "Mozilla/5.0 (compatible; SemrushBot/7~bl; +http://www.semrush.com/bot.html)" 
20.171.207.247 - - [25/Oct/2025:07:57:57 -0700] "GET /shopdetail87732752?kg=0087001765 HTTP/2.0" 404 47282 "-" "Mozilla/5.0 AppleWebKit/537.36 (KHTML, like Gecko; compatible; GPTBot/1.2; +https://openai.com/gptbot)" 
185.191.171.3 - - [25/Oct/2025:07:58:00 -0700] "GET /shopdetail195049776?kg=0193424481 HTTP/1.1" 301 3732 "-" "Mozilla/5.0 (compatible; SemrushBot/7~bl; +http://www.semrush.com/bot.html)" 
85.208.96.201 - - [25/Oct/2025:07:58:01 -0700] "GET /shopdetail195049776?kg=0193424481 HTTP/1.1" 404 51133 "-" "Mozilla/5.0 (compatible; SemrushBot/7~bl; +http://www.semrush.com/bot.html)" 
66.249.68.135 - - [25/Oct/2025:07:58:15 -0700] "GET /shopdetail35577736?kg=0035281374 HTTP/1.1" 200 30634 "-" "Mozilla/5.0 (Linux; Android 6.0.1; Nexus 5X Build/MMB29P) AppleWebKit/537.36 (KHTML, like Gecko) Chrome/141.0.7390.122 Mobile Safari/537.36 (compatible; GoogleOther)" 
66.249.68.133 - - [25/Oct/2025:07:58:20 -0700] "GET /shopdetail36322696?kg=0036020126 HTTP/1.1" 200 30928 "-" "Mozilla/5.0 (Linux; Android 6.0.1; Nexus 5X Build/MMB29P) AppleWebKit/537.36 (KHTML, like Gecko) Chrome/141.0.7390.122 Mobile Safari/537.36 (compatible; GoogleOther)" 
64.90.53.137 - - [25/Oct/2025:07:58:30 -0700] "POST /wp-cron.php?doing_wp_cron=1761404310.4315359592437744140625 HTTP/1.1" 200 3634 "https://www.biblioglow.com/wp-cron.php?doing_wp_cron=1761404310.4315359592437744140625" "WordPress/6.1.9; https://www.biblioglow.com" 
185.191.171.1 - - [25/Oct/2025:07:58:29 -0700] "GET /shopdetail194986552?kg=0193361784 HTTP/1.1" 301 3732 "-" "Mozilla/5.0 (compatible; SemrushBot/7~bl; +http://www.semrush.com/bot.html)" 
185.191.171.7 - - [25/Oct/2025:07:58:31 -0700] "GET /shopdetail194986552?kg=0193361784 HTTP/1.1" 404 51133 "-" "Mozilla/5.0 (compatible; SemrushBot/7~bl; +http://www.semrush.com/bot.html)" 
85.208.96.210 - - [25/Oct/2025:07:58:45 -0700] "GET /shopdetail195014248?kg=0193389250 HTTP/1.1" 301 3732 "-" "Mozilla/5.0 (compatible; SemrushBot/7~bl; +http://www.semrush.com/bot.html)" 
185.191.171.14 - - [25/Oct/2025:07:58:47 -0700] "GET /shopdetail195014248?kg=0193389250 HTTP/1.1" 404 51133 "-" "Mozilla/5.0 (compatible; SemrushBot/7~bl; +http://www.semrush.com/bot.html)" 
66.249.68.133 - - [25/Oct/2025:07:58:54 -0700] "GET /shopdetail59969552?kg=0059469925 HTTP/1.1" 200 30553 "-" "Mozilla/5.0 (Linux; Android 6.0.1; Nexus 5X Build/MMB29P) AppleWebKit/537.36 (KHTML, like Gecko) Chrome/141.0.7390.122 Mobile Safari/537.36 (compatible; GoogleOther)" 
66.249.68.133 - - [25/Oct/2025:07:58:57 -0700] "GET /shopdetail77076888?kg=0076434700 HTTP/1.1" 200 27974 "-" "Mozilla/5.0 (Linux; Android 6.0.1; Nexus 5X Build/MMB29P) AppleWebKit/537.36 (KHTML, like Gecko) Chrome/141.0.7390.122 Mobile Safari/537.36 (compatible; GoogleOther)" 
57.141.6.20 - - [25/Oct/2025:07:59:07 -0700] "GET /2020/06/28/post-5/ HTTP/2.0" 429 351 "-" "meta-externalagent/1.1 (+https://developers.facebook.com/docs/sharing/webmasters/crawler)" 
114.119.136.150 - - [25/Oct/2025:07:59:09 -0700] "GET /shopdetail68884792?kg=0068310872 HTTP/1.1" 301 3731 "https://biblioglow.com/sitemap.xml" "Mozilla/5.0 (Linux; Android 7.0;) AppleWebKit/537.36 (KHTML, like Gecko) Mobile Safari/537.36 (compatible; PetalBot;+https://webmaster.petalsearch.com/site/petalbot)" 
114.119.136.150 - - [25/Oct/2025:07:59:10 -0700] "GET /shopdetail68884792?kg=0068310872 HTTP/1.1" 404 51132 "https://biblioglow.com/sitemap.xml" "Mozilla/5.0 (Linux; Android 7.0;) AppleWebKit/537.36 (KHTML, like Gecko) Mobile Safari/537.36 (compatible; PetalBot;+https://webmaster.petalsearch.com/site/petalbot)" 
40.77.167.73 - - [25/Oct/2025:07:59:33 -0700] "GET /shopdetail302397384?kg=0299877526 HTTP/2.0" 200 26795 "-" "Mozilla/5.0 AppleWebKit/537.36 (KHTML, like Gecko; compatible; bingbot/2.0; +http://www.bing.com/bingbot.htm) Chrome/116.0.1938.76 Safari/537.36" 
66.249.68.134 - - [25/Oct/2025:07:59:33 -0700] "GET /shopdetail162404016?kg=0161050769 HTTP/1.1" 200 31570 "-" "Mozilla/5.0 (Linux; Android 6.0.1; Nexus 5X Build/MMB29P) AppleWebKit/537.36 (KHTML, like Gecko) Chrome/141.0.7390.122 Mobile Safari/537.36 (compatible; GoogleOther)" 
66.249.68.135 - - [25/Oct/2025:07:59:35 -0700] "GET /shopdetail60232032?kg=0059730219 HTTP/1.1" 200 31636 "-" "Mozilla/5.0 (Linux; Android 6.0.1; Nexus 5X Build/MMB29P) AppleWebKit/537.36 (KHTML, like Gecko) Chrome/141.0.7390.122 Mobile Safari/537.36 (compatible; GoogleOther)" 
64.90.53.137 - - [25/Oct/2025:07:59:37 -0700] "POST /wp-cron.php?doing_wp_cron=1761404377.4218869209289550781250 HTTP/1.1" 200 3634 "https://www.biblioglow.com/wp-cron.php?doing_wp_cron=1761404377.4218869209289550781250" "WordPress/6.1.9; https://www.biblioglow.com" 
185.191.171.17 - - [25/Oct/2025:07:59:36 -0700] "GET /shopdetail195045256?kg=0193419998 HTTP/1.1" 301 3732 "-" "Mozilla/5.0 (compatible; SemrushBot/7~bl; +http://www.semrush.com/bot.html)" 
185.191.171.1 - - [25/Oct/2025:07:59:38 -0700] "GET /shopdetail195045256?kg=0193419998 HTTP/1.1" 404 51133 "-" "Mozilla/5.0 (compatible; SemrushBot/7~bl; +http://www.semrush.com/bot.html)" 
185.191.171.17 - - [25/Oct/2025:08:00:06 -0700] "GET /shopdetail195050728?kg=0193425426 HTTP/1.1" 301 3732 "-" "Mozilla/5.0 (compatible; SemrushBot/7~bl; +http://www.semrush.com/bot.html)" 
85.208.96.211 - - [25/Oct/2025:08:00:08 -0700] "GET /shopdetail195050728?kg=0193425426 HTTP/1.1" 404 51133 "-" "Mozilla/5.0 (compatible; SemrushBot/7~bl; +http://www.semrush.com/bot.html)" 
66.249.68.135 - - [25/Oct/2025:08:00:10 -0700] "GET /shopdetail326654800?kg=0323932797 HTTP/1.1" 200 30669 "-" "Mozilla/5.0 (Linux; Android 6.0.1; Nexus 5X Build/MMB29P) AppleWebKit/537.36 (KHTML, like Gecko) Chrome/141.0.7390.122 Mobile Safari/537.36 (compatible; GoogleOther)" 
66.249.68.135 - - [25/Oct/2025:08:00:13 -0700] "GET /shopdetail77471168?kg=0076825695 HTTP/1.1" 200 27371 "-" "Mozilla/5.0 (Linux; Android 6.0.1; Nexus 5X Build/MMB29P) AppleWebKit/537.36 (KHTML, like Gecko) Chrome/141.0.7390.122 Mobile Safari/537.36 (compatible; GoogleOther)" 
64.90.53.137 - - [25/Oct/2025:08:00:33 -0700] "POST /wp-cron.php?doing_wp_cron=1761404433.9657289981842041015625 HTTP/1.1" 200 3634 "https://www.biblioglow.com/wp-cron.php?doing_wp_cron=1761404433.9657289981842041015625" "WordPress/6.1.9; https://www.biblioglow.com" 
114.119.156.60 - - [25/Oct/2025:08:00:33 -0700] "GET /shopdetail68884248?kg=0068310332 HTTP/1.1" 301 3731 "https://biblioglow.com/sitemap.xml" "Mozilla/5.0 (Linux; Android 7.0;) AppleWebKit/537.36 (KHTML, like Gecko) Mobile Safari/537.36 (compatible; PetalBot;+https://webmaster.petalsearch.com/site/petalbot)" 
114.119.156.60 - - [25/Oct/2025:08:00:35 -0700] "GET /shopdetail68884248?kg=0068310332 HTTP/1.1" 404 51132 "https://biblioglow.com/sitemap.xml" "Mozilla/5.0 (Linux; Android 7.0;) AppleWebKit/537.36 (KHTML, like Gecko) Mobile Safari/537.36 (compatible; PetalBot;+https://webmaster.petalsearch.com/site/petalbot)" 
66.249.68.133 - - [25/Oct/2025:08:00:47 -0700] "GET /shopdetail189219552?kg=0187642843 HTTP/1.1" 200 32112 "-" "Mozilla/5.0 (Linux; Android 6.0.1; Nexus 5X Build/MMB29P) AppleWebKit/537.36 (KHTML, like Gecko) Chrome/141.0.7390.122 Mobile Safari/537.36 (compatible; GoogleOther)" 
66.249.68.134 - - [25/Oct/2025:08:00:51 -0700] "GET /shopdetail35814712?kg=0035516376 HTTP/1.1" 200 31313 "-" "Mozilla/5.0 (Linux; Android 6.0.1; Nexus 5X Build/MMB29P) AppleWebKit/537.36 (KHTML, like Gecko) Chrome/141.0.7390.122 Mobile Safari/537.36 (compatible; GoogleOther)" 
64.90.53.137 - - [25/Oct/2025:08:01:16 -0700] "POST /wp-cron.php?doing_wp_cron=1761404476.0966188907623291015625 HTTP/1.1" 200 3634 "https://www.biblioglow.com/wp-cron.php?doing_wp_cron=1761404476.0966188907623291015625" "WordPress/6.1.9; https://www.biblioglow.com" 
185.191.171.11 - - [25/Oct/2025:08:01:15 -0700] "GET /shopdetail194978464?kg=0193353763 HTTP/1.1" 301 3732 "-" "Mozilla/5.0 (compatible; SemrushBot/7~bl; +http://www.semrush.com/bot.html)" 
85.208.96.195 - - [25/Oct/2025:08:01:16 -0700] "GET /shopdetail194978464?kg=0193353763 HTTP/1.1" 404 51133 "-" "Mozilla/5.0 (compatible; SemrushBot/7~bl; +http://www.semrush.com/bot.html)" 
85.208.96.199 - - [25/Oct/2025:08:01:22 -0700] "GET /shopdetail195003288?kg=0193378380 HTTP/1.1" 301 3732 "-" "Mozilla/5.0 (compatible; SemrushBot/7~bl; +http://www.semrush.com/bot.html)" 
66.249.68.133 - - [25/Oct/2025:08:01:23 -0700] "GET /shopdetail60257128?kg=0059755106 HTTP/1.1" 200 30717 "-" "Mozilla/5.0 (Linux; Android 6.0.1; Nexus 5X Build/MMB29P) AppleWebKit/537.36 (KHTML, like Gecko) Chrome/141.0.7390.122 Mobile Safari/537.36 (compatible; GoogleOther)" 
85.208.96.198 - - [25/Oct/2025:08:01:23 -0700] "GET /shopdetail195003288?kg=0193378380 HTTP/1.1" 404 51133 "-" "Mozilla/5.0 (compatible; SemrushBot/7~bl; +http://www.semrush.com/bot.html)" 
66.249.68.134 - - [25/Oct/2025:08:01:29 -0700] "GET /shopdetail61081640?kg=0060572746 HTTP/1.1" 200 31852 "-" "Mozilla/5.0 (Linux; Android 6.0.1; Nexus 5X Build/MMB29P) AppleWebKit/537.36 (KHTML, like Gecko) Chrome/141.0.7390.122 Mobile Safari/537.36 (compatible; GoogleOther)" 
66.249.68.134 - - [25/Oct/2025:08:02:00 -0700] "GET /shopdetail60405800?kg=0059902538 HTTP/1.1" 200 30849 "-" "Mozilla/5.0 (Linux; Android 6.0.1; Nexus 5X Build/MMB29P) AppleWebKit/537.36 (KHTML, like Gecko) Chrome/141.0.7390.122 Mobile Safari/537.36 (compatible; GoogleOther)" 
114.119.129.24 - - [25/Oct/2025:08:02:04 -0700] "GET /shopdetail68873000?kg=0068299178 HTTP/1.1" 301 3731 "https://biblioglow.com/sitemap.xml" "Mozilla/5.0 (Linux; Android 7.0;) AppleWebKit/537.36 (KHTML, like Gecko) Mobile Safari/537.36 (compatible; PetalBot;+https://webmaster.petalsearch.com/site/petalbot)" 
185.191.171.1 - - [25/Oct/2025:08:02:04 -0700] "GET /shopdetail195046208?kg=0193420943 HTTP/1.1" 301 3732 "-" "Mozilla/5.0 (compatible; SemrushBot/7~bl; +http://www.semrush.com/bot.html)" 
185.191.171.2 - - [25/Oct/2025:08:02:06 -0700] "GET /shopdetail195046208?kg=0193420943 HTTP/1.1" 404 51133 "-" "Mozilla/5.0 (compatible; SemrushBot/7~bl; +http://www.semrush.com/bot.html)" 
114.119.129.24 - - [25/Oct/2025:08:02:06 -0700] "GET /shopdetail68873000?kg=0068299178 HTTP/1.1" 404 51132 "https://biblioglow.com/sitemap.xml" "Mozilla/5.0 (Linux; Android 7.0;) AppleWebKit/537.36 (KHTML, like Gecko) Mobile Safari/537.36 (compatible; PetalBot;+https://webmaster.petalsearch.com/site/petalbot)" 
66.249.68.133 - - [25/Oct/2025:08:02:08 -0700] "GET /shopdetail36410048?kg=0036106751 HTTP/1.1" 200 30809 "-" "Mozilla/5.0 (Linux; Android 6.0.1; Nexus 5X Build/MMB29P) AppleWebKit/537.36 (KHTML, like Gecko) Chrome/141.0.7390.122 Mobile Safari/537.36 (compatible; GoogleOther)" 
198.98.55.213 - - [25/Oct/2025:08:02:12 -0700] "GET /wp-login.php HTTP/1.1" 429 3635 "https://www.google.com/" "Mozilla/5.0 (Windows NT 10.0; Win64; x64) AppleWebKit/537.36 (KHTML, like Gecko) Chrome/118.0.5993.117 Safari/537.36" 
66.249.68.133 - - [25/Oct/2025:08:02:36 -0700] "GET /shopdetail59795784?kg=0059297606 HTTP/1.1" 200 30779 "-" "Mozilla/5.0 (Linux; Android 6.0.1; Nexus 5X Build/MMB29P) AppleWebKit/537.36 (KHTML, like Gecko) Chrome/141.0.7390.122 Mobile Safari/537.36 (compatible; GoogleOther)" 
66.249.68.133 - - [25/Oct/2025:08:02:47 -0700] "GET /shopdetail326892744?kg=0324168758 HTTP/1.1" 200 31741 "-" "Mozilla/5.0 (Linux; Android 6.0.1; Nexus 5X Build/MMB29P) AppleWebKit/537.36 (KHTML, like Gecko) Chrome/141.0.7390.122 Mobile Safari/537.36 (compatible; GoogleOther)" 
43.164.197.177 - - [25/Oct/2025:08:02:56 -0700] "GET /?p=91 HTTP/1.1" 429 3774 "-" "Mozilla/5.0 (iPhone; CPU iPhone OS 13_2_3 like Mac OS X) AppleWebKit/605.1.15 (KHTML, like Gecko) Version/13.0.3 Mobile/15E148 Safari/604.1" 
66.249.68.135 - - [25/Oct/2025:08:03:13 -0700] "GET /shopdetail189370416?kg=0187792449 HTTP/1.1" 200 30779 "-" "Mozilla/5.0 (Linux; Android 6.0.1; Nexus 5X Build/MMB29P) AppleWebKit/537.36 (KHTML, like Gecko) Chrome/141.0.7390.122 Mobile Safari/537.36 (compatible; GoogleOther)" 
64.90.53.137 - - [25/Oct/2025:08:03:20 -0700] "POST /wp-cron.php?doing_wp_cron=1761404600.5947721004486083984375 HTTP/1.1" 200 3634 "https://www.biblioglow.com/wp-cron.php?doing_wp_cron=1761404600.5947721004486083984375" "WordPress/6.1.9; https://www.biblioglow.com" 
114.119.136.150 - - [25/Oct/2025:08:03:20 -0700] "GET /shopdetail68847768?kg=0068274156 HTTP/1.1" 301 3731 "https://biblioglow.com/sitemap.xml" "Mozilla/5.0 (Linux; Android 7.0;) AppleWebKit/537.36 (KHTML, like Gecko) Mobile Safari/537.36 (compatible; PetalBot;+https://webmaster.petalsearch.com/site/petalbot)" 
114.119.136.150 - - [25/Oct/2025:08:03:21 -0700] "GET /shopdetail68847768?kg=0068274156 HTTP/1.1" 404 51132 "https://biblioglow.com/sitemap.xml" "Mozilla/5.0 (Linux; Android 7.0;) AppleWebKit/537.36 (KHTML, like Gecko) Mobile Safari/537.36 (compatible; PetalBot;+https://webmaster.petalsearch.com/site/petalbot)" 
66.179.188.177 - - [25/Oct/2025:08:03:24 -0700] "POST /xmlrpc.php HTTP/2.0" 200 389 "-" "Mozilla/5.0 (Windows NT 10.0; WOW64; Trident/7.0; LCTE; rv:11.0) like Gecko" 
66.249.68.134 - - [25/Oct/2025:08:03:26 -0700] "GET /shopdetail189671448?kg=0188090972 HTTP/1.1" 200 30812 "-" "Mozilla/5.0 (Linux; Android 6.0.1; Nexus 5X Build/MMB29P) AppleWebKit/537.36 (KHTML, like Gecko) Chrome/141.0.7390.122 Mobile Safari/537.36 (compatible; GoogleOther)" 
66.249.68.133 - - [25/Oct/2025:08:03:49 -0700] "GET /shopdetail160881728?kg=0159541167 HTTP/1.1" 200 31317 "-" "Mozilla/5.0 (Linux; Android 6.0.1; Nexus 5X Build/MMB29P) AppleWebKit/537.36 (KHTML, like Gecko) Chrome/141.0.7390.122 Mobile Safari/537.36 (compatible; GoogleOther)" 
66.249.68.134 - - [25/Oct/2025:08:04:05 -0700] "GET /shopdetail36407160?kg=0036103888 HTTP/1.1" 200 31858 "-" "Mozilla/5.0 (Linux; Android 6.0.1; Nexus 5X Build/MMB29P) AppleWebKit/537.36 (KHTML, like Gecko) Chrome/141.0.7390.122 Mobile Safari/537.36 (compatible; GoogleOther)" 
66.249.68.134 - - [25/Oct/2025:08:04:26 -0700] "GET /shopdetail161602696?kg=0160256126 HTTP/1.1" 200 30802 "-" "Mozilla/5.0 (Linux; Android 6.0.1; Nexus 5X Build/MMB29P) AppleWebKit/537.36 (KHTML, like Gecko) Chrome/141.0.7390.122 Mobile Safari/537.36 (compatible; GoogleOther)" 
64.90.53.137 - - [25/Oct/2025:08:04:47 -0700] "POST /wp-cron.php?doing_wp_cron=1761404687.8217289447784423828125 HTTP/1.1" 200 3634 "https://www.biblioglow.com/wp-cron.php?doing_wp_cron=1761404687.8217289447784423828125" "WordPress/6.1.9; https://www.biblioglow.com" 
114.119.151.155 - - [25/Oct/2025:08:04:47 -0700] "GET /shopdetail68844064?kg=0068270483 HTTP/1.1" 301 3731 "https://biblioglow.com/sitemap.xml" "Mozilla/5.0 (Linux; Android 7.0;) AppleWebKit/537.36 (KHTML, like Gecko) Mobile Safari/537.36 (compatible; PetalBot;+https://webmaster.petalsearch.com/site/petalbot)" 
114.119.151.155 - - [25/Oct/2025:08:04:49 -0700] "GET /shopdetail68844064?kg=0068270483 HTTP/1.1" 404 51132 "https://biblioglow.com/sitemap.xml" "Mozilla/5.0 (Linux; Android 7.0;) AppleWebKit/537.36 (KHTML, like Gecko) Mobile Safari/537.36 (compatible; PetalBot;+https://webmaster.petalsearch.com/site/petalbot)" 
85.208.96.204 - - [25/Oct/2025:08:04:58 -0700] "GET /shopdetail194995472?kg=0193370629 HTTP/1.1" 301 3732 "-" "Mozilla/5.0 (compatible; SemrushBot/7~bl; +http://www.semrush.com/bot.html)" 
85.208.96.210 - - [25/Oct/2025:08:05:00 -0700] "GET /shopdetail194995472?kg=0193370629 HTTP/1.1" 404 51133 "-" "Mozilla/5.0 (compatible; SemrushBot/7~bl; +http://www.semrush.com/bot.html)" 
64.90.53.137 - - [25/Oct/2025:08:05:20 -0700] "POST /wp-cron.php?doing_wp_cron=1761404720.3221430778503417968750 HTTP/1.1" 200 3634 "https://www.biblioglow.com/wp-cron.php?doing_wp_cron=1761404720.3221430778503417968750" "WordPress/6.1.9; https://www.biblioglow.com" 
85.208.96.207 - - [25/Oct/2025:08:05:19 -0700] "GET /shopdetail195029880?kg=0193404752 HTTP/1.1" 301 3732 "-" "Mozilla/5.0 (compatible; SemrushBot/7~bl; +http://www.semrush.com/bot.html)" 
85.208.96.194 - - [25/Oct/2025:08:05:21 -0700] "GET /shopdetail195029880?kg=0193404752 HTTP/1.1" 404 51133 "-" "Mozilla/5.0 (compatible; SemrushBot/7~bl; +http://www.semrush.com/bot.html)" 
66.249.68.133 - - [25/Oct/2025:08:05:22 -0700] "GET /shopdetail77470760?kg=0076825290 HTTP/1.1" 200 30494 "-" "Mozilla/5.0 (Linux; Android 6.0.1; Nexus 5X Build/MMB29P) AppleWebKit/537.36 (KHTML, like Gecko) Chrome/141.0.7390.122 Mobile Safari/537.36 (compatible; GoogleOther)" 
85.208.96.202 - - [25/Oct/2025:08:05:24 -0700] "GET /shopdetail195016032?kg=0193391019 HTTP/1.1" 301 3732 "-" "Mozilla/5.0 (compatible; SemrushBot/7~bl; +http://www.semrush.com/bot.html)" 
85.208.96.203 - - [25/Oct/2025:08:05:25 -0700] "GET /shopdetail195016032?kg=0193391019 HTTP/1.1" 404 51133 "-" "Mozilla/5.0 (compatible; SemrushBot/7~bl; +http://www.semrush.com/bot.html)" 
85.208.96.203 - - [25/Oct/2025:08:05:28 -0700] "GET /shopdetail194993824?kg=0193368995 HTTP/1.1" 301 3732 "-" "Mozilla/5.0 (compatible; SemrushBot/7~bl; +http://www.semrush.com/bot.html)" 
85.208.96.202 - - [25/Oct/2025:08:05:30 -0700] "GET /shopdetail194993824?kg=0193368995 HTTP/1.1" 404 51133 "-" "Mozilla/5.0 (compatible; SemrushBot/7~bl; +http://www.semrush.com/bot.html)" 
66.249.68.135 - - [25/Oct/2025:08:06:01 -0700] "GET /shopdetail75649088?kg=0075018799 HTTP/1.1" 200 31813 "-" "Mozilla/5.0 (Linux; Android 6.0.1; Nexus 5X Build/MMB29P) AppleWebKit/537.36 (KHTML, like Gecko) Chrome/141.0.7390.122 Mobile Safari/537.36 (compatible; GoogleOther)" 
114.119.130.109 - - [25/Oct/2025:08:06:07 -0700] "GET /shopdetail68842416?kg=0068268849 HTTP/1.1" 301 3731 "https://biblioglow.com/sitemap.xml" "Mozilla/5.0 (Linux; Android 7.0;) AppleWebKit/537.36 (KHTML, like Gecko) Mobile Safari/537.36 (compatible; PetalBot;+https://webmaster.petalsearch.com/site/petalbot)" 
114.119.130.109 - - [25/Oct/2025:08:06:09 -0700] "GET /shopdetail68842416?kg=0068268849 HTTP/1.1" 404 51132 "https://biblioglow.com/sitemap.xml" "Mozilla/5.0 (Linux; Android 7.0;) AppleWebKit/537.36 (KHTML, like Gecko) Mobile Safari/537.36 (compatible; PetalBot;+https://webmaster.petalsearch.com/site/petalbot)" 
85.208.96.206 - - [25/Oct/2025:08:06:34 -0700] "GET /shopdetail194999448?kg=0193374572 HTTP/1.1" 301 3732 "-" "Mozilla/5.0 (compatible; SemrushBot/7~bl; +http://www.semrush.com/bot.html)" 
64.90.53.137 - - [25/Oct/2025:08:06:35 -0700] "POST /wp-cron.php?doing_wp_cron=1761404795.7538731098175048828125 HTTP/1.1" 200 3634 "https://www.biblioglow.com/wp-cron.php?doing_wp_cron=1761404795.7538731098175048828125" "WordPress/6.1.9; https://www.biblioglow.com" 
185.191.171.5 - - [25/Oct/2025:08:06:37 -0700] "GET /shopdetail194999448?kg=0193374572 HTTP/1.1" 404 51133 "-" "Mozilla/5.0 (compatible; SemrushBot/7~bl; +http://www.semrush.com/bot.html)" 
66.249.68.133 - - [25/Oct/2025:08:06:40 -0700] "GET /shopdetail61115504?kg=0060606329 HTTP/1.1" 200 31425 "-" "Mozilla/5.0 (Linux; Android 6.0.1; Nexus 5X Build/MMB29P) AppleWebKit/537.36 (KHTML, like Gecko) Chrome/141.0.7390.122 Mobile Safari/537.36 (compatible; GoogleOther)" 
66.249.68.135 - - [25/Oct/2025:08:07:18 -0700] "GET /shopdetail61258552?kg=0060748184 HTTP/1.1" 200 31298 "-" "Mozilla/5.0 (Linux; Android 6.0.1; Nexus 5X Build/MMB29P) AppleWebKit/537.36 (KHTML, like Gecko) Chrome/141.0.7390.122 Mobile Safari/537.36 (compatible; GoogleOther)" 
64.90.53.137 - - [25/Oct/2025:08:07:31 -0700] "POST /wp-cron.php?doing_wp_cron=1761404851.1380379199981689453125 HTTP/1.1" 200 3634 "https://www.biblioglow.com/wp-cron.php?doing_wp_cron=1761404851.1380379199981689453125" "WordPress/6.1.9; https://www.biblioglow.com" 
114.119.156.60 - - [25/Oct/2025:08:07:30 -0700] "GET /shopdetail68832136?kg=0068258654 HTTP/1.1" 301 3731 "https://biblioglow.com/sitemap.xml" "Mozilla/5.0 (Linux; Android 7.0;) AppleWebKit/537.36 (KHTML, like Gecko) Mobile Safari/537.36 (compatible; PetalBot;+https://webmaster.petalsearch.com/site/petalbot)" 
114.119.156.60 - - [25/Oct/2025:08:07:31 -0700] "GET /shopdetail68832136?kg=0068258654 HTTP/1.1" 404 51132 "https://biblioglow.com/sitemap.xml" "Mozilla/5.0 (Linux; Android 7.0;) AppleWebKit/537.36 (KHTML, like Gecko) Mobile Safari/537.36 (compatible; PetalBot;+https://webmaster.petalsearch.com/site/petalbot)" 
66.249.68.134 - - [25/Oct/2025:08:07:57 -0700] "GET /shopdetail61257736?kg=0060747374 HTTP/1.1" 200 33583 "-" "Mozilla/5.0 (Linux; Android 6.0.1; Nexus 5X Build/MMB29P) AppleWebKit/537.36 (KHTML, like Gecko) Chrome/141.0.7390.122 Mobile Safari/537.36 (compatible; GoogleOther)" 
185.191.171.5 - - [25/Oct/2025:08:08:02 -0700] "GET /shopdetail194959264?kg=0193334723 HTTP/1.1" 301 3732 "-" "Mozilla/5.0 (compatible; SemrushBot/7~bl; +http://www.semrush.com/bot.html)" 
185.191.171.11 - - [25/Oct/2025:08:08:04 -0700] "GET /shopdetail194959264?kg=0193334723 HTTP/1.1" 404 51133 "-" "Mozilla/5.0 (compatible; SemrushBot/7~bl; +http://www.semrush.com/bot.html)" 
66.249.68.135 - - [25/Oct/2025:08:08:36 -0700] "GET /shopdetail36494256?kg=0036190257 HTTP/1.1" 200 32761 "-" "Mozilla/5.0 (Linux; Android 6.0.1; Nexus 5X Build/MMB29P) AppleWebKit/537.36 (KHTML, like Gecko) Chrome/141.0.7390.122 Mobile Safari/537.36 (compatible; GoogleOther)" 
64.90.53.137 - - [25/Oct/2025:08:08:55 -0700] "POST /wp-cron.php?doing_wp_cron=1761404935.8197779655456542968750 HTTP/1.1" 200 3634 "https://www.biblioglow.com/wp-cron.php?doing_wp_cron=1761404935.8197779655456542968750" "WordPress/6.1.9; https://www.biblioglow.com" 
85.208.96.205 - - [25/Oct/2025:08:08:55 -0700] "GET /shopdetail195001776?kg=0193376881 HTTP/1.1" 301 3732 "-" "Mozilla/5.0 (compatible; SemrushBot/7~bl; +http://www.semrush.com/bot.html)" 
85.208.96.195 - - [25/Oct/2025:08:08:56 -0700] "GET /shopdetail195001776?kg=0193376881 HTTP/1.1" 404 51133 "-" "Mozilla/5.0 (compatible; SemrushBot/7~bl; +http://www.semrush.com/bot.html)" 
114.119.130.109 - - [25/Oct/2025:08:08:59 -0700] "GET /shopdetail68814992?kg=0068241653 HTTP/1.1" 301 3731 "https://biblioglow.com/sitemap.xml" "Mozilla/5.0 (Linux; Android 7.0;) AppleWebKit/537.36 (KHTML, like Gecko) Mobile Safari/537.36 (compatible; PetalBot;+https://webmaster.petalsearch.com/site/petalbot)" 
114.119.130.109 - - [25/Oct/2025:08:09:01 -0700] "GET /shopdetail68814992?kg=0068241653 HTTP/1.1" 404 51132 "https://biblioglow.com/sitemap.xml" "Mozilla/5.0 (Linux; Android 7.0;) AppleWebKit/537.36 (KHTML, like Gecko) Mobile Safari/537.36 (compatible; PetalBot;+https://webmaster.petalsearch.com/site/petalbot)" 
66.249.68.135 - - [25/Oct/2025:08:09:15 -0700] "GET /shopdetail36490688?kg=0036186719 HTTP/1.1" 200 30439 "-" "Mozilla/5.0 (Linux; Android 6.0.1; Nexus 5X Build/MMB29P) AppleWebKit/537.36 (KHTML, like Gecko) Chrome/141.0.7390.122 Mobile Safari/537.36 (compatible; GoogleOther)" 
66.249.68.134 - - [25/Oct/2025:08:09:19 -0700] "GET /shopdetail36042376?kg=0035742142 HTTP/1.1" 200 32047 "-" "Mozilla/5.0 (Linux; Android 6.0.1; Nexus 5X Build/MMB29P) AppleWebKit/537.36 (KHTML, like Gecko) Chrome/141.0.7390.122 Mobile Safari/537.36 (compatible; GoogleOther)" 
66.249.68.134 - - [25/Oct/2025:08:09:28 -0700] "GET /shopdetail285413608?kg=0283035282 HTTP/1.1" 200 30709 "-" "Mozilla/5.0 (Linux; Android 6.0.1; Nexus 5X Build/MMB29P) AppleWebKit/537.36 (KHTML, like Gecko) Chrome/141.0.7390.122 Mobile Safari/537.36 (compatible; Googlebot/2.1; +http://www.google.com/bot.html)" 
64.90.53.137 - - [25/Oct/2025:08:09:34 -0700] "POST /wp-cron.php?doing_wp_cron=1761404974.8983919620513916015625 HTTP/1.1" 200 3634 "https://www.biblioglow.com/wp-cron.php?doing_wp_cron=1761404974.8983919620513916015625" "WordPress/6.1.9; https://www.biblioglow.com" 
185.191.171.3 - - [25/Oct/2025:08:09:34 -0700] "GET /shopdetail195000264?kg=0193375382 HTTP/1.1" 301 3732 "-" "Mozilla/5.0 (compatible; SemrushBot/7~bl; +http://www.semrush.com/bot.html)" 
85.208.96.199 - - [25/Oct/2025:08:09:35 -0700] "GET /shopdetail195000264?kg=0193375382 HTTP/1.1" 404 51133 "-" "Mozilla/5.0 (compatible; SemrushBot/7~bl; +http://www.semrush.com/bot.html)" 
66.249.68.133 - - [25/Oct/2025:08:09:54 -0700] "GET /shopdetail32770136?kg=0032497172 HTTP/1.1" 200 31458 "-" "Mozilla/5.0 (Linux; Android 6.0.1; Nexus 5X Build/MMB29P) AppleWebKit/537.36 (KHTML, like Gecko) Chrome/141.0.7390.122 Mobile Safari/537.36 (compatible; GoogleOther)" 
66.249.68.133 - - [25/Oct/2025:08:09:56 -0700] "GET /shopdetail36463672?kg=0036159928 HTTP/1.1" 200 29315 "-" "Mozilla/5.0 (Linux; Android 6.0.1; Nexus 5X Build/MMB29P) AppleWebKit/537.36 (KHTML, like Gecko) Chrome/141.0.7390.122 Mobile Safari/537.36 (compatible; GoogleOther)" 
64.90.53.137 - - [25/Oct/2025:08:10:18 -0700] "POST /wp-cron.php?doing_wp_cron=1761405018.1749439239501953125000 HTTP/1.1" 200 3634 "https://www.biblioglow.com/wp-cron.php?doing_wp_cron=1761405018.1749439239501953125000" "WordPress/6.1.9; https://www.biblioglow.com" 
114.119.129.24 - - [25/Oct/2025:08:10:17 -0700] "GET /shopdetail68809776?kg=0068236481 HTTP/1.1" 301 3731 "https://biblioglow.com/sitemap.xml" "Mozilla/5.0 (Linux; Android 7.0;) AppleWebKit/537.36 (KHTML, like Gecko) Mobile Safari/537.36 (compatible; PetalBot;+https://webmaster.petalsearch.com/site/petalbot)" 
20.171.207.247 - - [25/Oct/2025:08:10:18 -0700] "GET /shopdetail159844656?kg=0158512737 HTTP/2.0" 404 47418 "-" "Mozilla/5.0 AppleWebKit/537.36 (KHTML, like Gecko; compatible; GPTBot/1.2; +https://openai.com/gptbot)" 
114.119.129.24 - - [25/Oct/2025:08:10:19 -0700] "GET /shopdetail68809776?kg=0068236481 HTTP/1.1" 404 51132 "https://biblioglow.com/sitemap.xml" "Mozilla/5.0 (Linux; Android 7.0;) AppleWebKit/537.36 (KHTML, like Gecko) Mobile Safari/537.36 (compatible; PetalBot;+https://webmaster.petalsearch.com/site/petalbot)" 
20.171.207.247 - - [25/Oct/2025:08:10:25 -0700] "GET /shopdetail159838064?kg=0158506201 HTTP/2.0" 404 47418 "-" "Mozilla/5.0 AppleWebKit/537.36 (KHTML, like Gecko; compatible; GPTBot/1.2; +https://openai.com/gptbot)" 
66.249.68.134 - - [25/Oct/2025:08:10:32 -0700] "GET /shopdetail35617920?kg=0035321223 HTTP/1.1" 200 30642 "-" "Mozilla/5.0 (Linux; Android 6.0.1; Nexus 5X Build/MMB29P) AppleWebKit/537.36 (KHTML, like Gecko) Chrome/141.0.7390.122 Mobile Safari/537.36 (compatible; GoogleOther)" 
66.249.68.133 - - [25/Oct/2025:08:10:34 -0700] "GET /shopdetail76632808?kg=0075994322 HTTP/1.1" 200 30599 "-" "Mozilla/5.0 (Linux; Android 6.0.1; Nexus 5X Build/MMB29P) AppleWebKit/537.36 (KHTML, like Gecko) Chrome/141.0.7390.122 Mobile Safari/537.36 (compatible; GoogleOther)" 
66.249.68.134 - - [25/Oct/2025:08:11:09 -0700] "GET /shopdetail189189104?kg=0187612649 HTTP/1.1" 200 30958 "-" "Mozilla/5.0 (Linux; Android 6.0.1; Nexus 5X Build/MMB29P) AppleWebKit/537.36 (KHTML, like Gecko) Chrome/141.0.7390.122 Mobile Safari/537.36 (compatible; GoogleOther)" 
66.249.68.133 - - [25/Oct/2025:08:11:11 -0700] "GET /shopdetail189726856?kg=0188145918 HTTP/1.1" 200 33017 "-" "Mozilla/5.0 (Linux; Android 6.0.1; Nexus 5X Build/MMB29P) AppleWebKit/537.36 (KHTML, like Gecko) Chrome/141.0.7390.122 Mobile Safari/537.36 (compatible; GoogleOther)" 
66.249.68.133 - - [25/Oct/2025:08:11:45 -0700] "GET /shopdetail36231624?kg=0035929814 HTTP/1.1" 200 32465 "-" "Mozilla/5.0 (Linux; Android 6.0.1; Nexus 5X Build/MMB29P) AppleWebKit/537.36 (KHTML, like Gecko) Chrome/141.0.7390.122 Mobile Safari/537.36 (compatible; GoogleOther)" 
66.249.68.133 - - [25/Oct/2025:08:11:50 -0700] "GET /shopdetail76633080?kg=0075994592 HTTP/1.1" 200 30626 "-" "Mozilla/5.0 (Linux; Android 6.0.1; Nexus 5X Build/MMB29P) AppleWebKit/537.36 (KHTML, like Gecko) Chrome/141.0.7390.122 Mobile Safari/537.36 (compatible; GoogleOther)" 
114.119.141.83 - - [25/Oct/2025:08:11:55 -0700] "GET /shopdetail68791528?kg=0068218386 HTTP/1.1" 301 3731 "https://biblioglow.com/sitemap.xml" "Mozilla/5.0 (Linux; Android 7.0;) AppleWebKit/537.36 (KHTML, like Gecko) Mobile Safari/537.36 (compatible; PetalBot;+https://webmaster.petalsearch.com/site/petalbot)" 
43.157.150.69 - - [25/Oct/2025:08:11:57 -0700] "GET /2020/07/03/the-hamilton-affair-discussion-questions/ HTTP/1.1" 429 3784 "-" "Mozilla/5.0 (iPhone; CPU iPhone OS 13_2_3 like Mac OS X) AppleWebKit/605.1.15 (KHTML, like Gecko) Version/13.0.3 Mobile/15E148 Safari/604.1" 
64.90.53.137 - - [25/Oct/2025:08:11:55 -0700] "POST /wp-cron.php?doing_wp_cron=1761405115.8417899608612060546875 HTTP/1.1" 200 3634 "https://www.biblioglow.com/wp-cron.php?doing_wp_cron=1761405115.8417899608612060546875" "WordPress/6.1.9; https://www.biblioglow.com" 
114.119.141.83 - - [25/Oct/2025:08:11:58 -0700] "GET /shopdetail68791528?kg=0068218386 HTTP/1.1" 404 51132 "https://biblioglow.com/sitemap.xml" "Mozilla/5.0 (Linux; Android 7.0;) AppleWebKit/537.36 (KHTML, like Gecko) Mobile Safari/537.36 (compatible; PetalBot;+https://webmaster.petalsearch.com/site/petalbot)" 
66.249.68.133 - - [25/Oct/2025:08:12:22 -0700] "GET /shopdetail61095760?kg=0060586749 HTTP/1.1" 200 31960 "-" "Mozilla/5.0 (Linux; Android 6.0.1; Nexus 5X Build/MMB29P) AppleWebKit/537.36 (KHTML, like Gecko) Chrome/141.0.7390.122 Mobile Safari/537.36 (compatible; GoogleOther)" 
66.249.68.133 - - [25/Oct/2025:08:12:29 -0700] "GET /shopdetail61275288?kg=0060764780 HTTP/1.1" 200 31257 "-" "Mozilla/5.0 (Linux; Android 6.0.1; Nexus 5X Build/MMB29P) AppleWebKit/537.36 (KHTML, like Gecko) Chrome/141.0.7390.122 Mobile Safari/537.36 (compatible; GoogleOther)" 
52.167.144.18 - - [25/Oct/2025:08:12:56 -0700] "GET /shopdetail144819688?kg=0143612978 HTTP/2.0" 200 27193 "-" "Mozilla/5.0 AppleWebKit/537.36 (KHTML, like Gecko; compatible; bingbot/2.0; +http://www.bing.com/bingbot.htm) Chrome/116.0.1938.76 Safari/537.36" 
66.249.68.133 - - [25/Oct/2025:08:12:58 -0700] "GET /shopdetail35399720?kg=0035104842 HTTP/1.1" 200 32354 "-" "Mozilla/5.0 (Linux; Android 6.0.1; Nexus 5X Build/MMB29P) AppleWebKit/537.36 (KHTML, like Gecko) Chrome/141.0.7390.122 Mobile Safari/537.36 (compatible; GoogleOther)" 
185.191.171.14 - - [25/Oct/2025:08:12:59 -0700] "GET /shopdetail195047448?kg=0193422172 HTTP/1.1" 301 3732 "-" "Mozilla/5.0 (compatible; SemrushBot/7~bl; +http://www.semrush.com/bot.html)" 
64.90.53.137 - - [25/Oct/2025:08:12:59 -0700] "POST /wp-cron.php?doing_wp_cron=1761405179.5270841121673583984375 HTTP/1.1" 200 3634 "https://www.biblioglow.com/wp-cron.php?doing_wp_cron=1761405179.5270841121673583984375" "WordPress/6.1.9; https://www.biblioglow.com" 
66.249.79.5 - - [25/Oct/2025:08:12:59 -0700] "GET /shopdetail7950296?kg=0007884164 HTTP/1.1" 200 32596 "-" "Mozilla/5.0 (Linux; Android 6.0.1; Nexus 5X Build/MMB29P) AppleWebKit/537.36 (KHTML, like Gecko) Chrome/141.0.7390.122 Mobile Safari/537.36 (compatible; Googlebot/2.1; +http://www.google.com/bot.html)" 
85.208.96.199 - - [25/Oct/2025:08:13:00 -0700] "GET /shopdetail195047448?kg=0193422172 HTTP/1.1" 404 51133 "-" "Mozilla/5.0 (compatible; SemrushBot/7~bl; +http://www.semrush.com/bot.html)" 
114.119.135.207 - - [25/Oct/2025:08:13:05 -0700] "GET /shopdetail68785904?kg=0068212809 HTTP/1.1" 301 3731 "https://biblioglow.com/sitemap.xml" "Mozilla/5.0 (Linux; Android 7.0;) AppleWebKit/537.36 (KHTML, like Gecko) Mobile Safari/537.36 (compatible; PetalBot;+https://webmaster.petalsearch.com/site/petalbot)" 
114.119.135.207 - - [25/Oct/2025:08:13:07 -0700] "GET /shopdetail68785904?kg=0068212809 HTTP/1.1" 404 51132 "https://biblioglow.com/sitemap.xml" "Mozilla/5.0 (Linux; Android 7.0;) AppleWebKit/537.36 (KHTML, like Gecko) Mobile Safari/537.36 (compatible; PetalBot;+https://webmaster.petalsearch.com/site/petalbot)" 
66.249.68.133 - - [25/Oct/2025:08:13:08 -0700] "GET /shopdetail77350616?kg=0076706148 HTTP/1.1" 200 31185 "-" "Mozilla/5.0 (Linux; Android 6.0.1; Nexus 5X Build/MMB29P) AppleWebKit/537.36 (KHTML, like Gecko) Chrome/141.0.7390.122 Mobile Safari/537.36 (compatible; GoogleOther)" 
85.208.96.195 - - [25/Oct/2025:08:13:11 -0700] "GET /shopdetail194950752?kg=0193326283 HTTP/1.1" 301 3732 "-" "Mozilla/5.0 (compatible; SemrushBot/7~bl; +http://www.semrush.com/bot.html)" 
64.90.53.137 - - [25/Oct/2025:08:13:13 -0700] "POST /wp-cron.php?doing_wp_cron=1761405193.4072859287261962890625 HTTP/1.1" 200 3634 "https://www.biblioglow.com/wp-cron.php?doing_wp_cron=1761405193.4072859287261962890625" "WordPress/6.1.9; https://www.biblioglow.com" 
185.191.171.16 - - [25/Oct/2025:08:13:13 -0700] "GET /shopdetail194950752?kg=0193326283 HTTP/1.1" 404 51133 "-" "Mozilla/5.0 (compatible; SemrushBot/7~bl; +http://www.semrush.com/bot.html)" 
66.249.68.133 - - [25/Oct/2025:08:13:35 -0700] "GET /shopdetail35425088?kg=0035129999 HTTP/1.1" 200 30179 "-" "Mozilla/5.0 (Linux; Android 6.0.1; Nexus 5X Build/MMB29P) AppleWebKit/537.36 (KHTML, like Gecko) Chrome/141.0.7390.122 Mobile Safari/537.36 (compatible; GoogleOther)" 
66.249.68.133 - - [25/Oct/2025:08:13:46 -0700] "GET /shopdetail36640720?kg=0036335501 HTTP/1.1" 200 31373 "-" "Mozilla/5.0 (Linux; Android 6.0.1; Nexus 5X Build/MMB29P) AppleWebKit/537.36 (KHTML, like Gecko) Chrome/141.0.7390.122 Mobile Safari/537.36 (compatible; GoogleOther)" 
185.191.171.16 - - [25/Oct/2025:08:13:49 -0700] "GET /shopdetail194995048?kg=0193370210 HTTP/1.1" 301 3732 "-" "Mozilla/5.0 (compatible; SemrushBot/7~bl; +http://www.semrush.com/bot.html)" 
85.208.96.200 - - [25/Oct/2025:08:13:50 -0700] "GET /shopdetail194995048?kg=0193370210 HTTP/1.1" 404 51133 "-" "Mozilla/5.0 (compatible; SemrushBot/7~bl; +http://www.semrush.com/bot.html)" 
52.167.144.142 - - [25/Oct/2025:08:14:03 -0700] "GET /shopdetail189693112?kg=0188112456 HTTP/2.0" 200 26974 "-" "Mozilla/5.0 AppleWebKit/537.36 (KHTML, like Gecko; compatible; bingbot/2.0; +http://www.bing.com/bingbot.htm) Chrome/116.0.1938.76 Safari/537.36" 
85.208.96.211 - - [25/Oct/2025:08:14:05 -0700] "GET /shopdetail195041128?kg=0193415906 HTTP/1.1" 301 3732 "-" "Mozilla/5.0 (compatible; SemrushBot/7~bl; +http://www.semrush.com/bot.html)" 
85.208.96.199 - - [25/Oct/2025:08:14:06 -0700] "GET /shopdetail195041128?kg=0193415906 HTTP/1.1" 404 51133 "-" "Mozilla/5.0 (compatible; SemrushBot/7~bl; +http://www.semrush.com/bot.html)" 
66.249.68.135 - - [25/Oct/2025:08:14:11 -0700] "GET /shopdetail35610512?kg=0035313877 HTTP/1.1" 200 31072 "-" "Mozilla/5.0 (Linux; Android 6.0.1; Nexus 5X Build/MMB29P) AppleWebKit/537.36 (KHTML, like Gecko) Chrome/141.0.7390.122 Mobile Safari/537.36 (compatible; GoogleOther)" 
66.249.68.134 - - [25/Oct/2025:08:14:25 -0700] "GET /shopdetail189596840?kg=0188016986 HTTP/1.1" 200 31519 "-" "Mozilla/5.0 (Linux; Android 6.0.1; Nexus 5X Build/MMB29P) AppleWebKit/537.36 (KHTML, like Gecko) Chrome/141.0.7390.122 Mobile Safari/537.36 (compatible; GoogleOther)" 
66.249.79.6 - - [25/Oct/2025:08:14:30 -0700] "GET /shopdetail8344168?kg=0008274754 HTTP/1.1" 200 31689 "-" "Mozilla/5.0 (Linux; Android 6.0.1; Nexus 5X Build/MMB29P) AppleWebKit/537.36 (KHTML, like Gecko) Chrome/141.0.7390.122 Mobile Safari/537.36 (compatible; Googlebot/2.1; +http://www.google.com/bot.html)" 
114.119.151.155 - - [25/Oct/2025:08:14:30 -0700] "GET /shopdetail68783304?kg=0068210230 HTTP/1.1" 301 3731 "https://biblioglow.com/sitemap.xml" "Mozilla/5.0 (Linux; Android 7.0;) AppleWebKit/537.36 (KHTML, like Gecko) Mobile Safari/537.36 (compatible; PetalBot;+https://webmaster.petalsearch.com/site/petalbot)" 
64.90.53.137 - - [25/Oct/2025:08:14:30 -0700] "POST /wp-cron.php?doing_wp_cron=1761405270.9715120792388916015625 HTTP/1.1" 200 3634 "https://www.biblioglow.com/wp-cron.php?doing_wp_cron=1761405270.9715120792388916015625" "WordPress/6.1.9; https://www.biblioglow.com" 
114.119.151.155 - - [25/Oct/2025:08:14:32 -0700] "GET /shopdetail68783304?kg=0068210230 HTTP/1.1" 404 51132 "https://biblioglow.com/sitemap.xml" "Mozilla/5.0 (Linux; Android 7.0;) AppleWebKit/537.36 (KHTML, like Gecko) Mobile Safari/537.36 (compatible; PetalBot;+https://webmaster.petalsearch.com/site/petalbot)" 
66.249.68.133 - - [25/Oct/2025:08:14:48 -0700] "GET /shopdetail161836784?kg=0160488265 HTTP/1.1" 200 31951 "-" "Mozilla/5.0 (Linux; Android 6.0.1; Nexus 5X Build/MMB29P) AppleWebKit/537.36 (KHTML, like Gecko) Chrome/141.0.7390.122 Mobile Safari/537.36 (compatible; GoogleOther)" 
66.249.68.135 - - [25/Oct/2025:08:15:04 -0700] "GET /shopdetail77641640?kg=0076994746 HTTP/1.1" 200 31282 "-" "Mozilla/5.0 (Linux; Android 6.0.1; Nexus 5X Build/MMB29P) AppleWebKit/537.36 (KHTML, like Gecko) Chrome/141.0.7390.122 Mobile Safari/537.36 (compatible; GoogleOther)" 
85.208.96.199 - - [25/Oct/2025:08:15:05 -0700] "GET /shopdetail194982984?kg=0193358246 HTTP/1.1" 301 3732 "-" "Mozilla/5.0 (compatible; SemrushBot/7~bl; +http://www.semrush.com/bot.html)" 
185.191.171.19 - - [25/Oct/2025:08:15:05 -0700] "GET /shopdetail194982984?kg=0193358246 HTTP/1.1" 404 51133 "-" "Mozilla/5.0 (compatible; SemrushBot/7~bl; +http://www.semrush.com/bot.html)" 
66.249.68.133 - - [25/Oct/2025:08:15:25 -0700] "GET /shopdetail189569128?kg=0187989506 HTTP/1.1" 200 32289 "-" "Mozilla/5.0 (Linux; Android 6.0.1; Nexus 5X Build/MMB29P) AppleWebKit/537.36 (KHTML, like Gecko) Chrome/141.0.7390.122 Mobile Safari/537.36 (compatible; GoogleOther)" 
66.249.68.134 - - [25/Oct/2025:08:15:26 -0700] "GET /shopdetail734256?kg=0000728257 HTTP/1.1" 200 30673 "-" "Mozilla/5.0 (Linux; Android 6.0.1; Nexus 5X Build/MMB29P) AppleWebKit/537.36 (KHTML, like Gecko) Chrome/141.0.7390.122 Mobile Safari/537.36 (compatible; Googlebot/2.1; +http://www.google.com/bot.html)" 
66.249.68.133 - - [25/Oct/2025:08:15:43 -0700] "GET /shopdetail61319176?kg=0060808302 HTTP/1.1" 200 30708 "-" "Mozilla/5.0 (Linux; Android 6.0.1; Nexus 5X Build/MMB29P) AppleWebKit/537.36 (KHTML, like Gecko) Chrome/141.0.7390.122 Mobile Safari/537.36 (compatible; GoogleOther)" 
64.90.53.137 - - [25/Oct/2025:08:15:56 -0700] "POST /wp-cron.php?doing_wp_cron=1761405356.0286469459533691406250 HTTP/1.1" 200 3634 "https://www.biblioglow.com/wp-cron.php?doing_wp_cron=1761405356.0286469459533691406250" "WordPress/6.1.9; https://www.biblioglow.com" 
114.119.148.10 - - [25/Oct/2025:08:15:55 -0700] "GET /shopdetail68780296?kg=0068207246 HTTP/1.1" 301 3731 "https://biblioglow.com/sitemap.xml" "Mozilla/5.0 (Linux; Android 7.0;) AppleWebKit/537.36 (KHTML, like Gecko) Mobile Safari/537.36 (compatible; PetalBot;+https://webmaster.petalsearch.com/site/petalbot)" 
114.119.148.10 - - [25/Oct/2025:08:15:57 -0700] "GET /shopdetail68780296?kg=0068207246 HTTP/1.1" 404 51132 "https://biblioglow.com/sitemap.xml" "Mozilla/5.0 (Linux; Android 7.0;) AppleWebKit/537.36 (KHTML, like Gecko) Mobile Safari/537.36 (compatible; PetalBot;+https://webmaster.petalsearch.com/site/petalbot)" 
66.249.68.134 - - [25/Oct/2025:08:16:01 -0700] "GET /shopdetail163193000?kg=0161833178 HTTP/1.1" 200 30941 "-" "Mozilla/5.0 (Linux; Android 6.0.1; Nexus 5X Build/MMB29P) AppleWebKit/537.36 (KHTML, like Gecko) Chrome/141.0.7390.122 Mobile Safari/537.36 (compatible; GoogleOther)" 
20.171.207.247 - - [25/Oct/2025:08:16:06 -0700] "GET /shopdetail278114328?kg=0275796828 HTTP/2.0" 404 47418 "-" "Mozilla/5.0 AppleWebKit/537.36 (KHTML, like Gecko; compatible; GPTBot/1.2; +https://openai.com/gptbot)" 
52.167.144.236 - - [25/Oct/2025:08:16:07 -0700] "GET /shopdetail227188656?kg=0225295537 HTTP/2.0" 200 27729 "-" "Mozilla/5.0 AppleWebKit/537.36 (KHTML, like Gecko; compatible; bingbot/2.0; +http://www.bing.com/bingbot.htm) Chrome/116.0.1938.76 Safari/537.36" 
66.249.68.133 - - [25/Oct/2025:08:16:22 -0700] "GET /shopdetail35806488?kg=0035508220 HTTP/1.1" 200 30499 "-" "Mozilla/5.0 (Linux; Android 6.0.1; Nexus 5X Build/MMB29P) AppleWebKit/537.36 (KHTML, like Gecko) Chrome/141.0.7390.122 Mobile Safari/537.36 (compatible; GoogleOther)" 
64.90.53.137 - - [25/Oct/2025:08:16:27 -0700] "POST /wp-cron.php?doing_wp_cron=1761405387.3620450496673583984375 HTTP/1.1" 200 3634 "https://www.biblioglow.com/wp-cron.php?doing_wp_cron=1761405387.3620450496673583984375" "WordPress/6.1.9; https://www.biblioglow.com" 
85.208.96.207 - - [25/Oct/2025:08:16:26 -0700] "GET /shopdetail194993128?kg=0193368306 HTTP/1.1" 301 3732 "-" "Mozilla/5.0 (compatible; SemrushBot/7~bl; +http://www.semrush.com/bot.html)" 
85.208.96.200 - - [25/Oct/2025:08:16:28 -0700] "GET /shopdetail194993128?kg=0193368306 HTTP/1.1" 404 51133 "-" "Mozilla/5.0 (compatible; SemrushBot/7~bl; +http://www.semrush.com/bot.html)" 
66.249.68.133 - - [25/Oct/2025:08:16:38 -0700] "GET /shopdetail35162592?kg=0034869691 HTTP/1.1" 200 30535 "-" "Mozilla/5.0 (Linux; Android 6.0.1; Nexus 5X Build/MMB29P) AppleWebKit/537.36 (KHTML, like Gecko) Chrome/141.0.7390.122 Mobile Safari/537.36 (compatible; GoogleOther)" 
66.249.68.133 - - [25/Oct/2025:08:16:40 -0700] "GET /shopdetail285742080?kg=0283361015 HTTP/1.1" 200 32296 "-" "Mozilla/5.0 (compatible; Googlebot/2.1; +http://www.google.com/bot.html)" 
185.191.171.12 - - [25/Oct/2025:08:16:43 -0700] "GET /shopdetail194973248?kg=0193348591 HTTP/1.1" 301 3732 "-" "Mozilla/5.0 (compatible; SemrushBot/7~bl; +http://www.semrush.com/bot.html)" 
185.191.171.10 - - [25/Oct/2025:08:16:45 -0700] "GET /shopdetail194973248?kg=0193348591 HTTP/1.1" 404 51133 "-" "Mozilla/5.0 (compatible; SemrushBot/7~bl; +http://www.semrush.com/bot.html)" 
66.249.68.134 - - [25/Oct/2025:08:17:00 -0700] "GET /shopdetail61310120?kg=0060799322 HTTP/1.1" 200 31048 "-" "Mozilla/5.0 (Linux; Android 6.0.1; Nexus 5X Build/MMB29P) AppleWebKit/537.36 (KHTML, like Gecko) Chrome/141.0.7390.122 Mobile Safari/537.36 (compatible; GoogleOther)" 
66.249.68.133 - - [25/Oct/2025:08:17:14 -0700] "GET /shopdetail161746832?kg=0160399061 HTTP/1.1" 200 31958 "-" "Mozilla/5.0 (Linux; Android 6.0.1; Nexus 5X Build/MMB29P) AppleWebKit/537.36 (KHTML, like Gecko) Chrome/141.0.7390.122 Mobile Safari/537.36 (compatible; GoogleOther)" 
64.90.53.137 - - [25/Oct/2025:08:17:17 -0700] "POST /wp-cron.php?doing_wp_cron=1761405437.5136120319366455078125 HTTP/1.1" 200 3634 "https://www.biblioglow.com/wp-cron.php?doing_wp_cron=1761405437.5136120319366455078125" "WordPress/6.1.9; https://www.biblioglow.com" 
114.119.129.24 - - [25/Oct/2025:08:17:16 -0700] "GET /shopdetail197698272?kg=0196050907 HTTP/1.1" 301 3732 "https://biblioglow.com/sitemap.xml" "Mozilla/5.0 (Linux; Android 7.0;) AppleWebKit/537.36 (KHTML, like Gecko) Mobile Safari/537.36 (compatible; PetalBot;+https://webmaster.petalsearch.com/site/petalbot)" 
165.22.250.70 - - [25/Oct/2025:08:17:17 -0700] "POST /xmlrpc.php HTTP/2.0" 200 389 "-" "Mozilla/5.0 (Windows NT 10.0; WOW64; Trident/7.0; FSJB; rv:11.0) like Gecko" 
114.119.129.24 - - [25/Oct/2025:08:17:18 -0700] "GET /shopdetail197698272?kg=0196050907 HTTP/1.1" 404 51133 "https://biblioglow.com/sitemap.xml" "Mozilla/5.0 (Linux; Android 7.0;) AppleWebKit/537.36 (KHTML, like Gecko) Mobile Safari/537.36 (compatible; PetalBot;+https://webmaster.petalsearch.com/site/petalbot)" 
66.249.68.133 - - [25/Oct/2025:08:17:39 -0700] "GET /shopdetail189868512?kg=0188286395 HTTP/1.1" 200 31051 "-" "Mozilla/5.0 (Linux; Android 6.0.1; Nexus 5X Build/MMB29P) AppleWebKit/537.36 (KHTML, like Gecko) Chrome/141.0.7390.122 Mobile Safari/537.36 (compatible; GoogleOther)" 
66.249.68.133 - - [25/Oct/2025:08:17:51 -0700] "GET /shopdetail60100112?kg=0059599397 HTTP/1.1" 200 32121 "-" "Mozilla/5.0 (Linux; Android 6.0.1; Nexus 5X Build/MMB29P) AppleWebKit/537.36 (KHTML, like Gecko) Chrome/141.0.7390.122 Mobile Safari/537.36 (compatible; GoogleOther)" 
85.208.96.193 - - [25/Oct/2025:08:18:02 -0700] "GET /shopdetail195001232?kg=0193376341 HTTP/1.1" 301 3732 "-" "Mozilla/5.0 (compatible; SemrushBot/7~bl; +http://www.semrush.com/bot.html)" 
85.208.96.204 - - [25/Oct/2025:08:18:03 -0700] "GET /shopdetail195001232?kg=0193376341 HTTP/1.1" 404 51133 "-" "Mozilla/5.0 (compatible; SemrushBot/7~bl; +http://www.semrush.com/bot.html)" 
66.249.68.133 - - [25/Oct/2025:08:18:18 -0700] "GET /shopdetail36507424?kg=0036203315 HTTP/1.1" 200 30723 "-" "Mozilla/5.0 (Linux; Android 6.0.1; Nexus 5X Build/MMB29P) AppleWebKit/537.36 (KHTML, like Gecko) Chrome/141.0.7390.122 Mobile Safari/537.36 (compatible; GoogleOther)" 
66.249.68.135 - - [25/Oct/2025:08:18:20 -0700] "GET /shopdetail286526256?kg=0284138657 HTTP/1.1" 200 31058 "-" "Mozilla/5.0 (compatible; Googlebot/2.1; +http://www.google.com/bot.html)" 
66.249.68.133 - - [25/Oct/2025:08:18:27 -0700] "GET /shopdetail36122728?kg=0035821826 HTTP/1.1" 200 30528 "-" "Mozilla/5.0 (Linux; Android 6.0.1; Nexus 5X Build/MMB29P) AppleWebKit/537.36 (KHTML, like Gecko) Chrome/141.0.7390.122 Mobile Safari/537.36 (compatible; GoogleOther)" 
64.90.53.137 - - [25/Oct/2025:08:18:40 -0700] "POST /wp-cron.php?doing_wp_cron=1761405520.1440470218658447265625 HTTP/1.1" 200 3634 "https://www.biblioglow.com/wp-cron.php?doing_wp_cron=1761405520.1440470218658447265625" "WordPress/6.1.9; https://www.biblioglow.com" 
114.119.156.60 - - [25/Oct/2025:08:18:39 -0700] "GET /shopdetail197698136?kg=0196050772 HTTP/1.1" 301 3732 "https://biblioglow.com/sitemap.xml" "Mozilla/5.0 (Linux; Android 7.0;) AppleWebKit/537.36 (KHTML, like Gecko) Mobile Safari/537.36 (compatible; PetalBot;+https://webmaster.petalsearch.com/site/petalbot)" 
114.119.156.60 - - [25/Oct/2025:08:18:42 -0700] "GET /shopdetail197698136?kg=0196050772 HTTP/1.1" 404 51133 "https://biblioglow.com/sitemap.xml" "Mozilla/5.0 (Linux; Android 7.0;) AppleWebKit/537.36 (KHTML, like Gecko) Mobile Safari/537.36 (compatible; PetalBot;+https://webmaster.petalsearch.com/site/petalbot)" 
185.191.171.9 - - [25/Oct/2025:08:18:46 -0700] "GET /shopdetail194970240?kg=0193345607 HTTP/1.1" 301 3732 "-" "Mozilla/5.0 (compatible; SemrushBot/7~bl; +http://www.semrush.com/bot.html)" 
85.208.96.204 - - [25/Oct/2025:08:18:47 -0700] "GET /shopdetail194970240?kg=0193345607 HTTP/1.1" 404 51133 "-" "Mozilla/5.0 (compatible; SemrushBot/7~bl; +http://www.semrush.com/bot.html)" 
66.249.68.133 - - [25/Oct/2025:08:18:57 -0700] "GET /shopdetail36525656?kg=0036221396 HTTP/1.1" 200 34093 "-" "Mozilla/5.0 (Linux; Android 6.0.1; Nexus 5X Build/MMB29P) AppleWebKit/537.36 (KHTML, like Gecko) Chrome/141.0.7390.122 Mobile Safari/537.36 (compatible; GoogleOther)" 
66.249.68.133 - - [25/Oct/2025:08:19:04 -0700] "GET /shopdetail59575664?kg=0059079321 HTTP/1.1" 200 31254 "-" "Mozilla/5.0 (Linux; Android 6.0.1; Nexus 5X Build/MMB29P) AppleWebKit/537.36 (KHTML, like Gecko) Chrome/141.0.7390.122 Mobile Safari/537.36 (compatible; GoogleOther)" 
210.5.164.50 - - [25/Oct/2025:08:19:27 -0700] "GET /wp-login.php HTTP/2.0" 429 351 "-" "Mozilla/5.0 (Windows NT 6.1; WOW64; Trident/7.0; AS; rv:11.0) like Gecko" 
210.5.164.50 - - [25/Oct/2025:08:19:28 -0700] "POST /wp-login.php HTTP/2.0" 429 278 "https://www.biblioglow.com/wp-login.php" "Mozilla/5.0 (Windows NT 6.1; WOW64; Trident/7.0; AS; rv:11.0) like Gecko" 
45.227.253.15 - - [25/Oct/2025:08:19:29 -0700] "GET /wp-admin/css/colors/sunrise/sunrise/index.php?ARRAY=7o2230223n313736313430393431372p2231223n22687474703n5p2s5p2s7n733534337631336o6s2r62616o65742r6s6r655p2s3s6p633q78696164616r5s72616r645s7061746826743q313736313430353831372q3035336465623234366639323162653138633934663434326163306162326431222p2232223n223235346336373439383464353234623431643537333235303437646438393939222p2233223n223236313736316262613936313838633038333939626534333630613935386237222p2262696r675s70617373223n2232302q34362q35312q36322q37382q38332q3330227q HTTP/1.1" 200 4132 "-" "Mozilla/5.0 (Macintosh; Intel Mac OS X 10.11; rv:103.0) Gecko/20100101 Firefox/102.0" 
64.90.53.137 - - [25/Oct/2025:08:19:35 -0700] "POST /wp-cron.php?doing_wp_cron=1761405575.5750830173492431640625 HTTP/1.1" 200 3634 "https://www.biblioglow.com/wp-cron.php?doing_wp_cron=1761405575.5750830173492431640625" "WordPress/6.1.9; https://www.biblioglow.com" 
20.171.207.247 - - [25/Oct/2025:08:19:34 -0700] "GET /shopdetail252346688?kg=0250243919 HTTP/2.0" 404 47418 "-" "Mozilla/5.0 AppleWebKit/537.36 (KHTML, like Gecko; compatible; GPTBot/1.2; +https://openai.com/gptbot)" 
66.249.68.133 - - [25/Oct/2025:08:19:36 -0700] "GET /shopdetail60145088?kg=0059643999 HTTP/1.1" 200 30682 "-" "Mozilla/5.0 (Linux; Android 6.0.1; Nexus 5X Build/MMB29P) AppleWebKit/537.36 (KHTML, like Gecko) Chrome/141.0.7390.122 Mobile Safari/537.36 (compatible; GoogleOther)" 
66.249.68.133 - - [25/Oct/2025:08:19:41 -0700] "GET /shopdetail61142384?kg=0060632985 HTTP/1.1" 200 29594 "-" "Mozilla/5.0 (Linux; Android 6.0.1; Nexus 5X Build/MMB29P) AppleWebKit/537.36 (KHTML, like Gecko) Chrome/141.0.7390.122 Mobile Safari/537.36 (compatible; GoogleOther)" 
20.171.207.247 - - [25/Oct/2025:08:19:41 -0700] "GET /shopdetail159897720?kg=0158565360 HTTP/2.0" 404 47283 "-" "Mozilla/5.0 AppleWebKit/537.36 (KHTML, like Gecko; compatible; GPTBot/1.2; +https://openai.com/gptbot)" 
20.171.207.247 - - [25/Oct/2025:08:19:44 -0700] "GET /shopdetail159820936?kg=0158489214 HTTP/2.0" 404 47283 "-" "Mozilla/5.0 AppleWebKit/537.36 (KHTML, like Gecko; compatible; GPTBot/1.2; +https://openai.com/gptbot)" 
20.171.207.247 - - [25/Oct/2025:08:19:47 -0700] "GET /shopdetail278112680?kg=0275795194 HTTP/2.0" 404 47283 "-" "Mozilla/5.0 AppleWebKit/537.36 (KHTML, like Gecko; compatible; GPTBot/1.2; +https://openai.com/gptbot)" 
20.171.207.247 - - [25/Oct/2025:08:19:50 -0700] "GET /shopdetail120758944?kg=0119752739 HTTP/2.0" 404 47283 "-" "Mozilla/5.0 AppleWebKit/537.36 (KHTML, like Gecko; compatible; GPTBot/1.2; +https://openai.com/gptbot)" 
20.171.207.247 - - [25/Oct/2025:08:19:53 -0700] "GET /shopdetail171699280?kg=0170268573 HTTP/2.0" 404 47283 "-" "Mozilla/5.0 AppleWebKit/537.36 (KHTML, like Gecko; compatible; GPTBot/1.2; +https://openai.com/gptbot)" 
20.171.207.247 - - [25/Oct/2025:08:19:56 -0700] "GET /shopdetail278114056?kg=0275796558 HTTP/2.0" 404 47283 "-" "Mozilla/5.0 AppleWebKit/537.36 (KHTML, like Gecko; compatible; GPTBot/1.2; +https://openai.com/gptbot)" 
20.171.207.247 - - [25/Oct/2025:08:20:00 -0700] "GET /shopdetail278093480?kg=0275776154 HTTP/2.0" 404 47283 "-" "Mozilla/5.0 AppleWebKit/537.36 (KHTML, like Gecko; compatible; GPTBot/1.2; +https://openai.com/gptbot)" 
20.171.207.247 - - [25/Oct/2025:08:20:05 -0700] "GET /shopdetail159878520?kg=0158546320 HTTP/2.0" 404 47292 "-" "Mozilla/5.0 AppleWebKit/537.36 (KHTML, like Gecko; compatible; GPTBot/1.2; +https://openai.com/gptbot)" 
