66.249.68.133 - - [25/Oct/2025:01:14:59 -0700] "GET /shopdetail325638440?kg=0322924906 HTTP/1.1" 200 31657 "-" "Mozilla/5.0 (Linux; Android 6.0.1; Nexus 5X Build/MMB29P) AppleWebKit/537.36 (KHTML, like Gecko) Chrome/141.0.7390.122 Mobile Safari/537.36 (compatible; GoogleOther)" 
185.191.171.10 - - [25/Oct/2025:01:14:58 -0700] "GET /shopdetail195034960?kg=0193409789 HTTP/1.1" 404 51133 "-" "Mozilla/5.0 (compatible; SemrushBot/7~bl; +http://www.semrush.com/bot.html)" 
114.119.136.150 - - [25/Oct/2025:01:15:11 -0700] "GET /shopdetail68833224?kg=0068259734 HTTP/1.1" 301 3731 "https://biblioglow.com/sitemap.xml" "Mozilla/5.0 (Linux; Android 7.0;) AppleWebKit/537.36 (KHTML, like Gecko) Mobile Safari/537.36 (compatible; PetalBot;+https://webmaster.petalsearch.com/site/petalbot)" 
64.90.53.137 - - [25/Oct/2025:01:15:13 -0700] "POST /wp-cron.php?doing_wp_cron=1761380113.2152140140533447265625 HTTP/1.1" 200 3634 "https://www.biblioglow.com/wp-cron.php?doing_wp_cron=1761380113.2152140140533447265625" "WordPress/6.1.9; https://www.biblioglow.com" 
114.119.136.150 - - [25/Oct/2025:01:15:12 -0700] "GET /shopdetail68833224?kg=0068259734 HTTP/1.1" 404 51132 "https://biblioglow.com/sitemap.xml" "Mozilla/5.0 (Linux; Android 7.0;) AppleWebKit/537.36 (KHTML, like Gecko) Mobile Safari/537.36 (compatible; PetalBot;+https://webmaster.petalsearch.com/site/petalbot)" 
43.159.143.139 - - [25/Oct/2025:01:15:29 -0700] "GET /wp-content/themes/pro/cornerstone/assets/dist/fonts/fa-regular-400.woff2 HTTP/1.1" 200 174183 "-" "Mozilla/5.0 (iPhone; CPU iPhone OS 13_2_3 like Mac OS X) AppleWebKit/605.1.15 (KHTML, like Gecko) Version/13.0.3 Mobile/15E148 Safari/604.1" 
66.249.68.135 - - [25/Oct/2025:01:15:30 -0700] "GET /shopdetail159595600?kg=0158265757 HTTP/1.1" 200 33091 "-" "Mozilla/5.0 (Linux; Android 6.0.1; Nexus 5X Build/MMB29P) AppleWebKit/537.36 (KHTML, like Gecko) Chrome/141.0.7390.122 Mobile Safari/537.36 (compatible; GoogleOther)" 
185.191.171.11 - - [25/Oct/2025:01:15:37 -0700] "GET /shopdetail195034824?kg=0193409654 HTTP/1.1" 301 3732 "-" "Mozilla/5.0 (compatible; SemrushBot/7~bl; +http://www.semrush.com/bot.html)" 
85.208.96.207 - - [25/Oct/2025:01:15:38 -0700] "GET /shopdetail195034824?kg=0193409654 HTTP/1.1" 404 51133 "-" "Mozilla/5.0 (compatible; SemrushBot/7~bl; +http://www.semrush.com/bot.html)" 
66.249.68.133 - - [25/Oct/2025:01:15:41 -0700] "GET /shopdetail159398536?kg=0158070334 HTTP/1.1" 200 30695 "-" "Mozilla/5.0 (Linux; Android 6.0.1; Nexus 5X Build/MMB29P) AppleWebKit/537.36 (KHTML, like Gecko) Chrome/141.0.7390.122 Mobile Safari/537.36 (compatible; GoogleOther)" 
66.249.68.135 - - [25/Oct/2025:01:16:12 -0700] "GET /shopdetail187311904?kg=0185751091 HTTP/1.1" 200 30877 "-" "Mozilla/5.0 (Linux; Android 6.0.1; Nexus 5X Build/MMB29P) AppleWebKit/537.36 (KHTML, like Gecko) Chrome/141.0.7390.122 Mobile Safari/537.36 (compatible; GoogleOther)" 
66.249.68.134 - - [25/Oct/2025:01:16:24 -0700] "GET /shopdetail73982528?kg=0073366127 HTTP/1.1" 200 30637 "-" "Mozilla/5.0 (Linux; Android 6.0.1; Nexus 5X Build/MMB29P) AppleWebKit/537.36 (KHTML, like Gecko) Chrome/141.0.7390.122 Mobile Safari/537.36 (compatible; GoogleOther)" 
64.90.53.137 - - [25/Oct/2025:01:16:27 -0700] "POST /wp-cron.php?doing_wp_cron=1761380187.1267371177673339843750 HTTP/1.1" 200 3634 "https://www.biblioglow.com/wp-cron.php?doing_wp_cron=1761380187.1267371177673339843750" "WordPress/6.1.9; https://www.biblioglow.com" 
85.208.96.208 - - [25/Oct/2025:01:16:26 -0700] "GET /shopdetail194971056?kg=0193346417 HTTP/1.1" 301 3732 "-" "Mozilla/5.0 (compatible; SemrushBot/7~bl; +http://www.semrush.com/bot.html)" 
185.191.171.7 - - [25/Oct/2025:01:16:28 -0700] "GET /shopdetail194971056?kg=0193346417 HTTP/1.1" 404 51133 "-" "Mozilla/5.0 (compatible; SemrushBot/7~bl; +http://www.semrush.com/bot.html)" 
114.119.151.155 - - [25/Oct/2025:01:16:35 -0700] "GET /shopdetail68832952?kg=0068259464 HTTP/1.1" 301 3731 "https://biblioglow.com/sitemap.xml" "Mozilla/5.0 (Linux; Android 7.0;) AppleWebKit/537.36 (KHTML, like Gecko) Mobile Safari/537.36 (compatible; PetalBot;+https://webmaster.petalsearch.com/site/petalbot)" 
114.119.151.155 - - [25/Oct/2025:01:16:37 -0700] "GET /shopdetail68832952?kg=0068259464 HTTP/1.1" 404 51132 "https://biblioglow.com/sitemap.xml" "Mozilla/5.0 (Linux; Android 7.0;) AppleWebKit/537.36 (KHTML, like Gecko) Mobile Safari/537.36 (compatible; PetalBot;+https://webmaster.petalsearch.com/site/petalbot)" 
185.191.171.14 - - [25/Oct/2025:01:16:44 -0700] "GET /shopdetail195024136?kg=0193399054 HTTP/1.1" 301 3732 "-" "Mozilla/5.0 (compatible; SemrushBot/7~bl; +http://www.semrush.com/bot.html)" 
85.208.96.195 - - [25/Oct/2025:01:16:45 -0700] "GET /shopdetail195024136?kg=0193399054 HTTP/1.1" 404 51133 "-" "Mozilla/5.0 (compatible; SemrushBot/7~bl; +http://www.semrush.com/bot.html)" 
66.249.68.133 - - [25/Oct/2025:01:16:54 -0700] "GET /shopdetail159412928?kg=0158084607 HTTP/1.1" 200 31221 "-" "Mozilla/5.0 (Linux; Android 6.0.1; Nexus 5X Build/MMB29P) AppleWebKit/537.36 (KHTML, like Gecko) Chrome/141.0.7390.122 Mobile Safari/537.36 (compatible; GoogleOther)" 
85.208.96.199 - - [25/Oct/2025:01:17:01 -0700] "GET /shopdetail194980112?kg=0193355397 HTTP/1.1" 301 3732 "-" "Mozilla/5.0 (compatible; SemrushBot/7~bl; +http://www.semrush.com/bot.html)" 
185.191.171.8 - - [25/Oct/2025:01:17:02 -0700] "GET /shopdetail194980112?kg=0193355397 HTTP/1.1" 404 51133 "-" "Mozilla/5.0 (compatible; SemrushBot/7~bl; +http://www.semrush.com/bot.html)" 
66.249.68.134 - - [25/Oct/2025:01:17:07 -0700] "GET /shopdetail310237152?kg=0307651963 HTTP/1.1" 200 31031 "-" "Mozilla/5.0 (Linux; Android 6.0.1; Nexus 5X Build/MMB29P) AppleWebKit/537.36 (KHTML, like Gecko) Chrome/141.0.7390.122 Mobile Safari/537.36 (compatible; GoogleOther)" 
159.69.57.110 - - [25/Oct/2025:01:17:10 -0700] "POST /xmlrpc.php HTTP/2.0" 429 351 "-" "Mozilla/4.0 (compatible; MSIE 7.0; Windows NT 10.0; WOW64; Trident/7.0; .NET4.0C; .NET4.0E; .NET CLR 2.0.50727; .NET CLR 3.0.30729; .NET CLR 3.5.30729; InfoPath.3)" 
159.69.57.110 - - [25/Oct/2025:01:17:26 -0700] "POST /xmlrpc.php HTTP/2.0" 429 351 "-" "Mozilla/4.0 (compatible; MSIE 7.0; Windows NT 10.0; WOW64; Trident/7.0; .NET4.0C; .NET4.0E; .NET CLR 2.0.50727; .NET CLR 3.0.30729; .NET CLR 3.5.30729; InfoPath.3)" 
66.249.68.134 - - [25/Oct/2025:01:17:37 -0700] "GET /shopdetail187478112?kg=0185915915 HTTP/1.1" 200 31406 "-" "Mozilla/5.0 (Linux; Android 6.0.1; Nexus 5X Build/MMB29P) AppleWebKit/537.36 (KHTML, like Gecko) Chrome/141.0.7390.122 Mobile Safari/537.36 (compatible; GoogleOther)" 
66.249.68.133 - - [25/Oct/2025:01:17:49 -0700] "GET /shopdetail161012424?kg=0159670774 HTTP/1.1" 200 31072 "-" "Mozilla/5.0 (Linux; Android 6.0.1; Nexus 5X Build/MMB29P) AppleWebKit/537.36 (KHTML, like Gecko) Chrome/141.0.7390.122 Mobile Safari/537.36 (compatible; GoogleOther)" 
159.69.57.110 - - [25/Oct/2025:01:17:57 -0700] "POST /xmlrpc.php HTTP/2.0" 429 351 "-" "Mozilla/4.0 (compatible; MSIE 7.0; Windows NT 10.0; WOW64; Trident/7.0; .NET4.0C; .NET4.0E; .NET CLR 2.0.50727; .NET CLR 3.0.30729; .NET CLR 3.5.30729; InfoPath.3)" 
64.90.53.137 - - [25/Oct/2025:01:17:59 -0700] "POST /wp-cron.php?doing_wp_cron=1761380279.6436150074005126953125 HTTP/1.1" 200 3634 "https://www.biblioglow.com/wp-cron.php?doing_wp_cron=1761380279.6436150074005126953125" "WordPress/6.1.9; https://www.biblioglow.com" 
114.119.129.24 - - [25/Oct/2025:01:17:59 -0700] "GET /shopdetail68832000?kg=0068258519 HTTP/1.1" 301 3731 "https://biblioglow.com/sitemap.xml" "Mozilla/5.0 (Linux; Android 7.0;) AppleWebKit/537.36 (KHTML, like Gecko) Mobile Safari/537.36 (compatible; PetalBot;+https://webmaster.petalsearch.com/site/petalbot)" 
114.119.129.24 - - [25/Oct/2025:01:18:00 -0700] "GET /shopdetail68832000?kg=0068258519 HTTP/1.1" 404 51132 "https://biblioglow.com/sitemap.xml" "Mozilla/5.0 (Linux; Android 7.0;) AppleWebKit/537.36 (KHTML, like Gecko) Mobile Safari/537.36 (compatible; PetalBot;+https://webmaster.petalsearch.com/site/petalbot)" 
52.167.144.157 - - [25/Oct/2025:01:18:05 -0700] "GET /shopdetail227241584?kg=0225348025 HTTP/2.0" 200 27873 "-" "Mozilla/5.0 AppleWebKit/537.36 (KHTML, like Gecko; compatible; bingbot/2.0; +http://www.bing.com/bingbot.htm) Chrome/116.0.1938.76 Safari/537.36" 
66.249.68.133 - - [25/Oct/2025:01:18:19 -0700] "GET /shopdetail33162512?kg=0032886277 HTTP/1.1" 200 30939 "-" "Mozilla/5.0 (Linux; Android 6.0.1; Nexus 5X Build/MMB29P) AppleWebKit/537.36 (KHTML, like Gecko) Chrome/141.0.7390.122 Mobile Safari/537.36 (compatible; GoogleOther)" 
66.249.68.134 - - [25/Oct/2025:01:18:32 -0700] "GET /shopdetail75272088?kg=0074644940 HTTP/1.1" 200 32372 "-" "Mozilla/5.0 (Linux; Android 6.0.1; Nexus 5X Build/MMB29P) AppleWebKit/537.36 (KHTML, like Gecko) Chrome/141.0.7390.122 Mobile Safari/537.36 (compatible; GoogleOther)" 
66.249.68.134 - - [25/Oct/2025:01:19:01 -0700] "GET /shopdetail159433504?kg=0158105011 HTTP/1.1" 200 34338 "-" "Mozilla/5.0 (Linux; Android 6.0.1; Nexus 5X Build/MMB29P) AppleWebKit/537.36 (KHTML, like Gecko) Chrome/141.0.7390.122 Mobile Safari/537.36 (compatible; GoogleOther)" 
64.90.53.137 - - [25/Oct/2025:01:19:05 -0700] "POST /wp-cron.php?doing_wp_cron=1761380345.7550570964813232421875 HTTP/1.1" 200 3634 "https://www.biblioglow.com/wp-cron.php?doing_wp_cron=1761380345.7550570964813232421875" "WordPress/6.1.9; https://www.biblioglow.com" 
185.191.171.4 - - [25/Oct/2025:01:19:05 -0700] "GET /shopdetail195007400?kg=0193382458 HTTP/1.1" 301 3732 "-" "Mozilla/5.0 (compatible; SemrushBot/7~bl; +http://www.semrush.com/bot.html)" 
85.208.96.202 - - [25/Oct/2025:01:19:06 -0700] "GET /shopdetail195007400?kg=0193382458 HTTP/1.1" 404 51133 "-" "Mozilla/5.0 (compatible; SemrushBot/7~bl; +http://www.semrush.com/bot.html)" 
66.249.68.133 - - [25/Oct/2025:01:19:15 -0700] "GET /shopdetail325140600?kg=0322431216 HTTP/1.1" 200 33961 "-" "Mozilla/5.0 (Linux; Android 6.0.1; Nexus 5X Build/MMB29P) AppleWebKit/537.36 (KHTML, like Gecko) Chrome/141.0.7390.122 Mobile Safari/537.36 (compatible; GoogleOther)" 
64.90.53.137 - - [25/Oct/2025:01:19:31 -0700] "POST /wp-cron.php?doing_wp_cron=1761380371.7667400836944580078125 HTTP/1.1" 200 3634 "https://www.biblioglow.com/wp-cron.php?doing_wp_cron=1761380371.7667400836944580078125" "WordPress/6.1.9; https://www.biblioglow.com" 
114.119.151.155 - - [25/Oct/2025:01:19:31 -0700] "GET /shopdetail68831576?kg=0068258100 HTTP/1.1" 301 3731 "https://biblioglow.com/sitemap.xml" "Mozilla/5.0 (Linux; Android 7.0;) AppleWebKit/537.36 (KHTML, like Gecko) Mobile Safari/537.36 (compatible; PetalBot;+https://webmaster.petalsearch.com/site/petalbot)" 
114.119.151.155 - - [25/Oct/2025:01:19:33 -0700] "GET /shopdetail68831576?kg=0068258100 HTTP/1.1" 404 51132 "https://biblioglow.com/sitemap.xml" "Mozilla/5.0 (Linux; Android 7.0;) AppleWebKit/537.36 (KHTML, like Gecko) Mobile Safari/537.36 (compatible; PetalBot;+https://webmaster.petalsearch.com/site/petalbot)" 
66.249.68.133 - - [25/Oct/2025:01:19:43 -0700] "GET /shopdetail184176816?kg=0182642129 HTTP/1.1" 200 31111 "-" "Mozilla/5.0 (Linux; Android 6.0.1; Nexus 5X Build/MMB29P) AppleWebKit/537.36 (KHTML, like Gecko) Chrome/141.0.7390.122 Mobile Safari/537.36 (compatible; GoogleOther)" 
66.249.68.133 - - [25/Oct/2025:01:19:57 -0700] "GET /shopdetail73961408?kg=0073345183 HTTP/1.1" 200 31651 "-" "Mozilla/5.0 (Linux; Android 6.0.1; Nexus 5X Build/MMB29P) AppleWebKit/537.36 (KHTML, like Gecko) Chrome/141.0.7390.122 Mobile Safari/537.36 (compatible; GoogleOther)" 
49.205.40.121 - - [25/Oct/2025:01:20:02 -0700] "POST /xmlrpc.php HTTP/1.1" 200 4060 "-" "Mozilla/5.0 (X11; Ubuntu; Linux x86_64; x64) AppleWebKit/537.36 (KHTML, like Gecko) Edge/83.0.0.0 Safari/537.36" 
156.212.135.134 - - [25/Oct/2025:01:20:08 -0700] "POST /xmlrpc.php HTTP/1.1" 200 4060 "-" "Mozilla/5.0 (Linux; Android 10; arm64) AppleWebKit/537.36 (KHTML, like Gecko) Safari/14.0.0.0 Safari/537.36" 
66.249.68.135 - - [25/Oct/2025:01:20:27 -0700] "GET /shopdetail309348192?kg=0306770411 HTTP/1.1" 200 30353 "-" "Mozilla/5.0 (Linux; Android 6.0.1; Nexus 5X Build/MMB29P) AppleWebKit/537.36 (KHTML, like Gecko) Chrome/141.0.7390.122 Mobile Safari/537.36 (compatible; GoogleOther)" 
66.249.68.133 - - [25/Oct/2025:01:20:40 -0700] "GET /shopdetail188606800?kg=0187035197 HTTP/1.1" 200 30868 "-" "Mozilla/5.0 (Linux; Android 6.0.1; Nexus 5X Build/MMB29P) AppleWebKit/537.36 (KHTML, like Gecko) Chrome/141.0.7390.122 Mobile Safari/537.36 (compatible; GoogleOther)" 
85.208.96.199 - - [25/Oct/2025:01:20:40 -0700] "GET /shopdetail194971600?kg=0193346957 HTTP/1.1" 301 3732 "-" "Mozilla/5.0 (compatible; SemrushBot/7~bl; +http://www.semrush.com/bot.html)" 
64.90.53.137 - - [25/Oct/2025:01:20:40 -0700] "POST /wp-cron.php?doing_wp_cron=1761380440.6011109352111816406250 HTTP/1.1" 200 3634 "https://www.biblioglow.com/wp-cron.php?doing_wp_cron=1761380440.6011109352111816406250" "WordPress/6.1.9; https://www.biblioglow.com" 
85.208.96.199 - - [25/Oct/2025:01:20:42 -0700] "GET /shopdetail194971600?kg=0193346957 HTTP/1.1" 404 51133 "-" "Mozilla/5.0 (compatible; SemrushBot/7~bl; +http://www.semrush.com/bot.html)" 
72.14.199.101 - - [25/Oct/2025:01:20:44 -0700] "GET /shopdetail1082592?kg=0001073691 HTTP/1.1" 404 51168 "-" "Mozilla/5.0 (X11; Linux x86_64) AppleWebKit/537.36 (KHTML, like Gecko) Chrome/140.0.7339.207 Safari/537.36" 
114.119.129.24 - - [25/Oct/2025:01:20:46 -0700] "GET /shopdetail68831032?kg=0068257560 HTTP/1.1" 301 3731 "https://biblioglow.com/sitemap.xml" "Mozilla/5.0 (Linux; Android 7.0;) AppleWebKit/537.36 (KHTML, like Gecko) Mobile Safari/537.36 (compatible; PetalBot;+https://webmaster.petalsearch.com/site/petalbot)" 
114.119.129.24 - - [25/Oct/2025:01:20:47 -0700] "GET /shopdetail68831032?kg=0068257560 HTTP/1.1" 404 51132 "https://biblioglow.com/sitemap.xml" "Mozilla/5.0 (Linux; Android 7.0;) AppleWebKit/537.36 (KHTML, like Gecko) Mobile Safari/537.36 (compatible; PetalBot;+https://webmaster.petalsearch.com/site/petalbot)" 
83.139.128.160 - - [25/Oct/2025:01:20:57 -0700] "GET /wp-content/plugins/drag-and-drop-multiple-file-upload-contact-form-7/assets/js/codedropz-uploader-min.js HTTP/1.1" 301 3811 "-" "Mozilla/5.0 (Macintosh; Intel Mac OS X 10_15_7) AppleWebKit/537.36 (KHTML, like Gecko) Chrome/135.0.0.0 Safari/537.36" 
83.139.128.160 - - [25/Oct/2025:01:20:58 -0700] "GET /wp-content/plugins/drag-and-drop-multiple-file-upload-contact-form-7/assets/js/codedropz-uploader-min.js HTTP/1.1" 404 51226 "-" "Mozilla/5.0 (Macintosh; Intel Mac OS X 10_15_7) AppleWebKit/537.36 (KHTML, like Gecko) Chrome/135.0.0.0 Safari/537.36" 
66.249.68.133 - - [25/Oct/2025:01:21:02 -0700] "GET /shopdetail309482048?kg=0306903151 HTTP/1.1" 200 32145 "-" "Mozilla/5.0 (Linux; Android 6.0.1; Nexus 5X Build/MMB29P) AppleWebKit/537.36 (KHTML, like Gecko) Chrome/141.0.7390.122 Mobile Safari/537.36 (compatible; GoogleOther)" 
66.249.68.134 - - [25/Oct/2025:01:21:13 -0700] "GET /shopdetail34333016?kg=0034047028 HTTP/1.1" 200 30623 "-" "Mozilla/5.0 (Linux; Android 6.0.1; Nexus 5X Build/MMB29P) AppleWebKit/537.36 (KHTML, like Gecko) Chrome/141.0.7390.122 Mobile Safari/537.36 (compatible; GoogleOther)" 
66.249.68.133 - - [25/Oct/2025:01:21:39 -0700] "GET /shopdetail33400728?kg=0033122508 HTTP/1.1" 200 31051 "-" "Mozilla/5.0 (Linux; Android 6.0.1; Nexus 5X Build/MMB29P) AppleWebKit/537.36 (KHTML, like Gecko) Chrome/141.0.7390.122 Mobile Safari/537.36 (compatible; GoogleOther)" 
66.249.68.133 - - [25/Oct/2025:01:21:51 -0700] "GET /shopdetail72584768?kg=0071980015 HTTP/1.1" 200 30738 "-" "Mozilla/5.0 (Linux; Android 6.0.1; Nexus 5X Build/MMB29P) AppleWebKit/537.36 (KHTML, like Gecko) Chrome/141.0.7390.122 Mobile Safari/537.36 (compatible; GoogleOther)" 
64.90.53.137 - - [25/Oct/2025:01:22:10 -0700] "POST /wp-cron.php?doing_wp_cron=1761380530.3469309806823730468750 HTTP/1.1" 200 3634 "https://www.biblioglow.com/wp-cron.php?doing_wp_cron=1761380530.3469309806823730468750" "WordPress/6.1.9; https://www.biblioglow.com" 
114.119.129.24 - - [25/Oct/2025:01:22:09 -0700] "GET /shopdetail68828144?kg=0068254697 HTTP/1.1" 301 3731 "https://biblioglow.com/sitemap.xml" "Mozilla/5.0 (Linux; Android 7.0;) AppleWebKit/537.36 (KHTML, like Gecko) Mobile Safari/537.36 (compatible; PetalBot;+https://webmaster.petalsearch.com/site/petalbot)" 
85.208.96.198 - - [25/Oct/2025:01:22:12 -0700] "GET /shopdetail195038528?kg=0193413327 HTTP/1.1" 301 3732 "-" "Mozilla/5.0 (compatible; SemrushBot/7~bl; +http://www.semrush.com/bot.html)" 
114.119.129.24 - - [25/Oct/2025:01:22:11 -0700] "GET /shopdetail68828144?kg=0068254697 HTTP/1.1" 404 51132 "https://biblioglow.com/sitemap.xml" "Mozilla/5.0 (Linux; Android 7.0;) AppleWebKit/537.36 (KHTML, like Gecko) Mobile Safari/537.36 (compatible; PetalBot;+https://webmaster.petalsearch.com/site/petalbot)" 
64.90.53.137 - - [25/Oct/2025:01:22:14 -0700] "POST /wp-cron.php?doing_wp_cron=1761380533.9598538875579833984375 HTTP/1.1" 200 3634 "https://www.biblioglow.com/wp-cron.php?doing_wp_cron=1761380533.9598538875579833984375" "WordPress/6.1.9; https://www.biblioglow.com" 
85.208.96.211 - - [25/Oct/2025:01:22:13 -0700] "GET /shopdetail195038528?kg=0193413327 HTTP/1.1" 404 51133 "-" "Mozilla/5.0 (compatible; SemrushBot/7~bl; +http://www.semrush.com/bot.html)" 
85.208.96.195 - - [25/Oct/2025:01:22:16 -0700] "GET /shopdetail195043880?kg=0193418634 HTTP/1.1" 301 3732 "-" "Mozilla/5.0 (compatible; SemrushBot/7~bl; +http://www.semrush.com/bot.html)" 
66.249.68.134 - - [25/Oct/2025:01:22:16 -0700] "GET /shopdetail74283016?kg=0073664110 HTTP/1.1" 200 32182 "-" "Mozilla/5.0 (Linux; Android 6.0.1; Nexus 5X Build/MMB29P) AppleWebKit/537.36 (KHTML, like Gecko) Chrome/141.0.7390.122 Mobile Safari/537.36 (compatible; GoogleOther)" 
185.191.171.15 - - [25/Oct/2025:01:22:17 -0700] "GET /shopdetail195043880?kg=0193418634 HTTP/1.1" 404 51133 "-" "Mozilla/5.0 (compatible; SemrushBot/7~bl; +http://www.semrush.com/bot.html)" 
66.249.68.134 - - [25/Oct/2025:01:22:29 -0700] "GET /shopdetail310220008?kg=0307634962 HTTP/1.1" 200 30850 "-" "Mozilla/5.0 (Linux; Android 6.0.1; Nexus 5X Build/MMB29P) AppleWebKit/537.36 (KHTML, like Gecko) Chrome/141.0.7390.122 Mobile Safari/537.36 (compatible; GoogleOther)" 
49.205.40.121 - - [25/Oct/2025:01:22:50 -0700] "GET /wp-json/wp/v2/users HTTP/1.1" 200 10135 "-" "Mozilla/4.0 (compatible; Win32; WinHttp.WinHttpRequest.5)" 
66.249.68.133 - - [25/Oct/2025:01:22:53 -0700] "GET /shopdetail159025088?kg=0157699999 HTTP/1.1" 200 31625 "-" "Mozilla/5.0 (Linux; Android 6.0.1; Nexus 5X Build/MMB29P) AppleWebKit/537.36 (KHTML, like Gecko) Chrome/141.0.7390.122 Mobile Safari/537.36 (compatible; GoogleOther)" 
195.2.78.191 - - [25/Oct/2025:01:22:58 -0700] "GET /2020/07/03/the-hamilton-affair-discussion-questions/ HTTP/1.0" 200 89614 "https://www.biblioglow.com/2020/07/03/the-hamilton-affair-discussion-questions/" "Mozilla/5.0 (Windows NT 10.0; Win64; x64) AppleWebKit/537.36 (KHTML, like Gecko) Chrome/131.0.0.0 Safari/537.36" 
195.2.78.191 - - [25/Oct/2025:01:23:00 -0700] "POST /wp-comments-post.php HTTP/1.0" 302 4046 "https://www.biblioglow.com/2020/07/03/the-hamilton-affair-discussion-questions/" "Mozilla/5.0 (Windows NT 10.0; Win64; x64) AppleWebKit/537.36 (KHTML, like Gecko) Chrome/131.0.0.0 Safari/537.36" 
195.2.78.191 - - [25/Oct/2025:01:23:02 -0700] "GET /2020/07/03/the-hamilton-affair-discussion-questions/ HTTP/1.0" 200 136323 "https://www.biblioglow.com/2020/07/03/the-hamilton-affair-discussion-questions/#comment-19438" "Mozilla/5.0 (Windows NT 10.0; Win64; x64) AppleWebKit/537.36 (KHTML, like Gecko) Chrome/131.0.0.0 Safari/537.36" 
66.249.68.134 - - [25/Oct/2025:01:23:07 -0700] "GET /shopdetail34738544?kg=0034449177 HTTP/1.1" 200 34851 "-" "Mozilla/5.0 (Linux; Android 6.0.1; Nexus 5X Build/MMB29P) AppleWebKit/537.36 (KHTML, like Gecko) Chrome/141.0.7390.122 Mobile Safari/537.36 (compatible; GoogleOther)" 
85.208.96.196 - - [25/Oct/2025:01:23:27 -0700] "GET /robots.txt HTTP/1.1" 200 3816 "-" "Mozilla/5.0 (compatible; SemrushBot/7~bl; +http://www.semrush.com/bot.html)" 
64.90.53.137 - - [25/Oct/2025:01:23:28 -0700] "POST /wp-cron.php?doing_wp_cron=1761380608.6112139225006103515625 HTTP/1.1" 200 3634 "https://www.biblioglow.com/wp-cron.php?doing_wp_cron=1761380608.6112139225006103515625" "WordPress/6.1.9; https://www.biblioglow.com" 
185.191.171.1 - - [25/Oct/2025:01:23:28 -0700] "GET /shopdetail195037984?kg=0193412787 HTTP/1.1" 301 3732 "-" "Mozilla/5.0 (compatible; SemrushBot/7~bl; +http://www.semrush.com/bot.html)" 
185.191.171.12 - - [25/Oct/2025:01:23:29 -0700] "GET /robots.txt HTTP/1.1" 200 3816 "-" "Mozilla/5.0 (compatible; SemrushBot/7~bl; +http://www.semrush.com/bot.html)" 
66.249.68.133 - - [25/Oct/2025:01:23:29 -0700] "GET /shopdetail286020464?kg=0283637081 HTTP/1.1" 200 32809 "-" "Mozilla/5.0 (compatible; Googlebot/2.1; +http://www.google.com/bot.html)" 
66.249.68.134 - - [25/Oct/2025:01:23:30 -0700] "GET /shopdetail187102080?kg=0185543015 HTTP/1.1" 200 32860 "-" "Mozilla/5.0 (Linux; Android 6.0.1; Nexus 5X Build/MMB29P) AppleWebKit/537.36 (KHTML, like Gecko) Chrome/141.0.7390.122 Mobile Safari/537.36 (compatible; GoogleOther)" 
85.208.96.207 - - [25/Oct/2025:01:23:29 -0700] "GET /shopdetail195037984?kg=0193412787 HTTP/1.1" 404 51133 "-" "Mozilla/5.0 (compatible; SemrushBot/7~bl; +http://www.semrush.com/bot.html)" 
114.119.136.150 - - [25/Oct/2025:01:23:33 -0700] "GET /shopdetail68827872?kg=0068254427 HTTP/1.1" 301 3731 "https://biblioglow.com/sitemap.xml" "Mozilla/5.0 (Linux; Android 7.0;) AppleWebKit/537.36 (KHTML, like Gecko) Mobile Safari/537.36 (compatible; PetalBot;+https://webmaster.petalsearch.com/site/petalbot)" 
49.205.40.121 - - [25/Oct/2025:01:23:34 -0700] "POST /xmlrpc.php HTTP/1.1" 200 4060 "-" "Mozilla/5.0 (Windows NT 6.3; x64) AppleWebKit/537.36 (KHTML, like Gecko) Edge/99.0.0.0 Safari/537.36" 
114.119.136.150 - - [25/Oct/2025:01:23:35 -0700] "GET /shopdetail68827872?kg=0068254427 HTTP/1.1" 404 51132 "https://biblioglow.com/sitemap.xml" "Mozilla/5.0 (Linux; Android 7.0;) AppleWebKit/537.36 (KHTML, like Gecko) Mobile Safari/537.36 (compatible; PetalBot;+https://webmaster.petalsearch.com/site/petalbot)" 
85.208.96.199 - - [25/Oct/2025:01:23:38 -0700] "GET /shopdetail194962000?kg=0193337437 HTTP/1.1" 301 3732 "-" "Mozilla/5.0 (compatible; SemrushBot/7~bl; +http://www.semrush.com/bot.html)" 
85.208.96.202 - - [25/Oct/2025:01:23:39 -0700] "GET /shopdetail194962000?kg=0193337437 HTTP/1.1" 404 51133 "-" "Mozilla/5.0 (compatible; SemrushBot/7~bl; +http://www.semrush.com/bot.html)" 
66.249.68.133 - - [25/Oct/2025:01:23:45 -0700] "GET /shopdetail188594192?kg=0187022693 HTTP/1.1" 200 30529 "-" "Mozilla/5.0 (Linux; Android 6.0.1; Nexus 5X Build/MMB29P) AppleWebKit/537.36 (KHTML, like Gecko) Chrome/141.0.7390.122 Mobile Safari/537.36 (compatible; GoogleOther)" 
66.249.68.133 - - [25/Oct/2025:01:24:06 -0700] "GET /shopdetail33018240?kg=0032743207 HTTP/1.1" 200 31781 "-" "Mozilla/5.0 (Linux; Android 6.0.1; Nexus 5X Build/MMB29P) AppleWebKit/537.36 (KHTML, like Gecko) Chrome/141.0.7390.122 Mobile Safari/537.36 (compatible; GoogleOther)" 
66.249.68.133 - - [25/Oct/2025:01:24:23 -0700] "GET /shopdetail34432040?kg=0034145226 HTTP/1.1" 200 30702 "-" "Mozilla/5.0 (Linux; Android 6.0.1; Nexus 5X Build/MMB29P) AppleWebKit/537.36 (KHTML, like Gecko) Chrome/141.0.7390.122 Mobile Safari/537.36 (compatible; GoogleOther)" 
40.77.167.241 - - [25/Oct/2025:01:24:27 -0700] "GET /shopdetail249333104?kg=0247255449 HTTP/2.0" 200 27713 "-" "Mozilla/5.0 AppleWebKit/537.36 (KHTML, like Gecko; compatible; bingbot/2.0; +http://www.bing.com/bingbot.htm) Chrome/116.0.1938.76 Safari/537.36" 
64.90.53.137 - - [25/Oct/2025:01:24:36 -0700] "POST /wp-cron.php?doing_wp_cron=1761380676.2101550102233886718750 HTTP/1.1" 200 3634 "https://www.biblioglow.com/wp-cron.php?doing_wp_cron=1761380676.2101550102233886718750" "WordPress/6.1.9; https://www.biblioglow.com" 
49.205.40.121 - - [25/Oct/2025:01:24:35 -0700] "POST /xmlrpc.php HTTP/1.1" 200 4060 "-" "Mozilla/5.0 (Linux; Android 10; x86) AppleWebKit/537.36 (KHTML, like Gecko) Edge/100.0.0.0 Safari/537.36" 
66.249.68.133 - - [25/Oct/2025:01:24:43 -0700] "GET /shopdetail31806568?kg=0031541634 HTTP/1.1" 200 30918 "-" "Mozilla/5.0 (Linux; Android 6.0.1; Nexus 5X Build/MMB29P) AppleWebKit/537.36 (KHTML, like Gecko) Chrome/141.0.7390.122 Mobile Safari/537.36 (compatible; GoogleOther)" 
85.208.96.199 - - [25/Oct/2025:01:24:51 -0700] "GET /shopdetail195008488?kg=0193383538 HTTP/1.1" 301 3732 "-" "Mozilla/5.0 (compatible; SemrushBot/7~bl; +http://www.semrush.com/bot.html)" 
85.208.96.194 - - [25/Oct/2025:01:24:52 -0700] "GET /shopdetail195008488?kg=0193383538 HTTP/1.1" 404 51133 "-" "Mozilla/5.0 (compatible; SemrushBot/7~bl; +http://www.semrush.com/bot.html)" 
66.249.68.134 - - [25/Oct/2025:01:25:01 -0700] "GET /shopdetail34723880?kg=0034434634 HTTP/1.1" 200 30722 "-" "Mozilla/5.0 (Linux; Android 6.0.1; Nexus 5X Build/MMB29P) AppleWebKit/537.36 (KHTML, like Gecko) Chrome/141.0.7390.122 Mobile Safari/537.36 (compatible; GoogleOther)" 
40.77.167.136 - - [25/Oct/2025:01:25:02 -0700] "GET /shopdetail144795832?kg=0143589320 HTTP/2.0" 200 27029 "-" "Mozilla/5.0 AppleWebKit/537.36 (KHTML, like Gecko; compatible; bingbot/2.0; +http://www.bing.com/bingbot.htm) Chrome/116.0.1938.76 Safari/537.36" 
114.119.151.155 - - [25/Oct/2025:01:25:02 -0700] "GET /shopdetail68827328?kg=0068253887 HTTP/1.1" 301 3731 "https://biblioglow.com/sitemap.xml" "Mozilla/5.0 (Linux; Android 7.0;) AppleWebKit/537.36 (KHTML, like Gecko) Mobile Safari/537.36 (compatible; PetalBot;+https://webmaster.petalsearch.com/site/petalbot)" 
114.119.151.155 - - [25/Oct/2025:01:25:04 -0700] "GET /shopdetail68827328?kg=0068253887 HTTP/1.1" 404 51132 "https://biblioglow.com/sitemap.xml" "Mozilla/5.0 (Linux; Android 7.0;) AppleWebKit/537.36 (KHTML, like Gecko) Mobile Safari/537.36 (compatible; PetalBot;+https://webmaster.petalsearch.com/site/petalbot)" 
66.249.68.133 - - [25/Oct/2025:01:25:20 -0700] "GET /shopdetail159517288?kg=0158188098 HTTP/1.1" 200 31583 "-" "Mozilla/5.0 (Linux; Android 6.0.1; Nexus 5X Build/MMB29P) AppleWebKit/537.36 (KHTML, like Gecko) Chrome/141.0.7390.122 Mobile Safari/537.36 (compatible; GoogleOther)" 
64.90.53.137 - - [25/Oct/2025:01:25:33 -0700] "POST /wp-cron.php?doing_wp_cron=1761380733.4298648834228515625000 HTTP/1.1" 200 3634 "https://www.biblioglow.com/wp-cron.php?doing_wp_cron=1761380733.4298648834228515625000" "WordPress/6.1.9; https://www.biblioglow.com" 
156.212.135.134 - - [25/Oct/2025:01:25:32 -0700] "GET /wp-json/wp/v2/users HTTP/1.1" 200 10135 "-" "Mozilla/4.0 (compatible; Win32; WinHttp.WinHttpRequest.5)" 
49.205.40.121 - - [25/Oct/2025:01:25:35 -0700] "POST /xmlrpc.php HTTP/1.1" 200 4060 "-" "Mozilla/5.0 (X11; Ubuntu; Linux x86_64; x64) AppleWebKit/537.36 (KHTML, like Gecko) Chrome/93.0.0.0 Safari/537.36" 
66.249.68.133 - - [25/Oct/2025:01:25:39 -0700] "GET /shopdetail325139104?kg=0322429731 HTTP/1.1" 200 30796 "-" "Mozilla/5.0 (Linux; Android 6.0.1; Nexus 5X Build/MMB29P) AppleWebKit/537.36 (KHTML, like Gecko) Chrome/141.0.7390.122 Mobile Safari/537.36 (compatible; GoogleOther)" 
66.249.68.133 - - [25/Oct/2025:01:25:56 -0700] "GET /shopdetail309952040?kg=0307369226 HTTP/1.1" 200 32521 "-" "Mozilla/5.0 (Linux; Android 6.0.1; Nexus 5X Build/MMB29P) AppleWebKit/537.36 (KHTML, like Gecko) Chrome/141.0.7390.122 Mobile Safari/537.36 (compatible; GoogleOther)" 
185.191.171.1 - - [25/Oct/2025:01:26:12 -0700] "GET /shopdetail194962832?kg=0193338261 HTTP/1.1" 301 3732 "-" "Mozilla/5.0 (compatible; SemrushBot/7~bl; +http://www.semrush.com/bot.html)" 
64.90.53.137 - - [25/Oct/2025:01:26:14 -0700] "POST /wp-cron.php?doing_wp_cron=1761380774.4206409454345703125000 HTTP/1.1" 200 3634 "https://www.biblioglow.com/wp-cron.php?doing_wp_cron=1761380774.4206409454345703125000" "WordPress/6.1.9; https://www.biblioglow.com" 
185.191.171.13 - - [25/Oct/2025:01:26:13 -0700] "GET /shopdetail194962832?kg=0193338261 HTTP/1.1" 404 51133 "-" "Mozilla/5.0 (compatible; SemrushBot/7~bl; +http://www.semrush.com/bot.html)" 
66.249.68.134 - - [25/Oct/2025:01:26:17 -0700] "GET /shopdetail159921864?kg=0158589302 HTTP/1.1" 200 32582 "-" "Mozilla/5.0 (Linux; Android 6.0.1; Nexus 5X Build/MMB29P) AppleWebKit/537.36 (KHTML, like Gecko) Chrome/141.0.7390.122 Mobile Safari/537.36 (compatible; GoogleOther)" 
114.119.151.155 - - [25/Oct/2025:01:26:21 -0700] "GET /shopdetail68826648?kg=0068253212 HTTP/1.1" 301 3731 "https://biblioglow.com/sitemap.xml" "Mozilla/5.0 (Linux; Android 7.0;) AppleWebKit/537.36 (KHTML, like Gecko) Mobile Safari/537.36 (compatible; PetalBot;+https://webmaster.petalsearch.com/site/petalbot)" 
114.119.151.155 - - [25/Oct/2025:01:26:24 -0700] "GET /shopdetail68826648?kg=0068253212 HTTP/1.1" 404 51132 "https://biblioglow.com/sitemap.xml" "Mozilla/5.0 (Linux; Android 7.0;) AppleWebKit/537.36 (KHTML, like Gecko) Mobile Safari/537.36 (compatible; PetalBot;+https://webmaster.petalsearch.com/site/petalbot)" 
66.249.68.133 - - [25/Oct/2025:01:26:33 -0700] "GET /shopdetail159215304?kg=0157888630 HTTP/1.1" 200 30874 "-" "Mozilla/5.0 (Linux; Android 6.0.1; Nexus 5X Build/MMB29P) AppleWebKit/537.36 (KHTML, like Gecko) Chrome/141.0.7390.122 Mobile Safari/537.36 (compatible; GoogleOther)" 
49.205.40.121 - - [25/Oct/2025:01:26:34 -0700] "POST /xmlrpc.php HTTP/1.1" 200 4060 "-" "Mozilla/5.0 (Windows NT 6.2; x64) AppleWebKit/537.36 (KHTML, like Gecko) Edge/100.0.0.0 Safari/537.36" 
185.191.171.1 - - [25/Oct/2025:01:26:38 -0700] "GET /shopdetail194995744?kg=0193370899 HTTP/1.1" 301 3732 "-" "Mozilla/5.0 (compatible; SemrushBot/7~bl; +http://www.semrush.com/bot.html)" 
185.191.171.10 - - [25/Oct/2025:01:26:39 -0700] "GET /shopdetail194995744?kg=0193370899 HTTP/1.1" 404 51133 "-" "Mozilla/5.0 (compatible; SemrushBot/7~bl; +http://www.semrush.com/bot.html)" 
66.249.68.133 - - [25/Oct/2025:01:26:55 -0700] "GET /shopdetail160994464?kg=0159652963 HTTP/1.1" 200 31298 "-" "Mozilla/5.0 (Linux; Android 6.0.1; Nexus 5X Build/MMB29P) AppleWebKit/537.36 (KHTML, like Gecko) Chrome/141.0.7390.122 Mobile Safari/537.36 (compatible; GoogleOther)" 
66.249.68.134 - - [25/Oct/2025:01:27:10 -0700] "GET /shopdetail309659232?kg=0307078859 HTTP/1.1" 200 31380 "-" "Mozilla/5.0 (Linux; Android 6.0.1; Nexus 5X Build/MMB29P) AppleWebKit/537.36 (KHTML, like Gecko) Chrome/141.0.7390.122 Mobile Safari/537.36 (compatible; GoogleOther)" 
66.249.68.133 - - [25/Oct/2025:01:27:33 -0700] "GET /shopdetail159393320?kg=0158065162 HTTP/1.1" 200 32766 "-" "Mozilla/5.0 (Linux; Android 6.0.1; Nexus 5X Build/MMB29P) AppleWebKit/537.36 (KHTML, like Gecko) Chrome/141.0.7390.122 Mobile Safari/537.36 (compatible; GoogleOther)" 
64.90.53.137 - - [25/Oct/2025:01:27:34 -0700] "POST /wp-cron.php?doing_wp_cron=1761380854.8053169250488281250000 HTTP/1.1" 200 3634 "https://www.biblioglow.com/wp-cron.php?doing_wp_cron=1761380854.8053169250488281250000" "WordPress/6.1.9; https://www.biblioglow.com" 
49.205.40.121 - - [25/Oct/2025:01:27:34 -0700] "POST /xmlrpc.php HTTP/1.1" 200 4060 "-" "Mozilla/5.0 (Windows NT 6.2; x86) AppleWebKit/537.36 (KHTML, like Gecko) Edge/97.0.0.0 Safari/537.36" 
114.119.129.24 - - [25/Oct/2025:01:27:45 -0700] "GET /shopdetail68824320?kg=0068250903 HTTP/1.1" 301 3731 "https://biblioglow.com/sitemap.xml" "Mozilla/5.0 (Linux; Android 7.0;) AppleWebKit/537.36 (KHTML, like Gecko) Mobile Safari/537.36 (compatible; PetalBot;+https://webmaster.petalsearch.com/site/petalbot)" 
114.119.129.24 - - [25/Oct/2025:01:27:46 -0700] "GET /shopdetail68824320?kg=0068250903 HTTP/1.1" 404 51132 "https://biblioglow.com/sitemap.xml" "Mozilla/5.0 (Linux; Android 7.0;) AppleWebKit/537.36 (KHTML, like Gecko) Mobile Safari/537.36 (compatible; PetalBot;+https://webmaster.petalsearch.com/site/petalbot)" 
66.249.68.133 - - [25/Oct/2025:01:27:46 -0700] "GET /shopdetail187657912?kg=0186094216 HTTP/1.1" 200 31889 "-" "Mozilla/5.0 (Linux; Android 6.0.1; Nexus 5X Build/MMB29P) AppleWebKit/537.36 (KHTML, like Gecko) Chrome/141.0.7390.122 Mobile Safari/537.36 (compatible; GoogleOther)" 
85.208.96.202 - - [25/Oct/2025:01:27:50 -0700] "GET /shopdetail195057320?kg=0193431962 HTTP/1.1" 301 3732 "-" "Mozilla/5.0 (compatible; SemrushBot/7~bl; +http://www.semrush.com/bot.html)" 
85.208.96.206 - - [25/Oct/2025:01:27:52 -0700] "GET /shopdetail195057320?kg=0193431962 HTTP/1.1" 404 51133 "-" "Mozilla/5.0 (compatible; SemrushBot/7~bl; +http://www.semrush.com/bot.html)" 
185.191.171.2 - - [25/Oct/2025:01:27:56 -0700] "GET /shopdetail195037440?kg=0193412247 HTTP/1.1" 301 3732 "-" "Mozilla/5.0 (compatible; SemrushBot/7~bl; +http://www.semrush.com/bot.html)" 
85.208.96.201 - - [25/Oct/2025:01:27:57 -0700] "GET /shopdetail195037440?kg=0193412247 HTTP/1.1" 404 51133 "-" "Mozilla/5.0 (compatible; SemrushBot/7~bl; +http://www.semrush.com/bot.html)" 
185.191.171.10 - - [25/Oct/2025:01:28:09 -0700] "GET /shopdetail194987656?kg=0193362878 HTTP/1.1" 301 3732 "-" "Mozilla/5.0 (compatible; SemrushBot/7~bl; +http://www.semrush.com/bot.html)" 
66.249.68.134 - - [25/Oct/2025:01:28:11 -0700] "GET /shopdetail161016808?kg=0159675122 HTTP/1.1" 200 31844 "-" "Mozilla/5.0 (Linux; Android 6.0.1; Nexus 5X Build/MMB29P) AppleWebKit/537.36 (KHTML, like Gecko) Chrome/141.0.7390.122 Mobile Safari/537.36 (compatible; GoogleOther)" 
185.191.171.12 - - [25/Oct/2025:01:28:11 -0700] "GET /shopdetail194987656?kg=0193362878 HTTP/1.1" 404 51133 "-" "Mozilla/5.0 (compatible; SemrushBot/7~bl; +http://www.semrush.com/bot.html)" 
66.249.68.133 - - [25/Oct/2025:01:28:23 -0700] "GET /shopdetail309481912?kg=0306903016 HTTP/1.1" 200 30821 "-" "Mozilla/5.0 (Linux; Android 6.0.1; Nexus 5X Build/MMB29P) AppleWebKit/537.36 (KHTML, like Gecko) Chrome/141.0.7390.122 Mobile Safari/537.36 (compatible; GoogleOther)" 
40.77.167.241 - - [25/Oct/2025:01:28:30 -0700] "GET /shopdetail267436512?kg=0265207995 HTTP/2.0" 200 26879 "-" "Mozilla/5.0 AppleWebKit/537.36 (KHTML, like Gecko; compatible; bingbot/2.0; +http://www.bing.com/bingbot.htm) Chrome/116.0.1938.76 Safari/537.36" 
64.90.53.137 - - [25/Oct/2025:01:28:35 -0700] "POST /wp-cron.php?doing_wp_cron=1761380915.8282420635223388671875 HTTP/1.1" 200 3634 "https://www.biblioglow.com/wp-cron.php?doing_wp_cron=1761380915.8282420635223388671875" "WordPress/6.1.9; https://www.biblioglow.com" 
49.205.40.121 - - [25/Oct/2025:01:28:35 -0700] "POST /xmlrpc.php HTTP/1.1" 200 4060 "-" "Mozilla/5.0 (Windows NT 6.2; x64) AppleWebKit/537.36 (KHTML, like Gecko) Opera/63.0.0.0 Safari/537.36" 
156.212.135.134 - - [25/Oct/2025:01:28:38 -0700] "POST /xmlrpc.php HTTP/1.1" 200 4060 "-" "Mozilla/5.0 (Macintosh; Intel Mac OS X 10_15_7; x64) AppleWebKit/537.36 (KHTML, like Gecko) Edge/80.0.0.0 Safari/537.36" 
66.249.68.133 - - [25/Oct/2025:01:28:49 -0700] "GET /shopdetail310629104?kg=0308040649 HTTP/1.1" 200 31651 "-" "Mozilla/5.0 (Linux; Android 6.0.1; Nexus 5X Build/MMB29P) AppleWebKit/537.36 (KHTML, like Gecko) Chrome/141.0.7390.122 Mobile Safari/537.36 (compatible; GoogleOther)" 
66.249.68.133 - - [25/Oct/2025:01:29:00 -0700] "GET /shopdetail159018920?kg=0157693882 HTTP/1.1" 200 31066 "-" "Mozilla/5.0 (Linux; Android 6.0.1; Nexus 5X Build/MMB29P) AppleWebKit/537.36 (KHTML, like Gecko) Chrome/141.0.7390.122 Mobile Safari/537.36 (compatible; GoogleOther)" 
64.90.53.137 - - [25/Oct/2025:01:29:14 -0700] "POST /wp-cron.php?doing_wp_cron=1761380954.1592109203338623046875 HTTP/1.1" 200 3634 "https://www.biblioglow.com/wp-cron.php?doing_wp_cron=1761380954.1592109203338623046875" "WordPress/6.1.9; https://www.biblioglow.com" 
114.119.148.10 - - [25/Oct/2025:01:29:13 -0700] "GET /shopdetail68824168?kg=0068250754 HTTP/1.1" 301 3731 "https://biblioglow.com/sitemap.xml" "Mozilla/5.0 (Linux; Android 7.0;) AppleWebKit/537.36 (KHTML, like Gecko) Mobile Safari/537.36 (compatible; PetalBot;+https://webmaster.petalsearch.com/site/petalbot)" 
114.119.148.10 - - [25/Oct/2025:01:29:16 -0700] "GET /shopdetail68824168?kg=0068250754 HTTP/1.1" 404 51132 "https://biblioglow.com/sitemap.xml" "Mozilla/5.0 (Linux; Android 7.0;) AppleWebKit/537.36 (KHTML, like Gecko) Mobile Safari/537.36 (compatible; PetalBot;+https://webmaster.petalsearch.com/site/petalbot)" 
66.249.68.134 - - [25/Oct/2025:01:29:27 -0700] "GET /shopdetail159396480?kg=0158068295 HTTP/1.1" 200 31136 "-" "Mozilla/5.0 (Linux; Android 6.0.1; Nexus 5X Build/MMB29P) AppleWebKit/537.36 (KHTML, like Gecko) Chrome/141.0.7390.122 Mobile Safari/537.36 (compatible; GoogleOther)" 
49.205.40.121 - - [25/Oct/2025:01:29:34 -0700] "POST /xmlrpc.php HTTP/1.1" 200 4060 "-" "Mozilla/5.0 (X11; Ubuntu; Linux x86_64; x86) AppleWebKit/537.36 (KHTML, like Gecko) Edge/90.0.0.0 Safari/537.36" 
66.249.68.133 - - [25/Oct/2025:01:29:37 -0700] "GET /shopdetail159524968?kg=0158195714 HTTP/1.1" 200 30846 "-" "Mozilla/5.0 (Linux; Android 6.0.1; Nexus 5X Build/MMB29P) AppleWebKit/537.36 (KHTML, like Gecko) Chrome/141.0.7390.122 Mobile Safari/537.36 (compatible; GoogleOther)" 
185.191.171.7 - - [25/Oct/2025:01:29:57 -0700] "GET /shopdetail194975984?kg=0193351305 HTTP/1.1" 301 3732 "-" "Mozilla/5.0 (compatible; SemrushBot/7~bl; +http://www.semrush.com/bot.html)" 
185.191.171.14 - - [25/Oct/2025:01:29:59 -0700] "GET /shopdetail194975984?kg=0193351305 HTTP/1.1" 404 51133 "-" "Mozilla/5.0 (compatible; SemrushBot/7~bl; +http://www.semrush.com/bot.html)" 
66.249.68.134 - - [25/Oct/2025:01:30:05 -0700] "GET /shopdetail73982120?kg=0073365722 HTTP/1.1" 200 30509 "-" "Mozilla/5.0 (Linux; Android 6.0.1; Nexus 5X Build/MMB29P) AppleWebKit/537.36 (KHTML, like Gecko) Chrome/141.0.7390.122 Mobile Safari/537.36 (compatible; GoogleOther)" 
66.249.68.134 - - [25/Oct/2025:01:30:13 -0700] "GET /shopdetail187974440?kg=0186408106 HTTP/1.1" 200 30637 "-" "Mozilla/5.0 (Linux; Android 6.0.1; Nexus 5X Build/MMB29P) AppleWebKit/537.36 (KHTML, like Gecko) Chrome/141.0.7390.122 Mobile Safari/537.36 (compatible; GoogleOther)" 
64.90.53.137 - - [25/Oct/2025:01:30:15 -0700] "POST /wp-cron.php?doing_wp_cron=1761381015.4286429882049560546875 HTTP/1.1" 200 3634 "https://www.biblioglow.com/wp-cron.php?doing_wp_cron=1761381015.4286429882049560546875" "WordPress/6.1.9; https://www.biblioglow.com" 
156.212.135.134 - - [25/Oct/2025:01:30:15 -0700] "POST /xmlrpc.php HTTP/1.1" 200 4060 "-" "Mozilla/5.0 (X11; Ubuntu; Linux x86_64; x86) AppleWebKit/537.36 (KHTML, like Gecko) Chrome/81.0.0.0 Safari/537.36" 
114.119.151.155 - - [25/Oct/2025:01:30:32 -0700] "GET /shopdetail68822520?kg=0068249120 HTTP/1.1" 301 3731 "https://biblioglow.com/sitemap.xml" "Mozilla/5.0 (Linux; Android 7.0;) AppleWebKit/537.36 (KHTML, like Gecko) Mobile Safari/537.36 (compatible; PetalBot;+https://webmaster.petalsearch.com/site/petalbot)" 
114.119.151.155 - - [25/Oct/2025:01:30:34 -0700] "GET /shopdetail68822520?kg=0068249120 HTTP/1.1" 404 51132 "https://biblioglow.com/sitemap.xml" "Mozilla/5.0 (Linux; Android 7.0;) AppleWebKit/537.36 (KHTML, like Gecko) Mobile Safari/537.36 (compatible; PetalBot;+https://webmaster.petalsearch.com/site/petalbot)" 
49.205.40.121 - - [25/Oct/2025:01:30:35 -0700] "POST /xmlrpc.php HTTP/1.1" 200 4060 "-" "Mozilla/5.0 (Macintosh; Intel Mac OS X 10_15_7; x64) AppleWebKit/537.36 (KHTML, like Gecko) Safari/10.0.0.0 Safari/537.36" 
66.249.68.133 - - [25/Oct/2025:01:30:43 -0700] "GET /shopdetail34437256?kg=0034150398 HTTP/1.1" 200 30807 "-" "Mozilla/5.0 (Linux; Android 6.0.1; Nexus 5X Build/MMB29P) AppleWebKit/537.36 (KHTML, like Gecko) Chrome/141.0.7390.122 Mobile Safari/537.36 (compatible; GoogleOther)" 
66.249.68.133 - - [25/Oct/2025:01:30:50 -0700] "GET /shopdetail186733016?kg=0185177028 HTTP/1.1" 200 32566 "-" "Mozilla/5.0 (Linux; Android 6.0.1; Nexus 5X Build/MMB29P) AppleWebKit/537.36 (KHTML, like Gecko) Chrome/141.0.7390.122 Mobile Safari/537.36 (compatible; GoogleOther)" 
85.208.96.203 - - [25/Oct/2025:01:31:04 -0700] "GET /shopdetail195057592?kg=0193432232 HTTP/1.1" 301 3732 "-" "Mozilla/5.0 (compatible; SemrushBot/7~bl; +http://www.semrush.com/bot.html)" 
66.249.68.134 - - [25/Oct/2025:01:31:21 -0700] "GET /shopdetail73979368?kg=0073362994 HTTP/1.1" 200 30887 "-" "Mozilla/5.0 (Linux; Android 6.0.1; Nexus 5X Build/MMB29P) AppleWebKit/537.36 (KHTML, like Gecko) Chrome/141.0.7390.122 Mobile Safari/537.36 (compatible; GoogleOther)" 
66.249.68.133 - - [25/Oct/2025:01:31:27 -0700] "GET /shopdetail33779784?kg=0033498406 HTTP/1.1" 200 30717 "-" "Mozilla/5.0 (Linux; Android 6.0.1; Nexus 5X Build/MMB29P) AppleWebKit/537.36 (KHTML, like Gecko) Chrome/141.0.7390.122 Mobile Safari/537.36 (compatible; GoogleOther)" 
64.90.53.137 - - [25/Oct/2025:01:31:34 -0700] "POST /wp-cron.php?doing_wp_cron=1761381094.5239241123199462890625 HTTP/1.1" 200 3634 "https://www.biblioglow.com/wp-cron.php?doing_wp_cron=1761381094.5239241123199462890625" "WordPress/6.1.9; https://www.biblioglow.com" 
49.205.40.121 - - [25/Oct/2025:01:31:34 -0700] "POST /xmlrpc.php HTTP/1.1" 200 4060 "-" "Mozilla/5.0 (Linux; Android 10; x64) AppleWebKit/537.36 (KHTML, like Gecko) Safari/15.0.0.0 Safari/537.36" 
156.212.135.134 - - [25/Oct/2025:01:31:37 -0700] "POST /xmlrpc.php HTTP/1.1" 200 4060 "-" "Mozilla/5.0 (Windows NT 6.3; x86) AppleWebKit/537.36 (KHTML, like Gecko) Safari/13.0.0.0 Safari/537.36" 
185.191.171.16 - - [25/Oct/2025:01:31:40 -0700] "GET /shopdetail195040720?kg=0193415501 HTTP/1.1" 301 3732 "-" "Mozilla/5.0 (compatible; SemrushBot/7~bl; +http://www.semrush.com/bot.html)" 
114.119.151.155 - - [25/Oct/2025:01:31:55 -0700] "GET /shopdetail68821024?kg=0068247635 HTTP/1.1" 301 3731 "https://biblioglow.com/sitemap.xml" "Mozilla/5.0 (Linux; Android 7.0;) AppleWebKit/537.36 (KHTML, like Gecko) Mobile Safari/537.36 (compatible; PetalBot;+https://webmaster.petalsearch.com/site/petalbot)" 
114.119.151.155 - - [25/Oct/2025:01:31:57 -0700] "GET /shopdetail68821024?kg=0068247635 HTTP/1.1" 404 51132 "https://biblioglow.com/sitemap.xml" "Mozilla/5.0 (Linux; Android 7.0;) AppleWebKit/537.36 (KHTML, like Gecko) Mobile Safari/537.36 (compatible; PetalBot;+https://webmaster.petalsearch.com/site/petalbot)" 
66.249.68.133 - - [25/Oct/2025:01:31:59 -0700] "GET /shopdetail59262160?kg=0058768429 HTTP/1.1" 200 31195 "-" "Mozilla/5.0 (Linux; Android 6.0.1; Nexus 5X Build/MMB29P) AppleWebKit/537.36 (KHTML, like Gecko) Chrome/141.0.7390.122 Mobile Safari/537.36 (compatible; GoogleOther)" 
66.249.68.134 - - [25/Oct/2025:01:32:04 -0700] "GET /shopdetail58070520?kg=0057586720 HTTP/1.1" 200 30870 "-" "Mozilla/5.0 (Linux; Android 6.0.1; Nexus 5X Build/MMB29P) AppleWebKit/537.36 (KHTML, like Gecko) Chrome/141.0.7390.122 Mobile Safari/537.36 (compatible; GoogleOther)" 
64.90.53.137 - - [25/Oct/2025:01:32:23 -0700] "POST /wp-cron.php?doing_wp_cron=1761381143.9299819469451904296875 HTTP/1.1" 200 3634 "https://www.biblioglow.com/wp-cron.php?doing_wp_cron=1761381143.9299819469451904296875" "WordPress/6.1.9; https://www.biblioglow.com" 
195.2.84.198 - - [25/Oct/2025:01:32:23 -0700] "GET /2020/07/03/the-hamilton-affair-discussion-questions/ HTTP/1.0" 200 89614 "https://www.biblioglow.com/2020/07/03/the-hamilton-affair-discussion-questions/" "Mozilla/5.0 (Windows NT 10.0; Win64; x64) AppleWebKit/537.36 (KHTML, like Gecko) Chrome/131.0.0.0 Safari/537.36" 
195.2.84.198 - - [25/Oct/2025:01:32:26 -0700] "POST /wp-comments-post.php HTTP/1.0" 302 4041 "https://www.biblioglow.com/2020/07/03/the-hamilton-affair-discussion-questions/" "Mozilla/5.0 (Windows NT 10.0; Win64; x64) AppleWebKit/537.36 (KHTML, like Gecko) Chrome/131.0.0.0 Safari/537.36" 
195.2.84.198 - - [25/Oct/2025:01:32:28 -0700] "GET /2020/07/03/the-hamilton-affair-discussion-questions/ HTTP/1.0" 200 99807 "https://www.biblioglow.com/2020/07/03/the-hamilton-affair-discussion-questions/#comment-19439" "Mozilla/5.0 (Windows NT 10.0; Win64; x64) AppleWebKit/537.36 (KHTML, like Gecko) Chrome/131.0.0.0 Safari/537.36" 
49.205.40.121 - - [25/Oct/2025:01:32:34 -0700] "POST /xmlrpc.php HTTP/1.1" 200 4060 "-" "Mozilla/5.0 (Linux; Android 10; arm64) AppleWebKit/537.36 (KHTML, like Gecko) Edge/84.0.0.0 Safari/537.36" 
66.249.68.134 - - [25/Oct/2025:01:32:37 -0700] "GET /shopdetail325564936?kg=0322852014 HTTP/1.1" 200 30926 "-" "Mozilla/5.0 (Linux; Android 6.0.1; Nexus 5X Build/MMB29P) AppleWebKit/537.36 (KHTML, like Gecko) Chrome/141.0.7390.122 Mobile Safari/537.36 (compatible; GoogleOther)" 
66.249.68.133 - - [25/Oct/2025:01:32:42 -0700] "GET /shopdetail33410464?kg=0033132163 HTTP/1.1" 200 31354 "-" "Mozilla/5.0 (Linux; Android 6.0.1; Nexus 5X Build/MMB29P) AppleWebKit/537.36 (KHTML, like Gecko) Chrome/141.0.7390.122 Mobile Safari/537.36 (compatible; GoogleOther)" 
156.212.135.134 - - [25/Oct/2025:01:32:53 -0700] "POST /xmlrpc.php HTTP/1.1" 200 4060 "-" "Mozilla/5.0 (X11; Ubuntu; Linux x86_64; arm64) AppleWebKit/537.36 (KHTML, like Gecko) Safari/14.0.0.0 Safari/537.36" 
185.191.171.15 - - [25/Oct/2025:01:33:11 -0700] "GET /shopdetail195040720?kg=0193415501 HTTP/1.1" 404 51133 "-" "Mozilla/5.0 (compatible; SemrushBot/7~bl; +http://www.semrush.com/bot.html)" 
66.249.68.135 - - [25/Oct/2025:01:33:15 -0700] "GET /shopdetail160998168?kg=0159656636 HTTP/1.1" 200 30543 "-" "Mozilla/5.0 (Linux; Android 6.0.1; Nexus 5X Build/MMB29P) AppleWebKit/537.36 (KHTML, like Gecko) Chrome/141.0.7390.122 Mobile Safari/537.36 (compatible; GoogleOther)" 
66.249.68.133 - - [25/Oct/2025:01:33:17 -0700] "GET /shopdetail324716976?kg=0322011121 HTTP/1.1" 200 31437 "-" "Mozilla/5.0 (Linux; Android 6.0.1; Nexus 5X Build/MMB29P) AppleWebKit/537.36 (KHTML, like Gecko) Chrome/141.0.7390.122 Mobile Safari/537.36 (compatible; GoogleOther)" 
64.90.53.137 - - [25/Oct/2025:01:33:20 -0700] "POST /wp-cron.php?doing_wp_cron=1761381200.1176340579986572265625 HTTP/1.1" 200 3634 "https://www.biblioglow.com/wp-cron.php?doing_wp_cron=1761381200.1176340579986572265625" "WordPress/6.1.9; https://www.biblioglow.com" 
114.119.148.10 - - [25/Oct/2025:01:33:19 -0700] "GET /shopdetail68820752?kg=0068247365 HTTP/1.1" 301 3731 "https://biblioglow.com/sitemap.xml" "Mozilla/5.0 (Linux; Android 7.0;) AppleWebKit/537.36 (KHTML, like Gecko) Mobile Safari/537.36 (compatible; PetalBot;+https://webmaster.petalsearch.com/site/petalbot)" 
114.119.148.10 - - [25/Oct/2025:01:33:21 -0700] "GET /shopdetail68820752?kg=0068247365 HTTP/1.1" 404 51132 "https://biblioglow.com/sitemap.xml" "Mozilla/5.0 (Linux; Android 7.0;) AppleWebKit/537.36 (KHTML, like Gecko) Mobile Safari/537.36 (compatible; PetalBot;+https://webmaster.petalsearch.com/site/petalbot)" 
195.2.84.198 - - [25/Oct/2025:01:33:33 -0700] "GET /2020/07/03/the-hamilton-affair-discussion-questions/ HTTP/1.0" 200 89614 "https://www.biblioglow.com/2020/07/03/the-hamilton-affair-discussion-questions/" "Mozilla/5.0 (Windows NT 10.0; Win64; x64) AppleWebKit/537.36 (KHTML, like Gecko) Chrome/130.0.0.0 Safari/537.36" 
49.205.40.121 - - [25/Oct/2025:01:33:35 -0700] "POST /xmlrpc.php HTTP/1.1" 200 4060 "-" "Mozilla/5.0 (Windows NT 6.3; x86) AppleWebKit/537.36 (KHTML, like Gecko) Firefox/73.0.0.0 Safari/537.36" 
195.2.84.198 - - [25/Oct/2025:01:33:36 -0700] "POST /wp-comments-post.php HTTP/1.0" 302 4051 "https://www.biblioglow.com/2020/07/03/the-hamilton-affair-discussion-questions/" "Mozilla/5.0 (Windows NT 10.0; Win64; x64) AppleWebKit/537.36 (KHTML, like Gecko) Chrome/130.0.0.0 Safari/537.36" 
195.2.84.198 - - [25/Oct/2025:01:33:37 -0700] "GET /2020/07/03/the-hamilton-affair-discussion-questions/ HTTP/1.0" 200 94161 "https://www.biblioglow.com/2020/07/03/the-hamilton-affair-discussion-questions/#comment-19440" "Mozilla/5.0 (Windows NT 10.0; Win64; x64) AppleWebKit/537.36 (KHTML, like Gecko) Chrome/130.0.0.0 Safari/537.36" 
85.208.96.200 - - [25/Oct/2025:01:33:38 -0700] "GET /shopdetail194974760?kg=0193350090 HTTP/1.1" 301 3732 "-" "Mozilla/5.0 (compatible; SemrushBot/7~bl; +http://www.semrush.com/bot.html)" 
85.208.96.206 - - [25/Oct/2025:01:33:39 -0700] "GET /shopdetail194974760?kg=0193350090 HTTP/1.1" 404 51133 "-" "Mozilla/5.0 (compatible; SemrushBot/7~bl; +http://www.semrush.com/bot.html)" 
66.249.68.134 - - [25/Oct/2025:01:33:53 -0700] "GET /shopdetail159397296?kg=0158069105 HTTP/1.1" 200 36334 "-" "Mozilla/5.0 (Linux; Android 6.0.1; Nexus 5X Build/MMB29P) AppleWebKit/537.36 (KHTML, like Gecko) Chrome/141.0.7390.122 Mobile Safari/537.36 (compatible; GoogleOther)" 
85.208.96.209 - - [25/Oct/2025:01:33:54 -0700] "GET /shopdetail195027960?kg=0193402848 HTTP/1.1" 301 3732 "-" "Mozilla/5.0 (compatible; SemrushBot/7~bl; +http://www.semrush.com/bot.html)" 
66.249.68.134 - - [25/Oct/2025:01:33:55 -0700] "GET /shopdetail309340376?kg=0306762660 HTTP/1.1" 200 27051 "-" "Mozilla/5.0 (Linux; Android 6.0.1; Nexus 5X Build/MMB29P) AppleWebKit/537.36 (KHTML, like Gecko) Chrome/141.0.7390.122 Mobile Safari/537.36 (compatible; GoogleOther)" 
185.191.171.15 - - [25/Oct/2025:01:33:55 -0700] "GET /shopdetail195027960?kg=0193402848 HTTP/1.1" 404 51133 "-" "Mozilla/5.0 (compatible; SemrushBot/7~bl; +http://www.semrush.com/bot.html)" 
66.249.68.135 - - [25/Oct/2025:01:34:00 -0700] "GET /shopdetail43293792?kg=0042933131 HTTP/1.1" 200 31756 "-" "Mozilla/5.0 (compatible; Googlebot/2.1; +http://www.google.com/bot.html)" 
64.90.53.137 - - [25/Oct/2025:01:34:15 -0700] "POST /wp-cron.php?doing_wp_cron=1761381255.0056419372558593750000 HTTP/1.1" 200 3634 "https://www.biblioglow.com/wp-cron.php?doing_wp_cron=1761381255.0056419372558593750000" "WordPress/6.1.9; https://www.biblioglow.com" 
85.208.96.210 - - [25/Oct/2025:01:34:14 -0700] "GET /shopdetail195018920?kg=0193393882 HTTP/1.1" 301 3732 "-" "Mozilla/5.0 (compatible; SemrushBot/7~bl; +http://www.semrush.com/bot.html)" 
85.208.96.196 - - [25/Oct/2025:01:34:16 -0700] "GET /shopdetail195018920?kg=0193393882 HTTP/1.1" 404 51133 "-" "Mozilla/5.0 (compatible; SemrushBot/7~bl; +http://www.semrush.com/bot.html)" 
85.208.96.212 - - [25/Oct/2025:01:34:19 -0700] "GET /shopdetail195025224?kg=0193400134 HTTP/1.1" 301 3732 "-" "Mozilla/5.0 (compatible; SemrushBot/7~bl; +http://www.semrush.com/bot.html)" 
85.208.96.197 - - [25/Oct/2025:01:34:20 -0700] "GET /shopdetail195025224?kg=0193400134 HTTP/1.1" 404 51133 "-" "Mozilla/5.0 (compatible; SemrushBot/7~bl; +http://www.semrush.com/bot.html)" 
