20.171.207.247 - - [25/Oct/2025:08:26:56 -0700] "GET /shopdetail120730960?kg=0119724989 HTTP/2.0" 404 47283 "-" "Mozilla/5.0 AppleWebKit/537.36 (KHTML, like Gecko; compatible; GPTBot/1.2; +https://openai.com/gptbot)" 
20.171.207.247 - - [25/Oct/2025:08:26:59 -0700] "GET /shopdetail120783360?kg=0119776951 HTTP/2.0" 404 47283 "-" "Mozilla/5.0 AppleWebKit/537.36 (KHTML, like Gecko; compatible; GPTBot/1.2; +https://openai.com/gptbot)" 
66.249.68.133 - - [25/Oct/2025:08:27:00 -0700] "GET /shopdetail161978880?kg=0160629175 HTTP/1.1" 200 31736 "-" "Mozilla/5.0 (Linux; Android 6.0.1; Nexus 5X Build/MMB29P) AppleWebKit/537.36 (KHTML, like Gecko) Chrome/141.0.7390.122 Mobile Safari/537.36 (compatible; GoogleOther)" 
114.119.135.207 - - [25/Oct/2025:08:27:01 -0700] "GET /shopdetail197687584?kg=0196040307 HTTP/1.1" 301 3732 "https://biblioglow.com/sitemap.xml" "Mozilla/5.0 (Linux; Android 7.0;) AppleWebKit/537.36 (KHTML, like Gecko) Mobile Safari/537.36 (compatible; PetalBot;+https://webmaster.petalsearch.com/site/petalbot)" 
114.119.135.207 - - [25/Oct/2025:08:27:02 -0700] "GET /shopdetail197687584?kg=0196040307 HTTP/1.1" 404 51133 "https://biblioglow.com/sitemap.xml" "Mozilla/5.0 (Linux; Android 7.0;) AppleWebKit/537.36 (KHTML, like Gecko) Mobile Safari/537.36 (compatible; PetalBot;+https://webmaster.petalsearch.com/site/petalbot)" 
20.171.207.247 - - [25/Oct/2025:08:27:02 -0700] "GET /shopdetail120742480?kg=0119736413 HTTP/2.0" 404 47283 "-" "Mozilla/5.0 AppleWebKit/537.36 (KHTML, like Gecko; compatible; GPTBot/1.2; +https://openai.com/gptbot)" 
85.208.96.211 - - [25/Oct/2025:08:27:04 -0700] "GET /shopdetail194968168?kg=0193343554 HTTP/1.1" 301 3732 "-" "Mozilla/5.0 (compatible; SemrushBot/7~bl; +http://www.semrush.com/bot.html)" 
185.191.171.18 - - [25/Oct/2025:08:27:05 -0700] "GET /shopdetail194968168?kg=0193343554 HTTP/1.1" 404 51133 "-" "Mozilla/5.0 (compatible; SemrushBot/7~bl; +http://www.semrush.com/bot.html)" 
20.171.207.247 - - [25/Oct/2025:08:27:05 -0700] "GET /shopdetail120775664?kg=0119769321 HTTP/2.0" 404 47283 "-" "Mozilla/5.0 AppleWebKit/537.36 (KHTML, like Gecko; compatible; GPTBot/1.2; +https://openai.com/gptbot)" 
20.171.207.247 - - [25/Oct/2025:08:27:09 -0700] "GET /shopdetail120780336?kg=0119773953 HTTP/2.0" 404 47283 "-" "Mozilla/5.0 AppleWebKit/537.36 (KHTML, like Gecko; compatible; GPTBot/1.2; +https://openai.com/gptbot)" 
20.171.207.247 - - [25/Oct/2025:08:27:12 -0700] "GET /shopdetail120750024?kg=0119743894 HTTP/2.0" 404 47283 "-" "Mozilla/5.0 AppleWebKit/537.36 (KHTML, like Gecko; compatible; GPTBot/1.2; +https://openai.com/gptbot)" 
64.90.53.137 - - [25/Oct/2025:08:27:16 -0700] "POST /wp-cron.php?doing_wp_cron=1761406036.2383511066436767578125 HTTP/1.1" 200 3634 "https://www.biblioglow.com/wp-cron.php?doing_wp_cron=1761406036.2383511066436767578125" "WordPress/6.1.9; https://www.biblioglow.com" 
20.171.207.247 - - [25/Oct/2025:08:27:15 -0700] "GET /shopdetail120763328?kg=0119757087 HTTP/2.0" 404 47283 "-" "Mozilla/5.0 AppleWebKit/537.36 (KHTML, like Gecko; compatible; GPTBot/1.2; +https://openai.com/gptbot)" 
20.171.207.247 - - [25/Oct/2025:08:27:18 -0700] "GET /shopdetail120773896?kg=0119767566 HTTP/2.0" 404 47283 "-" "Mozilla/5.0 AppleWebKit/537.36 (KHTML, like Gecko; compatible; GPTBot/1.2; +https://openai.com/gptbot)" 
66.249.68.134 - - [25/Oct/2025:08:27:21 -0700] "GET /shopdetail162169096?kg=0160817806 HTTP/1.1" 200 31348 "-" "Mozilla/5.0 (Linux; Android 6.0.1; Nexus 5X Build/MMB29P) AppleWebKit/537.36 (KHTML, like Gecko) Chrome/141.0.7390.122 Mobile Safari/537.36 (compatible; GoogleOther)" 
20.171.207.247 - - [25/Oct/2025:08:27:21 -0700] "GET /shopdetail120774984?kg=0119768646 HTTP/2.0" 404 47283 "-" "Mozilla/5.0 AppleWebKit/537.36 (KHTML, like Gecko; compatible; GPTBot/1.2; +https://openai.com/gptbot)" 
20.171.207.247 - - [25/Oct/2025:08:27:24 -0700] "GET /shopdetail120732880?kg=0119726893 HTTP/2.0" 404 47283 "-" "Mozilla/5.0 AppleWebKit/537.36 (KHTML, like Gecko; compatible; GPTBot/1.2; +https://openai.com/gptbot)" 
20.171.207.247 - - [25/Oct/2025:08:27:27 -0700] "GET /shopdetail120795968?kg=0119789455 HTTP/2.0" 404 47283 "-" "Mozilla/5.0 AppleWebKit/537.36 (KHTML, like Gecko; compatible; GPTBot/1.2; +https://openai.com/gptbot)" 
20.171.207.247 - - [25/Oct/2025:08:27:30 -0700] "GET /shopdetail120723552?kg=0119717643 HTTP/2.0" 404 47283 "-" "Mozilla/5.0 AppleWebKit/537.36 (KHTML, like Gecko; compatible; GPTBot/1.2; +https://openai.com/gptbot)" 
20.171.207.247 - - [25/Oct/2025:08:27:33 -0700] "GET /shopdetail120764704?kg=0119758451 HTTP/2.0" 404 47283 "-" "Mozilla/5.0 AppleWebKit/537.36 (KHTML, like Gecko; compatible; GPTBot/1.2; +https://openai.com/gptbot)" 
66.249.68.133 - - [25/Oct/2025:08:27:36 -0700] "GET /shopdetail36263040?kg=0035960967 HTTP/1.1" 200 32251 "-" "Mozilla/5.0 (Linux; Android 6.0.1; Nexus 5X Build/MMB29P) AppleWebKit/537.36 (KHTML, like Gecko) Chrome/141.0.7390.122 Mobile Safari/537.36 (compatible; GoogleOther)" 
20.171.207.247 - - [25/Oct/2025:08:27:36 -0700] "GET /shopdetail120773880?kg=0119767552 HTTP/2.0" 404 47283 "-" "Mozilla/5.0 AppleWebKit/537.36 (KHTML, like Gecko; compatible; GPTBot/1.2; +https://openai.com/gptbot)" 
20.171.207.247 - - [25/Oct/2025:08:27:39 -0700] "GET /shopdetail120735904?kg=0119729891 HTTP/2.0" 404 47283 "-" "Mozilla/5.0 AppleWebKit/537.36 (KHTML, like Gecko; compatible; GPTBot/1.2; +https://openai.com/gptbot)" 
20.171.207.247 - - [25/Oct/2025:08:27:43 -0700] "GET /shopdetail120740560?kg=0119734509 HTTP/2.0" 404 47283 "-" "Mozilla/5.0 AppleWebKit/537.36 (KHTML, like Gecko; compatible; GPTBot/1.2; +https://openai.com/gptbot)" 
85.208.96.204 - - [25/Oct/2025:08:27:45 -0700] "GET /shopdetail195040584?kg=0193415366 HTTP/1.1" 301 3732 "-" "Mozilla/5.0 (compatible; SemrushBot/7~bl; +http://www.semrush.com/bot.html)" 
20.171.207.247 - - [25/Oct/2025:08:27:46 -0700] "GET /shopdetail120805432?kg=0119798840 HTTP/2.0" 404 47283 "-" "Mozilla/5.0 AppleWebKit/537.36 (KHTML, like Gecko; compatible; GPTBot/1.2; +https://openai.com/gptbot)" 
85.208.96.201 - - [25/Oct/2025:08:27:47 -0700] "GET /shopdetail195040584?kg=0193415366 HTTP/1.1" 404 51133 "-" "Mozilla/5.0 (compatible; SemrushBot/7~bl; +http://www.semrush.com/bot.html)" 
20.171.207.247 - - [25/Oct/2025:08:27:49 -0700] "GET /shopdetail120770872?kg=0119764568 HTTP/2.0" 404 47283 "-" "Mozilla/5.0 AppleWebKit/537.36 (KHTML, like Gecko; compatible; GPTBot/1.2; +https://openai.com/gptbot)" 
20.171.207.247 - - [25/Oct/2025:08:27:52 -0700] "GET /shopdetail120813384?kg=0119806726 HTTP/2.0" 404 47283 "-" "Mozilla/5.0 AppleWebKit/537.36 (KHTML, like Gecko; compatible; GPTBot/1.2; +https://openai.com/gptbot)" 
20.171.207.247 - - [25/Oct/2025:08:27:55 -0700] "GET /shopdetail120795424?kg=0119788915 HTTP/2.0" 404 47283 "-" "Mozilla/5.0 AppleWebKit/537.36 (KHTML, like Gecko; compatible; GPTBot/1.2; +https://openai.com/gptbot)" 
20.171.207.247 - - [25/Oct/2025:08:27:59 -0700] "GET /shopdetail120822440?kg=0119815706 HTTP/2.0" 404 47283 "-" "Mozilla/5.0 AppleWebKit/537.36 (KHTML, like Gecko; compatible; GPTBot/1.2; +https://openai.com/gptbot)" 
66.249.68.133 - - [25/Oct/2025:08:28:00 -0700] "GET /shopdetail77353232?kg=0076708741 HTTP/1.1" 200 30755 "-" "Mozilla/5.0 (Linux; Android 6.0.1; Nexus 5X Build/MMB29P) AppleWebKit/537.36 (KHTML, like Gecko) Chrome/141.0.7390.122 Mobile Safari/537.36 (compatible; GoogleOther)" 
20.171.207.247 - - [25/Oct/2025:08:28:02 -0700] "GET /shopdetail120770056?kg=0119763758 HTTP/2.0" 404 47283 "-" "Mozilla/5.0 AppleWebKit/537.36 (KHTML, like Gecko; compatible; GPTBot/1.2; +https://openai.com/gptbot)" 
85.208.96.207 - - [25/Oct/2025:08:28:04 -0700] "GET /shopdetail194962560?kg=0193337991 HTTP/1.1" 301 3732 "-" "Mozilla/5.0 (compatible; SemrushBot/7~bl; +http://www.semrush.com/bot.html)" 
20.171.207.247 - - [25/Oct/2025:08:28:05 -0700] "GET /shopdetail120785688?kg=0119779260 HTTP/2.0" 404 47283 "-" "Mozilla/5.0 AppleWebKit/537.36 (KHTML, like Gecko; compatible; GPTBot/1.2; +https://openai.com/gptbot)" 
85.208.96.204 - - [25/Oct/2025:08:28:05 -0700] "GET /shopdetail194962560?kg=0193337991 HTTP/1.1" 404 51133 "-" "Mozilla/5.0 (compatible; SemrushBot/7~bl; +http://www.semrush.com/bot.html)" 
20.171.207.247 - - [25/Oct/2025:08:28:08 -0700] "GET /shopdetail120750856?kg=0119744718 HTTP/2.0" 404 47283 "-" "Mozilla/5.0 AppleWebKit/537.36 (KHTML, like Gecko; compatible; GPTBot/1.2; +https://openai.com/gptbot)" 
20.171.207.247 - - [25/Oct/2025:08:28:11 -0700] "GET /shopdetail120823528?kg=0119816786 HTTP/2.0" 404 47283 "-" "Mozilla/5.0 AppleWebKit/537.36 (KHTML, like Gecko; compatible; GPTBot/1.2; +https://openai.com/gptbot)" 
205.185.120.218 - - [25/Oct/2025:08:28:13 -0700] "GET /wp-login.php HTTP/1.1" 429 3640 "-" "Mozilla/5.0 (iPhone; CPU iPhone OS 7_0_4 like Mac OS X) AppleWebKit/537.51.1 (KHTML, like Gecko) Version/7.0 Mobile/11B554a Safari/9537.53" 
66.249.68.134 - - [25/Oct/2025:08:28:13 -0700] "GET /shopdetail36282648?kg=0035980412 HTTP/1.1" 200 31289 "-" "Mozilla/5.0 (Linux; Android 6.0.1; Nexus 5X Build/MMB29P) AppleWebKit/537.36 (KHTML, like Gecko) Chrome/141.0.7390.122 Mobile Safari/537.36 (compatible; GoogleOther)" 
64.90.53.137 - - [25/Oct/2025:08:28:15 -0700] "POST /wp-cron.php?doing_wp_cron=1761406095.3679330348968505859375 HTTP/1.1" 200 3634 "https://www.biblioglow.com/wp-cron.php?doing_wp_cron=1761406095.3679330348968505859375" "WordPress/6.1.9; https://www.biblioglow.com" 
20.171.207.247 - - [25/Oct/2025:08:28:14 -0700] "GET /shopdetail120775800?kg=0119769456 HTTP/2.0" 404 47283 "-" "Mozilla/5.0 AppleWebKit/537.36 (KHTML, like Gecko; compatible; GPTBot/1.2; +https://openai.com/gptbot)" 
20.171.207.247 - - [25/Oct/2025:08:28:17 -0700] "GET /shopdetail120740968?kg=0119734914 HTTP/2.0" 404 47283 "-" "Mozilla/5.0 AppleWebKit/537.36 (KHTML, like Gecko; compatible; GPTBot/1.2; +https://openai.com/gptbot)" 
45.143.140.63 - - [25/Oct/2025:08:28:18 -0700] "GET /2020/07/03/the-hamilton-affair-discussion-questions/ HTTP/1.0" 200 89613 "https://www.biblioglow.com/2020/07/03/the-hamilton-affair-discussion-questions/#comment-10496" "Mozilla/5.0 (Windows NT 10.0; Win64; x64) AppleWebKit/537.36 (KHTML, like Gecko) Chrome/131.0.0.0 Safari/537.36 Avast/131.0.0.0" 
45.143.140.63 - - [25/Oct/2025:08:28:20 -0700] "POST /wp-comments-post.php HTTP/1.0" 302 4070 "https://www.biblioglow.com/2020/07/03/the-hamilton-affair-discussion-questions/#comment-10496" "Mozilla/5.0 (Windows NT 10.0; Win64; x64) AppleWebKit/537.36 (KHTML, like Gecko) Chrome/131.0.0.0 Safari/537.36 Avast/131.0.0.0" 
20.171.207.247 - - [25/Oct/2025:08:28:21 -0700] "GET /shopdetail120774168?kg=0119767836 HTTP/2.0" 404 47283 "-" "Mozilla/5.0 AppleWebKit/537.36 (KHTML, like Gecko; compatible; GPTBot/1.2; +https://openai.com/gptbot)" 
45.143.140.63 - - [25/Oct/2025:08:28:22 -0700] "GET /2020/07/03/the-hamilton-affair-discussion-questions/ HTTP/1.0" 200 95982 "https://www.biblioglow.com/2020/07/03/the-hamilton-affair-discussion-questions/#comment-19445" "Mozilla/5.0 (Windows NT 10.0; Win64; x64) AppleWebKit/537.36 (KHTML, like Gecko) Chrome/131.0.0.0 Safari/537.36 Avast/131.0.0.0" 
20.171.207.247 - - [25/Oct/2025:08:28:24 -0700] "GET /shopdetail120745080?kg=0119738992 HTTP/2.0" 404 47283 "-" "Mozilla/5.0 AppleWebKit/537.36 (KHTML, like Gecko; compatible; GPTBot/1.2; +https://openai.com/gptbot)" 
114.119.148.10 - - [25/Oct/2025:08:28:25 -0700] "GET /shopdetail197687040?kg=0196039767 HTTP/1.1" 301 3732 "https://biblioglow.com/sitemap.xml" "Mozilla/5.0 (Linux; Android 7.0;) AppleWebKit/537.36 (KHTML, like Gecko) Mobile Safari/537.36 (compatible; PetalBot;+https://webmaster.petalsearch.com/site/petalbot)" 
114.119.148.10 - - [25/Oct/2025:08:28:26 -0700] "GET /shopdetail197687040?kg=0196039767 HTTP/1.1" 404 51133 "https://biblioglow.com/sitemap.xml" "Mozilla/5.0 (Linux; Android 7.0;) AppleWebKit/537.36 (KHTML, like Gecko) Mobile Safari/537.36 (compatible; PetalBot;+https://webmaster.petalsearch.com/site/petalbot)" 
20.171.207.247 - - [25/Oct/2025:08:28:27 -0700] "GET /shopdetail120807896?kg=0119801284 HTTP/2.0" 404 47283 "-" "Mozilla/5.0 AppleWebKit/537.36 (KHTML, like Gecko; compatible; GPTBot/1.2; +https://openai.com/gptbot)" 
20.171.207.247 - - [25/Oct/2025:08:28:30 -0700] "GET /shopdetail159823128?kg=0158491388 HTTP/2.0" 404 47283 "-" "Mozilla/5.0 AppleWebKit/537.36 (KHTML, like Gecko; compatible; GPTBot/1.2; +https://openai.com/gptbot)" 
20.171.207.247 - - [25/Oct/2025:08:28:33 -0700] "GET /shopdetail278096760?kg=0275779408 HTTP/2.0" 404 47283 "-" "Mozilla/5.0 AppleWebKit/537.36 (KHTML, like Gecko; compatible; GPTBot/1.2; +https://openai.com/gptbot)" 
20.171.207.247 - - [25/Oct/2025:08:28:36 -0700] "GET /shopdetail120741664?kg=0119735603 HTTP/2.0" 404 47283 "-" "Mozilla/5.0 AppleWebKit/537.36 (KHTML, like Gecko; compatible; GPTBot/1.2; +https://openai.com/gptbot)" 
66.249.68.133 - - [25/Oct/2025:08:28:39 -0700] "GET /shopdetail61326432?kg=0060815499 HTTP/1.1" 200 31416 "-" "Mozilla/5.0 (Linux; Android 6.0.1; Nexus 5X Build/MMB29P) AppleWebKit/537.36 (KHTML, like Gecko) Chrome/141.0.7390.122 Mobile Safari/537.36 (compatible; GoogleOther)" 
20.171.207.247 - - [25/Oct/2025:08:28:39 -0700] "GET /shopdetail120720272?kg=0119714389 HTTP/2.0" 404 47418 "-" "Mozilla/5.0 AppleWebKit/537.36 (KHTML, like Gecko; compatible; GPTBot/1.2; +https://openai.com/gptbot)" 
20.171.207.247 - - [25/Oct/2025:08:28:43 -0700] "GET /shopdetail171620832?kg=0170190779 HTTP/2.0" 404 47283 "-" "Mozilla/5.0 AppleWebKit/537.36 (KHTML, like Gecko; compatible; GPTBot/1.2; +https://openai.com/gptbot)" 
85.208.96.207 - - [25/Oct/2025:08:28:44 -0700] "GET /shopdetail195046752?kg=0193421483 HTTP/1.1" 301 3732 "-" "Mozilla/5.0 (compatible; SemrushBot/7~bl; +http://www.semrush.com/bot.html)" 
85.208.96.209 - - [25/Oct/2025:08:28:45 -0700] "GET /shopdetail195046752?kg=0193421483 HTTP/1.1" 404 51133 "-" "Mozilla/5.0 (compatible; SemrushBot/7~bl; +http://www.semrush.com/bot.html)" 
20.171.207.247 - - [25/Oct/2025:08:28:46 -0700] "GET /shopdetail278098408?kg=0275781042 HTTP/2.0" 404 47283 "-" "Mozilla/5.0 AppleWebKit/537.36 (KHTML, like Gecko; compatible; GPTBot/1.2; +https://openai.com/gptbot)" 
20.171.207.247 - - [25/Oct/2025:08:28:49 -0700] "GET /shopdetail120799264?kg=0119792723 HTTP/2.0" 404 47283 "-" "Mozilla/5.0 AppleWebKit/537.36 (KHTML, like Gecko; compatible; GPTBot/1.2; +https://openai.com/gptbot)" 
66.249.68.133 - - [25/Oct/2025:08:28:49 -0700] "GET /shopdetail187585904?kg=0186022809 HTTP/1.1" 200 31511 "-" "Mozilla/5.0 (Linux; Android 6.0.1; Nexus 5X Build/MMB29P) AppleWebKit/537.36 (KHTML, like Gecko) Chrome/141.0.7390.122 Mobile Safari/537.36 (compatible; GoogleOther)" 
20.171.207.247 - - [25/Oct/2025:08:28:52 -0700] "GET /shopdetail120754272?kg=0119748107 HTTP/2.0" 404 47283 "-" "Mozilla/5.0 AppleWebKit/537.36 (KHTML, like Gecko; compatible; GPTBot/1.2; +https://openai.com/gptbot)" 
20.171.207.247 - - [25/Oct/2025:08:28:55 -0700] "GET /shopdetail278188376?kg=0275870260 HTTP/2.0" 404 47283 "-" "Mozilla/5.0 AppleWebKit/537.36 (KHTML, like Gecko; compatible; GPTBot/1.2; +https://openai.com/gptbot)" 
20.171.207.247 - - [25/Oct/2025:08:28:58 -0700] "GET /shopdetail252382200?kg=0250279136 HTTP/2.0" 404 47283 "-" "Mozilla/5.0 AppleWebKit/537.36 (KHTML, like Gecko; compatible; GPTBot/1.2; +https://openai.com/gptbot)" 
20.171.207.247 - - [25/Oct/2025:08:29:01 -0700] "GET /shopdetail159859048?kg=0158527010 HTTP/2.0" 404 47283 "-" "Mozilla/5.0 AppleWebKit/537.36 (KHTML, like Gecko; compatible; GPTBot/1.2; +https://openai.com/gptbot)" 
20.171.207.247 - - [25/Oct/2025:08:29:04 -0700] "GET /shopdetail278139288?kg=0275821580 HTTP/2.0" 404 47283 "-" "Mozilla/5.0 AppleWebKit/537.36 (KHTML, like Gecko; compatible; GPTBot/1.2; +https://openai.com/gptbot)" 
20.171.207.247 - - [25/Oct/2025:08:29:07 -0700] "GET /shopdetail171620424?kg=0170190374 HTTP/2.0" 404 47283 "-" "Mozilla/5.0 AppleWebKit/537.36 (KHTML, like Gecko; compatible; GPTBot/1.2; +https://openai.com/gptbot)" 
57.130.20.252 - - [25/Oct/2025:08:29:10 -0700] "GET /wp-login.php HTTP/2.0" 429 362 "-" "Mozilla/4.0 (compatible; MSIE 7.0; Windows NT 6.2; WOW64; Trident/7.0; .NET4.0C; .NET4.0E; .NET CLR 2.0.50727; .NET CLR 3.0.30729; .NET CLR 3.5.30729; InfoPath.3)" 
20.171.207.247 - - [25/Oct/2025:08:29:11 -0700] "GET /shopdetail252405104?kg=0250301849 HTTP/2.0" 404 47283 "-" "Mozilla/5.0 AppleWebKit/537.36 (KHTML, like Gecko; compatible; GPTBot/1.2; +https://openai.com/gptbot)" 
64.90.53.137 - - [25/Oct/2025:08:29:15 -0700] "POST /wp-cron.php?doing_wp_cron=1761406155.0771141052246093750000 HTTP/1.1" 200 3634 "https://www.biblioglow.com/wp-cron.php?doing_wp_cron=1761406155.0771141052246093750000" "WordPress/6.1.9; https://www.biblioglow.com" 
20.171.207.247 - - [25/Oct/2025:08:29:14 -0700] "GET /shopdetail120720816?kg=0119714929 HTTP/2.0" 404 47283 "-" "Mozilla/5.0 AppleWebKit/537.36 (KHTML, like Gecko; compatible; GPTBot/1.2; +https://openai.com/gptbot)" 
66.249.68.135 - - [25/Oct/2025:08:29:17 -0700] "GET /shopdetail36401960?kg=0036098730 HTTP/1.1" 200 30863 "-" "Mozilla/5.0 (Linux; Android 6.0.1; Nexus 5X Build/MMB29P) AppleWebKit/537.36 (KHTML, like Gecko) Chrome/141.0.7390.122 Mobile Safari/537.36 (compatible; GoogleOther)" 
20.171.207.247 - - [25/Oct/2025:08:29:17 -0700] "GET /shopdetail171631672?kg=0170201528 HTTP/2.0" 404 47283 "-" "Mozilla/5.0 AppleWebKit/537.36 (KHTML, like Gecko; compatible; GPTBot/1.2; +https://openai.com/gptbot)" 
20.171.207.247 - - [25/Oct/2025:08:29:20 -0700] "GET /shopdetail120728768?kg=0119722815 HTTP/2.0" 404 47283 "-" "Mozilla/5.0 AppleWebKit/537.36 (KHTML, like Gecko; compatible; GPTBot/1.2; +https://openai.com/gptbot)" 
20.171.207.247 - - [25/Oct/2025:08:29:23 -0700] "GET /shopdetail120728904?kg=0119722950 HTTP/2.0" 404 47283 "-" "Mozilla/5.0 AppleWebKit/537.36 (KHTML, like Gecko; compatible; GPTBot/1.2; +https://openai.com/gptbot)" 
66.249.68.134 - - [25/Oct/2025:08:29:26 -0700] "GET /shopdetail327010680?kg=0324285712 HTTP/1.1" 200 34662 "-" "Mozilla/5.0 (Linux; Android 6.0.1; Nexus 5X Build/MMB29P) AppleWebKit/537.36 (KHTML, like Gecko) Chrome/141.0.7390.122 Mobile Safari/537.36 (compatible; GoogleOther)" 
20.171.207.247 - - [25/Oct/2025:08:29:26 -0700] "GET /shopdetail120776632?kg=0119770280 HTTP/2.0" 404 47283 "-" "Mozilla/5.0 AppleWebKit/537.36 (KHTML, like Gecko; compatible; GPTBot/1.2; +https://openai.com/gptbot)" 
185.191.171.2 - - [25/Oct/2025:08:29:27 -0700] "GET /shopdetail194973656?kg=0193348996 HTTP/1.1" 301 3732 "-" "Mozilla/5.0 (compatible; SemrushBot/7~bl; +http://www.semrush.com/bot.html)" 
185.191.171.17 - - [25/Oct/2025:08:29:29 -0700] "GET /shopdetail194973656?kg=0193348996 HTTP/1.1" 404 51133 "-" "Mozilla/5.0 (compatible; SemrushBot/7~bl; +http://www.semrush.com/bot.html)" 
20.171.207.247 - - [25/Oct/2025:08:29:29 -0700] "GET /shopdetail159891840?kg=0158559527 HTTP/2.0" 404 47283 "-" "Mozilla/5.0 AppleWebKit/537.36 (KHTML, like Gecko; compatible; GPTBot/1.2; +https://openai.com/gptbot)" 
20.171.207.247 - - [25/Oct/2025:08:29:32 -0700] "GET /shopdetail120758520?kg=0119752320 HTTP/2.0" 404 47283 "-" "Mozilla/5.0 AppleWebKit/537.36 (KHTML, like Gecko; compatible; GPTBot/1.2; +https://openai.com/gptbot)" 
20.171.207.247 - - [25/Oct/2025:08:29:36 -0700] "GET /shopdetail159818456?kg=0158486756 HTTP/2.0" 404 47283 "-" "Mozilla/5.0 AppleWebKit/537.36 (KHTML, like Gecko; compatible; GPTBot/1.2; +https://openai.com/gptbot)" 
20.171.207.247 - - [25/Oct/2025:08:29:39 -0700] "GET /shopdetail252377544?kg=0250274518 HTTP/2.0" 404 47283 "-" "Mozilla/5.0 AppleWebKit/537.36 (KHTML, like Gecko; compatible; GPTBot/1.2; +https://openai.com/gptbot)" 
20.171.207.247 - - [25/Oct/2025:08:29:42 -0700] "GET /shopdetail171667200?kg=0170236759 HTTP/2.0" 404 47283 "-" "Mozilla/5.0 AppleWebKit/537.36 (KHTML, like Gecko; compatible; GPTBot/1.2; +https://openai.com/gptbot)" 
57.130.20.252 - - [25/Oct/2025:08:29:43 -0700] "POST /wp-login.php HTTP/2.0" 429 362 "https://www.biblioglow.com/wp-login.php" "Mozilla/4.0 (compatible; MSIE 7.0; Windows NT 6.2; WOW64; Trident/7.0; .NET4.0C; .NET4.0E; .NET CLR 2.0.50727; .NET CLR 3.0.30729; .NET CLR 3.5.30729; InfoPath.3)" 
20.171.207.247 - - [25/Oct/2025:08:29:45 -0700] "GET /shopdetail159898280?kg=0158565914 HTTP/2.0" 404 47283 "-" "Mozilla/5.0 AppleWebKit/537.36 (KHTML, like Gecko; compatible; GPTBot/1.2; +https://openai.com/gptbot)" 
20.171.207.247 - - [25/Oct/2025:08:29:48 -0700] "GET /shopdetail120795016?kg=0119788510 HTTP/2.0" 404 47283 "-" "Mozilla/5.0 AppleWebKit/537.36 (KHTML, like Gecko; compatible; GPTBot/1.2; +https://openai.com/gptbot)" 
114.119.151.155 - - [25/Oct/2025:08:29:51 -0700] "GET /shopdetail197685528?kg=0196038268 HTTP/1.1" 301 3732 "https://biblioglow.com/sitemap.xml" "Mozilla/5.0 (Linux; Android 7.0;) AppleWebKit/537.36 (KHTML, like Gecko) Mobile Safari/537.36 (compatible; PetalBot;+https://webmaster.petalsearch.com/site/petalbot)" 
20.171.207.247 - - [25/Oct/2025:08:29:52 -0700] "GET /shopdetail159894848?kg=0158562511 HTTP/2.0" 404 47283 "-" "Mozilla/5.0 AppleWebKit/537.36 (KHTML, like Gecko; compatible; GPTBot/1.2; +https://openai.com/gptbot)" 
114.119.151.155 - - [25/Oct/2025:08:29:54 -0700] "GET /shopdetail197685528?kg=0196038268 HTTP/1.1" 404 51133 "https://biblioglow.com/sitemap.xml" "Mozilla/5.0 (Linux; Android 7.0;) AppleWebKit/537.36 (KHTML, like Gecko) Mobile Safari/537.36 (compatible; PetalBot;+https://webmaster.petalsearch.com/site/petalbot)" 
20.171.207.247 - - [25/Oct/2025:08:29:55 -0700] "GET /shopdetail159855904?kg=0158523891 HTTP/2.0" 404 47283 "-" "Mozilla/5.0 AppleWebKit/537.36 (KHTML, like Gecko; compatible; GPTBot/1.2; +https://openai.com/gptbot)" 
66.249.68.133 - - [25/Oct/2025:08:29:56 -0700] "GET /shopdetail35771520?kg=0035473543 HTTP/1.1" 200 30817 "-" "Mozilla/5.0 (Linux; Android 6.0.1; Nexus 5X Build/MMB29P) AppleWebKit/537.36 (KHTML, like Gecko) Chrome/141.0.7390.122 Mobile Safari/537.36 (compatible; GoogleOther)" 
20.171.207.247 - - [25/Oct/2025:08:29:58 -0700] "GET /shopdetail171649360?kg=0170219069 HTTP/2.0" 404 47283 "-" "Mozilla/5.0 AppleWebKit/537.36 (KHTML, like Gecko; compatible; GPTBot/1.2; +https://openai.com/gptbot)" 
20.171.207.247 - - [25/Oct/2025:08:30:01 -0700] "GET /shopdetail278168088?kg=0275850140 HTTP/2.0" 404 47283 "-" "Mozilla/5.0 AppleWebKit/537.36 (KHTML, like Gecko; compatible; GPTBot/1.2; +https://openai.com/gptbot)" 
66.249.68.134 - - [25/Oct/2025:08:30:03 -0700] "GET /shopdetail36462296?kg=0036158564 HTTP/1.1" 200 30705 "-" "Mozilla/5.0 (Linux; Android 6.0.1; Nexus 5X Build/MMB29P) AppleWebKit/537.36 (KHTML, like Gecko) Chrome/141.0.7390.122 Mobile Safari/537.36 (compatible; GoogleOther)" 
20.171.207.247 - - [25/Oct/2025:08:30:04 -0700] "GET /shopdetail171671448?kg=0170240972 HTTP/2.0" 404 47283 "-" "Mozilla/5.0 AppleWebKit/537.36 (KHTML, like Gecko; compatible; GPTBot/1.2; +https://openai.com/gptbot)" 
20.171.207.247 - - [25/Oct/2025:08:30:08 -0700] "GET /shopdetail159882360?kg=0158550128 HTTP/2.0" 404 47283 "-" "Mozilla/5.0 AppleWebKit/537.36 (KHTML, like Gecko; compatible; GPTBot/1.2; +https://openai.com/gptbot)" 
20.171.207.247 - - [25/Oct/2025:08:30:11 -0700] "GET /shopdetail171692280?kg=0170261632 HTTP/2.0" 404 47283 "-" "Mozilla/5.0 AppleWebKit/537.36 (KHTML, like Gecko; compatible; GPTBot/1.2; +https://openai.com/gptbot)" 
64.90.53.137 - - [25/Oct/2025:08:30:15 -0700] "POST /wp-cron.php?doing_wp_cron=1761406215.1432309150695800781250 HTTP/1.1" 200 3634 "https://www.biblioglow.com/wp-cron.php?doing_wp_cron=1761406215.1432309150695800781250" "WordPress/6.1.9; https://www.biblioglow.com" 
20.171.207.247 - - [25/Oct/2025:08:30:14 -0700] "GET /shopdetail252384544?kg=0250281459 HTTP/2.0" 404 47283 "-" "Mozilla/5.0 AppleWebKit/537.36 (KHTML, like Gecko; compatible; GPTBot/1.2; +https://openai.com/gptbot)" 
85.208.96.208 - - [25/Oct/2025:08:30:16 -0700] "GET /shopdetail195033312?kg=0193408155 HTTP/1.1" 301 3732 "-" "Mozilla/5.0 (compatible; SemrushBot/7~bl; +http://www.semrush.com/bot.html)" 
85.208.96.207 - - [25/Oct/2025:08:30:17 -0700] "GET /shopdetail195033312?kg=0193408155 HTTP/1.1" 404 51133 "-" "Mozilla/5.0 (compatible; SemrushBot/7~bl; +http://www.semrush.com/bot.html)" 
20.171.207.247 - - [25/Oct/2025:08:30:17 -0700] "GET /shopdetail159919944?kg=0158587398 HTTP/2.0" 404 47283 "-" "Mozilla/5.0 AppleWebKit/537.36 (KHTML, like Gecko; compatible; GPTBot/1.2; +https://openai.com/gptbot)" 
85.208.96.202 - - [25/Oct/2025:08:30:20 -0700] "GET /shopdetail195028384?kg=0193403267 HTTP/1.1" 301 3732 "-" "Mozilla/5.0 (compatible; SemrushBot/7~bl; +http://www.semrush.com/bot.html)" 
20.171.207.247 - - [25/Oct/2025:08:30:21 -0700] "GET /shopdetail120819960?kg=0119813248 HTTP/2.0" 404 47283 "-" "Mozilla/5.0 AppleWebKit/537.36 (KHTML, like Gecko; compatible; GPTBot/1.2; +https://openai.com/gptbot)" 
185.191.171.2 - - [25/Oct/2025:08:30:21 -0700] "GET /shopdetail195028384?kg=0193403267 HTTP/1.1" 404 51133 "-" "Mozilla/5.0 (compatible; SemrushBot/7~bl; +http://www.semrush.com/bot.html)" 
20.171.207.247 - - [25/Oct/2025:08:30:24 -0700] "GET /shopdetail120798704?kg=0119792169 HTTP/2.0" 404 47283 "-" "Mozilla/5.0 AppleWebKit/537.36 (KHTML, like Gecko; compatible; GPTBot/1.2; +https://openai.com/gptbot)" 
176.106.204.97 - - [25/Oct/2025:08:30:24 -0700] "GET /wp-content/themes/alone/css/sermone.css HTTP/1.1" 301 3746 "-" "Mozilla/5.0 (X11; Linux x86_64) AppleWebKit/537.36 (KHTML, like Gecko) Chrome/139.0.0.0 Safari/537.36" 
176.106.204.97 - - [25/Oct/2025:08:30:26 -0700] "GET /wp-content/themes/alone/css/sermone.css HTTP/1.1" 404 51161 "-" "Mozilla/5.0 (X11; Linux x86_64) AppleWebKit/537.36 (KHTML, like Gecko) Chrome/139.0.0.0 Safari/537.36" 
20.171.207.247 - - [25/Oct/2025:08:30:27 -0700] "GET /shopdetail120726304?kg=0119720371 HTTP/2.0" 404 47283 "-" "Mozilla/5.0 AppleWebKit/537.36 (KHTML, like Gecko; compatible; GPTBot/1.2; +https://openai.com/gptbot)" 
85.208.96.197 - - [25/Oct/2025:08:30:29 -0700] "GET /shopdetail194998616?kg=0193373748 HTTP/1.1" 301 3732 "-" "Mozilla/5.0 (compatible; SemrushBot/7~bl; +http://www.semrush.com/bot.html)" 
20.171.207.247 - - [25/Oct/2025:08:30:30 -0700] "GET /shopdetail252351344?kg=0250248537 HTTP/2.0" 404 47283 "-" "Mozilla/5.0 AppleWebKit/537.36 (KHTML, like Gecko; compatible; GPTBot/1.2; +https://openai.com/gptbot)" 
85.208.96.201 - - [25/Oct/2025:08:30:30 -0700] "GET /shopdetail194998616?kg=0193373748 HTTP/1.1" 404 51133 "-" "Mozilla/5.0 (compatible; SemrushBot/7~bl; +http://www.semrush.com/bot.html)" 
20.171.207.247 - - [25/Oct/2025:08:30:33 -0700] "GET /shopdetail159898416?kg=0158566049 HTTP/2.0" 404 47283 "-" "Mozilla/5.0 AppleWebKit/537.36 (KHTML, like Gecko; compatible; GPTBot/1.2; +https://openai.com/gptbot)" 
66.249.68.133 - - [25/Oct/2025:08:30:35 -0700] "GET /shopdetail35783024?kg=0035484953 HTTP/1.1" 200 32489 "-" "Mozilla/5.0 (Linux; Android 6.0.1; Nexus 5X Build/MMB29P) AppleWebKit/537.36 (KHTML, like Gecko) Chrome/141.0.7390.122 Mobile Safari/537.36 (compatible; GoogleOther)" 
20.171.207.247 - - [25/Oct/2025:08:30:36 -0700] "GET /shopdetail120747560?kg=0119741450 HTTP/2.0" 404 47283 "-" "Mozilla/5.0 AppleWebKit/537.36 (KHTML, like Gecko; compatible; GPTBot/1.2; +https://openai.com/gptbot)" 
66.249.68.133 - - [25/Oct/2025:08:30:39 -0700] "GET /shopdetail161825552?kg=0160477125 HTTP/1.1" 200 28382 "-" "Mozilla/5.0 (Linux; Android 6.0.1; Nexus 5X Build/MMB29P) AppleWebKit/537.36 (KHTML, like Gecko) Chrome/141.0.7390.122 Mobile Safari/537.36 (compatible; GoogleOther)" 
20.171.207.247 - - [25/Oct/2025:08:30:39 -0700] "GET /shopdetail120822712?kg=0119815976 HTTP/2.0" 404 47283 "-" "Mozilla/5.0 AppleWebKit/537.36 (KHTML, like Gecko; compatible; GPTBot/1.2; +https://openai.com/gptbot)" 
20.171.207.247 - - [25/Oct/2025:08:30:42 -0700] "GET /shopdetail120797480?kg=0119790954 HTTP/2.0" 404 47283 "-" "Mozilla/5.0 AppleWebKit/537.36 (KHTML, like Gecko; compatible; GPTBot/1.2; +https://openai.com/gptbot)" 
20.171.207.247 - - [25/Oct/2025:08:30:46 -0700] "GET /shopdetail252391680?kg=0250288535 HTTP/2.0" 404 47283 "-" "Mozilla/5.0 AppleWebKit/537.36 (KHTML, like Gecko; compatible; GPTBot/1.2; +https://openai.com/gptbot)" 
20.171.207.247 - - [25/Oct/2025:08:30:49 -0700] "GET /shopdetail171612336?kg=0170182353 HTTP/2.0" 404 47283 "-" "Mozilla/5.0 AppleWebKit/537.36 (KHTML, like Gecko; compatible; GPTBot/1.2; +https://openai.com/gptbot)" 
20.171.207.247 - - [25/Oct/2025:08:30:52 -0700] "GET /shopdetail120782528?kg=0119776127 HTTP/2.0" 404 47283 "-" "Mozilla/5.0 AppleWebKit/537.36 (KHTML, like Gecko; compatible; GPTBot/1.2; +https://openai.com/gptbot)" 
20.171.207.247 - - [25/Oct/2025:08:30:55 -0700] "GET /shopdetail120790480?kg=0119784013 HTTP/2.0" 404 47283 "-" "Mozilla/5.0 AppleWebKit/537.36 (KHTML, like Gecko; compatible; GPTBot/1.2; +https://openai.com/gptbot)" 
20.171.207.247 - - [25/Oct/2025:08:30:58 -0700] "GET /shopdetail171650056?kg=0170219758 HTTP/2.0" 404 47283 "-" "Mozilla/5.0 AppleWebKit/537.36 (KHTML, like Gecko; compatible; GPTBot/1.2; +https://openai.com/gptbot)" 
20.171.207.247 - - [25/Oct/2025:08:31:01 -0700] "GET /shopdetail278097048?kg=0275779692 HTTP/2.0" 404 47283 "-" "Mozilla/5.0 AppleWebKit/537.36 (KHTML, like Gecko; compatible; GPTBot/1.2; +https://openai.com/gptbot)" 
20.171.207.247 - - [25/Oct/2025:08:31:04 -0700] "GET /shopdetail120820248?kg=0119813532 HTTP/2.0" 404 47283 "-" "Mozilla/5.0 AppleWebKit/537.36 (KHTML, like Gecko; compatible; GPTBot/1.2; +https://openai.com/gptbot)" 
20.171.207.247 - - [25/Oct/2025:08:31:08 -0700] "GET /shopdetail120748240?kg=0119742125 HTTP/2.0" 404 47283 "-" "Mozilla/5.0 AppleWebKit/537.36 (KHTML, like Gecko; compatible; GPTBot/1.2; +https://openai.com/gptbot)" 
20.171.207.247 - - [25/Oct/2025:08:31:11 -0700] "GET /shopdetail120788152?kg=0119781704 HTTP/2.0" 404 47283 "-" "Mozilla/5.0 AppleWebKit/537.36 (KHTML, like Gecko; compatible; GPTBot/1.2; +https://openai.com/gptbot)" 
66.249.68.135 - - [25/Oct/2025:08:31:14 -0700] "GET /shopdetail35772064?kg=0035474083 HTTP/1.1" 200 30958 "-" "Mozilla/5.0 (Linux; Android 6.0.1; Nexus 5X Build/MMB29P) AppleWebKit/537.36 (KHTML, like Gecko) Chrome/141.0.7390.122 Mobile Safari/537.36 (compatible; GoogleOther)" 
64.90.53.137 - - [25/Oct/2025:08:31:15 -0700] "POST /wp-cron.php?doing_wp_cron=1761406275.8990440368652343750000 HTTP/1.1" 200 3634 "https://www.biblioglow.com/wp-cron.php?doing_wp_cron=1761406275.8990440368652343750000" "WordPress/6.1.9; https://www.biblioglow.com" 
20.171.207.247 - - [25/Oct/2025:08:31:14 -0700] "GET /shopdetail171676648?kg=0170246130 HTTP/2.0" 404 47283 "-" "Mozilla/5.0 AppleWebKit/537.36 (KHTML, like Gecko; compatible; GPTBot/1.2; +https://openai.com/gptbot)" 
66.249.68.135 - - [25/Oct/2025:08:31:16 -0700] "GET /shopdetail36453528?kg=0036149868 HTTP/1.1" 200 28630 "-" "Mozilla/5.0 (Linux; Android 6.0.1; Nexus 5X Build/MMB29P) AppleWebKit/537.36 (KHTML, like Gecko) Chrome/141.0.7390.122 Mobile Safari/537.36 (compatible; GoogleOther)" 
114.119.135.207 - - [25/Oct/2025:08:31:15 -0700] "GET /shopdetail197680584?kg=0196033366 HTTP/1.1" 301 3732 "https://biblioglow.com/sitemap.xml" "Mozilla/5.0 (Linux; Android 7.0;) AppleWebKit/537.36 (KHTML, like Gecko) Mobile Safari/537.36 (compatible; PetalBot;+https://webmaster.petalsearch.com/site/petalbot)" 
20.171.207.247 - - [25/Oct/2025:08:31:17 -0700] "GET /shopdetail278192912?kg=0275874757 HTTP/2.0" 404 47283 "-" "Mozilla/5.0 AppleWebKit/537.36 (KHTML, like Gecko; compatible; GPTBot/1.2; +https://openai.com/gptbot)" 
114.119.135.207 - - [25/Oct/2025:08:31:18 -0700] "GET /shopdetail197680584?kg=0196033366 HTTP/1.1" 404 51133 "https://biblioglow.com/sitemap.xml" "Mozilla/5.0 (Linux; Android 7.0;) AppleWebKit/537.36 (KHTML, like Gecko) Mobile Safari/537.36 (compatible; PetalBot;+https://webmaster.petalsearch.com/site/petalbot)" 
20.171.207.247 - - [25/Oct/2025:08:31:20 -0700] "GET /shopdetail159900880?kg=0158568493 HTTP/2.0" 404 47283 "-" "Mozilla/5.0 AppleWebKit/537.36 (KHTML, like Gecko; compatible; GPTBot/1.2; +https://openai.com/gptbot)" 
20.171.207.247 - - [25/Oct/2025:08:31:23 -0700] "GET /shopdetail159910480?kg=0158578013 HTTP/2.0" 404 47283 "-" "Mozilla/5.0 AppleWebKit/537.36 (KHTML, like Gecko; compatible; GPTBot/1.2; +https://openai.com/gptbot)" 
20.171.207.247 - - [25/Oct/2025:08:31:26 -0700] "GET /shopdetail252415128?kg=0250311788 HTTP/2.0" 404 47283 "-" "Mozilla/5.0 AppleWebKit/537.36 (KHTML, like Gecko; compatible; GPTBot/1.2; +https://openai.com/gptbot)" 
85.208.96.206 - - [25/Oct/2025:08:31:28 -0700] "GET /robots.txt HTTP/1.1" 200 3816 "-" "Mozilla/5.0 (compatible; SemrushBot/7~bl; +http://www.semrush.com/bot.html)" 
185.191.171.16 - - [25/Oct/2025:08:31:29 -0700] "GET /shopdetail195006296?kg=0193381364 HTTP/1.1" 301 3732 "-" "Mozilla/5.0 (compatible; SemrushBot/7~bl; +http://www.semrush.com/bot.html)" 
185.191.171.15 - - [25/Oct/2025:08:31:30 -0700] "GET /robots.txt HTTP/1.1" 200 3816 "-" "Mozilla/5.0 (compatible; SemrushBot/7~bl; +http://www.semrush.com/bot.html)" 
20.171.207.247 - - [25/Oct/2025:08:31:30 -0700] "GET /shopdetail278188784?kg=0275870665 HTTP/2.0" 404 47283 "-" "Mozilla/5.0 AppleWebKit/537.36 (KHTML, like Gecko; compatible; GPTBot/1.2; +https://openai.com/gptbot)" 
185.191.171.18 - - [25/Oct/2025:08:31:30 -0700] "GET /shopdetail195006296?kg=0193381364 HTTP/1.1" 404 51133 "-" "Mozilla/5.0 (compatible; SemrushBot/7~bl; +http://www.semrush.com/bot.html)" 
20.171.207.247 - - [25/Oct/2025:08:31:33 -0700] "GET /shopdetail252405936?kg=0250302673 HTTP/2.0" 404 47283 "-" "Mozilla/5.0 AppleWebKit/537.36 (KHTML, like Gecko; compatible; GPTBot/1.2; +https://openai.com/gptbot)" 
20.171.207.247 - - [25/Oct/2025:08:31:36 -0700] "GET /shopdetail120808864?kg=0119802243 HTTP/2.0" 404 47283 "-" "Mozilla/5.0 AppleWebKit/537.36 (KHTML, like Gecko; compatible; GPTBot/1.2; +https://openai.com/gptbot)" 
185.191.171.10 - - [25/Oct/2025:08:31:39 -0700] "GET /shopdetail194965704?kg=0193341110 HTTP/1.1" 301 3732 "-" "Mozilla/5.0 (compatible; SemrushBot/7~bl; +http://www.semrush.com/bot.html)" 
20.171.207.247 - - [25/Oct/2025:08:31:39 -0700] "GET /shopdetail171634408?kg=0170204242 HTTP/2.0" 404 47418 "-" "Mozilla/5.0 AppleWebKit/537.36 (KHTML, like Gecko; compatible; GPTBot/1.2; +https://openai.com/gptbot)" 
185.191.171.12 - - [25/Oct/2025:08:31:39 -0700] "GET /shopdetail194965704?kg=0193341110 HTTP/1.1" 404 51133 "-" "Mozilla/5.0 (compatible; SemrushBot/7~bl; +http://www.semrush.com/bot.html)" 
20.171.207.247 - - [25/Oct/2025:08:31:42 -0700] "GET /shopdetail278184672?kg=0275866587 HTTP/2.0" 404 47283 "-" "Mozilla/5.0 AppleWebKit/537.36 (KHTML, like Gecko; compatible; GPTBot/1.2; +https://openai.com/gptbot)" 
66.249.79.4 - - [25/Oct/2025:08:31:42 -0700] "GET /?shopdetail9029760?kg=0008954631 HTTP/1.1" 200 30724 "-" "Mozilla/5.0 (Linux; Android 6.0.1; Nexus 5X Build/MMB29P) AppleWebKit/537.36 (KHTML, like Gecko) Chrome/141.0.7390.122 Mobile Safari/537.36 (compatible; Googlebot/2.1; +http://www.google.com/bot.html)" 
20.171.207.247 - - [25/Oct/2025:08:31:46 -0700] "GET /shopdetail120718488?kg=0119712620 HTTP/2.0" 404 47283 "-" "Mozilla/5.0 AppleWebKit/537.36 (KHTML, like Gecko; compatible; GPTBot/1.2; +https://openai.com/gptbot)" 
20.171.207.247 - - [25/Oct/2025:08:31:49 -0700] "GET /shopdetail252414024?kg=0250310694 HTTP/2.0" 404 47283 "-" "Mozilla/5.0 AppleWebKit/537.36 (KHTML, like Gecko; compatible; GPTBot/1.2; +https://openai.com/gptbot)" 
185.191.171.10 - - [25/Oct/2025:08:31:50 -0700] "GET /shopdetail194978736?kg=0193354033 HTTP/1.1" 301 3732 "-" "Mozilla/5.0 (compatible; SemrushBot/7~bl; +http://www.semrush.com/bot.html)" 
20.171.207.247 - - [25/Oct/2025:08:31:52 -0700] "GET /shopdetail171627560?kg=0170197450 HTTP/2.0" 404 47283 "-" "Mozilla/5.0 AppleWebKit/537.36 (KHTML, like Gecko; compatible; GPTBot/1.2; +https://openai.com/gptbot)" 
85.208.96.210 - - [25/Oct/2025:08:31:52 -0700] "GET /shopdetail194978736?kg=0193354033 HTTP/1.1" 404 51133 "-" "Mozilla/5.0 (compatible; SemrushBot/7~bl; +http://www.semrush.com/bot.html)" 
66.249.68.133 - - [25/Oct/2025:08:31:52 -0700] "GET /shopdetail32204144?kg=0031935897 HTTP/1.1" 200 30879 "-" "Mozilla/5.0 (Linux; Android 6.0.1; Nexus 5X Build/MMB29P) AppleWebKit/537.36 (KHTML, like Gecko) Chrome/141.0.7390.122 Mobile Safari/537.36 (compatible; GoogleOther)" 
20.171.207.247 - - [25/Oct/2025:08:31:55 -0700] "GET /shopdetail278117760?kg=0275800231 HTTP/2.0" 404 47283 "-" "Mozilla/5.0 AppleWebKit/537.36 (KHTML, like Gecko; compatible; GPTBot/1.2; +https://openai.com/gptbot)" 
66.249.68.133 - - [25/Oct/2025:08:31:55 -0700] "GET /shopdetail36665136?kg=0036359713 HTTP/1.1" 200 27231 "-" "Mozilla/5.0 (Linux; Android 6.0.1; Nexus 5X Build/MMB29P) AppleWebKit/537.36 (KHTML, like Gecko) Chrome/141.0.7390.122 Mobile Safari/537.36 (compatible; GoogleOther)" 
20.171.207.247 - - [25/Oct/2025:08:31:58 -0700] "GET /shopdetail159903360?kg=0158570951 HTTP/2.0" 404 47283 "-" "Mozilla/5.0 AppleWebKit/537.36 (KHTML, like Gecko; compatible; GPTBot/1.2; +https://openai.com/gptbot)" 
20.171.207.247 - - [25/Oct/2025:08:32:01 -0700] "GET /shopdetail159845744?kg=0158513817 HTTP/2.0" 404 47283 "-" "Mozilla/5.0 AppleWebKit/537.36 (KHTML, like Gecko; compatible; GPTBot/1.2; +https://openai.com/gptbot)" 
20.171.207.247 - - [25/Oct/2025:08:32:04 -0700] "GET /shopdetail171689816?kg=0170259188 HTTP/2.0" 404 47283 "-" "Mozilla/5.0 AppleWebKit/537.36 (KHTML, like Gecko; compatible; GPTBot/1.2; +https://openai.com/gptbot)" 
20.171.207.247 - - [25/Oct/2025:08:32:07 -0700] "GET /shopdetail252391800?kg=0250288656 HTTP/2.0" 404 47283 "-" "Mozilla/5.0 AppleWebKit/537.36 (KHTML, like Gecko; compatible; GPTBot/1.2; +https://openai.com/gptbot)" 
20.171.207.247 - - [25/Oct/2025:08:32:10 -0700] "GET /shopdetail171654032?kg=0170223701 HTTP/2.0" 404 47283 "-" "Mozilla/5.0 AppleWebKit/537.36 (KHTML, like Gecko; compatible; GPTBot/1.2; +https://openai.com/gptbot)" 
64.90.53.137 - - [25/Oct/2025:08:32:14 -0700] "POST /wp-cron.php?doing_wp_cron=1761406334.2937209606170654296875 HTTP/1.1" 200 3634 "https://www.biblioglow.com/wp-cron.php?doing_wp_cron=1761406334.2937209606170654296875" "WordPress/6.1.9; https://www.biblioglow.com" 
20.171.207.247 - - [25/Oct/2025:08:32:13 -0700] "GET /shopdetail252367400?kg=0250264458 HTTP/2.0" 404 47283 "-" "Mozilla/5.0 AppleWebKit/537.36 (KHTML, like Gecko; compatible; GPTBot/1.2; +https://openai.com/gptbot)" 
20.171.207.247 - - [25/Oct/2025:08:32:17 -0700] "GET /shopdetail278177824?kg=0275859795 HTTP/2.0" 404 47283 "-" "Mozilla/5.0 AppleWebKit/537.36 (KHTML, like Gecko; compatible; GPTBot/1.2; +https://openai.com/gptbot)" 
20.171.207.247 - - [25/Oct/2025:08:32:20 -0700] "GET /shopdetail120801592?kg=0119795032 HTTP/2.0" 404 47283 "-" "Mozilla/5.0 AppleWebKit/537.36 (KHTML, like Gecko; compatible; GPTBot/1.2; +https://openai.com/gptbot)" 
20.171.207.247 - - [25/Oct/2025:08:32:23 -0700] "GET /shopdetail278091288?kg=0275773980 HTTP/2.0" 404 47283 "-" "Mozilla/5.0 AppleWebKit/537.36 (KHTML, like Gecko; compatible; GPTBot/1.2; +https://openai.com/gptbot)" 
20.171.207.247 - - [25/Oct/2025:08:32:26 -0700] "GET /shopdetail252425136?kg=0250321713 HTTP/2.0" 404 47283 "-" "Mozilla/5.0 AppleWebKit/537.36 (KHTML, like Gecko; compatible; GPTBot/1.2; +https://openai.com/gptbot)" 
66.249.68.135 - - [25/Oct/2025:08:32:29 -0700] "GET /shopdetail75821208?kg=0075189484 HTTP/1.1" 200 30514 "-" "Mozilla/5.0 (Linux; Android 6.0.1; Nexus 5X Build/MMB29P) AppleWebKit/537.36 (KHTML, like Gecko) Chrome/141.0.7390.122 Mobile Safari/537.36 (compatible; GoogleOther)" 
20.171.207.247 - - [25/Oct/2025:08:32:29 -0700] "GET /shopdetail278088536?kg=0275771252 HTTP/2.0" 404 47283 "-" "Mozilla/5.0 AppleWebKit/537.36 (KHTML, like Gecko; compatible; GPTBot/1.2; +https://openai.com/gptbot)" 
66.249.68.134 - - [25/Oct/2025:08:32:32 -0700] "GET /shopdetail35757520?kg=0035459661 HTTP/1.1" 200 32417 "-" "Mozilla/5.0 (Linux; Android 6.0.1; Nexus 5X Build/MMB29P) AppleWebKit/537.36 (KHTML, like Gecko) Chrome/141.0.7390.122 Mobile Safari/537.36 (compatible; GoogleOther)" 
20.171.207.247 - - [25/Oct/2025:08:32:32 -0700] "GET /shopdetail159884432?kg=0158552181 HTTP/2.0" 404 47283 "-" "Mozilla/5.0 AppleWebKit/537.36 (KHTML, like Gecko; compatible; GPTBot/1.2; +https://openai.com/gptbot)" 
185.191.171.12 - - [25/Oct/2025:08:32:35 -0700] "GET /shopdetail195040176?kg=0193414961 HTTP/1.1" 301 3732 "-" "Mozilla/5.0 (compatible; SemrushBot/7~bl; +http://www.semrush.com/bot.html)" 
20.171.207.247 - - [25/Oct/2025:08:32:35 -0700] "GET /shopdetail120808456?kg=0119801838 HTTP/2.0" 404 47283 "-" "Mozilla/5.0 AppleWebKit/537.36 (KHTML, like Gecko; compatible; GPTBot/1.2; +https://openai.com/gptbot)" 
185.191.171.8 - - [25/Oct/2025:08:32:36 -0700] "GET /shopdetail195040176?kg=0193414961 HTTP/1.1" 404 51133 "-" "Mozilla/5.0 (compatible; SemrushBot/7~bl; +http://www.semrush.com/bot.html)" 
114.119.135.207 - - [25/Oct/2025:08:32:35 -0700] "GET /shopdetail197676744?kg=0196029558 HTTP/1.1" 301 3732 "https://biblioglow.com/sitemap.xml" "Mozilla/5.0 (Linux; Android 7.0;) AppleWebKit/537.36 (KHTML, like Gecko) Mobile Safari/537.36 (compatible; PetalBot;+https://webmaster.petalsearch.com/site/petalbot)" 
114.119.135.207 - - [25/Oct/2025:08:32:38 -0700] "GET /shopdetail197676744?kg=0196029558 HTTP/1.1" 404 51133 "https://biblioglow.com/sitemap.xml" "Mozilla/5.0 (Linux; Android 7.0;) AppleWebKit/537.36 (KHTML, like Gecko) Mobile Safari/537.36 (compatible; PetalBot;+https://webmaster.petalsearch.com/site/petalbot)" 
20.171.207.247 - - [25/Oct/2025:08:32:38 -0700] "GET /shopdetail171682696?kg=0170252126 HTTP/2.0" 404 47283 "-" "Mozilla/5.0 AppleWebKit/537.36 (KHTML, like Gecko; compatible; GPTBot/1.2; +https://openai.com/gptbot)" 
20.171.207.247 - - [25/Oct/2025:08:32:42 -0700] "GET /shopdetail171692568?kg=0170261916 HTTP/2.0" 404 47283 "-" "Mozilla/5.0 AppleWebKit/537.36 (KHTML, like Gecko; compatible; GPTBot/1.2; +https://openai.com/gptbot)" 
20.171.207.247 - - [25/Oct/2025:08:32:45 -0700] "GET /shopdetail159911856?kg=0158579377 HTTP/2.0" 404 47283 "-" "Mozilla/5.0 AppleWebKit/537.36 (KHTML, like Gecko; compatible; GPTBot/1.2; +https://openai.com/gptbot)" 
20.171.207.247 - - [25/Oct/2025:08:32:48 -0700] "GET /shopdetail120727800?kg=0119721856 HTTP/2.0" 404 47283 "-" "Mozilla/5.0 AppleWebKit/537.36 (KHTML, like Gecko; compatible; GPTBot/1.2; +https://openai.com/gptbot)" 
185.191.171.3 - - [25/Oct/2025:08:32:50 -0700] "GET /shopdetail195045800?kg=0193420538 HTTP/1.1" 301 3732 "-" "Mozilla/5.0 (compatible; SemrushBot/7~bl; +http://www.semrush.com/bot.html)" 
20.171.207.247 - - [25/Oct/2025:08:32:51 -0700] "GET /shopdetail171625912?kg=0170195816 HTTP/2.0" 404 47283 "-" "Mozilla/5.0 AppleWebKit/537.36 (KHTML, like Gecko; compatible; GPTBot/1.2; +https://openai.com/gptbot)" 
85.208.96.212 - - [25/Oct/2025:08:32:51 -0700] "GET /shopdetail195045800?kg=0193420538 HTTP/1.1" 404 51133 "-" "Mozilla/5.0 (compatible; SemrushBot/7~bl; +http://www.semrush.com/bot.html)" 
20.171.207.247 - - [25/Oct/2025:08:32:54 -0700] "GET /shopdetail171612064?kg=0170182083 HTTP/2.0" 404 47283 "-" "Mozilla/5.0 AppleWebKit/537.36 (KHTML, like Gecko; compatible; GPTBot/1.2; +https://openai.com/gptbot)" 
20.171.207.247 - - [25/Oct/2025:08:32:57 -0700] "GET /shopdetail120735072?kg=0119729067 HTTP/2.0" 404 47283 "-" "Mozilla/5.0 AppleWebKit/537.36 (KHTML, like Gecko; compatible; GPTBot/1.2; +https://openai.com/gptbot)" 
20.171.207.247 - - [25/Oct/2025:08:33:00 -0700] "GET /shopdetail159890192?kg=0158557893 HTTP/2.0" 404 47283 "-" "Mozilla/5.0 AppleWebKit/537.36 (KHTML, like Gecko; compatible; GPTBot/1.2; +https://openai.com/gptbot)" 
20.171.207.247 - - [25/Oct/2025:08:33:04 -0700] "GET /shopdetail278135856?kg=0275818177 HTTP/2.0" 404 47283 "-" "Mozilla/5.0 AppleWebKit/537.36 (KHTML, like Gecko; compatible; GPTBot/1.2; +https://openai.com/gptbot)" 
66.249.68.133 - - [25/Oct/2025:08:33:05 -0700] "GET /shopdetail189380288?kg=0187802239 HTTP/1.1" 200 30303 "-" "Mozilla/5.0 (Linux; Android 6.0.1; Nexus 5X Build/MMB29P) AppleWebKit/537.36 (KHTML, like Gecko) Chrome/141.0.7390.122 Mobile Safari/537.36 (compatible; GoogleOther)" 
20.171.207.247 - - [25/Oct/2025:08:33:07 -0700] "GET /shopdetail171642784?kg=0170212547 HTTP/2.0" 404 47283 "-" "Mozilla/5.0 AppleWebKit/537.36 (KHTML, like Gecko; compatible; GPTBot/1.2; +https://openai.com/gptbot)" 
20.171.207.247 - - [25/Oct/2025:08:33:10 -0700] "GET /shopdetail171640304?kg=0170210089 HTTP/2.0" 404 47283 "-" "Mozilla/5.0 AppleWebKit/537.36 (KHTML, like Gecko; compatible; GPTBot/1.2; +https://openai.com/gptbot)" 
66.249.68.133 - - [25/Oct/2025:08:33:10 -0700] "GET /shopdetail36435416?kg=0036131908 HTTP/1.1" 200 31048 "-" "Mozilla/5.0 (Linux; Android 6.0.1; Nexus 5X Build/MMB29P) AppleWebKit/537.36 (KHTML, like Gecko) Chrome/141.0.7390.122 Mobile Safari/537.36 (compatible; GoogleOther)" 
64.90.53.137 - - [25/Oct/2025:08:33:13 -0700] "POST /wp-cron.php?doing_wp_cron=1761406393.5361170768737792968750 HTTP/1.1" 200 3634 "https://www.biblioglow.com/wp-cron.php?doing_wp_cron=1761406393.5361170768737792968750" "WordPress/6.1.9; https://www.biblioglow.com" 
20.171.207.247 - - [25/Oct/2025:08:33:13 -0700] "GET /shopdetail120719848?kg=0119713970 HTTP/2.0" 404 47283 "-" "Mozilla/5.0 AppleWebKit/537.36 (KHTML, like Gecko; compatible; GPTBot/1.2; +https://openai.com/gptbot)" 
20.171.207.247 - - [25/Oct/2025:08:33:16 -0700] "GET /shopdetail252406752?kg=0250303483 HTTP/2.0" 404 47283 "-" "Mozilla/5.0 AppleWebKit/537.36 (KHTML, like Gecko; compatible; GPTBot/1.2; +https://openai.com/gptbot)" 
20.171.207.247 - - [25/Oct/2025:08:33:19 -0700] "GET /shopdetail159899368?kg=0158566994 HTTP/2.0" 404 47283 "-" "Mozilla/5.0 AppleWebKit/537.36 (KHTML, like Gecko; compatible; GPTBot/1.2; +https://openai.com/gptbot)" 
20.171.207.247 - - [25/Oct/2025:08:33:22 -0700] "GET /shopdetail159906504?kg=0158574070 HTTP/2.0" 404 47283 "-" "Mozilla/5.0 AppleWebKit/537.36 (KHTML, like Gecko; compatible; GPTBot/1.2; +https://openai.com/gptbot)" 
20.171.207.247 - - [25/Oct/2025:08:33:25 -0700] "GET /shopdetail171678160?kg=0170247629 HTTP/2.0" 404 47283 "-" "Mozilla/5.0 AppleWebKit/537.36 (KHTML, like Gecko; compatible; GPTBot/1.2; +https://openai.com/gptbot)" 
20.171.207.247 - - [25/Oct/2025:08:33:29 -0700] "GET /shopdetail120799672?kg=0119793128 HTTP/2.0" 404 47283 "-" "Mozilla/5.0 AppleWebKit/537.36 (KHTML, like Gecko; compatible; GPTBot/1.2; +https://openai.com/gptbot)" 
20.171.207.247 - - [25/Oct/2025:08:33:32 -0700] "GET /shopdetail171686672?kg=0170256069 HTTP/2.0" 404 47283 "-" "Mozilla/5.0 AppleWebKit/537.36 (KHTML, like Gecko; compatible; GPTBot/1.2; +https://openai.com/gptbot)" 
20.171.207.247 - - [25/Oct/2025:08:33:35 -0700] "GET /shopdetail159846576?kg=0158514641 HTTP/2.0" 404 47283 "-" "Mozilla/5.0 AppleWebKit/537.36 (KHTML, like Gecko; compatible; GPTBot/1.2; +https://openai.com/gptbot)" 
20.171.207.247 - - [25/Oct/2025:08:33:38 -0700] "GET /shopdetail278108008?kg=0275790562 HTTP/2.0" 404 47283 "-" "Mozilla/5.0 AppleWebKit/537.36 (KHTML, like Gecko; compatible; GPTBot/1.2; +https://openai.com/gptbot)" 
85.208.96.210 - - [25/Oct/2025:08:33:39 -0700] "GET /shopdetail195030440?kg=0193405306 HTTP/1.1" 301 3732 "-" "Mozilla/5.0 (compatible; SemrushBot/7~bl; +http://www.semrush.com/bot.html)" 
185.191.171.10 - - [25/Oct/2025:08:33:40 -0700] "GET /shopdetail195030440?kg=0193405306 HTTP/1.1" 404 51133 "-" "Mozilla/5.0 (compatible; SemrushBot/7~bl; +http://www.semrush.com/bot.html)" 
20.171.207.247 - - [25/Oct/2025:08:33:41 -0700] "GET /shopdetail171612744?kg=0170182758 HTTP/2.0" 404 47283 "-" "Mozilla/5.0 AppleWebKit/537.36 (KHTML, like Gecko; compatible; GPTBot/1.2; +https://openai.com/gptbot)" 
66.249.68.133 - - [25/Oct/2025:08:33:42 -0700] "GET /shopdetail75816672?kg=0075184987 HTTP/1.1" 200 30864 "-" "Mozilla/5.0 (Linux; Android 6.0.1; Nexus 5X Build/MMB29P) AppleWebKit/537.36 (KHTML, like Gecko) Chrome/141.0.7390.122 Mobile Safari/537.36 (compatible; GoogleOther)" 
20.171.207.247 - - [25/Oct/2025:08:33:45 -0700] "GET /shopdetail252399768?kg=0250296556 HTTP/2.0" 404 47283 "-" "Mozilla/5.0 AppleWebKit/537.36 (KHTML, like Gecko; compatible; GPTBot/1.2; +https://openai.com/gptbot)" 
20.171.207.247 - - [25/Oct/2025:08:33:48 -0700] "GET /shopdetail278176856?kg=0275858836 HTTP/2.0" 404 47283 "-" "Mozilla/5.0 AppleWebKit/537.36 (KHTML, like Gecko; compatible; GPTBot/1.2; +https://openai.com/gptbot)" 
66.249.68.133 - - [25/Oct/2025:08:33:49 -0700] "GET /shopdetail162579552?kg=0161224843 HTTP/1.1" 200 30506 "-" "Mozilla/5.0 (Linux; Android 6.0.1; Nexus 5X Build/MMB29P) AppleWebKit/537.36 (KHTML, like Gecko) Chrome/141.0.7390.122 Mobile Safari/537.36 (compatible; GoogleOther)" 
20.171.207.247 - - [25/Oct/2025:08:33:51 -0700] "GET /shopdetail252423488?kg=0250320079 HTTP/2.0" 404 47283 "-" "Mozilla/5.0 AppleWebKit/537.36 (KHTML, like Gecko; compatible; GPTBot/1.2; +https://openai.com/gptbot)" 
20.171.207.247 - - [25/Oct/2025:08:33:54 -0700] "GET /shopdetail278089368?kg=0275772076 HTTP/2.0" 404 47283 "-" "Mozilla/5.0 AppleWebKit/537.36 (KHTML, like Gecko; compatible; GPTBot/1.2; +https://openai.com/gptbot)" 
20.171.207.247 - - [25/Oct/2025:08:33:57 -0700] "GET /shopdetail159894168?kg=0158561836 HTTP/2.0" 404 47283 "-" "Mozilla/5.0 AppleWebKit/537.36 (KHTML, like Gecko; compatible; GPTBot/1.2; +https://openai.com/gptbot)" 
114.119.136.150 - - [25/Oct/2025:08:33:59 -0700] "GET /shopdetail197668112?kg=0196020997 HTTP/1.1" 301 3732 "https://biblioglow.com/sitemap.xml" "Mozilla/5.0 (Linux; Android 7.0;) AppleWebKit/537.36 (KHTML, like Gecko) Mobile Safari/537.36 (compatible; PetalBot;+https://webmaster.petalsearch.com/site/petalbot)" 
114.119.136.150 - - [25/Oct/2025:08:34:00 -0700] "GET /shopdetail197668112?kg=0196020997 HTTP/1.1" 404 51133 "https://biblioglow.com/sitemap.xml" "Mozilla/5.0 (Linux; Android 7.0;) AppleWebKit/537.36 (KHTML, like Gecko) Mobile Safari/537.36 (compatible; PetalBot;+https://webmaster.petalsearch.com/site/petalbot)" 
20.171.207.247 - - [25/Oct/2025:08:34:00 -0700] "GET /shopdetail252367536?kg=0250264593 HTTP/2.0" 404 47283 "-" "Mozilla/5.0 AppleWebKit/537.36 (KHTML, like Gecko; compatible; GPTBot/1.2; +https://openai.com/gptbot)" 
