114.119.141.83 - - [25/Oct/2025:08:20:06 -0700] "GET /shopdetail197697184?kg=0196049827 HTTP/1.1" 301 3732 "https://biblioglow.com/sitemap.xml" "Mozilla/5.0 (Linux; Android 7.0;) AppleWebKit/537.36 (KHTML, like Gecko) Mobile Safari/537.36 (compatible; PetalBot;+https://webmaster.petalsearch.com/site/petalbot)" 
20.171.207.247 - - [25/Oct/2025:08:20:09 -0700] "GET /shopdetail278170416?kg=0275852449 HTTP/2.0" 404 47283 "-" "Mozilla/5.0 AppleWebKit/537.36 (KHTML, like Gecko; compatible; GPTBot/1.2; +https://openai.com/gptbot)" 
114.119.141.83 - - [25/Oct/2025:08:20:10 -0700] "GET /shopdetail197697184?kg=0196049827 HTTP/1.1" 404 51133 "https://biblioglow.com/sitemap.xml" "Mozilla/5.0 (Linux; Android 7.0;) AppleWebKit/537.36 (KHTML, like Gecko) Mobile Safari/537.36 (compatible; PetalBot;+https://webmaster.petalsearch.com/site/petalbot)" 
64.90.53.137 - - [25/Oct/2025:08:20:14 -0700] "POST /wp-cron.php?doing_wp_cron=1761405614.3386480808258056640625 HTTP/1.1" 200 3634 "https://www.biblioglow.com/wp-cron.php?doing_wp_cron=1761405614.3386480808258056640625" "WordPress/6.1.9; https://www.biblioglow.com" 
20.171.207.247 - - [25/Oct/2025:08:20:12 -0700] "GET /shopdetail252412784?kg=0250309465 HTTP/2.0" 404 47283 "-" "Mozilla/5.0 AppleWebKit/537.36 (KHTML, like Gecko; compatible; GPTBot/1.2; +https://openai.com/gptbot)" 
66.249.68.133 - - [25/Oct/2025:08:20:14 -0700] "GET /shopdetail163094400?kg=0161735399 HTTP/1.1" 200 31165 "-" "Mozilla/5.0 (Linux; Android 6.0.1; Nexus 5X Build/MMB29P) AppleWebKit/537.36 (KHTML, like Gecko) Chrome/141.0.7390.122 Mobile Safari/537.36 (compatible; GoogleOther)" 
20.171.207.247 - - [25/Oct/2025:08:20:16 -0700] "GET /shopdetail278091968?kg=0275774655 HTTP/2.0" 404 47283 "-" "Mozilla/5.0 AppleWebKit/537.36 (KHTML, like Gecko; compatible; GPTBot/1.2; +https://openai.com/gptbot)" 
66.249.68.133 - - [25/Oct/2025:08:20:19 -0700] "GET /shopdetail59427688?kg=0058932578 HTTP/1.1" 200 28971 "-" "Mozilla/5.0 (Linux; Android 6.0.1; Nexus 5X Build/MMB29P) AppleWebKit/537.36 (KHTML, like Gecko) Chrome/141.0.7390.122 Mobile Safari/537.36 (compatible; GoogleOther)" 
20.171.207.247 - - [25/Oct/2025:08:20:19 -0700] "GET /shopdetail171648544?kg=0170218259 HTTP/2.0" 404 47283 "-" "Mozilla/5.0 AppleWebKit/537.36 (KHTML, like Gecko; compatible; GPTBot/1.2; +https://openai.com/gptbot)" 
20.171.207.247 - - [25/Oct/2025:08:20:22 -0700] "GET /shopdetail159905264?kg=0158572841 HTTP/2.0" 404 47292 "-" "Mozilla/5.0 AppleWebKit/537.36 (KHTML, like Gecko; compatible; GPTBot/1.2; +https://openai.com/gptbot)" 
85.208.96.204 - - [25/Oct/2025:08:20:22 -0700] "GET /shopdetail195014520?kg=0193389520 HTTP/1.1" 301 3732 "-" "Mozilla/5.0 (compatible; SemrushBot/7~bl; +http://www.semrush.com/bot.html)" 
20.171.207.247 - - [25/Oct/2025:08:20:25 -0700] "GET /shopdetail278149160?kg=0275831370 HTTP/2.0" 404 47292 "-" "Mozilla/5.0 AppleWebKit/537.36 (KHTML, like Gecko; compatible; GPTBot/1.2; +https://openai.com/gptbot)" 
85.208.96.210 - - [25/Oct/2025:08:20:26 -0700] "GET /shopdetail195014520?kg=0193389520 HTTP/1.1" 404 51133 "-" "Mozilla/5.0 (compatible; SemrushBot/7~bl; +http://www.semrush.com/bot.html)" 
20.171.207.247 - - [25/Oct/2025:08:20:29 -0700] "GET /shopdetail120733560?kg=0119727568 HTTP/2.0" 404 47283 "-" "Mozilla/5.0 AppleWebKit/537.36 (KHTML, like Gecko; compatible; GPTBot/1.2; +https://openai.com/gptbot)" 
20.171.207.247 - - [25/Oct/2025:08:20:32 -0700] "GET /shopdetail278154648?kg=0275836812 HTTP/2.0" 404 47283 "-" "Mozilla/5.0 AppleWebKit/537.36 (KHTML, like Gecko; compatible; GPTBot/1.2; +https://openai.com/gptbot)" 
20.171.207.247 - - [25/Oct/2025:08:20:35 -0700] "GET /shopdetail278117064?kg=0275799542 HTTP/2.0" 404 47283 "-" "Mozilla/5.0 AppleWebKit/537.36 (KHTML, like Gecko; compatible; GPTBot/1.2; +https://openai.com/gptbot)" 
20.171.207.247 - - [25/Oct/2025:08:20:38 -0700] "GET /shopdetail120754680?kg=0119748512 HTTP/2.0" 404 47283 "-" "Mozilla/5.0 AppleWebKit/537.36 (KHTML, like Gecko; compatible; GPTBot/1.2; +https://openai.com/gptbot)" 
20.171.207.247 - - [25/Oct/2025:08:20:41 -0700] "GET /shopdetail278154376?kg=0275836542 HTTP/2.0" 404 47283 "-" "Mozilla/5.0 AppleWebKit/537.36 (KHTML, like Gecko; compatible; GPTBot/1.2; +https://openai.com/gptbot)" 
20.171.207.247 - - [25/Oct/2025:08:20:45 -0700] "GET /shopdetail278179608?kg=0275861564 HTTP/2.0" 404 47283 "-" "Mozilla/5.0 AppleWebKit/537.36 (KHTML, like Gecko; compatible; GPTBot/1.2; +https://openai.com/gptbot)" 
20.171.207.247 - - [25/Oct/2025:08:20:48 -0700] "GET /shopdetail120745912?kg=0119739816 HTTP/2.0" 404 47283 "-" "Mozilla/5.0 AppleWebKit/537.36 (KHTML, like Gecko; compatible; GPTBot/1.2; +https://openai.com/gptbot)" 
20.171.207.247 - - [25/Oct/2025:08:20:51 -0700] "GET /shopdetail278149024?kg=0275831235 HTTP/2.0" 404 47283 "-" "Mozilla/5.0 AppleWebKit/537.36 (KHTML, like Gecko; compatible; GPTBot/1.2; +https://openai.com/gptbot)" 
66.249.68.133 - - [25/Oct/2025:08:20:53 -0700] "GET /shopdetail76209728?kg=0075574767 HTTP/1.1" 200 30773 "-" "Mozilla/5.0 (Linux; Android 6.0.1; Nexus 5X Build/MMB29P) AppleWebKit/537.36 (KHTML, like Gecko) Chrome/141.0.7390.122 Mobile Safari/537.36 (compatible; GoogleOther)" 
20.171.207.247 - - [25/Oct/2025:08:20:54 -0700] "GET /shopdetail159920624?kg=0158588073 HTTP/2.0" 404 47283 "-" "Mozilla/5.0 AppleWebKit/537.36 (KHTML, like Gecko; compatible; GPTBot/1.2; +https://openai.com/gptbot)" 
66.249.68.133 - - [25/Oct/2025:08:20:57 -0700] "GET /shopdetail161159176?kg=0159816302 HTTP/1.1" 200 27483 "-" "Mozilla/5.0 (Linux; Android 6.0.1; Nexus 5X Build/MMB29P) AppleWebKit/537.36 (KHTML, like Gecko) Chrome/141.0.7390.122 Mobile Safari/537.36 (compatible; GoogleOther)" 
20.171.207.247 - - [25/Oct/2025:08:20:57 -0700] "GET /shopdetail120798568?kg=0119792034 HTTP/2.0" 404 47283 "-" "Mozilla/5.0 AppleWebKit/537.36 (KHTML, like Gecko; compatible; GPTBot/1.2; +https://openai.com/gptbot)" 
20.171.207.247 - - [25/Oct/2025:08:21:00 -0700] "GET /shopdetail278133104?kg=0275815449 HTTP/2.0" 404 47283 "-" "Mozilla/5.0 AppleWebKit/537.36 (KHTML, like Gecko; compatible; GPTBot/1.2; +https://openai.com/gptbot)" 
20.171.207.247 - - [25/Oct/2025:08:21:03 -0700] "GET /shopdetail252394960?kg=0250291789 HTTP/2.0" 404 47283 "-" "Mozilla/5.0 AppleWebKit/537.36 (KHTML, like Gecko; compatible; GPTBot/1.2; +https://openai.com/gptbot)" 
43.156.109.53 - - [25/Oct/2025:08:21:04 -0700] "GET /embed/ HTTP/1.1" 301 3674 "-" "Mozilla/5.0 (iPhone; CPU iPhone OS 13_2_3 like Mac OS X) AppleWebKit/605.1.15 (KHTML, like Gecko) Version/13.0.3 Mobile/15E148 Safari/604.1" 
20.171.207.247 - - [25/Oct/2025:08:21:06 -0700] "GET /shopdetail278150944?kg=0275833139 HTTP/2.0" 404 47283 "-" "Mozilla/5.0 AppleWebKit/537.36 (KHTML, like Gecko; compatible; GPTBot/1.2; +https://openai.com/gptbot)" 
85.114.135.165 - - [25/Oct/2025:08:21:08 -0700] "POST /xmlrpc.php HTTP/2.0" 429 351 "-" "Mozilla/5.0 (Windows NT 10.0; WOW64; Trident/7.0; MAARJS; rv:11.0) like Gecko" 
43.156.109.53 - - [25/Oct/2025:08:21:09 -0700] "GET / HTTP/1.1" 200 16879 "https://www.biblioglow.com/embed/" "Mozilla/5.0 (iPhone; CPU iPhone OS 13_2_3 like Mac OS X) AppleWebKit/605.1.15 (KHTML, like Gecko) Version/13.0.3 Mobile/15E148 Safari/604.1" 
20.171.207.247 - - [25/Oct/2025:08:21:10 -0700] "GET /shopdetail159873320?kg=0158541162 HTTP/2.0" 404 47283 "-" "Mozilla/5.0 AppleWebKit/537.36 (KHTML, like Gecko; compatible; GPTBot/1.2; +https://openai.com/gptbot)" 
64.90.53.137 - - [25/Oct/2025:08:21:13 -0700] "POST /wp-cron.php?doing_wp_cron=1761405673.7358109951019287109375 HTTP/1.1" 200 3634 "https://www.biblioglow.com/wp-cron.php?doing_wp_cron=1761405673.7358109951019287109375" "WordPress/6.1.9; https://www.biblioglow.com" 
20.171.207.247 - - [25/Oct/2025:08:21:13 -0700] "GET /shopdetail159827784?kg=0158496006 HTTP/2.0" 404 47283 "-" "Mozilla/5.0 AppleWebKit/537.36 (KHTML, like Gecko; compatible; GPTBot/1.2; +https://openai.com/gptbot)" 
20.171.207.247 - - [25/Oct/2025:08:21:16 -0700] "GET /shopdetail159835464?kg=0158503622 HTTP/2.0" 404 47283 "-" "Mozilla/5.0 AppleWebKit/537.36 (KHTML, like Gecko; compatible; GPTBot/1.2; +https://openai.com/gptbot)" 
20.171.207.247 - - [25/Oct/2025:08:21:19 -0700] "GET /shopdetail252418136?kg=0250314772 HTTP/2.0" 404 47283 "-" "Mozilla/5.0 AppleWebKit/537.36 (KHTML, like Gecko; compatible; GPTBot/1.2; +https://openai.com/gptbot)" 
20.171.207.247 - - [25/Oct/2025:08:21:22 -0700] "GET /shopdetail159824760?kg=0158493008 HTTP/2.0" 404 47283 "-" "Mozilla/5.0 AppleWebKit/537.36 (KHTML, like Gecko; compatible; GPTBot/1.2; +https://openai.com/gptbot)" 
20.171.207.247 - - [25/Oct/2025:08:21:25 -0700] "GET /shopdetail278114736?kg=0275797233 HTTP/2.0" 404 47283 "-" "Mozilla/5.0 AppleWebKit/537.36 (KHTML, like Gecko; compatible; GPTBot/1.2; +https://openai.com/gptbot)" 
20.171.207.247 - - [25/Oct/2025:08:21:28 -0700] "GET /shopdetail278188936?kg=0275870814 HTTP/2.0" 404 47283 "-" "Mozilla/5.0 AppleWebKit/537.36 (KHTML, like Gecko; compatible; GPTBot/1.2; +https://openai.com/gptbot)" 
114.119.136.150 - - [25/Oct/2025:08:21:29 -0700] "GET /shopdetail197695128?kg=0196047788 HTTP/1.1" 301 3732 "https://biblioglow.com/sitemap.xml" "Mozilla/5.0 (Linux; Android 7.0;) AppleWebKit/537.36 (KHTML, like Gecko) Mobile Safari/537.36 (compatible; PetalBot;+https://webmaster.petalsearch.com/site/petalbot)" 
66.249.68.134 - - [25/Oct/2025:08:21:30 -0700] "GET /shopdetail60258504?kg=0059756470 HTTP/1.1" 200 31471 "-" "Mozilla/5.0 (Linux; Android 6.0.1; Nexus 5X Build/MMB29P) AppleWebKit/537.36 (KHTML, like Gecko) Chrome/141.0.7390.122 Mobile Safari/537.36 (compatible; GoogleOther)" 
114.119.136.150 - - [25/Oct/2025:08:21:30 -0700] "GET /shopdetail197695128?kg=0196047788 HTTP/1.1" 404 51133 "https://biblioglow.com/sitemap.xml" "Mozilla/5.0 (Linux; Android 7.0;) AppleWebKit/537.36 (KHTML, like Gecko) Mobile Safari/537.36 (compatible; PetalBot;+https://webmaster.petalsearch.com/site/petalbot)" 
20.171.207.247 - - [25/Oct/2025:08:21:31 -0700] "GET /shopdetail171680080?kg=0170249533 HTTP/2.0" 404 47283 "-" "Mozilla/5.0 AppleWebKit/537.36 (KHTML, like Gecko; compatible; GPTBot/1.2; +https://openai.com/gptbot)" 
85.114.135.165 - - [25/Oct/2025:08:21:33 -0700] "POST /xmlrpc.php HTTP/2.0" 429 351 "-" "Mozilla/5.0 (Windows NT 10.0; WOW64; Trident/7.0; MAARJS; rv:11.0) like Gecko" 
66.249.68.135 - - [25/Oct/2025:08:21:34 -0700] "GET /shopdetail60353688?kg=0059850860 HTTP/1.1" 200 30702 "-" "Mozilla/5.0 (Linux; Android 6.0.1; Nexus 5X Build/MMB29P) AppleWebKit/537.36 (KHTML, like Gecko) Chrome/141.0.7390.122 Mobile Safari/537.36 (compatible; GoogleOther)" 
20.171.207.247 - - [25/Oct/2025:08:21:34 -0700] "GET /shopdetail159826272?kg=0158494507 HTTP/2.0" 404 47283 "-" "Mozilla/5.0 AppleWebKit/537.36 (KHTML, like Gecko; compatible; GPTBot/1.2; +https://openai.com/gptbot)" 
20.171.207.247 - - [25/Oct/2025:08:21:38 -0700] "GET /shopdetail159897736?kg=0158565374 HTTP/2.0" 404 47283 "-" "Mozilla/5.0 AppleWebKit/537.36 (KHTML, like Gecko; compatible; GPTBot/1.2; +https://openai.com/gptbot)" 
20.171.207.247 - - [25/Oct/2025:08:21:41 -0700] "GET /shopdetail159876328?kg=0158544146 HTTP/2.0" 404 47292 "-" "Mozilla/5.0 AppleWebKit/537.36 (KHTML, like Gecko; compatible; GPTBot/1.2; +https://openai.com/gptbot)" 
20.171.207.247 - - [25/Oct/2025:08:21:44 -0700] "GET /shopdetail278116248?kg=0275798732 HTTP/2.0" 404 47283 "-" "Mozilla/5.0 AppleWebKit/537.36 (KHTML, like Gecko; compatible; GPTBot/1.2; +https://openai.com/gptbot)" 
20.171.207.247 - - [25/Oct/2025:08:21:47 -0700] "GET /shopdetail278123096?kg=0275805524 HTTP/2.0" 404 47283 "-" "Mozilla/5.0 AppleWebKit/537.36 (KHTML, like Gecko; compatible; GPTBot/1.2; +https://openai.com/gptbot)" 
20.171.207.247 - - [25/Oct/2025:08:21:50 -0700] "GET /shopdetail159863448?kg=0158531372 HTTP/2.0" 404 47283 "-" "Mozilla/5.0 AppleWebKit/537.36 (KHTML, like Gecko; compatible; GPTBot/1.2; +https://openai.com/gptbot)" 
20.171.207.247 - - [25/Oct/2025:08:21:54 -0700] "GET /shopdetail171689408?kg=0170258783 HTTP/2.0" 404 47283 "-" "Mozilla/5.0 AppleWebKit/537.36 (KHTML, like Gecko; compatible; GPTBot/1.2; +https://openai.com/gptbot)" 
20.171.207.247 - - [25/Oct/2025:08:21:57 -0700] "GET /shopdetail252417728?kg=0250314367 HTTP/2.0" 404 47283 "-" "Mozilla/5.0 AppleWebKit/537.36 (KHTML, like Gecko; compatible; GPTBot/1.2; +https://openai.com/gptbot)" 
185.191.171.6 - - [25/Oct/2025:08:21:59 -0700] "GET /shopdetail194978600?kg=0193353898 HTTP/1.1" 301 3732 "-" "Mozilla/5.0 (compatible; SemrushBot/7~bl; +http://www.semrush.com/bot.html)" 
20.171.207.247 - - [25/Oct/2025:08:22:00 -0700] "GET /shopdetail171696408?kg=0170265724 HTTP/2.0" 404 47283 "-" "Mozilla/5.0 AppleWebKit/537.36 (KHTML, like Gecko; compatible; GPTBot/1.2; +https://openai.com/gptbot)" 
85.208.96.206 - - [25/Oct/2025:08:22:01 -0700] "GET /shopdetail194978600?kg=0193353898 HTTP/1.1" 404 51133 "-" "Mozilla/5.0 (compatible; SemrushBot/7~bl; +http://www.semrush.com/bot.html)" 
20.171.207.247 - - [25/Oct/2025:08:22:03 -0700] "GET /shopdetail159836144?kg=0158504297 HTTP/2.0" 404 47283 "-" "Mozilla/5.0 AppleWebKit/537.36 (KHTML, like Gecko; compatible; GPTBot/1.2; +https://openai.com/gptbot)" 
20.171.207.247 - - [25/Oct/2025:08:22:06 -0700] "GET /shopdetail252416640?kg=0250313287 HTTP/2.0" 404 47283 "-" "Mozilla/5.0 AppleWebKit/537.36 (KHTML, like Gecko; compatible; GPTBot/1.2; +https://openai.com/gptbot)" 
66.249.68.133 - - [25/Oct/2025:08:22:07 -0700] "GET /shopdetail76309024?kg=0075673235 HTTP/1.1" 200 31736 "-" "Mozilla/5.0 (Linux; Android 6.0.1; Nexus 5X Build/MMB29P) AppleWebKit/537.36 (KHTML, like Gecko) Chrome/141.0.7390.122 Mobile Safari/537.36 (compatible; GoogleOther)" 
20.171.207.247 - - [25/Oct/2025:08:22:10 -0700] "GET /shopdetail171668968?kg=0170238514 HTTP/2.0" 404 47283 "-" "Mozilla/5.0 AppleWebKit/537.36 (KHTML, like Gecko; compatible; GPTBot/1.2; +https://openai.com/gptbot)" 
66.249.68.135 - - [25/Oct/2025:08:22:11 -0700] "GET /shopdetail60288120?kg=0059785840 HTTP/1.1" 200 31057 "-" "Mozilla/5.0 (Linux; Android 6.0.1; Nexus 5X Build/MMB29P) AppleWebKit/537.36 (KHTML, like Gecko) Chrome/141.0.7390.122 Mobile Safari/537.36 (compatible; GoogleOther)" 
64.90.53.137 - - [25/Oct/2025:08:22:14 -0700] "POST /wp-cron.php?doing_wp_cron=1761405734.0246970653533935546875 HTTP/1.1" 200 3634 "https://www.biblioglow.com/wp-cron.php?doing_wp_cron=1761405734.0246970653533935546875" "WordPress/6.1.9; https://www.biblioglow.com" 
20.171.207.247 - - [25/Oct/2025:08:22:13 -0700] "GET /shopdetail159893472?kg=0158561147 HTTP/2.0" 404 47283 "-" "Mozilla/5.0 AppleWebKit/537.36 (KHTML, like Gecko; compatible; GPTBot/1.2; +https://openai.com/gptbot)" 
20.171.207.247 - - [25/Oct/2025:08:22:16 -0700] "GET /shopdetail278154360?kg=0275836528 HTTP/2.0" 404 47283 "-" "Mozilla/5.0 AppleWebKit/537.36 (KHTML, like Gecko; compatible; GPTBot/1.2; +https://openai.com/gptbot)" 
20.171.207.247 - - [25/Oct/2025:08:22:19 -0700] "GET /shopdetail120739608?kg=0119733564 HTTP/2.0" 404 47283 "-" "Mozilla/5.0 AppleWebKit/537.36 (KHTML, like Gecko; compatible; GPTBot/1.2; +https://openai.com/gptbot)" 
20.171.207.247 - - [25/Oct/2025:08:22:22 -0700] "GET /shopdetail278104032?kg=0275786619 HTTP/2.0" 404 47283 "-" "Mozilla/5.0 AppleWebKit/537.36 (KHTML, like Gecko; compatible; GPTBot/1.2; +https://openai.com/gptbot)" 
20.171.207.247 - - [25/Oct/2025:08:22:25 -0700] "GET /shopdetail278154224?kg=0275836393 HTTP/2.0" 404 47283 "-" "Mozilla/5.0 AppleWebKit/537.36 (KHTML, like Gecko; compatible; GPTBot/1.2; +https://openai.com/gptbot)" 
20.171.207.247 - - [25/Oct/2025:08:22:28 -0700] "GET /shopdetail278165336?kg=0275847412 HTTP/2.0" 404 47283 "-" "Mozilla/5.0 AppleWebKit/537.36 (KHTML, like Gecko; compatible; GPTBot/1.2; +https://openai.com/gptbot)" 
20.171.207.247 - - [25/Oct/2025:08:22:32 -0700] "GET /shopdetail278157520?kg=0275839661 HTTP/2.0" 404 47292 "-" "Mozilla/5.0 AppleWebKit/537.36 (KHTML, like Gecko; compatible; GPTBot/1.2; +https://openai.com/gptbot)" 
20.171.207.247 - - [25/Oct/2025:08:22:35 -0700] "GET /shopdetail171699144?kg=0170268438 HTTP/2.0" 404 47283 "-" "Mozilla/5.0 AppleWebKit/537.36 (KHTML, like Gecko; compatible; GPTBot/1.2; +https://openai.com/gptbot)" 
85.208.96.195 - - [25/Oct/2025:08:22:37 -0700] "GET /shopdetail194997392?kg=0193372533 HTTP/1.1" 301 3732 "-" "Mozilla/5.0 (compatible; SemrushBot/7~bl; +http://www.semrush.com/bot.html)" 
20.171.207.247 - - [25/Oct/2025:08:22:38 -0700] "GET /shopdetail278135040?kg=0275817367 HTTP/2.0" 404 47283 "-" "Mozilla/5.0 AppleWebKit/537.36 (KHTML, like Gecko; compatible; GPTBot/1.2; +https://openai.com/gptbot)" 
85.208.96.205 - - [25/Oct/2025:08:22:39 -0700] "GET /shopdetail194997392?kg=0193372533 HTTP/1.1" 404 51133 "-" "Mozilla/5.0 (compatible; SemrushBot/7~bl; +http://www.semrush.com/bot.html)" 
20.171.207.247 - - [25/Oct/2025:08:22:41 -0700] "GET /shopdetail120794456?kg=0119787956 HTTP/2.0" 404 47418 "-" "Mozilla/5.0 AppleWebKit/537.36 (KHTML, like Gecko; compatible; GPTBot/1.2; +https://openai.com/gptbot)" 
66.249.68.134 - - [25/Oct/2025:08:22:44 -0700] "GET /shopdetail36300064?kg=0035997683 HTTP/1.1" 200 30667 "-" "Mozilla/5.0 (Linux; Android 6.0.1; Nexus 5X Build/MMB29P) AppleWebKit/537.36 (KHTML, like Gecko) Chrome/141.0.7390.122 Mobile Safari/537.36 (compatible; GoogleOther)" 
20.171.207.247 - - [25/Oct/2025:08:22:44 -0700] "GET /shopdetail278126936?kg=0275809332 HTTP/2.0" 404 47283 "-" "Mozilla/5.0 AppleWebKit/537.36 (KHTML, like Gecko; compatible; GPTBot/1.2; +https://openai.com/gptbot)" 
85.208.96.209 - - [25/Oct/2025:08:22:45 -0700] "GET /shopdetail195025768?kg=0193400674 HTTP/1.1" 301 3732 "-" "Mozilla/5.0 (compatible; SemrushBot/7~bl; +http://www.semrush.com/bot.html)" 
185.191.171.14 - - [25/Oct/2025:08:22:46 -0700] "GET /shopdetail195025768?kg=0193400674 HTTP/1.1" 404 51133 "-" "Mozilla/5.0 (compatible; SemrushBot/7~bl; +http://www.semrush.com/bot.html)" 
20.171.207.247 - - [25/Oct/2025:08:22:47 -0700] "GET /shopdetail159921864?kg=0158589302 HTTP/2.0" 404 47283 "-" "Mozilla/5.0 AppleWebKit/537.36 (KHTML, like Gecko; compatible; GPTBot/1.2; +https://openai.com/gptbot)" 
66.249.68.133 - - [25/Oct/2025:08:22:49 -0700] "GET /shopdetail36396064?kg=0036092883 HTTP/1.1" 200 30624 "-" "Mozilla/5.0 (Linux; Android 6.0.1; Nexus 5X Build/MMB29P) AppleWebKit/537.36 (KHTML, like Gecko) Chrome/141.0.7390.122 Mobile Safari/537.36 (compatible; GoogleOther)" 
114.119.130.109 - - [25/Oct/2025:08:22:50 -0700] "GET /shopdetail197689912?kg=0196042616 HTTP/1.1" 301 3732 "https://biblioglow.com/sitemap.xml" "Mozilla/5.0 (Linux; Android 7.0;) AppleWebKit/537.36 (KHTML, like Gecko) Mobile Safari/537.36 (compatible; PetalBot;+https://webmaster.petalsearch.com/site/petalbot)" 
20.171.207.247 - - [25/Oct/2025:08:22:51 -0700] "GET /shopdetail171639488?kg=0170209279 HTTP/2.0" 404 47283 "-" "Mozilla/5.0 AppleWebKit/537.36 (KHTML, like Gecko; compatible; GPTBot/1.2; +https://openai.com/gptbot)" 
114.119.130.109 - - [25/Oct/2025:08:22:52 -0700] "GET /shopdetail197689912?kg=0196042616 HTTP/1.1" 404 51133 "https://biblioglow.com/sitemap.xml" "Mozilla/5.0 (Linux; Android 7.0;) AppleWebKit/537.36 (KHTML, like Gecko) Mobile Safari/537.36 (compatible; PetalBot;+https://webmaster.petalsearch.com/site/petalbot)" 
20.171.207.247 - - [25/Oct/2025:08:22:54 -0700] "GET /shopdetail159822432?kg=0158490699 HTTP/2.0" 404 47283 "-" "Mozilla/5.0 AppleWebKit/537.36 (KHTML, like Gecko; compatible; GPTBot/1.2; +https://openai.com/gptbot)" 
20.171.207.247 - - [25/Oct/2025:08:22:57 -0700] "GET /shopdetail278147376?kg=0275829601 HTTP/2.0" 404 47283 "-" "Mozilla/5.0 AppleWebKit/537.36 (KHTML, like Gecko; compatible; GPTBot/1.2; +https://openai.com/gptbot)" 
20.171.207.247 - - [25/Oct/2025:08:23:00 -0700] "GET /shopdetail278114872?kg=0275797368 HTTP/2.0" 404 47283 "-" "Mozilla/5.0 AppleWebKit/537.36 (KHTML, like Gecko; compatible; GPTBot/1.2; +https://openai.com/gptbot)" 
20.171.207.247 - - [25/Oct/2025:08:23:03 -0700] "GET /shopdetail171639896?kg=0170209684 HTTP/2.0" 404 47283 "-" "Mozilla/5.0 AppleWebKit/537.36 (KHTML, like Gecko; compatible; GPTBot/1.2; +https://openai.com/gptbot)" 
20.171.207.247 - - [25/Oct/2025:08:23:06 -0700] "GET /shopdetail159897176?kg=0158564820 HTTP/2.0" 404 47283 "-" "Mozilla/5.0 AppleWebKit/537.36 (KHTML, like Gecko; compatible; GPTBot/1.2; +https://openai.com/gptbot)" 
85.208.96.199 - - [25/Oct/2025:08:23:08 -0700] "GET /shopdetail194996560?kg=0193371709 HTTP/1.1" 301 3732 "-" "Mozilla/5.0 (compatible; SemrushBot/7~bl; +http://www.semrush.com/bot.html)" 
20.171.207.247 - - [25/Oct/2025:08:23:09 -0700] "GET /shopdetail278141072?kg=0275823349 HTTP/2.0" 404 47283 "-" "Mozilla/5.0 AppleWebKit/537.36 (KHTML, like Gecko; compatible; GPTBot/1.2; +https://openai.com/gptbot)" 
185.191.171.14 - - [25/Oct/2025:08:23:11 -0700] "GET /shopdetail194996560?kg=0193371709 HTTP/1.1" 404 51133 "-" "Mozilla/5.0 (compatible; SemrushBot/7~bl; +http://www.semrush.com/bot.html)" 
64.90.53.137 - - [25/Oct/2025:08:23:13 -0700] "POST /wp-cron.php?doing_wp_cron=1761405793.6480019092559814453125 HTTP/1.1" 200 3634 "https://www.biblioglow.com/wp-cron.php?doing_wp_cron=1761405793.6480019092559814453125" "WordPress/6.1.9; https://www.biblioglow.com" 
20.171.207.247 - - [25/Oct/2025:08:23:13 -0700] "GET /shopdetail278115416?kg=0275797908 HTTP/2.0" 404 47283 "-" "Mozilla/5.0 AppleWebKit/537.36 (KHTML, like Gecko; compatible; GPTBot/1.2; +https://openai.com/gptbot)" 
20.171.207.247 - - [25/Oct/2025:08:23:16 -0700] "GET /shopdetail252408960?kg=0250305671 HTTP/2.0" 404 47283 "-" "Mozilla/5.0 AppleWebKit/537.36 (KHTML, like Gecko; compatible; GPTBot/1.2; +https://openai.com/gptbot)" 
66.249.68.135 - - [25/Oct/2025:08:23:17 -0700] "GET /shopdetail7605664?kg=0007542403 HTTP/1.1" 200 31792 "-" "Mozilla/5.0 (compatible; Googlebot/2.1; +http://www.google.com/bot.html)" 
20.171.207.247 - - [25/Oct/2025:08:23:19 -0700] "GET /shopdetail159870024?kg=0158537894 HTTP/2.0" 404 47283 "-" "Mozilla/5.0 AppleWebKit/537.36 (KHTML, like Gecko; compatible; GPTBot/1.2; +https://openai.com/gptbot)" 
66.249.68.135 - - [25/Oct/2025:08:23:20 -0700] "GET /shopdetail31657776?kg=0031394081 HTTP/1.1" 200 30467 "-" "Mozilla/5.0 (Linux; Android 6.0.1; Nexus 5X Build/MMB29P) AppleWebKit/537.36 (KHTML, like Gecko) Chrome/141.0.7390.122 Mobile Safari/537.36 (compatible; GoogleOther)" 
20.171.207.247 - - [25/Oct/2025:08:23:22 -0700] "GET /shopdetail278140648?kg=0275822930 HTTP/2.0" 404 47283 "-" "Mozilla/5.0 AppleWebKit/537.36 (KHTML, like Gecko; compatible; GPTBot/1.2; +https://openai.com/gptbot)" 
20.171.207.247 - - [25/Oct/2025:08:23:25 -0700] "GET /shopdetail159836280?kg=0158504432 HTTP/2.0" 404 47283 "-" "Mozilla/5.0 AppleWebKit/537.36 (KHTML, like Gecko; compatible; GPTBot/1.2; +https://openai.com/gptbot)" 
85.208.96.204 - - [25/Oct/2025:08:23:27 -0700] "GET /shopdetail194953368?kg=0193328876 HTTP/1.1" 301 3732 "-" "Mozilla/5.0 (compatible; SemrushBot/7~bl; +http://www.semrush.com/bot.html)" 
185.191.171.9 - - [25/Oct/2025:08:23:28 -0700] "GET /shopdetail194953368?kg=0193328876 HTTP/1.1" 404 51133 "-" "Mozilla/5.0 (compatible; SemrushBot/7~bl; +http://www.semrush.com/bot.html)" 
66.249.68.133 - - [25/Oct/2025:08:23:28 -0700] "GET /shopdetail189711360?kg=0188130551 HTTP/1.1" 200 32765 "-" "Mozilla/5.0 (Linux; Android 6.0.1; Nexus 5X Build/MMB29P) AppleWebKit/537.36 (KHTML, like Gecko) Chrome/141.0.7390.122 Mobile Safari/537.36 (compatible; GoogleOther)" 
20.171.207.247 - - [25/Oct/2025:08:23:28 -0700] "GET /shopdetail171661984?kg=0170231587 HTTP/2.0" 404 47283 "-" "Mozilla/5.0 AppleWebKit/537.36 (KHTML, like Gecko; compatible; GPTBot/1.2; +https://openai.com/gptbot)" 
20.171.207.247 - - [25/Oct/2025:08:23:31 -0700] "GET /shopdetail278115960?kg=0275798448 HTTP/2.0" 404 47283 "-" "Mozilla/5.0 AppleWebKit/537.36 (KHTML, like Gecko; compatible; GPTBot/1.2; +https://openai.com/gptbot)" 
20.171.207.247 - - [25/Oct/2025:08:23:35 -0700] "GET /shopdetail278138456?kg=0275820756 HTTP/2.0" 404 47283 "-" "Mozilla/5.0 AppleWebKit/537.36 (KHTML, like Gecko; compatible; GPTBot/1.2; +https://openai.com/gptbot)" 
20.171.207.247 - - [25/Oct/2025:08:23:38 -0700] "GET /shopdetail278143944?kg=0275826198 HTTP/2.0" 404 47283 "-" "Mozilla/5.0 AppleWebKit/537.36 (KHTML, like Gecko; compatible; GPTBot/1.2; +https://openai.com/gptbot)" 
20.171.207.247 - - [25/Oct/2025:08:23:41 -0700] "GET /shopdetail278171368?kg=0275853394 HTTP/2.0" 404 47283 "-" "Mozilla/5.0 AppleWebKit/537.36 (KHTML, like Gecko; compatible; GPTBot/1.2; +https://openai.com/gptbot)" 
20.171.207.247 - - [25/Oct/2025:08:23:44 -0700] "GET /shopdetail159897312?kg=0158564955 HTTP/2.0" 404 47283 "-" "Mozilla/5.0 AppleWebKit/537.36 (KHTML, like Gecko; compatible; GPTBot/1.2; +https://openai.com/gptbot)" 
20.171.207.247 - - [25/Oct/2025:08:23:47 -0700] "GET /shopdetail171695168?kg=0170264495 HTTP/2.0" 404 47283 "-" "Mozilla/5.0 AppleWebKit/537.36 (KHTML, like Gecko; compatible; GPTBot/1.2; +https://openai.com/gptbot)" 
20.171.207.247 - - [25/Oct/2025:08:23:50 -0700] "GET /shopdetail171685296?kg=0170254705 HTTP/2.0" 404 47283 "-" "Mozilla/5.0 AppleWebKit/537.36 (KHTML, like Gecko; compatible; GPTBot/1.2; +https://openai.com/gptbot)" 
20.171.207.247 - - [25/Oct/2025:08:23:53 -0700] "GET /shopdetail120735480?kg=0119729472 HTTP/2.0" 404 47283 "-" "Mozilla/5.0 AppleWebKit/537.36 (KHTML, like Gecko; compatible; GPTBot/1.2; +https://openai.com/gptbot)" 
20.171.207.247 - - [25/Oct/2025:08:23:56 -0700] "GET /shopdetail171678568?kg=0170248034 HTTP/2.0" 404 47283 "-" "Mozilla/5.0 AppleWebKit/537.36 (KHTML, like Gecko; compatible; GPTBot/1.2; +https://openai.com/gptbot)" 
66.249.68.133 - - [25/Oct/2025:08:23:57 -0700] "GET /shopdetail326966808?kg=0324242204 HTTP/1.1" 200 30978 "-" "Mozilla/5.0 (Linux; Android 6.0.1; Nexus 5X Build/MMB29P) AppleWebKit/537.36 (KHTML, like Gecko) Chrome/141.0.7390.122 Mobile Safari/537.36 (compatible; GoogleOther)" 
20.171.207.247 - - [25/Oct/2025:08:24:00 -0700] "GET /shopdetail159823400?kg=0158491658 HTTP/2.0" 404 47283 "-" "Mozilla/5.0 AppleWebKit/537.36 (KHTML, like Gecko; compatible; GPTBot/1.2; +https://openai.com/gptbot)" 
20.171.207.247 - - [25/Oct/2025:08:24:03 -0700] "GET /shopdetail120806384?kg=0119799785 HTTP/2.0" 404 47283 "-" "Mozilla/5.0 AppleWebKit/537.36 (KHTML, like Gecko; compatible; GPTBot/1.2; +https://openai.com/gptbot)" 
20.171.207.247 - - [25/Oct/2025:08:24:06 -0700] "GET /shopdetail278113768?kg=0275796274 HTTP/2.0" 404 47283 "-" "Mozilla/5.0 AppleWebKit/537.36 (KHTML, like Gecko; compatible; GPTBot/1.2; +https://openai.com/gptbot)" 
66.249.68.134 - - [25/Oct/2025:08:24:07 -0700] "GET /shopdetail76632128?kg=0075993647 HTTP/1.1" 200 31590 "-" "Mozilla/5.0 (Linux; Android 6.0.1; Nexus 5X Build/MMB29P) AppleWebKit/537.36 (KHTML, like Gecko) Chrome/141.0.7390.122 Mobile Safari/537.36 (compatible; GoogleOther)" 
20.171.207.247 - - [25/Oct/2025:08:24:09 -0700] "GET /shopdetail252364800?kg=0250261879 HTTP/2.0" 404 47283 "-" "Mozilla/5.0 AppleWebKit/537.36 (KHTML, like Gecko; compatible; GPTBot/1.2; +https://openai.com/gptbot)" 
20.171.207.247 - - [25/Oct/2025:08:24:12 -0700] "GET /shopdetail278146968?kg=0275829196 HTTP/2.0" 404 47283 "-" "Mozilla/5.0 AppleWebKit/537.36 (KHTML, like Gecko; compatible; GPTBot/1.2; +https://openai.com/gptbot)" 
64.90.53.137 - - [25/Oct/2025:08:24:15 -0700] "POST /wp-cron.php?doing_wp_cron=1761405855.1233360767364501953125 HTTP/1.1" 200 3634 "https://www.biblioglow.com/wp-cron.php?doing_wp_cron=1761405855.1233360767364501953125" "WordPress/6.1.9; https://www.biblioglow.com" 
114.119.135.207 - - [25/Oct/2025:08:24:14 -0700] "GET /shopdetail197689640?kg=0196042346 HTTP/1.1" 301 3732 "https://biblioglow.com/sitemap.xml" "Mozilla/5.0 (Linux; Android 7.0;) AppleWebKit/537.36 (KHTML, like Gecko) Mobile Safari/537.36 (compatible; PetalBot;+https://webmaster.petalsearch.com/site/petalbot)" 
20.171.207.247 - - [25/Oct/2025:08:24:15 -0700] "GET /shopdetail278147512?kg=0275829736 HTTP/2.0" 404 47283 "-" "Mozilla/5.0 AppleWebKit/537.36 (KHTML, like Gecko; compatible; GPTBot/1.2; +https://openai.com/gptbot)" 
114.119.135.207 - - [25/Oct/2025:08:24:16 -0700] "GET /shopdetail197689640?kg=0196042346 HTTP/1.1" 404 51133 "https://biblioglow.com/sitemap.xml" "Mozilla/5.0 (Linux; Android 7.0;) AppleWebKit/537.36 (KHTML, like Gecko) Mobile Safari/537.36 (compatible; PetalBot;+https://webmaster.petalsearch.com/site/petalbot)" 
20.171.207.247 - - [25/Oct/2025:08:24:19 -0700] "GET /shopdetail252417456?kg=0250314097 HTTP/2.0" 404 47283 "-" "Mozilla/5.0 AppleWebKit/537.36 (KHTML, like Gecko; compatible; GPTBot/1.2; +https://openai.com/gptbot)" 
20.171.207.247 - - [25/Oct/2025:08:24:22 -0700] "GET /shopdetail171679536?kg=0170248993 HTTP/2.0" 404 47283 "-" "Mozilla/5.0 AppleWebKit/537.36 (KHTML, like Gecko; compatible; GPTBot/1.2; +https://openai.com/gptbot)" 
20.171.207.247 - - [25/Oct/2025:08:24:25 -0700] "GET /shopdetail278106224?kg=0275788793 HTTP/2.0" 404 47283 "-" "Mozilla/5.0 AppleWebKit/537.36 (KHTML, like Gecko; compatible; GPTBot/1.2; +https://openai.com/gptbot)" 
20.171.207.247 - - [25/Oct/2025:08:24:28 -0700] "GET /shopdetail278189480?kg=0275871354 HTTP/2.0" 404 47283 "-" "Mozilla/5.0 AppleWebKit/537.36 (KHTML, like Gecko; compatible; GPTBot/1.2; +https://openai.com/gptbot)" 
20.171.207.247 - - [25/Oct/2025:08:24:31 -0700] "GET /shopdetail159823264?kg=0158491523 HTTP/2.0" 404 47283 "-" "Mozilla/5.0 AppleWebKit/537.36 (KHTML, like Gecko; compatible; GPTBot/1.2; +https://openai.com/gptbot)" 
85.208.96.204 - - [25/Oct/2025:08:24:32 -0700] "GET /shopdetail194999856?kg=0193374977 HTTP/1.1" 301 3732 "-" "Mozilla/5.0 (compatible; SemrushBot/7~bl; +http://www.semrush.com/bot.html)" 
185.191.171.10 - - [25/Oct/2025:08:24:33 -0700] "GET /shopdetail194999856?kg=0193374977 HTTP/1.1" 404 51133 "-" "Mozilla/5.0 (compatible; SemrushBot/7~bl; +http://www.semrush.com/bot.html)" 
66.249.68.134 - - [25/Oct/2025:08:24:33 -0700] "GET /shopdetail161979832?kg=0160630120 HTTP/1.1" 200 31472 "-" "Mozilla/5.0 (Linux; Android 6.0.1; Nexus 5X Build/MMB29P) AppleWebKit/537.36 (KHTML, like Gecko) Chrome/141.0.7390.122 Mobile Safari/537.36 (compatible; GoogleOther)" 
20.171.207.247 - - [25/Oct/2025:08:24:34 -0700] "GET /shopdetail252371920?kg=0250268941 HTTP/2.0" 404 47283 "-" "Mozilla/5.0 AppleWebKit/537.36 (KHTML, like Gecko; compatible; GPTBot/1.2; +https://openai.com/gptbot)" 
20.171.207.247 - - [25/Oct/2025:08:24:37 -0700] "GET /shopdetail252390576?kg=0250287441 HTTP/2.0" 404 47283 "-" "Mozilla/5.0 AppleWebKit/537.36 (KHTML, like Gecko; compatible; GPTBot/1.2; +https://openai.com/gptbot)" 
20.171.207.247 - - [25/Oct/2025:08:24:40 -0700] "GET /shopdetail159864672?kg=0158532587 HTTP/2.0" 404 47283 "-" "Mozilla/5.0 AppleWebKit/537.36 (KHTML, like Gecko; compatible; GPTBot/1.2; +https://openai.com/gptbot)" 
20.171.207.247 - - [25/Oct/2025:08:24:44 -0700] "GET /shopdetail278096488?kg=0275779138 HTTP/2.0" 404 47283 "-" "Mozilla/5.0 AppleWebKit/537.36 (KHTML, like Gecko; compatible; GPTBot/1.2; +https://openai.com/gptbot)" 
66.249.68.133 - - [25/Oct/2025:08:24:46 -0700] "GET /shopdetail163049952?kg=0161691323 HTTP/1.1" 200 30757 "-" "Mozilla/5.0 (Linux; Android 6.0.1; Nexus 5X Build/MMB29P) AppleWebKit/537.36 (KHTML, like Gecko) Chrome/141.0.7390.122 Mobile Safari/537.36 (compatible; GoogleOther)" 
20.171.207.247 - - [25/Oct/2025:08:24:47 -0700] "GET /shopdetail120748784?kg=0119742665 HTTP/2.0" 404 47283 "-" "Mozilla/5.0 AppleWebKit/537.36 (KHTML, like Gecko; compatible; GPTBot/1.2; +https://openai.com/gptbot)" 
20.171.207.247 - - [25/Oct/2025:08:24:50 -0700] "GET /shopdetail278163960?kg=0275846048 HTTP/2.0" 404 47283 "-" "Mozilla/5.0 AppleWebKit/537.36 (KHTML, like Gecko; compatible; GPTBot/1.2; +https://openai.com/gptbot)" 
20.171.207.247 - - [25/Oct/2025:08:24:53 -0700] "GET /shopdetail252404968?kg=0250301714 HTTP/2.0" 404 47283 "-" "Mozilla/5.0 AppleWebKit/537.36 (KHTML, like Gecko; compatible; GPTBot/1.2; +https://openai.com/gptbot)" 
20.171.207.247 - - [25/Oct/2025:08:24:57 -0700] "GET /shopdetail171689544?kg=0170258918 HTTP/2.0" 404 47283 "-" "Mozilla/5.0 AppleWebKit/537.36 (KHTML, like Gecko; compatible; GPTBot/1.2; +https://openai.com/gptbot)" 
20.171.207.247 - - [25/Oct/2025:08:25:00 -0700] "GET /shopdetail278161904?kg=0275844009 HTTP/2.0" 404 47283 "-" "Mozilla/5.0 AppleWebKit/537.36 (KHTML, like Gecko; compatible; GPTBot/1.2; +https://openai.com/gptbot)" 
20.171.207.247 - - [25/Oct/2025:08:25:03 -0700] "GET /shopdetail278193864?kg=0275875702 HTTP/2.0" 404 47283 "-" "Mozilla/5.0 AppleWebKit/537.36 (KHTML, like Gecko; compatible; GPTBot/1.2; +https://openai.com/gptbot)" 
20.171.207.247 - - [25/Oct/2025:08:25:06 -0700] "GET /shopdetail278163840?kg=0275845927 HTTP/2.0" 404 47283 "-" "Mozilla/5.0 AppleWebKit/537.36 (KHTML, like Gecko; compatible; GPTBot/1.2; +https://openai.com/gptbot)" 
66.249.68.135 - - [25/Oct/2025:08:25:10 -0700] "GET /shopdetail160898328?kg=0159557628 HTTP/1.1" 200 31433 "-" "Mozilla/5.0 (Linux; Android 6.0.1; Nexus 5X Build/MMB29P) AppleWebKit/537.36 (KHTML, like Gecko) Chrome/141.0.7390.122 Mobile Safari/537.36 (compatible; GoogleOther)" 
20.171.207.247 - - [25/Oct/2025:08:25:09 -0700] "GET /shopdetail278113920?kg=0275796423 HTTP/2.0" 404 47283 "-" "Mozilla/5.0 AppleWebKit/537.36 (KHTML, like Gecko; compatible; GPTBot/1.2; +https://openai.com/gptbot)" 
40.69.165.140 - - [25/Oct/2025:08:25:14 -0700] "GET /wp-content/file.php HTTP/1.1" 403 3799 "-" "-" 
40.69.165.140 - - [25/Oct/2025:08:25:14 -0700] "GET /wp-content/function.php HTTP/1.1" 403 485 "-" "-" 
64.90.53.137 - - [25/Oct/2025:08:25:13 -0700] "POST /wp-cron.php?doing_wp_cron=1761405913.7624349594116210937500 HTTP/1.1" 200 3634 "https://www.biblioglow.com/wp-cron.php?doing_wp_cron=1761405913.7624349594116210937500" "WordPress/6.1.9; https://www.biblioglow.com" 
40.69.165.140 - - [25/Oct/2025:08:25:14 -0700] "GET /wp-content/lock360.php HTTP/1.1" 403 485 "-" "-" 
20.171.207.247 - - [25/Oct/2025:08:25:12 -0700] "GET /shopdetail278143400?kg=0275825658 HTTP/2.0" 404 47283 "-" "Mozilla/5.0 AppleWebKit/537.36 (KHTML, like Gecko; compatible; GPTBot/1.2; +https://openai.com/gptbot)" 
40.69.165.140 - - [25/Oct/2025:08:25:14 -0700] "GET /wp-content/moon.php HTTP/1.1" 403 485 "-" "-" 
40.69.165.140 - - [25/Oct/2025:08:25:14 -0700] "GET /wp-content/wp.php HTTP/1.1" 403 485 "-" "-" 
40.69.165.140 - - [25/Oct/2025:08:25:14 -0700] "GET /wp-content/aa.php HTTP/1.1" 403 485 "-" "-" 
40.69.165.140 - - [25/Oct/2025:08:25:14 -0700] "GET /wp-content/index.php HTTP/1.1" 403 485 "-" "-" 
40.69.165.140 - - [25/Oct/2025:08:25:14 -0700] "GET /wp-content/ioxi-o.php HTTP/1.1" 403 485 "-" "-" 
40.69.165.140 - - [25/Oct/2025:08:25:15 -0700] "GET /wp-content/autoload_classmap.php HTTP/1.1" 403 485 "-" "-" 
40.69.165.140 - - [25/Oct/2025:08:25:15 -0700] "GET /wp-content/alfa.php HTTP/1.1" 403 485 "-" "-" 
40.69.165.140 - - [25/Oct/2025:08:25:15 -0700] "GET /wp-content/bala.php HTTP/1.1" 403 485 "-" "-" 
40.69.165.140 - - [25/Oct/2025:08:25:15 -0700] "GET /wp-content/about.php HTTP/1.1" 403 485 "-" "-" 
40.69.165.140 - - [25/Oct/2025:08:25:15 -0700] "GET /wp-content/abcd.php HTTP/1.1" 403 485 "-" "-" 
40.69.165.140 - - [25/Oct/2025:08:25:15 -0700] "GET /wp-content/ab.php HTTP/1.1" 403 485 "-" "-" 
40.69.165.140 - - [25/Oct/2025:08:25:15 -0700] "GET /wp-content/classwithtostring.php HTTP/1.1" 403 485 "-" "-" 
40.69.165.140 - - [25/Oct/2025:08:25:15 -0700] "GET /wp-content/install.php HTTP/1.1" 403 485 "-" "-" 
40.69.165.140 - - [25/Oct/2025:08:25:16 -0700] "GET /wp-content/ova.php HTTP/1.1" 403 485 "-" "-" 
40.69.165.140 - - [25/Oct/2025:08:25:16 -0700] "GET /wp-content/wsa.php HTTP/1.1" 403 485 "-" "-" 
40.69.165.140 - - [25/Oct/2025:08:25:16 -0700] "GET /wp-content/admin.php HTTP/1.1" 403 485 "-" "-" 
40.69.165.140 - - [25/Oct/2025:08:25:16 -0700] "GET /abcd.php HTTP/1.1" 403 485 "-" "-" 
40.69.165.140 - - [25/Oct/2025:08:25:16 -0700] "GET /aa.php HTTP/1.1" 403 485 "-" "-" 
40.69.165.140 - - [25/Oct/2025:08:25:16 -0700] "GET /about.php HTTP/1.1" 403 485 "-" "-" 
40.69.165.140 - - [25/Oct/2025:08:25:16 -0700] "GET /admin.php HTTP/1.1" 403 485 "-" "-" 
40.69.165.140 - - [25/Oct/2025:08:25:16 -0700] "GET /akc.php HTTP/1.1" 403 485 "-" "-" 
40.69.165.140 - - [25/Oct/2025:08:25:17 -0700] "GET /alfa.php HTTP/1.1" 403 485 "-" "-" 
20.171.207.247 - - [25/Oct/2025:08:25:16 -0700] "GET /shopdetail120755104?kg=0119748931 HTTP/2.0" 404 47283 "-" "Mozilla/5.0 AppleWebKit/537.36 (KHTML, like Gecko; compatible; GPTBot/1.2; +https://openai.com/gptbot)" 
40.69.165.140 - - [25/Oct/2025:08:25:17 -0700] "GET /asasx.php HTTP/1.1" 403 485 "-" "-" 
40.69.165.140 - - [25/Oct/2025:08:25:17 -0700] "GET /atomlib.php HTTP/1.1" 403 485 "-" "-" 
40.69.165.140 - - [25/Oct/2025:08:25:17 -0700] "GET /autoload_classmap.php HTTP/1.1" 403 485 "-" "-" 
40.69.165.140 - - [25/Oct/2025:08:25:17 -0700] "GET /autoload_classmap/function.php HTTP/1.1" 403 485 "-" "-" 
40.69.165.140 - - [25/Oct/2025:08:25:17 -0700] "GET /buy.php HTTP/1.1" 403 485 "-" "-" 
40.69.165.140 - - [25/Oct/2025:08:25:17 -0700] "GET /chosen.php HTTP/1.1" 403 485 "-" "-" 
40.69.165.140 - - [25/Oct/2025:08:25:17 -0700] "GET /classwithtostring.php HTTP/1.1" 403 485 "-" "-" 
40.69.165.140 - - [25/Oct/2025:08:25:18 -0700] "GET /cong.php HTTP/1.1" 403 485 "-" "-" 
40.69.165.140 - - [25/Oct/2025:08:25:18 -0700] "GET /edit.php HTTP/1.1" 403 485 "-" "-" 
40.69.165.140 - - [25/Oct/2025:08:25:18 -0700] "GET /file.php HTTP/1.1" 403 485 "-" "-" 
40.69.165.140 - - [25/Oct/2025:08:25:18 -0700] "GET /file2.php HTTP/1.1" 403 485 "-" "-" 
40.69.165.140 - - [25/Oct/2025:08:25:18 -0700] "GET /flower.php HTTP/1.1" 403 485 "-" "-" 
40.69.165.140 - - [25/Oct/2025:08:25:18 -0700] "GET /gecko.php HTTP/1.1" 403 485 "-" "-" 
40.69.165.140 - - [25/Oct/2025:08:25:18 -0700] "GET /goat.php HTTP/1.1" 403 485 "-" "-" 
40.69.165.140 - - [25/Oct/2025:08:25:19 -0700] "GET /goods.php HTTP/1.1" 403 485 "-" "-" 
40.69.165.140 - - [25/Oct/2025:08:25:19 -0700] "GET /ioxi-o.php HTTP/1.1" 403 485 "-" "-" 
40.69.165.140 - - [25/Oct/2025:08:25:19 -0700] "GET /lock360.php HTTP/1.1" 403 485 "-" "-" 
40.69.165.140 - - [25/Oct/2025:08:25:19 -0700] "GET /makeasmtp.php HTTP/1.1" 403 485 "-" "-" 
40.69.165.140 - - [25/Oct/2025:08:25:19 -0700] "GET /mm.php HTTP/1.1" 403 485 "-" "-" 
40.69.165.140 - - [25/Oct/2025:08:25:19 -0700] "GET /nc4.php HTTP/1.1" 403 485 "-" "-" 
20.171.207.247 - - [25/Oct/2025:08:25:19 -0700] "GET /shopdetail120740288?kg=0119734239 HTTP/2.0" 404 47283 "-" "Mozilla/5.0 AppleWebKit/537.36 (KHTML, like Gecko; compatible; GPTBot/1.2; +https://openai.com/gptbot)" 
40.69.165.140 - - [25/Oct/2025:08:25:19 -0700] "GET /tinyfilemanager.php HTTP/1.1" 403 485 "-" "-" 
40.69.165.140 - - [25/Oct/2025:08:25:19 -0700] "GET /users.php HTTP/1.1" 403 485 "-" "-" 
40.69.165.140 - - [25/Oct/2025:08:25:20 -0700] "GET /w.php HTTP/1.1" 403 485 "-" "-" 
40.69.165.140 - - [25/Oct/2025:08:25:20 -0700] "GET /wp-admin/ HTTP/1.1" 403 485 "-" "-" 
40.69.165.140 - - [25/Oct/2025:08:25:20 -0700] "GET /wp-admin/css/colors/blue/index.php HTTP/1.1" 403 485 "-" "-" 
40.69.165.140 - - [25/Oct/2025:08:25:20 -0700] "GET /wp-admin/images/moon.php HTTP/1.1" 403 485 "-" "-" 
40.69.165.140 - - [25/Oct/2025:08:25:20 -0700] "GET /wp-admin/js/index.php HTTP/1.1" 403 485 "-" "-" 
40.69.165.140 - - [25/Oct/2025:08:25:20 -0700] "GET /wp-admin/setup-config.php HTTP/1.1" 403 485 "-" "-" 
40.69.165.140 - - [25/Oct/2025:08:25:20 -0700] "GET /wp-api.php HTTP/1.1" 403 485 "-" "-" 
40.69.165.140 - - [25/Oct/2025:08:25:20 -0700] "GET /wp-content/wp-conflg.php HTTP/1.1" 403 485 "-" "-" 
40.69.165.140 - - [25/Oct/2025:08:25:21 -0700] "GET /wp-includes/IXR/autoload_classmap.php HTTP/1.1" 403 485 "-" "-" 
40.69.165.140 - - [25/Oct/2025:08:25:21 -0700] "GET /wp-includes/fonts/admin.php HTTP/1.1" 403 485 "-" "-" 
40.69.165.140 - - [25/Oct/2025:08:25:21 -0700] "GET /wp-includes/fonts/index.php HTTP/1.1" 403 485 "-" "-" 
40.69.165.140 - - [25/Oct/2025:08:25:21 -0700] "GET /wp-setup.php HTTP/1.1" 403 485 "-" "-" 
40.69.165.140 - - [25/Oct/2025:08:25:21 -0700] "GET /wp.php HTTP/1.1" 403 485 "-" "-" 
40.69.165.140 - - [25/Oct/2025:08:25:21 -0700] "GET /wsa.php HTTP/1.1" 403 485 "-" "-" 
20.171.207.247 - - [25/Oct/2025:08:25:22 -0700] "GET /shopdetail120793080?kg=0119786592 HTTP/2.0" 404 47283 "-" "Mozilla/5.0 AppleWebKit/537.36 (KHTML, like Gecko; compatible; GPTBot/1.2; +https://openai.com/gptbot)" 
66.249.68.134 - - [25/Oct/2025:08:25:25 -0700] "GET /shopdetail163025128?kg=0161666706 HTTP/1.1" 200 33263 "-" "Mozilla/5.0 (Linux; Android 6.0.1; Nexus 5X Build/MMB29P) AppleWebKit/537.36 (KHTML, like Gecko) Chrome/141.0.7390.122 Mobile Safari/537.36 (compatible; GoogleOther)" 
20.171.207.247 - - [25/Oct/2025:08:25:25 -0700] "GET /shopdetail120723960?kg=0119718048 HTTP/2.0" 404 47283 "-" "Mozilla/5.0 AppleWebKit/537.36 (KHTML, like Gecko; compatible; GPTBot/1.2; +https://openai.com/gptbot)" 
20.171.207.247 - - [25/Oct/2025:08:25:28 -0700] "GET /shopdetail159825728?kg=0158493967 HTTP/2.0" 404 47283 "-" "Mozilla/5.0 AppleWebKit/537.36 (KHTML, like Gecko; compatible; GPTBot/1.2; +https://openai.com/gptbot)" 
20.171.207.247 - - [25/Oct/2025:08:25:31 -0700] "GET /shopdetail120755648?kg=0119749471 HTTP/2.0" 404 47283 "-" "Mozilla/5.0 AppleWebKit/537.36 (KHTML, like Gecko; compatible; GPTBot/1.2; +https://openai.com/gptbot)" 
20.171.207.247 - - [25/Oct/2025:08:25:34 -0700] "GET /shopdetail120753184?kg=0119747027 HTTP/2.0" 404 47283 "-" "Mozilla/5.0 AppleWebKit/537.36 (KHTML, like Gecko; compatible; GPTBot/1.2; +https://openai.com/gptbot)" 
114.119.151.155 - - [25/Oct/2025:08:25:38 -0700] "GET /shopdetail197687856?kg=0196040577 HTTP/1.1" 301 3732 "https://biblioglow.com/sitemap.xml" "Mozilla/5.0 (Linux; Android 7.0;) AppleWebKit/537.36 (KHTML, like Gecko) Mobile Safari/537.36 (compatible; PetalBot;+https://webmaster.petalsearch.com/site/petalbot)" 
20.171.207.247 - - [25/Oct/2025:08:25:38 -0700] "GET /shopdetail120791040?kg=0119784567 HTTP/2.0" 404 47283 "-" "Mozilla/5.0 AppleWebKit/537.36 (KHTML, like Gecko; compatible; GPTBot/1.2; +https://openai.com/gptbot)" 
114.119.151.155 - - [25/Oct/2025:08:25:39 -0700] "GET /shopdetail197687856?kg=0196040577 HTTP/1.1" 404 51133 "https://biblioglow.com/sitemap.xml" "Mozilla/5.0 (Linux; Android 7.0;) AppleWebKit/537.36 (KHTML, like Gecko) Mobile Safari/537.36 (compatible; PetalBot;+https://webmaster.petalsearch.com/site/petalbot)" 
20.171.207.247 - - [25/Oct/2025:08:25:41 -0700] "GET /shopdetail120775528?kg=0119769186 HTTP/2.0" 404 47418 "-" "Mozilla/5.0 AppleWebKit/537.36 (KHTML, like Gecko; compatible; GPTBot/1.2; +https://openai.com/gptbot)" 
20.171.207.247 - - [25/Oct/2025:08:25:44 -0700] "GET /shopdetail120802136?kg=0119795572 HTTP/2.0" 404 47283 "-" "Mozilla/5.0 AppleWebKit/537.36 (KHTML, like Gecko; compatible; GPTBot/1.2; +https://openai.com/gptbot)" 
66.249.68.133 - - [25/Oct/2025:08:25:46 -0700] "GET /shopdetail161545776?kg=0160199681 HTTP/1.1" 200 32376 "-" "Mozilla/5.0 (Linux; Android 6.0.1; Nexus 5X Build/MMB29P) AppleWebKit/537.36 (KHTML, like Gecko) Chrome/141.0.7390.122 Mobile Safari/537.36 (compatible; GoogleOther)" 
20.171.207.247 - - [25/Oct/2025:08:25:47 -0700] "GET /shopdetail120744264?kg=0119738182 HTTP/2.0" 404 47283 "-" "Mozilla/5.0 AppleWebKit/537.36 (KHTML, like Gecko; compatible; GPTBot/1.2; +https://openai.com/gptbot)" 
20.171.207.247 - - [25/Oct/2025:08:25:50 -0700] "GET /shopdetail120816136?kg=0119809454 HTTP/2.0" 404 47283 "-" "Mozilla/5.0 AppleWebKit/537.36 (KHTML, like Gecko; compatible; GPTBot/1.2; +https://openai.com/gptbot)" 
20.171.207.247 - - [25/Oct/2025:08:25:53 -0700] "GET /shopdetail120785960?kg=0119779530 HTTP/2.0" 404 47283 "-" "Mozilla/5.0 AppleWebKit/537.36 (KHTML, like Gecko; compatible; GPTBot/1.2; +https://openai.com/gptbot)" 
20.171.207.247 - - [25/Oct/2025:08:25:56 -0700] "GET /shopdetail120733576?kg=0119727582 HTTP/2.0" 404 47283 "-" "Mozilla/5.0 AppleWebKit/537.36 (KHTML, like Gecko; compatible; GPTBot/1.2; +https://openai.com/gptbot)" 
20.171.207.247 - - [25/Oct/2025:08:25:59 -0700] "GET /shopdetail120806248?kg=0119799650 HTTP/2.0" 404 47283 "-" "Mozilla/5.0 AppleWebKit/537.36 (KHTML, like Gecko; compatible; GPTBot/1.2; +https://openai.com/gptbot)" 
20.171.207.247 - - [25/Oct/2025:08:26:03 -0700] "GET /shopdetail120751672?kg=0119745528 HTTP/2.0" 404 47283 "-" "Mozilla/5.0 AppleWebKit/537.36 (KHTML, like Gecko; compatible; GPTBot/1.2; +https://openai.com/gptbot)" 
66.249.68.134 - - [25/Oct/2025:08:26:03 -0700] "GET /shopdetail163560944?kg=0162198057 HTTP/1.1" 200 31359 "-" "Mozilla/5.0 (Linux; Android 6.0.1; Nexus 5X Build/MMB29P) AppleWebKit/537.36 (KHTML, like Gecko) Chrome/141.0.7390.122 Mobile Safari/537.36 (compatible; GoogleOther)" 
20.171.207.247 - - [25/Oct/2025:08:26:06 -0700] "GET /shopdetail120775816?kg=0119769470 HTTP/2.0" 404 47283 "-" "Mozilla/5.0 AppleWebKit/537.36 (KHTML, like Gecko; compatible; GPTBot/1.2; +https://openai.com/gptbot)" 
20.171.207.247 - - [25/Oct/2025:08:26:09 -0700] "GET /shopdetail120793640?kg=0119787146 HTTP/2.0" 404 47283 "-" "Mozilla/5.0 AppleWebKit/537.36 (KHTML, like Gecko; compatible; GPTBot/1.2; +https://openai.com/gptbot)" 
64.90.53.137 - - [25/Oct/2025:08:26:13 -0700] "POST /wp-cron.php?doing_wp_cron=1761405973.3420760631561279296875 HTTP/1.1" 200 3634 "https://www.biblioglow.com/wp-cron.php?doing_wp_cron=1761405973.3420760631561279296875" "WordPress/6.1.9; https://www.biblioglow.com" 
20.171.207.247 - - [25/Oct/2025:08:26:12 -0700] "GET /shopdetail120771688?kg=0119765378 HTTP/2.0" 404 47283 "-" "Mozilla/5.0 AppleWebKit/537.36 (KHTML, like Gecko; compatible; GPTBot/1.2; +https://openai.com/gptbot)" 
20.171.207.247 - - [25/Oct/2025:08:26:16 -0700] "GET /shopdetail120744960?kg=0119738871 HTTP/2.0" 404 47283 "-" "Mozilla/5.0 AppleWebKit/537.36 (KHTML, like Gecko; compatible; GPTBot/1.2; +https://openai.com/gptbot)" 
20.171.207.247 - - [25/Oct/2025:08:26:19 -0700] "GET /shopdetail120780064?kg=0119773683 HTTP/2.0" 404 47283 "-" "Mozilla/5.0 AppleWebKit/537.36 (KHTML, like Gecko; compatible; GPTBot/1.2; +https://openai.com/gptbot)" 
20.171.207.247 - - [25/Oct/2025:08:26:22 -0700] "GET /shopdetail120781424?kg=0119775033 HTTP/2.0" 404 47283 "-" "Mozilla/5.0 AppleWebKit/537.36 (KHTML, like Gecko; compatible; GPTBot/1.2; +https://openai.com/gptbot)" 
66.249.68.134 - - [25/Oct/2025:08:26:23 -0700] "GET /shopdetail60964112?kg=0060456197 HTTP/1.1" 200 30461 "-" "Mozilla/5.0 (Linux; Android 6.0.1; Nexus 5X Build/MMB29P) AppleWebKit/537.36 (KHTML, like Gecko) Chrome/141.0.7390.122 Mobile Safari/537.36 (compatible; GoogleOther)" 
20.171.207.247 - - [25/Oct/2025:08:26:25 -0700] "GET /shopdetail120722464?kg=0119716563 HTTP/2.0" 404 47283 "-" "Mozilla/5.0 AppleWebKit/537.36 (KHTML, like Gecko; compatible; GPTBot/1.2; +https://openai.com/gptbot)" 
20.171.207.247 - - [25/Oct/2025:08:26:28 -0700] "GET /shopdetail120743160?kg=0119737088 HTTP/2.0" 404 47283 "-" "Mozilla/5.0 AppleWebKit/537.36 (KHTML, like Gecko; compatible; GPTBot/1.2; +https://openai.com/gptbot)" 
185.191.171.8 - - [25/Oct/2025:08:26:31 -0700] "GET /shopdetail195029200?kg=0193404077 HTTP/1.1" 301 3732 "-" "Mozilla/5.0 (compatible; SemrushBot/7~bl; +http://www.semrush.com/bot.html)" 
20.171.207.247 - - [25/Oct/2025:08:26:31 -0700] "GET /shopdetail120771840?kg=0119765527 HTTP/2.0" 404 47283 "-" "Mozilla/5.0 AppleWebKit/537.36 (KHTML, like Gecko; compatible; GPTBot/1.2; +https://openai.com/gptbot)" 
185.191.171.14 - - [25/Oct/2025:08:26:32 -0700] "GET /shopdetail195029200?kg=0193404077 HTTP/1.1" 404 51133 "-" "Mozilla/5.0 (compatible; SemrushBot/7~bl; +http://www.semrush.com/bot.html)" 
20.171.207.247 - - [25/Oct/2025:08:26:34 -0700] "GET /shopdetail120780608?kg=0119774223 HTTP/2.0" 404 47283 "-" "Mozilla/5.0 AppleWebKit/537.36 (KHTML, like Gecko; compatible; GPTBot/1.2; +https://openai.com/gptbot)" 
20.171.207.247 - - [25/Oct/2025:08:26:37 -0700] "GET /shopdetail120772384?kg=0119766067 HTTP/2.0" 404 47283 "-" "Mozilla/5.0 AppleWebKit/537.36 (KHTML, like Gecko; compatible; GPTBot/1.2; +https://openai.com/gptbot)" 
85.208.96.204 - - [25/Oct/2025:08:26:40 -0700] "GET /shopdetail195009864?kg=0193384902 HTTP/1.1" 301 3732 "-" "Mozilla/5.0 (compatible; SemrushBot/7~bl; +http://www.semrush.com/bot.html)" 
20.171.207.247 - - [25/Oct/2025:08:26:40 -0700] "GET /shopdetail120800624?kg=0119794073 HTTP/2.0" 404 47283 "-" "Mozilla/5.0 AppleWebKit/537.36 (KHTML, like Gecko; compatible; GPTBot/1.2; +https://openai.com/gptbot)" 
85.208.96.199 - - [25/Oct/2025:08:26:41 -0700] "GET /shopdetail195009864?kg=0193384902 HTTP/1.1" 404 51133 "-" "Mozilla/5.0 (compatible; SemrushBot/7~bl; +http://www.semrush.com/bot.html)" 
66.249.68.133 - - [25/Oct/2025:08:26:42 -0700] "GET /shopdetail77351040?kg=0076706567 HTTP/1.1" 200 31375 "-" "Mozilla/5.0 (Linux; Android 6.0.1; Nexus 5X Build/MMB29P) AppleWebKit/537.36 (KHTML, like Gecko) Chrome/141.0.7390.122 Mobile Safari/537.36 (compatible; GoogleOther)" 
20.171.207.247 - - [25/Oct/2025:08:26:43 -0700] "GET /shopdetail120783344?kg=0119776937 HTTP/2.0" 404 47283 "-" "Mozilla/5.0 AppleWebKit/537.36 (KHTML, like Gecko; compatible; GPTBot/1.2; +https://openai.com/gptbot)" 
185.191.171.17 - - [25/Oct/2025:08:26:44 -0700] "GET /shopdetail194971464?kg=0193346822 HTTP/1.1" 301 3732 "-" "Mozilla/5.0 (compatible; SemrushBot/7~bl; +http://www.semrush.com/bot.html)" 
85.208.96.206 - - [25/Oct/2025:08:26:46 -0700] "GET /shopdetail194971464?kg=0193346822 HTTP/1.1" 404 51133 "-" "Mozilla/5.0 (compatible; SemrushBot/7~bl; +http://www.semrush.com/bot.html)" 
20.171.207.247 - - [25/Oct/2025:08:26:47 -0700] "GET /shopdetail120755240?kg=0119749066 HTTP/2.0" 404 47283 "-" "Mozilla/5.0 AppleWebKit/537.36 (KHTML, like Gecko; compatible; GPTBot/1.2; +https://openai.com/gptbot)" 
20.171.207.247 - - [25/Oct/2025:08:26:50 -0700] "GET /shopdetail120721360?kg=0119715469 HTTP/2.0" 404 47283 "-" "Mozilla/5.0 AppleWebKit/537.36 (KHTML, like Gecko; compatible; GPTBot/1.2; +https://openai.com/gptbot)" 
20.171.207.247 - - [25/Oct/2025:08:26:53 -0700] "GET /shopdetail120752216?kg=0119746068 HTTP/2.0" 404 47283 "-" "Mozilla/5.0 AppleWebKit/537.36 (KHTML, like Gecko; compatible; GPTBot/1.2; +https://openai.com/gptbot)" 
