20.171.207.247 - - [25/Oct/2025:07:49:28 -0700] "GET /shopdetail278117896?kg=0275800366 HTTP/2.0" 404 47283 "-" "Mozilla/5.0 AppleWebKit/537.36 (KHTML, like Gecko; compatible; GPTBot/1.2; +https://openai.com/gptbot)" 
20.171.207.247 - - [25/Oct/2025:07:49:31 -0700] "GET /shopdetail171659232?kg=0170228859 HTTP/2.0" 404 47283 "-" "Mozilla/5.0 AppleWebKit/537.36 (KHTML, like Gecko; compatible; GPTBot/1.2; +https://openai.com/gptbot)" 
20.171.207.247 - - [25/Oct/2025:07:49:34 -0700] "GET /shopdetail171694624?kg=0170263955 HTTP/2.0" 404 47283 "-" "Mozilla/5.0 AppleWebKit/537.36 (KHTML, like Gecko; compatible; GPTBot/1.2; +https://openai.com/gptbot)" 
20.171.207.247 - - [25/Oct/2025:07:49:37 -0700] "GET /shopdetail171689272?kg=0170258648 HTTP/2.0" 404 47283 "-" "Mozilla/5.0 AppleWebKit/537.36 (KHTML, like Gecko; compatible; GPTBot/1.2; +https://openai.com/gptbot)" 
20.171.207.247 - - [25/Oct/2025:07:49:40 -0700] "GET /shopdetail278093344?kg=0275776019 HTTP/2.0" 404 47283 "-" "Mozilla/5.0 AppleWebKit/537.36 (KHTML, like Gecko; compatible; GPTBot/1.2; +https://openai.com/gptbot)" 
20.171.207.247 - - [25/Oct/2025:07:49:44 -0700] "GET /shopdetail278103488?kg=0275786079 HTTP/2.0" 404 47283 "-" "Mozilla/5.0 AppleWebKit/537.36 (KHTML, like Gecko; compatible; GPTBot/1.2; +https://openai.com/gptbot)" 
185.191.171.9 - - [25/Oct/2025:07:49:46 -0700] "GET /shopdetail195027688?kg=0193402578 HTTP/1.1" 301 3732 "-" "Mozilla/5.0 (compatible; SemrushBot/7~bl; +http://www.semrush.com/bot.html)" 
20.171.207.247 - - [25/Oct/2025:07:49:47 -0700] "GET /shopdetail159816672?kg=0158484987 HTTP/2.0" 404 47283 "-" "Mozilla/5.0 AppleWebKit/537.36 (KHTML, like Gecko; compatible; GPTBot/1.2; +https://openai.com/gptbot)" 
185.191.171.5 - - [25/Oct/2025:07:49:47 -0700] "GET /shopdetail195027688?kg=0193402578 HTTP/1.1" 404 51133 "-" "Mozilla/5.0 (compatible; SemrushBot/7~bl; +http://www.semrush.com/bot.html)" 
66.249.68.134 - - [25/Oct/2025:07:49:48 -0700] "GET /shopdetail326841872?kg=0324118309 HTTP/1.1" 200 30764 "-" "Mozilla/5.0 (Linux; Android 6.0.1; Nexus 5X Build/MMB29P) AppleWebKit/537.36 (KHTML, like Gecko) Chrome/141.0.7390.122 Mobile Safari/537.36 (compatible; GoogleOther)" 
20.171.207.247 - - [25/Oct/2025:07:49:50 -0700] "GET /shopdetail171684328?kg=0170253746 HTTP/2.0" 404 47283 "-" "Mozilla/5.0 AppleWebKit/537.36 (KHTML, like Gecko; compatible; GPTBot/1.2; +https://openai.com/gptbot)" 
66.249.68.133 - - [25/Oct/2025:07:49:52 -0700] "GET /shopdetail32193728?kg=0031925567 HTTP/1.1" 200 30953 "-" "Mozilla/5.0 (Linux; Android 6.0.1; Nexus 5X Build/MMB29P) AppleWebKit/537.36 (KHTML, like Gecko) Chrome/141.0.7390.122 Mobile Safari/537.36 (compatible; GoogleOther)" 
20.171.207.247 - - [25/Oct/2025:07:49:53 -0700] "GET /shopdetail159873864?kg=0158541702 HTTP/2.0" 404 47283 "-" "Mozilla/5.0 AppleWebKit/537.36 (KHTML, like Gecko; compatible; GPTBot/1.2; +https://openai.com/gptbot)" 
20.171.207.247 - - [25/Oct/2025:07:49:56 -0700] "GET /shopdetail278163280?kg=0275845373 HTTP/2.0" 404 47283 "-" "Mozilla/5.0 AppleWebKit/537.36 (KHTML, like Gecko; compatible; GPTBot/1.2; +https://openai.com/gptbot)" 
20.171.207.247 - - [25/Oct/2025:07:49:59 -0700] "GET /shopdetail278124336?kg=0275806753 HTTP/2.0" 404 47283 "-" "Mozilla/5.0 AppleWebKit/537.36 (KHTML, like Gecko; compatible; GPTBot/1.2; +https://openai.com/gptbot)" 
20.171.207.247 - - [25/Oct/2025:07:50:02 -0700] "GET /shopdetail159896224?kg=0158563875 HTTP/2.0" 404 47292 "-" "Mozilla/5.0 AppleWebKit/537.36 (KHTML, like Gecko; compatible; GPTBot/1.2; +https://openai.com/gptbot)" 
20.171.207.247 - - [25/Oct/2025:07:50:06 -0700] "GET /shopdetail278156840?kg=0275838986 HTTP/2.0" 404 47283 "-" "Mozilla/5.0 AppleWebKit/537.36 (KHTML, like Gecko; compatible; GPTBot/1.2; +https://openai.com/gptbot)" 
20.171.207.247 - - [25/Oct/2025:07:50:09 -0700] "GET /shopdetail171688592?kg=0170257973 HTTP/2.0" 404 47283 "-" "Mozilla/5.0 AppleWebKit/537.36 (KHTML, like Gecko; compatible; GPTBot/1.2; +https://openai.com/gptbot)" 
20.171.207.247 - - [25/Oct/2025:07:50:12 -0700] "GET /shopdetail252342576?kg=0250239841 HTTP/2.0" 404 47292 "-" "Mozilla/5.0 AppleWebKit/537.36 (KHTML, like Gecko; compatible; GPTBot/1.2; +https://openai.com/gptbot)" 
64.90.53.137 - - [25/Oct/2025:07:50:14 -0700] "POST /wp-cron.php?doing_wp_cron=1761403814.7384140491485595703125 HTTP/1.1" 200 3634 "https://www.biblioglow.com/wp-cron.php?doing_wp_cron=1761403814.7384140491485595703125" "WordPress/6.1.9; https://www.biblioglow.com" 
20.171.207.247 - - [25/Oct/2025:07:50:16 -0700] "GET /shopdetail159829160?kg=0158497370 HTTP/2.0" 404 47283 "-" "Mozilla/5.0 AppleWebKit/537.36 (KHTML, like Gecko; compatible; GPTBot/1.2; +https://openai.com/gptbot)" 
20.171.207.247 - - [25/Oct/2025:07:50:19 -0700] "GET /shopdetail159842736?kg=0158510833 HTTP/2.0" 404 47283 "-" "Mozilla/5.0 AppleWebKit/537.36 (KHTML, like Gecko; compatible; GPTBot/1.2; +https://openai.com/gptbot)" 
20.171.207.247 - - [25/Oct/2025:07:50:23 -0700] "GET /shopdetail171683784?kg=0170253206 HTTP/2.0" 404 47283 "-" "Mozilla/5.0 AppleWebKit/537.36 (KHTML, like Gecko; compatible; GPTBot/1.2; +https://openai.com/gptbot)" 
66.249.68.133 - - [25/Oct/2025:07:50:25 -0700] "GET /shopdetail77068784?kg=0076426665 HTTP/1.1" 200 31034 "-" "Mozilla/5.0 (Linux; Android 6.0.1; Nexus 5X Build/MMB29P) AppleWebKit/537.36 (KHTML, like Gecko) Chrome/141.0.7390.122 Mobile Safari/537.36 (compatible; GoogleOther)" 
20.171.207.247 - - [25/Oct/2025:07:50:26 -0700] "GET /shopdetail120804328?kg=0119797746 HTTP/2.0" 404 47283 "-" "Mozilla/5.0 AppleWebKit/537.36 (KHTML, like Gecko; compatible; GPTBot/1.2; +https://openai.com/gptbot)" 
85.208.96.203 - - [25/Oct/2025:07:50:29 -0700] "GET /shopdetail195004376?kg=0193379460 HTTP/1.1" 301 3732 "-" "Mozilla/5.0 (compatible; SemrushBot/7~bl; +http://www.semrush.com/bot.html)" 
20.171.207.247 - - [25/Oct/2025:07:50:29 -0700] "GET /shopdetail159822568?kg=0158490834 HTTP/2.0" 404 47283 "-" "Mozilla/5.0 AppleWebKit/537.36 (KHTML, like Gecko; compatible; GPTBot/1.2; +https://openai.com/gptbot)" 
66.249.68.134 - - [25/Oct/2025:07:50:30 -0700] "GET /shopdetail61126888?kg=0060617618 HTTP/1.1" 200 31141 "-" "Mozilla/5.0 (Linux; Android 6.0.1; Nexus 5X Build/MMB29P) AppleWebKit/537.36 (KHTML, like Gecko) Chrome/141.0.7390.122 Mobile Safari/537.36 (compatible; GoogleOther)" 
185.191.171.19 - - [25/Oct/2025:07:50:31 -0700] "GET /shopdetail195004376?kg=0193379460 HTTP/1.1" 404 51133 "-" "Mozilla/5.0 (compatible; SemrushBot/7~bl; +http://www.semrush.com/bot.html)" 
20.171.207.247 - - [25/Oct/2025:07:50:32 -0700] "GET /shopdetail159864808?kg=0158532722 HTTP/2.0" 404 47283 "-" "Mozilla/5.0 AppleWebKit/537.36 (KHTML, like Gecko; compatible; GPTBot/1.2; +https://openai.com/gptbot)" 
20.171.207.247 - - [25/Oct/2025:07:50:35 -0700] "GET /shopdetail278169736?kg=0275851774 HTTP/2.0" 404 47283 "-" "Mozilla/5.0 AppleWebKit/537.36 (KHTML, like Gecko; compatible; GPTBot/1.2; +https://openai.com/gptbot)" 
20.171.207.247 - - [25/Oct/2025:07:50:39 -0700] "GET /shopdetail120738640?kg=0119732605 HTTP/2.0" 404 47283 "-" "Mozilla/5.0 AppleWebKit/537.36 (KHTML, like Gecko; compatible; GPTBot/1.2; +https://openai.com/gptbot)" 
20.171.207.247 - - [25/Oct/2025:07:50:42 -0700] "GET /shopdetail278103216?kg=0275785809 HTTP/2.0" 404 47418 "-" "Mozilla/5.0 AppleWebKit/537.36 (KHTML, like Gecko; compatible; GPTBot/1.2; +https://openai.com/gptbot)" 
20.171.207.247 - - [25/Oct/2025:07:50:45 -0700] "GET /shopdetail120753728?kg=0119747567 HTTP/2.0" 404 47283 "-" "Mozilla/5.0 AppleWebKit/537.36 (KHTML, like Gecko; compatible; GPTBot/1.2; +https://openai.com/gptbot)" 
185.191.171.11 - - [25/Oct/2025:07:50:46 -0700] "GET /shopdetail194951584?kg=0193327107 HTTP/1.1" 301 3732 "-" "Mozilla/5.0 (compatible; SemrushBot/7~bl; +http://www.semrush.com/bot.html)" 
20.171.207.247 - - [25/Oct/2025:07:50:48 -0700] "GET /shopdetail278141616?kg=0275823889 HTTP/2.0" 404 47292 "-" "Mozilla/5.0 AppleWebKit/537.36 (KHTML, like Gecko; compatible; GPTBot/1.2; +https://openai.com/gptbot)" 
185.191.171.15 - - [25/Oct/2025:07:50:48 -0700] "GET /shopdetail194951584?kg=0193327107 HTTP/1.1" 404 51133 "-" "Mozilla/5.0 (compatible; SemrushBot/7~bl; +http://www.semrush.com/bot.html)" 
20.171.207.247 - - [25/Oct/2025:07:50:51 -0700] "GET /shopdetail159820376?kg=0158488660 HTTP/2.0" 404 47292 "-" "Mozilla/5.0 AppleWebKit/537.36 (KHTML, like Gecko; compatible; GPTBot/1.2; +https://openai.com/gptbot)" 
114.119.130.109 - - [25/Oct/2025:07:50:49 -0700] "GET /shopdetail68809504?kg=0068236211 HTTP/1.1" 301 3731 "https://biblioglow.com/sitemap.xml" "Mozilla/5.0 (Linux; Android 7.0;) AppleWebKit/537.36 (KHTML, like Gecko) Mobile Safari/537.36 (compatible; PetalBot;+https://webmaster.petalsearch.com/site/petalbot)" 
20.171.207.247 - - [25/Oct/2025:07:50:54 -0700] "GET /shopdetail252419784?kg=0250316406 HTTP/2.0" 404 47283 "-" "Mozilla/5.0 AppleWebKit/537.36 (KHTML, like Gecko; compatible; GPTBot/1.2; +https://openai.com/gptbot)" 
114.119.130.109 - - [25/Oct/2025:07:50:55 -0700] "GET /shopdetail68809504?kg=0068236211 HTTP/1.1" 404 51110 "https://biblioglow.com/sitemap.xml" "Mozilla/5.0 (Linux; Android 7.0;) AppleWebKit/537.36 (KHTML, like Gecko) Mobile Safari/537.36 (compatible; PetalBot;+https://webmaster.petalsearch.com/site/petalbot)" 
20.171.207.247 - - [25/Oct/2025:07:50:57 -0700] "GET /shopdetail171653896?kg=0170223566 HTTP/2.0" 404 47283 "-" "Mozilla/5.0 AppleWebKit/537.36 (KHTML, like Gecko; compatible; GPTBot/1.2; +https://openai.com/gptbot)" 
66.249.68.135 - - [25/Oct/2025:07:51:01 -0700] "GET /shopdetail189537728?kg=0187958367 HTTP/1.1" 200 30667 "-" "Mozilla/5.0 (Linux; Android 6.0.1; Nexus 5X Build/MMB29P) AppleWebKit/537.36 (KHTML, like Gecko) Chrome/141.0.7390.122 Mobile Safari/537.36 (compatible; GoogleOther)" 
20.171.207.247 - - [25/Oct/2025:07:51:00 -0700] "GET /shopdetail278154240?kg=0275836407 HTTP/2.0" 404 47283 "-" "Mozilla/5.0 AppleWebKit/537.36 (KHTML, like Gecko; compatible; GPTBot/1.2; +https://openai.com/gptbot)" 
20.171.207.247 - - [25/Oct/2025:07:51:04 -0700] "GET /shopdetail278180968?kg=0275862914 HTTP/2.0" 404 47283 "-" "Mozilla/5.0 AppleWebKit/537.36 (KHTML, like Gecko; compatible; GPTBot/1.2; +https://openai.com/gptbot)" 
20.171.207.247 - - [25/Oct/2025:07:51:07 -0700] "GET /shopdetail278148464?kg=0275830681 HTTP/2.0" 404 47283 "-" "Mozilla/5.0 AppleWebKit/537.36 (KHTML, like Gecko; compatible; GPTBot/1.2; +https://openai.com/gptbot)" 
66.249.68.133 - - [25/Oct/2025:07:51:09 -0700] "GET /shopdetail162890880?kg=0161533575 HTTP/1.1" 200 33042 "-" "Mozilla/5.0 (Linux; Android 6.0.1; Nexus 5X Build/MMB29P) AppleWebKit/537.36 (KHTML, like Gecko) Chrome/141.0.7390.122 Mobile Safari/537.36 (compatible; GoogleOther)" 
20.171.207.247 - - [25/Oct/2025:07:51:10 -0700] "GET /shopdetail120752080?kg=0119745933 HTTP/2.0" 404 47283 "-" "Mozilla/5.0 AppleWebKit/537.36 (KHTML, like Gecko; compatible; GPTBot/1.2; +https://openai.com/gptbot)" 
64.90.53.137 - - [25/Oct/2025:07:51:14 -0700] "POST /wp-cron.php?doing_wp_cron=1761403874.7569119930267333984375 HTTP/1.1" 200 3634 "https://www.biblioglow.com/wp-cron.php?doing_wp_cron=1761403874.7569119930267333984375" "WordPress/6.1.9; https://www.biblioglow.com" 
20.171.207.247 - - [25/Oct/2025:07:51:13 -0700] "GET /shopdetail278132968?kg=0275815314 HTTP/2.0" 404 47283 "-" "Mozilla/5.0 AppleWebKit/537.36 (KHTML, like Gecko; compatible; GPTBot/1.2; +https://openai.com/gptbot)" 
20.171.207.247 - - [25/Oct/2025:07:51:16 -0700] "GET /shopdetail171669256?kg=0170238798 HTTP/2.0" 404 47283 "-" "Mozilla/5.0 AppleWebKit/537.36 (KHTML, like Gecko; compatible; GPTBot/1.2; +https://openai.com/gptbot)" 
20.171.207.247 - - [25/Oct/2025:07:51:19 -0700] "GET /shopdetail159862752?kg=0158530683 HTTP/2.0" 404 47283 "-" "Mozilla/5.0 AppleWebKit/537.36 (KHTML, like Gecko; compatible; GPTBot/1.2; +https://openai.com/gptbot)" 
20.171.207.247 - - [25/Oct/2025:07:51:23 -0700] "GET /shopdetail159899520?kg=0158567143 HTTP/2.0" 404 47292 "-" "Mozilla/5.0 AppleWebKit/537.36 (KHTML, like Gecko; compatible; GPTBot/1.2; +https://openai.com/gptbot)" 
20.171.207.247 - - [25/Oct/2025:07:51:26 -0700] "GET /shopdetail120736584?kg=0119730566 HTTP/2.0" 404 47283 "-" "Mozilla/5.0 AppleWebKit/537.36 (KHTML, like Gecko; compatible; GPTBot/1.2; +https://openai.com/gptbot)" 
20.171.207.247 - - [25/Oct/2025:07:51:29 -0700] "GET /shopdetail278113360?kg=0275795869 HTTP/2.0" 404 47292 "-" "Mozilla/5.0 AppleWebKit/537.36 (KHTML, like Gecko; compatible; GPTBot/1.2; +https://openai.com/gptbot)" 
20.171.207.247 - - [25/Oct/2025:07:51:32 -0700] "GET /shopdetail278152168?kg=0275834354 HTTP/2.0" 404 47292 "-" "Mozilla/5.0 AppleWebKit/537.36 (KHTML, like Gecko; compatible; GPTBot/1.2; +https://openai.com/gptbot)" 
20.171.207.247 - - [25/Oct/2025:07:51:35 -0700] "GET /shopdetail120738096?kg=0119732065 HTTP/2.0" 404 47292 "-" "Mozilla/5.0 AppleWebKit/537.36 (KHTML, like Gecko; compatible; GPTBot/1.2; +https://openai.com/gptbot)" 
66.249.68.133 - - [25/Oct/2025:07:51:38 -0700] "GET /shopdetail60927496?kg=0060419886 HTTP/1.1" 200 33820 "-" "Mozilla/5.0 (Linux; Android 6.0.1; Nexus 5X Build/MMB29P) AppleWebKit/537.36 (KHTML, like Gecko) Chrome/141.0.7390.122 Mobile Safari/537.36 (compatible; GoogleOther)" 
20.171.207.247 - - [25/Oct/2025:07:51:38 -0700] "GET /shopdetail278194544?kg=0275876377 HTTP/2.0" 404 47292 "-" "Mozilla/5.0 AppleWebKit/537.36 (KHTML, like Gecko; compatible; GPTBot/1.2; +https://openai.com/gptbot)" 
20.171.207.247 - - [25/Oct/2025:07:51:41 -0700] "GET /shopdetail171683920?kg=0170253341 HTTP/2.0" 404 47283 "-" "Mozilla/5.0 AppleWebKit/537.36 (KHTML, like Gecko; compatible; GPTBot/1.2; +https://openai.com/gptbot)" 
20.171.207.247 - - [25/Oct/2025:07:51:44 -0700] "GET /shopdetail159827512?kg=0158495736 HTTP/2.0" 404 47292 "-" "Mozilla/5.0 AppleWebKit/537.36 (KHTML, like Gecko; compatible; GPTBot/1.2; +https://openai.com/gptbot)" 
66.249.68.133 - - [25/Oct/2025:07:51:47 -0700] "GET /shopdetail36447208?kg=0036143602 HTTP/1.1" 200 31673 "-" "Mozilla/5.0 (Linux; Android 6.0.1; Nexus 5X Build/MMB29P) AppleWebKit/537.36 (KHTML, like Gecko) Chrome/141.0.7390.122 Mobile Safari/537.36 (compatible; GoogleOther)" 
20.171.207.247 - - [25/Oct/2025:07:51:47 -0700] "GET /shopdetail252351768?kg=0250248956 HTTP/2.0" 404 47283 "-" "Mozilla/5.0 AppleWebKit/537.36 (KHTML, like Gecko; compatible; GPTBot/1.2; +https://openai.com/gptbot)" 
20.171.207.247 - - [25/Oct/2025:07:51:51 -0700] "GET /shopdetail159874696?kg=0158542526 HTTP/2.0" 404 47283 "-" "Mozilla/5.0 AppleWebKit/537.36 (KHTML, like Gecko; compatible; GPTBot/1.2; +https://openai.com/gptbot)" 
20.171.207.247 - - [25/Oct/2025:07:51:54 -0700] "GET /shopdetail120796784?kg=0119790265 HTTP/2.0" 404 47283 "-" "Mozilla/5.0 AppleWebKit/537.36 (KHTML, like Gecko; compatible; GPTBot/1.2; +https://openai.com/gptbot)" 
20.171.207.247 - - [25/Oct/2025:07:51:57 -0700] "GET /shopdetail159921320?kg=0158588762 HTTP/2.0" 404 47283 "-" "Mozilla/5.0 AppleWebKit/537.36 (KHTML, like Gecko; compatible; GPTBot/1.2; +https://openai.com/gptbot)" 
20.171.207.247 - - [25/Oct/2025:07:52:00 -0700] "GET /shopdetail159875240?kg=0158543066 HTTP/2.0" 404 47283 "-" "Mozilla/5.0 AppleWebKit/537.36 (KHTML, like Gecko; compatible; GPTBot/1.2; +https://openai.com/gptbot)" 
20.171.207.247 - - [25/Oct/2025:07:52:03 -0700] "GET /shopdetail120748512?kg=0119742395 HTTP/2.0" 404 47283 "-" "Mozilla/5.0 AppleWebKit/537.36 (KHTML, like Gecko; compatible; GPTBot/1.2; +https://openai.com/gptbot)" 
20.171.207.247 - - [25/Oct/2025:07:52:06 -0700] "GET /shopdetail171686384?kg=0170255785 HTTP/2.0" 404 47283 "-" "Mozilla/5.0 AppleWebKit/537.36 (KHTML, like Gecko; compatible; GPTBot/1.2; +https://openai.com/gptbot)" 
20.171.207.247 - - [25/Oct/2025:07:52:10 -0700] "GET /shopdetail278151896?kg=0275834084 HTTP/2.0" 404 47283 "-" "Mozilla/5.0 AppleWebKit/537.36 (KHTML, like Gecko; compatible; GPTBot/1.2; +https://openai.com/gptbot)" 
114.119.130.109 - - [25/Oct/2025:07:52:11 -0700] "GET /shopdetail68808128?kg=0068234847 HTTP/1.1" 301 3731 "https://biblioglow.com/sitemap.xml" "Mozilla/5.0 (Linux; Android 7.0;) AppleWebKit/537.36 (KHTML, like Gecko) Mobile Safari/537.36 (compatible; PetalBot;+https://webmaster.petalsearch.com/site/petalbot)" 
66.249.68.133 - - [25/Oct/2025:07:52:14 -0700] "GET /shopdetail59624360?kg=0059127610 HTTP/1.1" 200 30717 "-" "Mozilla/5.0 (Linux; Android 6.0.1; Nexus 5X Build/MMB29P) AppleWebKit/537.36 (KHTML, like Gecko) Chrome/141.0.7390.122 Mobile Safari/537.36 (compatible; GoogleOther)" 
20.171.207.247 - - [25/Oct/2025:07:52:13 -0700] "GET /shopdetail159907336?kg=0158574894 HTTP/2.0" 404 47283 "-" "Mozilla/5.0 AppleWebKit/537.36 (KHTML, like Gecko; compatible; GPTBot/1.2; +https://openai.com/gptbot)" 
114.119.130.109 - - [25/Oct/2025:07:52:13 -0700] "GET /shopdetail68808128?kg=0068234847 HTTP/1.1" 404 51132 "https://biblioglow.com/sitemap.xml" "Mozilla/5.0 (Linux; Android 7.0;) AppleWebKit/537.36 (KHTML, like Gecko) Mobile Safari/537.36 (compatible; PetalBot;+https://webmaster.petalsearch.com/site/petalbot)" 
64.90.53.137 - - [25/Oct/2025:07:52:15 -0700] "POST /wp-cron.php?doing_wp_cron=1761403935.7357459068298339843750 HTTP/1.1" 200 3634 "https://www.biblioglow.com/wp-cron.php?doing_wp_cron=1761403935.7357459068298339843750" "WordPress/6.1.9; https://www.biblioglow.com" 
20.171.207.247 - - [25/Oct/2025:07:52:17 -0700] "GET /shopdetail159912264?kg=0158579782 HTTP/2.0" 404 47283 "-" "Mozilla/5.0 AppleWebKit/537.36 (KHTML, like Gecko; compatible; GPTBot/1.2; +https://openai.com/gptbot)" 
20.171.207.247 - - [25/Oct/2025:07:52:20 -0700] "GET /shopdetail278157928?kg=0275840066 HTTP/2.0" 404 47283 "-" "Mozilla/5.0 AppleWebKit/537.36 (KHTML, like Gecko; compatible; GPTBot/1.2; +https://openai.com/gptbot)" 
20.171.207.247 - - [25/Oct/2025:07:52:24 -0700] "GET /shopdetail278193320?kg=0275875162 HTTP/2.0" 404 47292 "-" "Mozilla/5.0 AppleWebKit/537.36 (KHTML, like Gecko; compatible; GPTBot/1.2; +https://openai.com/gptbot)" 
43.157.38.131 - - [25/Oct/2025:07:52:24 -0700] "GET /wp-json/wp/v2/pages/91 HTTP/1.1" 200 13300 "-" "Mozilla/5.0 (iPhone; CPU iPhone OS 13_2_3 like Mac OS X) AppleWebKit/605.1.15 (KHTML, like Gecko) Version/13.0.3 Mobile/15E148 Safari/604.1" 
66.249.68.133 - - [25/Oct/2025:07:52:26 -0700] "GET /shopdetail161536992?kg=0160190971 HTTP/1.1" 200 31290 "-" "Mozilla/5.0 (Linux; Android 6.0.1; Nexus 5X Build/MMB29P) AppleWebKit/537.36 (KHTML, like Gecko) Chrome/141.0.7390.122 Mobile Safari/537.36 (compatible; GoogleOther)" 
20.171.207.247 - - [25/Oct/2025:07:52:27 -0700] "GET /shopdetail159826560?kg=0158494791 HTTP/2.0" 404 47283 "-" "Mozilla/5.0 AppleWebKit/537.36 (KHTML, like Gecko; compatible; GPTBot/1.2; +https://openai.com/gptbot)" 
66.249.79.6 - - [25/Oct/2025:07:52:30 -0700] "GET /shopdetail6775800?kg=0006719456 HTTP/1.1" 200 30567 "-" "Mozilla/5.0 (Linux; Android 6.0.1; Nexus 5X Build/MMB29P) AppleWebKit/537.36 (KHTML, like Gecko) Chrome/141.0.7390.122 Mobile Safari/537.36 (compatible; Googlebot/2.1; +http://www.google.com/bot.html)" 
20.171.207.247 - - [25/Oct/2025:07:52:30 -0700] "GET /shopdetail159875920?kg=0158543741 HTTP/2.0" 404 47283 "-" "Mozilla/5.0 AppleWebKit/537.36 (KHTML, like Gecko; compatible; GPTBot/1.2; +https://openai.com/gptbot)" 
20.171.207.247 - - [25/Oct/2025:07:52:33 -0700] "GET /shopdetail120729584?kg=0119723625 HTTP/2.0" 404 47283 "-" "Mozilla/5.0 AppleWebKit/537.36 (KHTML, like Gecko; compatible; GPTBot/1.2; +https://openai.com/gptbot)" 
20.171.207.247 - - [25/Oct/2025:07:52:36 -0700] "GET /shopdetail159870296?kg=0158538164 HTTP/2.0" 404 47283 "-" "Mozilla/5.0 AppleWebKit/537.36 (KHTML, like Gecko; compatible; GPTBot/1.2; +https://openai.com/gptbot)" 
20.171.207.247 - - [25/Oct/2025:07:52:39 -0700] "GET /shopdetail278106784?kg=0275789347 HTTP/2.0" 404 47292 "-" "Mozilla/5.0 AppleWebKit/537.36 (KHTML, like Gecko; compatible; GPTBot/1.2; +https://openai.com/gptbot)" 
20.171.207.247 - - [25/Oct/2025:07:52:42 -0700] "GET /shopdetail159829024?kg=0158497235 HTTP/2.0" 404 47292 "-" "Mozilla/5.0 AppleWebKit/537.36 (KHTML, like Gecko; compatible; GPTBot/1.2; +https://openai.com/gptbot)" 
20.171.207.247 - - [25/Oct/2025:07:52:45 -0700] "GET /shopdetail120748936?kg=0119742814 HTTP/2.0" 404 47283 "-" "Mozilla/5.0 AppleWebKit/537.36 (KHTML, like Gecko; compatible; GPTBot/1.2; +https://openai.com/gptbot)" 
20.171.207.247 - - [25/Oct/2025:07:52:49 -0700] "GET /shopdetail171690224?kg=0170259593 HTTP/2.0" 404 47283 "-" "Mozilla/5.0 AppleWebKit/537.36 (KHTML, like Gecko; compatible; GPTBot/1.2; +https://openai.com/gptbot)" 
66.249.68.133 - - [25/Oct/2025:07:52:51 -0700] "GET /shopdetail189575312?kg=0187995637 HTTP/1.1" 200 31128 "-" "Mozilla/5.0 (Linux; Android 6.0.1; Nexus 5X Build/MMB29P) AppleWebKit/537.36 (KHTML, like Gecko) Chrome/141.0.7390.122 Mobile Safari/537.36 (compatible; GoogleOther)" 
20.171.207.247 - - [25/Oct/2025:07:52:52 -0700] "GET /shopdetail159904584?kg=0158572166 HTTP/2.0" 404 47283 "-" "Mozilla/5.0 AppleWebKit/537.36 (KHTML, like Gecko; compatible; GPTBot/1.2; +https://openai.com/gptbot)" 
20.171.207.247 - - [25/Oct/2025:07:52:55 -0700] "GET /shopdetail278156976?kg=0275839121 HTTP/2.0" 404 47283 "-" "Mozilla/5.0 AppleWebKit/537.36 (KHTML, like Gecko; compatible; GPTBot/1.2; +https://openai.com/gptbot)" 
20.171.207.247 - - [25/Oct/2025:07:52:58 -0700] "GET /shopdetail278171640?kg=0275853664 HTTP/2.0" 404 47283 "-" "Mozilla/5.0 AppleWebKit/537.36 (KHTML, like Gecko; compatible; GPTBot/1.2; +https://openai.com/gptbot)" 
20.171.207.247 - - [25/Oct/2025:07:53:01 -0700] "GET /shopdetail159874136?kg=0158541972 HTTP/2.0" 404 47292 "-" "Mozilla/5.0 AppleWebKit/537.36 (KHTML, like Gecko; compatible; GPTBot/1.2; +https://openai.com/gptbot)" 
66.249.68.134 - - [25/Oct/2025:07:53:05 -0700] "GET /shopdetail61090544?kg=0060581577 HTTP/1.1" 200 31618 "-" "Mozilla/5.0 (Linux; Android 6.0.1; Nexus 5X Build/MMB29P) AppleWebKit/537.36 (KHTML, like Gecko) Chrome/141.0.7390.122 Mobile Safari/537.36 (compatible; GoogleOther)" 
20.171.207.247 - - [25/Oct/2025:07:53:04 -0700] "GET /shopdetail159887032?kg=0158554760 HTTP/2.0" 404 47292 "-" "Mozilla/5.0 AppleWebKit/537.36 (KHTML, like Gecko; compatible; GPTBot/1.2; +https://openai.com/gptbot)" 
20.171.207.247 - - [25/Oct/2025:07:53:07 -0700] "GET /shopdetail120754968?kg=0119748796 HTTP/2.0" 404 47283 "-" "Mozilla/5.0 AppleWebKit/537.36 (KHTML, like Gecko; compatible; GPTBot/1.2; +https://openai.com/gptbot)" 
20.171.207.247 - - [25/Oct/2025:07:53:10 -0700] "GET /shopdetail159849720?kg=0158517760 HTTP/2.0" 404 47283 "-" "Mozilla/5.0 AppleWebKit/537.36 (KHTML, like Gecko; compatible; GPTBot/1.2; +https://openai.com/gptbot)" 
20.171.207.247 - - [25/Oct/2025:07:53:14 -0700] "GET /shopdetail171696544?kg=0170265859 HTTP/2.0" 404 47283 "-" "Mozilla/5.0 AppleWebKit/537.36 (KHTML, like Gecko; compatible; GPTBot/1.2; +https://openai.com/gptbot)" 
85.208.96.206 - - [25/Oct/2025:07:53:14 -0700] "GET /shopdetail195056488?kg=0193431138 HTTP/1.1" 301 3732 "-" "Mozilla/5.0 (compatible; SemrushBot/7~bl; +http://www.semrush.com/bot.html)" 
64.90.53.137 - - [25/Oct/2025:07:53:15 -0700] "POST /wp-cron.php?doing_wp_cron=1761403995.1181180477142333984375 HTTP/1.1" 200 3634 "https://www.biblioglow.com/wp-cron.php?doing_wp_cron=1761403995.1181180477142333984375" "WordPress/6.1.9; https://www.biblioglow.com" 
20.171.207.247 - - [25/Oct/2025:07:53:17 -0700] "GET /shopdetail278100328?kg=0275782946 HTTP/2.0" 404 47283 "-" "Mozilla/5.0 AppleWebKit/537.36 (KHTML, like Gecko; compatible; GPTBot/1.2; +https://openai.com/gptbot)" 
185.191.171.3 - - [25/Oct/2025:07:53:18 -0700] "GET /shopdetail195056488?kg=0193431138 HTTP/1.1" 404 51133 "-" "Mozilla/5.0 (compatible; SemrushBot/7~bl; +http://www.semrush.com/bot.html)" 
20.171.207.247 - - [25/Oct/2025:07:53:20 -0700] "GET /shopdetail159837384?kg=0158505526 HTTP/2.0" 404 47283 "-" "Mozilla/5.0 AppleWebKit/537.36 (KHTML, like Gecko; compatible; GPTBot/1.2; +https://openai.com/gptbot)" 
20.171.207.247 - - [25/Oct/2025:07:53:23 -0700] "GET /shopdetail278092936?kg=0275775614 HTTP/2.0" 404 47283 "-" "Mozilla/5.0 AppleWebKit/537.36 (KHTML, like Gecko; compatible; GPTBot/1.2; +https://openai.com/gptbot)" 
20.171.207.247 - - [25/Oct/2025:07:53:26 -0700] "GET /shopdetail171693248?kg=0170262591 HTTP/2.0" 404 47283 "-" "Mozilla/5.0 AppleWebKit/537.36 (KHTML, like Gecko; compatible; GPTBot/1.2; +https://openai.com/gptbot)" 
66.249.68.134 - - [25/Oct/2025:07:53:28 -0700] "GET /shopdetail76971152?kg=0076329845 HTTP/1.1" 200 30736 "-" "Mozilla/5.0 (Linux; Android 6.0.1; Nexus 5X Build/MMB29P) AppleWebKit/537.36 (KHTML, like Gecko) Chrome/141.0.7390.122 Mobile Safari/537.36 (compatible; GoogleOther)" 
66.249.68.133 - - [25/Oct/2025:07:53:29 -0700] "GET /?shopdetail1287352?kg=0001276744 HTTP/1.1" 200 30830 "-" "Mozilla/5.0 (Linux; Android 6.0.1; Nexus 5X Build/MMB29P) AppleWebKit/537.36 (KHTML, like Gecko) Chrome/141.0.7390.122 Mobile Safari/537.36 (compatible; Googlebot/2.1; +http://www.google.com/bot.html)" 
20.171.207.247 - - [25/Oct/2025:07:53:29 -0700] "GET /shopdetail159874832?kg=0158542661 HTTP/2.0" 404 47283 "-" "Mozilla/5.0 AppleWebKit/537.36 (KHTML, like Gecko; compatible; GPTBot/1.2; +https://openai.com/gptbot)" 
20.171.207.247 - - [25/Oct/2025:07:53:33 -0700] "GET /shopdetail278160136?kg=0275842254 HTTP/2.0" 404 47283 "-" "Mozilla/5.0 AppleWebKit/537.36 (KHTML, like Gecko; compatible; GPTBot/1.2; +https://openai.com/gptbot)" 
20.171.207.247 - - [25/Oct/2025:07:53:36 -0700] "GET /shopdetail159859336?kg=0158527294 HTTP/2.0" 404 47283 "-" "Mozilla/5.0 AppleWebKit/537.36 (KHTML, like Gecko; compatible; GPTBot/1.2; +https://openai.com/gptbot)" 
20.171.207.247 - - [25/Oct/2025:07:53:39 -0700] "GET /shopdetail159832864?kg=0158501043 HTTP/2.0" 404 47283 "-" "Mozilla/5.0 AppleWebKit/537.36 (KHTML, like Gecko; compatible; GPTBot/1.2; +https://openai.com/gptbot)" 
114.119.129.24 - - [25/Oct/2025:07:53:42 -0700] "GET /shopdetail68804016?kg=0068230769 HTTP/1.1" 301 3731 "https://biblioglow.com/sitemap.xml" "Mozilla/5.0 (Linux; Android 7.0;) AppleWebKit/537.36 (KHTML, like Gecko) Mobile Safari/537.36 (compatible; PetalBot;+https://webmaster.petalsearch.com/site/petalbot)" 
20.171.207.247 - - [25/Oct/2025:07:53:42 -0700] "GET /shopdetail278140936?kg=0275823214 HTTP/2.0" 404 47418 "-" "Mozilla/5.0 AppleWebKit/537.36 (KHTML, like Gecko; compatible; GPTBot/1.2; +https://openai.com/gptbot)" 
66.249.68.133 - - [25/Oct/2025:07:53:44 -0700] "GET /shopdetail189484800?kg=0187905879 HTTP/1.1" 200 30530 "-" "Mozilla/5.0 (Linux; Android 6.0.1; Nexus 5X Build/MMB29P) AppleWebKit/537.36 (KHTML, like Gecko) Chrome/141.0.7390.122 Mobile Safari/537.36 (compatible; GoogleOther)" 
114.119.129.24 - - [25/Oct/2025:07:53:45 -0700] "GET /shopdetail68804016?kg=0068230769 HTTP/1.1" 404 51132 "https://biblioglow.com/sitemap.xml" "Mozilla/5.0 (Linux; Android 7.0;) AppleWebKit/537.36 (KHTML, like Gecko) Mobile Safari/537.36 (compatible; PetalBot;+https://webmaster.petalsearch.com/site/petalbot)" 
20.171.207.247 - - [25/Oct/2025:07:53:45 -0700] "GET /shopdetail278152864?kg=0275835043 HTTP/2.0" 404 47283 "-" "Mozilla/5.0 AppleWebKit/537.36 (KHTML, like Gecko; compatible; GPTBot/1.2; +https://openai.com/gptbot)" 
20.171.207.247 - - [25/Oct/2025:07:53:49 -0700] "GET /shopdetail278146560?kg=0275828791 HTTP/2.0" 404 47283 "-" "Mozilla/5.0 AppleWebKit/537.36 (KHTML, like Gecko; compatible; GPTBot/1.2; +https://openai.com/gptbot)" 
20.171.207.247 - - [25/Oct/2025:07:53:52 -0700] "GET /shopdetail159901424?kg=0158569033 HTTP/2.0" 404 47283 "-" "Mozilla/5.0 AppleWebKit/537.36 (KHTML, like Gecko; compatible; GPTBot/1.2; +https://openai.com/gptbot)" 
20.171.207.247 - - [25/Oct/2025:07:53:55 -0700] "GET /shopdetail159830536?kg=0158498734 HTTP/2.0" 404 47283 "-" "Mozilla/5.0 AppleWebKit/537.36 (KHTML, like Gecko; compatible; GPTBot/1.2; +https://openai.com/gptbot)" 
20.171.207.247 - - [25/Oct/2025:07:53:58 -0700] "GET /shopdetail278139696?kg=0275821985 HTTP/2.0" 404 47283 "-" "Mozilla/5.0 AppleWebKit/537.36 (KHTML, like Gecko; compatible; GPTBot/1.2; +https://openai.com/gptbot)" 
20.171.207.247 - - [25/Oct/2025:07:54:02 -0700] "GET /shopdetail278133120?kg=0275815463 HTTP/2.0" 404 47283 "-" "Mozilla/5.0 AppleWebKit/537.36 (KHTML, like Gecko; compatible; GPTBot/1.2; +https://openai.com/gptbot)" 
66.249.68.134 - - [25/Oct/2025:07:54:04 -0700] "GET /shopdetail326832120?kg=0324108640 HTTP/1.1" 200 30581 "-" "Mozilla/5.0 (Linux; Android 6.0.1; Nexus 5X Build/MMB29P) AppleWebKit/537.36 (KHTML, like Gecko) Chrome/141.0.7390.122 Mobile Safari/537.36 (compatible; GoogleOther)" 
20.171.207.247 - - [25/Oct/2025:07:54:05 -0700] "GET /shopdetail159841632?kg=0158509739 HTTP/2.0" 404 47283 "-" "Mozilla/5.0 AppleWebKit/537.36 (KHTML, like Gecko; compatible; GPTBot/1.2; +https://openai.com/gptbot)" 
20.171.207.247 - - [25/Oct/2025:07:54:08 -0700] "GET /shopdetail159843960?kg=0158512048 HTTP/2.0" 404 47283 "-" "Mozilla/5.0 AppleWebKit/537.36 (KHTML, like Gecko; compatible; GPTBot/1.2; +https://openai.com/gptbot)" 
20.171.207.247 - - [25/Oct/2025:07:54:11 -0700] "GET /shopdetail278109384?kg=0275791926 HTTP/2.0" 404 47283 "-" "Mozilla/5.0 AppleWebKit/537.36 (KHTML, like Gecko; compatible; GPTBot/1.2; +https://openai.com/gptbot)" 
64.90.53.137 - - [25/Oct/2025:07:54:15 -0700] "POST /wp-cron.php?doing_wp_cron=1761404055.5339159965515136718750 HTTP/1.1" 200 3634 "https://www.biblioglow.com/wp-cron.php?doing_wp_cron=1761404055.5339159965515136718750" "WordPress/6.1.9; https://www.biblioglow.com" 
20.171.207.247 - - [25/Oct/2025:07:54:14 -0700] "GET /shopdetail278152456?kg=0275834638 HTTP/2.0" 404 47283 "-" "Mozilla/5.0 AppleWebKit/537.36 (KHTML, like Gecko; compatible; GPTBot/1.2; +https://openai.com/gptbot)" 
20.171.207.247 - - [25/Oct/2025:07:54:18 -0700] "GET /shopdetail159875784?kg=0158543606 HTTP/2.0" 404 47283 "-" "Mozilla/5.0 AppleWebKit/537.36 (KHTML, like Gecko; compatible; GPTBot/1.2; +https://openai.com/gptbot)" 
74.125.150.134 - - [25/Oct/2025:07:54:19 -0700] "GET /shopdetail1770224?kg=0001755593 HTTP/1.1" 301 3767 "-" "Mozilla/5.0 (X11; Linux x86_64) AppleWebKit/537.36 (KHTML, like Gecko) Chrome/140.0.7339.207 Safari/537.36" 
72.14.199.100 - - [25/Oct/2025:07:54:20 -0700] "GET /shopdetail1770224?kg=0001755593 HTTP/1.1" 404 51168 "-" "Mozilla/5.0 (X11; Linux x86_64) AppleWebKit/537.36 (KHTML, like Gecko) Chrome/140.0.7339.207 Safari/537.36" 
20.171.207.247 - - [25/Oct/2025:07:54:21 -0700] "GET /shopdetail120753456?kg=0119747297 HTTP/2.0" 404 47283 "-" "Mozilla/5.0 AppleWebKit/537.36 (KHTML, like Gecko; compatible; GPTBot/1.2; +https://openai.com/gptbot)" 
72.14.199.100 - - [25/Oct/2025:07:54:22 -0700] "GET /wp-includes/js/wp-emoji-release.min.js?ver=6.1.9 HTTP/1.1" 200 5518 "https://www.biblioglow.com/shopdetail1770224?kg=0001755593" "Mozilla/5.0 (X11; Linux x86_64) AppleWebKit/537.36 (KHTML, like Gecko) Chrome/140.0.7339.207 Safari/537.36" 
72.14.199.100 - - [25/Oct/2025:07:54:23 -0700] "GET /wp-content/themes/pro/framework/dist/css/site/stacks/integrity-light.css?ver=3.2.3 HTTP/1.1" 200 29292 "https://www.biblioglow.com/shopdetail1770224?kg=0001755593" "Mozilla/5.0 (X11; Linux x86_64) AppleWebKit/537.36 (KHTML, like Gecko) Chrome/140.0.7339.207 Safari/537.36" 
72.14.199.100 - - [25/Oct/2025:07:54:24 -0700] "GET /wp-content/themes/pro/framework/dist/js/site/x.js?ver=3.2.3 HTTP/1.1" 200 25286 "https://www.biblioglow.com/shopdetail1770224?kg=0001755593" "Mozilla/5.0 (X11; Linux x86_64) AppleWebKit/537.36 (KHTML, like Gecko) Chrome/140.0.7339.207 Safari/537.36" 
66.249.68.133 - - [25/Oct/2025:07:54:25 -0700] "GET /shopdetail76469608?kg=0075832482 HTTP/1.1" 200 31072 "-" "Mozilla/5.0 (Linux; Android 6.0.1; Nexus 5X Build/MMB29P) AppleWebKit/537.36 (KHTML, like Gecko) Chrome/141.0.7390.122 Mobile Safari/537.36 (compatible; GoogleOther)" 
20.171.207.247 - - [25/Oct/2025:07:54:24 -0700] "GET /shopdetail278149704?kg=0275831910 HTTP/2.0" 404 47283 "-" "Mozilla/5.0 AppleWebKit/537.36 (KHTML, like Gecko; compatible; GPTBot/1.2; +https://openai.com/gptbot)" 
72.14.199.99 - - [25/Oct/2025:07:54:25 -0700] "GET /wp-includes/css/dist/block-library/style.min.css?ver=6.1.9 HTTP/1.1" 200 16825 "https://www.biblioglow.com/shopdetail1770224?kg=0001755593" "Mozilla/5.0 (X11; Linux x86_64) AppleWebKit/537.36 (KHTML, like Gecko) Chrome/140.0.7339.207 Safari/537.36" 
72.14.199.99 - - [25/Oct/2025:07:54:26 -0700] "GET /wp-includes/css/classic-themes.min.css?ver=1 HTTP/1.1" 200 612 "https://www.biblioglow.com/shopdetail1770224?kg=0001755593" "Mozilla/5.0 (X11; Linux x86_64) AppleWebKit/537.36 (KHTML, like Gecko) Chrome/140.0.7339.207 Safari/537.36" 
72.14.199.100 - - [25/Oct/2025:07:54:26 -0700] "GET /wp-includes/js/jquery/jquery.min.js?ver=3.6.1 HTTP/1.1" 200 32130 "https://www.biblioglow.com/shopdetail1770224?kg=0001755593" "Mozilla/5.0 (X11; Linux x86_64) AppleWebKit/537.36 (KHTML, like Gecko) Chrome/140.0.7339.207 Safari/537.36" 
72.14.199.99 - - [25/Oct/2025:07:54:27 -0700] "GET /wp-content/themes/pro/framework/legacy/cranium/dist/css/site/integrity-light.css?ver=3.2.3 HTTP/1.1" 200 2957 "https://www.biblioglow.com/shopdetail1770224?kg=0001755593" "Mozilla/5.0 (X11; Linux x86_64) AppleWebKit/537.36 (KHTML, like Gecko) Chrome/140.0.7339.207 Safari/537.36" 
72.14.199.99 - - [25/Oct/2025:07:54:27 -0700] "GET /wp-includes/js/jquery/jquery-migrate.min.js?ver=3.3.2 HTTP/1.1" 200 4637 "https://www.biblioglow.com/shopdetail1770224?kg=0001755593" "Mozilla/5.0 (X11; Linux x86_64) AppleWebKit/537.36 (KHTML, like Gecko) Chrome/140.0.7339.207 Safari/537.36" 
72.14.199.100 - - [25/Oct/2025:07:54:28 -0700] "GET /wp-content/themes/pro/cornerstone/assets/dist/js/site/cs.0ce70e6.js HTTP/1.1" 200 56249 "https://www.biblioglow.com/shopdetail1770224?kg=0001755593" "Mozilla/5.0 (X11; Linux x86_64) AppleWebKit/537.36 (KHTML, like Gecko) Chrome/140.0.7339.207 Safari/537.36" 
20.171.207.247 - - [25/Oct/2025:07:54:27 -0700] "GET /shopdetail120748376?kg=0119742260 HTTP/2.0" 404 47283 "-" "Mozilla/5.0 AppleWebKit/537.36 (KHTML, like Gecko; compatible; GPTBot/1.2; +https://openai.com/gptbot)" 
72.14.199.100 - - [25/Oct/2025:07:54:28 -0700] "GET /wp-content/themes/pro/cornerstone/assets/dist/fonts/fa-solid-900.woff2 HTTP/1.1" 200 138767 "https://www.biblioglow.com/shopdetail1770224?kg=0001755593" "Mozilla/5.0 (X11; Linux x86_64) AppleWebKit/537.36 (KHTML, like Gecko) Chrome/140.0.7339.207 Safari/537.36" 
20.171.207.247 - - [25/Oct/2025:07:54:30 -0700] "GET /shopdetail159827240?kg=0158495466 HTTP/2.0" 404 47283 "-" "Mozilla/5.0 AppleWebKit/537.36 (KHTML, like Gecko; compatible; GPTBot/1.2; +https://openai.com/gptbot)" 
20.171.207.247 - - [25/Oct/2025:07:54:33 -0700] "GET /shopdetail252349984?kg=0250247187 HTTP/2.0" 404 47283 "-" "Mozilla/5.0 AppleWebKit/537.36 (KHTML, like Gecko; compatible; GPTBot/1.2; +https://openai.com/gptbot)" 
185.191.171.14 - - [25/Oct/2025:07:54:35 -0700] "GET /shopdetail195004512?kg=0193379595 HTTP/1.1" 301 3732 "-" "Mozilla/5.0 (compatible; SemrushBot/7~bl; +http://www.semrush.com/bot.html)" 
185.191.171.17 - - [25/Oct/2025:07:54:36 -0700] "GET /shopdetail195004512?kg=0193379595 HTTP/1.1" 404 51133 "-" "Mozilla/5.0 (compatible; SemrushBot/7~bl; +http://www.semrush.com/bot.html)" 
20.171.207.247 - - [25/Oct/2025:07:54:37 -0700] "GET /shopdetail171683512?kg=0170252936 HTTP/2.0" 404 47283 "-" "Mozilla/5.0 AppleWebKit/537.36 (KHTML, like Gecko; compatible; GPTBot/1.2; +https://openai.com/gptbot)" 
20.171.207.247 - - [25/Oct/2025:07:54:40 -0700] "GET /shopdetail171634968?kg=0170204796 HTTP/2.0" 404 47283 "-" "Mozilla/5.0 AppleWebKit/537.36 (KHTML, like Gecko; compatible; GPTBot/1.2; +https://openai.com/gptbot)" 
66.249.68.133 - - [25/Oct/2025:07:54:41 -0700] "GET /shopdetail59731472?kg=0059233829 HTTP/1.1" 200 30807 "-" "Mozilla/5.0 (Linux; Android 6.0.1; Nexus 5X Build/MMB29P) AppleWebKit/537.36 (KHTML, like Gecko) Chrome/141.0.7390.122 Mobile Safari/537.36 (compatible; GoogleOther)" 
20.171.207.247 - - [25/Oct/2025:07:54:43 -0700] "GET /shopdetail278193456?kg=0275875297 HTTP/2.0" 404 47283 "-" "Mozilla/5.0 AppleWebKit/537.36 (KHTML, like Gecko; compatible; GPTBot/1.2; +https://openai.com/gptbot)" 
20.171.207.247 - - [25/Oct/2025:07:54:46 -0700] "GET /shopdetail278114464?kg=0275796963 HTTP/2.0" 404 47283 "-" "Mozilla/5.0 AppleWebKit/537.36 (KHTML, like Gecko; compatible; GPTBot/1.2; +https://openai.com/gptbot)" 
20.171.207.247 - - [25/Oct/2025:07:54:49 -0700] "GET /shopdetail278134072?kg=0275816408 HTTP/2.0" 404 47283 "-" "Mozilla/5.0 AppleWebKit/537.36 (KHTML, like Gecko; compatible; GPTBot/1.2; +https://openai.com/gptbot)" 
20.171.207.247 - - [25/Oct/2025:07:54:53 -0700] "GET /shopdetail278090864?kg=0275773561 HTTP/2.0" 404 47283 "-" "Mozilla/5.0 AppleWebKit/537.36 (KHTML, like Gecko; compatible; GPTBot/1.2; +https://openai.com/gptbot)" 
20.171.207.247 - - [25/Oct/2025:07:54:56 -0700] "GET /shopdetail252414704?kg=0250311369 HTTP/2.0" 404 47283 "-" "Mozilla/5.0 AppleWebKit/537.36 (KHTML, like Gecko; compatible; GPTBot/1.2; +https://openai.com/gptbot)" 
20.171.207.247 - - [25/Oct/2025:07:54:59 -0700] "GET /shopdetail159904856?kg=0158572436 HTTP/2.0" 404 47283 "-" "Mozilla/5.0 AppleWebKit/537.36 (KHTML, like Gecko; compatible; GPTBot/1.2; +https://openai.com/gptbot)" 
66.249.68.133 - - [25/Oct/2025:07:55:01 -0700] "GET /shopdetail36466000?kg=0036162237 HTTP/1.1" 200 32120 "-" "Mozilla/5.0 (Linux; Android 6.0.1; Nexus 5X Build/MMB29P) AppleWebKit/537.36 (KHTML, like Gecko) Chrome/141.0.7390.122 Mobile Safari/537.36 (compatible; GoogleOther)" 
20.171.207.247 - - [25/Oct/2025:07:55:02 -0700] "GET /shopdetail278172064?kg=0275854083 HTTP/2.0" 404 47283 "-" "Mozilla/5.0 AppleWebKit/537.36 (KHTML, like Gecko; compatible; GPTBot/1.2; +https://openai.com/gptbot)" 
20.171.207.247 - - [25/Oct/2025:07:55:05 -0700] "GET /shopdetail252435416?kg=0250331908 HTTP/2.0" 404 47292 "-" "Mozilla/5.0 AppleWebKit/537.36 (KHTML, like Gecko; compatible; GPTBot/1.2; +https://openai.com/gptbot)" 
114.119.135.207 - - [25/Oct/2025:07:55:06 -0700] "GET /shopdetail68803744?kg=0068230499 HTTP/1.1" 301 3731 "https://biblioglow.com/sitemap.xml" "Mozilla/5.0 (Linux; Android 7.0;) AppleWebKit/537.36 (KHTML, like Gecko) Mobile Safari/537.36 (compatible; PetalBot;+https://webmaster.petalsearch.com/site/petalbot)" 
114.119.135.207 - - [25/Oct/2025:07:55:08 -0700] "GET /shopdetail68803744?kg=0068230499 HTTP/1.1" 404 51132 "https://biblioglow.com/sitemap.xml" "Mozilla/5.0 (Linux; Android 7.0;) AppleWebKit/537.36 (KHTML, like Gecko) Mobile Safari/537.36 (compatible; PetalBot;+https://webmaster.petalsearch.com/site/petalbot)" 
20.171.207.247 - - [25/Oct/2025:07:55:08 -0700] "GET /shopdetail159825456?kg=0158493697 HTTP/2.0" 404 47283 "-" "Mozilla/5.0 AppleWebKit/537.36 (KHTML, like Gecko; compatible; GPTBot/1.2; +https://openai.com/gptbot)" 
64.90.53.137 - - [25/Oct/2025:07:55:13 -0700] "POST /wp-cron.php?doing_wp_cron=1761404113.2760550975799560546875 HTTP/1.1" 200 3634 "https://www.biblioglow.com/wp-cron.php?doing_wp_cron=1761404113.2760550975799560546875" "WordPress/6.1.9; https://www.biblioglow.com" 
20.171.207.247 - - [25/Oct/2025:07:55:12 -0700] "GET /shopdetail171694896?kg=0170264225 HTTP/2.0" 404 47283 "-" "Mozilla/5.0 AppleWebKit/537.36 (KHTML, like Gecko; compatible; GPTBot/1.2; +https://openai.com/gptbot)" 
20.171.207.247 - - [25/Oct/2025:07:55:15 -0700] "GET /shopdetail159893760?kg=0158561431 HTTP/2.0" 404 47283 "-" "Mozilla/5.0 AppleWebKit/537.36 (KHTML, like Gecko; compatible; GPTBot/1.2; +https://openai.com/gptbot)" 
66.249.68.133 - - [25/Oct/2025:07:55:17 -0700] "GET /shopdetail161982160?kg=0160632429 HTTP/1.1" 200 30605 "-" "Mozilla/5.0 (Linux; Android 6.0.1; Nexus 5X Build/MMB29P) AppleWebKit/537.36 (KHTML, like Gecko) Chrome/141.0.7390.122 Mobile Safari/537.36 (compatible; GoogleOther)" 
20.171.207.247 - - [25/Oct/2025:07:55:18 -0700] "GET /shopdetail252419648?kg=0250316271 HTTP/2.0" 404 47283 "-" "Mozilla/5.0 AppleWebKit/537.36 (KHTML, like Gecko; compatible; GPTBot/1.2; +https://openai.com/gptbot)" 
20.171.207.247 - - [25/Oct/2025:07:55:21 -0700] "GET /shopdetail159866728?kg=0158534626 HTTP/2.0" 404 47283 "-" "Mozilla/5.0 AppleWebKit/537.36 (KHTML, like Gecko; compatible; GPTBot/1.2; +https://openai.com/gptbot)" 
185.191.171.7 - - [25/Oct/2025:07:55:23 -0700] "GET /shopdetail195037152?kg=0193411963 HTTP/1.1" 301 3732 "-" "Mozilla/5.0 (compatible; SemrushBot/7~bl; +http://www.semrush.com/bot.html)" 
185.191.171.1 - - [25/Oct/2025:07:55:24 -0700] "GET /shopdetail195037152?kg=0193411963 HTTP/1.1" 404 51133 "-" "Mozilla/5.0 (compatible; SemrushBot/7~bl; +http://www.semrush.com/bot.html)" 
20.171.207.247 - - [25/Oct/2025:07:55:25 -0700] "GET /shopdetail278123928?kg=0275806348 HTTP/2.0" 404 47283 "-" "Mozilla/5.0 AppleWebKit/537.36 (KHTML, like Gecko; compatible; GPTBot/1.2; +https://openai.com/gptbot)" 
20.171.207.247 - - [25/Oct/2025:07:55:31 -0700] "GET /shopdetail278132288?kg=0275814639 HTTP/2.0" 404 47283 "-" "Mozilla/5.0 AppleWebKit/537.36 (KHTML, like Gecko; compatible; GPTBot/1.2; +https://openai.com/gptbot)" 
20.171.207.247 - - [25/Oct/2025:07:55:34 -0700] "GET /shopdetail171698056?kg=0170267358 HTTP/2.0" 404 47283 "-" "Mozilla/5.0 AppleWebKit/537.36 (KHTML, like Gecko; compatible; GPTBot/1.2; +https://openai.com/gptbot)" 
20.171.207.247 - - [25/Oct/2025:07:55:37 -0700] "GET /shopdetail171679808?kg=0170249263 HTTP/2.0" 404 47283 "-" "Mozilla/5.0 AppleWebKit/537.36 (KHTML, like Gecko; compatible; GPTBot/1.2; +https://openai.com/gptbot)" 
35.195.201.3 - - [25/Oct/2025:07:55:40 -0700] "GET /wp-login.php HTTP/2.0" 429 362 "-" "Mozilla/5.0 (Macintosh; Intel Mac OS X 10_11_6) AppleWebKit/537.36 (KHTML, like Gecko) Chrome/66.0.3359.181 Safari/537.36" 
66.249.68.133 - - [25/Oct/2025:07:55:40 -0700] "GET /shopdetail36452152?kg=0036148504 HTTP/1.1" 200 31398 "-" "Mozilla/5.0 (Linux; Android 6.0.1; Nexus 5X Build/MMB29P) AppleWebKit/537.36 (KHTML, like Gecko) Chrome/141.0.7390.122 Mobile Safari/537.36 (compatible; GoogleOther)" 
20.171.207.247 - - [25/Oct/2025:07:55:40 -0700] "GET /shopdetail159863040?kg=0158530967 HTTP/2.0" 404 47283 "-" "Mozilla/5.0 AppleWebKit/537.36 (KHTML, like Gecko; compatible; GPTBot/1.2; +https://openai.com/gptbot)" 
35.195.201.3 - - [25/Oct/2025:07:55:42 -0700] "POST /wp-login.php HTTP/2.0" 429 278 "https://www.biblioglow.com/wp-login.php" "Mozilla/5.0 (Macintosh; Intel Mac OS X 10_11_6) AppleWebKit/537.36 (KHTML, like Gecko) Chrome/66.0.3359.181 Safari/537.36" 
66.249.68.133 - - [25/Oct/2025:07:55:54 -0700] "GET /shopdetail32585136?kg=0032313713 HTTP/1.1" 200 30985 "-" "Mozilla/5.0 (Linux; Android 6.0.1; Nexus 5X Build/MMB29P) AppleWebKit/537.36 (KHTML, like Gecko) Chrome/141.0.7390.122 Mobile Safari/537.36 (compatible; GoogleOther)" 
20.171.207.247 - - [25/Oct/2025:07:55:54 -0700] "GET /shopdetail159838624?kg=0158506755 HTTP/2.0" 404 47418 "-" "Mozilla/5.0 AppleWebKit/537.36 (KHTML, like Gecko; compatible; GPTBot/1.2; +https://openai.com/gptbot)" 
20.171.207.247 - - [25/Oct/2025:07:55:57 -0700] "GET /shopdetail278156296?kg=0275838446 HTTP/2.0" 404 47283 "-" "Mozilla/5.0 AppleWebKit/537.36 (KHTML, like Gecko; compatible; GPTBot/1.2; +https://openai.com/gptbot)" 
64.90.53.137 - - [25/Oct/2025:07:56:14 -0700] "POST /wp-cron.php?doing_wp_cron=1761404174.2429978847503662109375 HTTP/1.1" 200 3634 "https://www.biblioglow.com/wp-cron.php?doing_wp_cron=1761404174.2429978847503662109375" "WordPress/6.1.9; https://www.biblioglow.com" 
20.171.207.247 - - [25/Oct/2025:07:56:12 -0700] "GET /shopdetail278183040?kg=0275864967 HTTP/2.0" 404 47418 "-" "Mozilla/5.0 AppleWebKit/537.36 (KHTML, like Gecko; compatible; GPTBot/1.2; +https://openai.com/gptbot)" 
20.171.207.247 - - [25/Oct/2025:07:56:15 -0700] "GET /shopdetail171665280?kg=0170234855 HTTP/2.0" 404 47283 "-" "Mozilla/5.0 AppleWebKit/537.36 (KHTML, like Gecko; compatible; GPTBot/1.2; +https://openai.com/gptbot)" 
66.249.79.4 - - [25/Oct/2025:07:56:19 -0700] "GET /shopdetail8145320?kg=0008077562 HTTP/1.1" 200 31522 "-" "Mozilla/5.0 (Linux; Android 6.0.1; Nexus 5X Build/MMB29P) AppleWebKit/537.36 (KHTML, like Gecko) Chrome/141.0.7390.122 Mobile Safari/537.36 (compatible; Googlebot/2.1; +http://www.google.com/bot.html)" 
66.249.68.134 - - [25/Oct/2025:07:56:19 -0700] "GET /shopdetail162893616?kg=0161536289 HTTP/1.1" 200 30402 "-" "Mozilla/5.0 (Linux; Android 6.0.1; Nexus 5X Build/MMB29P) AppleWebKit/537.36 (KHTML, like Gecko) Chrome/141.0.7390.122 Mobile Safari/537.36 (compatible; GoogleOther)" 
20.171.207.247 - - [25/Oct/2025:07:56:19 -0700] "GET /shopdetail278088808?kg=0275771522 HTTP/2.0" 404 47292 "-" "Mozilla/5.0 AppleWebKit/537.36 (KHTML, like Gecko; compatible; GPTBot/1.2; +https://openai.com/gptbot)" 
20.171.207.247 - - [25/Oct/2025:07:56:22 -0700] "GET /shopdetail278148328?kg=0275830546 HTTP/2.0" 404 47283 "-" "Mozilla/5.0 AppleWebKit/537.36 (KHTML, like Gecko; compatible; GPTBot/1.2; +https://openai.com/gptbot)" 
66.249.68.133 - - [25/Oct/2025:07:56:30 -0700] "GET /shopdetail32024632?kg=0031757880 HTTP/1.1" 200 31175 "-" "Mozilla/5.0 (Linux; Android 6.0.1; Nexus 5X Build/MMB29P) AppleWebKit/537.36 (KHTML, like Gecko) Chrome/141.0.7390.122 Mobile Safari/537.36 (compatible; GoogleOther)" 
114.119.130.109 - - [25/Oct/2025:07:56:35 -0700] "GET /shopdetail68803184?kg=0068229945 HTTP/1.1" 301 3731 "https://biblioglow.com/sitemap.xml" "Mozilla/5.0 (Linux; Android 7.0;) AppleWebKit/537.36 (KHTML, like Gecko) Mobile Safari/537.36 (compatible; PetalBot;+https://webmaster.petalsearch.com/site/petalbot)" 
114.119.130.109 - - [25/Oct/2025:07:56:37 -0700] "GET /shopdetail68803184?kg=0068229945 HTTP/1.1" 404 51110 "https://biblioglow.com/sitemap.xml" "Mozilla/5.0 (Linux; Android 7.0;) AppleWebKit/537.36 (KHTML, like Gecko) Mobile Safari/537.36 (compatible; PetalBot;+https://webmaster.petalsearch.com/site/petalbot)" 
66.249.68.133 - - [25/Oct/2025:07:56:58 -0700] "GET /shopdetail189498088?kg=0187919058 HTTP/1.1" 200 30747 "-" "Mozilla/5.0 (Linux; Android 6.0.1; Nexus 5X Build/MMB29P) AppleWebKit/537.36 (KHTML, like Gecko) Chrome/141.0.7390.122 Mobile Safari/537.36 (compatible; GoogleOther)" 
66.249.68.133 - - [25/Oct/2025:07:57:07 -0700] "GET /shopdetail326657416?kg=0323935390 HTTP/1.1" 200 31047 "-" "Mozilla/5.0 (Linux; Android 6.0.1; Nexus 5X Build/MMB29P) AppleWebKit/537.36 (KHTML, like Gecko) Chrome/141.0.7390.122 Mobile Safari/537.36 (compatible; GoogleOther)" 
64.90.53.137 - - [25/Oct/2025:07:57:15 -0700] "POST /wp-cron.php?doing_wp_cron=1761404235.5457179546356201171875 HTTP/1.1" 200 3634 "https://www.biblioglow.com/wp-cron.php?doing_wp_cron=1761404235.5457179546356201171875" "WordPress/6.1.9; https://www.biblioglow.com" 
185.191.171.3 - - [25/Oct/2025:07:57:14 -0700] "GET /shopdetail195045664?kg=0193420403 HTTP/1.1" 301 3732 "-" "Mozilla/5.0 (compatible; SemrushBot/7~bl; +http://www.semrush.com/bot.html)" 
85.208.96.195 - - [25/Oct/2025:07:57:16 -0700] "GET /shopdetail195045664?kg=0193420403 HTTP/1.1" 404 51133 "-" "Mozilla/5.0 (compatible; SemrushBot/7~bl; +http://www.semrush.com/bot.html)" 
20.171.207.247 - - [25/Oct/2025:07:57:27 -0700] "GET /shopdetail278168632?kg=0275850680 HTTP/2.0" 404 47418 "-" "Mozilla/5.0 AppleWebKit/537.36 (KHTML, like Gecko; compatible; GPTBot/1.2; +https://openai.com/gptbot)" 
85.208.96.199 - - [25/Oct/2025:07:57:32 -0700] "GET /shopdetail195052936?kg=0193427614 HTTP/1.1" 301 3732 "-" "Mozilla/5.0 (compatible; SemrushBot/7~bl; +http://www.semrush.com/bot.html)" 
185.191.171.13 - - [25/Oct/2025:07:57:33 -0700] "GET /shopdetail195052936?kg=0193427614 HTTP/1.1" 404 51133 "-" "Mozilla/5.0 (compatible; SemrushBot/7~bl; +http://www.semrush.com/bot.html)" 
66.249.68.134 - - [25/Oct/2025:07:57:37 -0700] "GET /shopdetail163394736?kg=0162033233 HTTP/1.1" 200 32946 "-" "Mozilla/5.0 (Linux; Android 6.0.1; Nexus 5X Build/MMB29P) AppleWebKit/537.36 (KHTML, like Gecko) Chrome/141.0.7390.122 Mobile Safari/537.36 (compatible; GoogleOther)" 
85.208.96.212 - - [25/Oct/2025:07:57:41 -0700] "GET /shopdetail194953080?kg=0193328592 HTTP/1.1" 301 3732 "-" "Mozilla/5.0 (compatible; SemrushBot/7~bl; +http://www.semrush.com/bot.html)" 
85.208.96.206 - - [25/Oct/2025:07:57:43 -0700] "GET /shopdetail194953080?kg=0193328592 HTTP/1.1" 404 51133 "-" "Mozilla/5.0 (compatible; SemrushBot/7~bl; +http://www.semrush.com/bot.html)" 
66.249.68.133 - - [25/Oct/2025:07:57:44 -0700] "GET /?shopdetail75925976?kg=0075293380 HTTP/1.1" 200 31078 "-" "Mozilla/5.0 (Linux; Android 6.0.1; Nexus 5X Build/MMB29P) AppleWebKit/537.36 (KHTML, like Gecko) Chrome/141.0.7390.122 Mobile Safari/537.36 (compatible; GoogleOther)" 
114.119.136.150 - - [25/Oct/2025:07:57:46 -0700] "GET /shopdetail68793584?kg=0068220425 HTTP/1.1" 301 3731 "https://biblioglow.com/sitemap.xml" "Mozilla/5.0 (Linux; Android 7.0;) AppleWebKit/537.36 (KHTML, like Gecko) Mobile Safari/537.36 (compatible; PetalBot;+https://webmaster.petalsearch.com/site/petalbot)" 
114.119.136.150 - - [25/Oct/2025:07:57:48 -0700] "GET /shopdetail68793584?kg=0068220425 HTTP/1.1" 404 51132 "https://biblioglow.com/sitemap.xml" "Mozilla/5.0 (Linux; Android 7.0;) AppleWebKit/537.36 (KHTML, like Gecko) Mobile Safari/537.36 (compatible; PetalBot;+https://webmaster.petalsearch.com/site/petalbot)" 
20.171.207.247 - - [25/Oct/2025:07:57:50 -0700] "GET /shopdetail159823672?kg=0158491928 HTTP/2.0" 404 47418 "-" "Mozilla/5.0 AppleWebKit/537.36 (KHTML, like Gecko; compatible; GPTBot/1.2; +https://openai.com/gptbot)" 
185.191.171.15 - - [25/Oct/2025:07:57:53 -0700] "GET /shopdetail194983528?kg=0193358786 HTTP/1.1" 301 3732 "-" "Mozilla/5.0 (compatible; SemrushBot/7~bl; +http://www.semrush.com/bot.html)" 
66.249.79.5 - - [25/Oct/2025:07:57:54 -0700] "GET /?shopdetail7466728?kg=0007404626 HTTP/1.1" 200 30542 "-" "Mozilla/5.0 (Linux; Android 6.0.1; Nexus 5X Build/MMB29P) AppleWebKit/537.36 (KHTML, like Gecko) Chrome/141.0.7390.122 Mobile Safari/537.36 (compatible; Googlebot/2.1; +http://www.google.com/bot.html)" 
20.171.207.247 - - [25/Oct/2025:07:57:53 -0700] "GET /shopdetail54151816?kg=0053700670 HTTP/2.0" 404 47282 "-" "Mozilla/5.0 AppleWebKit/537.36 (KHTML, like Gecko; compatible; GPTBot/1.2; +https://openai.com/gptbot)" 
