85.208.96.206 - - [25/Oct/2025:04:07:56 -0700] "GET /shopdetail195001096?kg=0193376206 HTTP/1.1" 301 3732 "-" "Mozilla/5.0 (compatible; SemrushBot/7~bl; +http://www.semrush.com/bot.html)" 
64.90.53.137 - - [25/Oct/2025:04:07:57 -0700] "POST /wp-cron.php?doing_wp_cron=1761390477.8062059879302978515625 HTTP/1.1" 200 3634 "https://www.biblioglow.com/wp-cron.php?doing_wp_cron=1761390477.8062059879302978515625" "WordPress/6.1.9; https://www.biblioglow.com" 
85.208.96.208 - - [25/Oct/2025:04:07:59 -0700] "GET /shopdetail195001096?kg=0193376206 HTTP/1.1" 404 51133 "-" "Mozilla/5.0 (compatible; SemrushBot/7~bl; +http://www.semrush.com/bot.html)" 
114.119.156.60 - - [25/Oct/2025:04:08:00 -0700] "GET /shopdetail197647536?kg=0196000593 HTTP/1.1" 301 3732 "https://biblioglow.com/sitemap.xml" "Mozilla/5.0 (Linux; Android 7.0;) AppleWebKit/537.36 (KHTML, like Gecko) Mobile Safari/537.36 (compatible; PetalBot;+https://webmaster.petalsearch.com/site/petalbot)" 
114.119.156.60 - - [25/Oct/2025:04:08:02 -0700] "GET /shopdetail197647536?kg=0196000593 HTTP/1.1" 404 51133 "https://biblioglow.com/sitemap.xml" "Mozilla/5.0 (Linux; Android 7.0;) AppleWebKit/537.36 (KHTML, like Gecko) Mobile Safari/537.36 (compatible; PetalBot;+https://webmaster.petalsearch.com/site/petalbot)" 
185.191.171.10 - - [25/Oct/2025:04:08:08 -0700] "GET /shopdetail195057048?kg=0193431692 HTTP/1.1" 301 3732 "-" "Mozilla/5.0 (compatible; SemrushBot/7~bl; +http://www.semrush.com/bot.html)" 
66.249.68.133 - - [25/Oct/2025:04:08:09 -0700] "GET /shopdetail189333256?kg=0187755598 HTTP/1.1" 200 31145 "-" "Mozilla/5.0 (Linux; Android 6.0.1; Nexus 5X Build/MMB29P) AppleWebKit/537.36 (KHTML, like Gecko) Chrome/141.0.7390.122 Mobile Safari/537.36 (compatible; GoogleOther)" 
85.208.96.195 - - [25/Oct/2025:04:08:10 -0700] "GET /shopdetail195057048?kg=0193431692 HTTP/1.1" 404 51133 "-" "Mozilla/5.0 (compatible; SemrushBot/7~bl; +http://www.semrush.com/bot.html)" 
66.249.68.134 - - [25/Oct/2025:04:08:14 -0700] "GET /shopdetail76694944?kg=0076055939 HTTP/1.1" 200 31064 "-" "Mozilla/5.0 (Linux; Android 6.0.1; Nexus 5X Build/MMB29P) AppleWebKit/537.36 (KHTML, like Gecko) Chrome/141.0.7390.122 Mobile Safari/537.36 (compatible; GoogleOther)" 
66.249.68.133 - - [25/Oct/2025:04:08:43 -0700] "GET /shopdetail160906960?kg=0159566189 HTTP/1.1" 200 30435 "-" "Mozilla/5.0 (Linux; Android 6.0.1; Nexus 5X Build/MMB29P) AppleWebKit/537.36 (KHTML, like Gecko) Chrome/141.0.7390.122 Mobile Safari/537.36 (compatible; GoogleOther)" 
185.191.171.1 - - [25/Oct/2025:04:08:48 -0700] "GET /shopdetail195033176?kg=0193408020 HTTP/1.1" 301 3732 "-" "Mozilla/5.0 (compatible; SemrushBot/7~bl; +http://www.semrush.com/bot.html)" 
64.90.53.137 - - [25/Oct/2025:04:08:49 -0700] "POST /wp-cron.php?doing_wp_cron=1761390529.1205160617828369140625 HTTP/1.1" 200 3634 "https://www.biblioglow.com/wp-cron.php?doing_wp_cron=1761390529.1205160617828369140625" "WordPress/6.1.9; https://www.biblioglow.com" 
85.208.96.195 - - [25/Oct/2025:04:08:50 -0700] "GET /shopdetail195033176?kg=0193408020 HTTP/1.1" 404 51133 "-" "Mozilla/5.0 (compatible; SemrushBot/7~bl; +http://www.semrush.com/bot.html)" 
66.249.68.133 - - [25/Oct/2025:04:08:51 -0700] "GET /shopdetail35552760?kg=0035256608 HTTP/1.1" 200 30822 "-" "Mozilla/5.0 (Linux; Android 6.0.1; Nexus 5X Build/MMB29P) AppleWebKit/537.36 (KHTML, like Gecko) Chrome/141.0.7390.122 Mobile Safari/537.36 (compatible; GoogleOther)" 
66.249.68.134 - - [25/Oct/2025:04:09:17 -0700] "GET /shopdetail188787416?kg=0187214308 HTTP/1.1" 200 31562 "-" "Mozilla/5.0 (Linux; Android 6.0.1; Nexus 5X Build/MMB29P) AppleWebKit/537.36 (KHTML, like Gecko) Chrome/141.0.7390.122 Mobile Safari/537.36 (compatible; GoogleOther)" 
64.90.53.137 - - [25/Oct/2025:04:09:23 -0700] "POST /wp-cron.php?doing_wp_cron=1761390563.5116529464721679687500 HTTP/1.1" 200 3634 "https://www.biblioglow.com/wp-cron.php?doing_wp_cron=1761390563.5116529464721679687500" "WordPress/6.1.9; https://www.biblioglow.com" 
114.119.136.150 - - [25/Oct/2025:04:09:20 -0700] "GET /shopdetail197646992?kg=0196000053 HTTP/1.1" 301 3732 "https://biblioglow.com/sitemap.xml" "Mozilla/5.0 (Linux; Android 7.0;) AppleWebKit/537.36 (KHTML, like Gecko) Mobile Safari/537.36 (compatible; PetalBot;+https://webmaster.petalsearch.com/site/petalbot)" 
114.119.136.150 - - [25/Oct/2025:04:09:25 -0700] "GET /shopdetail197646992?kg=0196000053 HTTP/1.1" 404 51133 "https://biblioglow.com/sitemap.xml" "Mozilla/5.0 (Linux; Android 7.0;) AppleWebKit/537.36 (KHTML, like Gecko) Mobile Safari/537.36 (compatible; PetalBot;+https://webmaster.petalsearch.com/site/petalbot)" 
66.249.68.134 - - [25/Oct/2025:04:09:29 -0700] "GET /shopdetail35006664?kg=0034715062 HTTP/1.1" 200 31279 "-" "Mozilla/5.0 (Linux; Android 6.0.1; Nexus 5X Build/MMB29P) AppleWebKit/537.36 (KHTML, like Gecko) Chrome/141.0.7390.122 Mobile Safari/537.36 (compatible; GoogleOther)" 
85.208.96.195 - - [25/Oct/2025:04:09:39 -0700] "GET /shopdetail194955152?kg=0193330645 HTTP/1.1" 301 3732 "-" "Mozilla/5.0 (compatible; SemrushBot/7~bl; +http://www.semrush.com/bot.html)" 
185.191.171.3 - - [25/Oct/2025:04:09:41 -0700] "GET /shopdetail194955152?kg=0193330645 HTTP/1.1" 404 51133 "-" "Mozilla/5.0 (compatible; SemrushBot/7~bl; +http://www.semrush.com/bot.html)" 
66.249.68.133 - - [25/Oct/2025:04:09:51 -0700] "GET /shopdetail161208400?kg=0159865117 HTTP/1.1" 200 30353 "-" "Mozilla/5.0 (Linux; Android 6.0.1; Nexus 5X Build/MMB29P) AppleWebKit/537.36 (KHTML, like Gecko) Chrome/141.0.7390.122 Mobile Safari/537.36 (compatible; GoogleOther)" 
66.249.68.133 - - [25/Oct/2025:04:10:06 -0700] "GET /shopdetail162083784?kg=0160733206 HTTP/1.1" 200 31323 "-" "Mozilla/5.0 (Linux; Android 6.0.1; Nexus 5X Build/MMB29P) AppleWebKit/537.36 (KHTML, like Gecko) Chrome/141.0.7390.122 Mobile Safari/537.36 (compatible; GoogleOther)" 
85.208.96.210 - - [25/Oct/2025:04:10:19 -0700] "GET /shopdetail194982304?kg=0193357571 HTTP/1.1" 301 3732 "-" "Mozilla/5.0 (compatible; SemrushBot/7~bl; +http://www.semrush.com/bot.html)" 
64.90.53.137 - - [25/Oct/2025:04:10:20 -0700] "POST /wp-cron.php?doing_wp_cron=1761390620.6964230537414550781250 HTTP/1.1" 200 3634 "https://www.biblioglow.com/wp-cron.php?doing_wp_cron=1761390620.6964230537414550781250" "WordPress/6.1.9; https://www.biblioglow.com" 
85.208.96.202 - - [25/Oct/2025:04:10:22 -0700] "GET /shopdetail194982304?kg=0193357571 HTTP/1.1" 404 51133 "-" "Mozilla/5.0 (compatible; SemrushBot/7~bl; +http://www.semrush.com/bot.html)" 
66.249.68.133 - - [25/Oct/2025:04:10:25 -0700] "GET /shopdetail60010688?kg=0059510719 HTTP/1.1" 200 31516 "-" "Mozilla/5.0 (Linux; Android 6.0.1; Nexus 5X Build/MMB29P) AppleWebKit/537.36 (KHTML, like Gecko) Chrome/141.0.7390.122 Mobile Safari/537.36 (compatible; GoogleOther)" 
85.208.96.203 - - [25/Oct/2025:04:10:25 -0700] "GET /shopdetail195049504?kg=0193424211 HTTP/1.1" 301 3732 "-" "Mozilla/5.0 (compatible; SemrushBot/7~bl; +http://www.semrush.com/bot.html)" 
185.191.171.2 - - [25/Oct/2025:04:10:28 -0700] "GET /shopdetail195049504?kg=0193424211 HTTP/1.1" 404 51133 "-" "Mozilla/5.0 (compatible; SemrushBot/7~bl; +http://www.semrush.com/bot.html)" 
85.208.96.204 - - [25/Oct/2025:04:10:30 -0700] "GET /shopdetail194973384?kg=0193348726 HTTP/1.1" 301 3732 "-" "Mozilla/5.0 (compatible; SemrushBot/7~bl; +http://www.semrush.com/bot.html)" 
185.191.171.19 - - [25/Oct/2025:04:10:33 -0700] "GET /shopdetail194973384?kg=0193348726 HTTP/1.1" 404 51133 "-" "Mozilla/5.0 (compatible; SemrushBot/7~bl; +http://www.semrush.com/bot.html)" 
66.249.68.133 - - [25/Oct/2025:04:10:43 -0700] "GET /shopdetail74374480?kg=0073754813 HTTP/1.1" 200 33013 "-" "Mozilla/5.0 (Linux; Android 6.0.1; Nexus 5X Build/MMB29P) AppleWebKit/537.36 (KHTML, like Gecko) Chrome/141.0.7390.122 Mobile Safari/537.36 (compatible; GoogleOther)" 
114.119.156.60 - - [25/Oct/2025:04:10:46 -0700] "GET /shopdetail197645480?kg=0195998554 HTTP/1.1" 301 3732 "https://biblioglow.com/sitemap.xml" "Mozilla/5.0 (Linux; Android 7.0;) AppleWebKit/537.36 (KHTML, like Gecko) Mobile Safari/537.36 (compatible; PetalBot;+https://webmaster.petalsearch.com/site/petalbot)" 
114.119.156.60 - - [25/Oct/2025:04:10:49 -0700] "GET /shopdetail197645480?kg=0195998554 HTTP/1.1" 404 51133 "https://biblioglow.com/sitemap.xml" "Mozilla/5.0 (Linux; Android 7.0;) AppleWebKit/537.36 (KHTML, like Gecko) Mobile Safari/537.36 (compatible; PetalBot;+https://webmaster.petalsearch.com/site/petalbot)" 
66.249.68.135 - - [25/Oct/2025:04:11:00 -0700] "GET /shopdetail325339192?kg=0322628152 HTTP/1.1" 200 32369 "-" "Mozilla/5.0 (Linux; Android 6.0.1; Nexus 5X Build/MMB29P) AppleWebKit/537.36 (KHTML, like Gecko) Chrome/141.0.7390.122 Mobile Safari/537.36 (compatible; GoogleOther)" 
64.90.53.137 - - [25/Oct/2025:04:11:13 -0700] "POST /wp-cron.php?doing_wp_cron=1761390673.0927710533142089843750 HTTP/1.1" 200 3634 "https://www.biblioglow.com/wp-cron.php?doing_wp_cron=1761390673.0927710533142089843750" "WordPress/6.1.9; https://www.biblioglow.com" 
185.191.171.6 - - [25/Oct/2025:04:11:12 -0700] "GET /shopdetail194972704?kg=0193348051 HTTP/1.1" 301 3732 "-" "Mozilla/5.0 (compatible; SemrushBot/7~bl; +http://www.semrush.com/bot.html)" 
85.208.96.195 - - [25/Oct/2025:04:11:14 -0700] "GET /shopdetail194972704?kg=0193348051 HTTP/1.1" 404 51133 "-" "Mozilla/5.0 (compatible; SemrushBot/7~bl; +http://www.semrush.com/bot.html)" 
66.249.68.134 - - [25/Oct/2025:04:11:20 -0700] "GET /shopdetail34808632?kg=0034518680 HTTP/1.1" 200 30491 "-" "Mozilla/5.0 (Linux; Android 6.0.1; Nexus 5X Build/MMB29P) AppleWebKit/537.36 (KHTML, like Gecko) Chrome/141.0.7390.122 Mobile Safari/537.36 (compatible; GoogleOther)" 
66.249.68.133 - - [25/Oct/2025:04:11:34 -0700] "GET /shopdetail58816312?kg=0058326296 HTTP/1.1" 200 30881 "-" "Mozilla/5.0 (Linux; Android 6.0.1; Nexus 5X Build/MMB29P) AppleWebKit/537.36 (KHTML, like Gecko) Chrome/141.0.7390.122 Mobile Safari/537.36 (compatible; GoogleOther)" 
66.249.68.133 - - [25/Oct/2025:04:11:57 -0700] "GET /shopdetail75724512?kg=0075093595 HTTP/1.1" 200 30269 "-" "Mozilla/5.0 (Linux; Android 6.0.1; Nexus 5X Build/MMB29P) AppleWebKit/537.36 (KHTML, like Gecko) Chrome/141.0.7390.122 Mobile Safari/537.36 (compatible; GoogleOther)" 
147.47.206.41 - - [25/Oct/2025:04:12:03 -0700] "GET /wp-content/uploads/2020/07/Hamilton-Affair-Discussion-Banner-881x461.png HTTP/1.1" 200 180428 "-" "python-requests/2.32.5" 
66.249.68.134 - - [25/Oct/2025:04:12:08 -0700] "GET /shopdetail159771696?kg=0158440385 HTTP/1.1" 200 30590 "-" "Mozilla/5.0 (Linux; Android 6.0.1; Nexus 5X Build/MMB29P) AppleWebKit/537.36 (KHTML, like Gecko) Chrome/141.0.7390.122 Mobile Safari/537.36 (compatible; GoogleOther)" 
64.90.53.137 - - [25/Oct/2025:04:12:15 -0700] "POST /wp-cron.php?doing_wp_cron=1761390735.1100509166717529296875 HTTP/1.1" 200 3634 "https://www.biblioglow.com/wp-cron.php?doing_wp_cron=1761390735.1100509166717529296875" "WordPress/6.1.9; https://www.biblioglow.com" 
114.119.156.60 - - [25/Oct/2025:04:12:14 -0700] "GET /shopdetail197645208?kg=0195998284 HTTP/1.1" 301 3732 "https://biblioglow.com/sitemap.xml" "Mozilla/5.0 (Linux; Android 7.0;) AppleWebKit/537.36 (KHTML, like Gecko) Mobile Safari/537.36 (compatible; PetalBot;+https://webmaster.petalsearch.com/site/petalbot)" 
114.119.156.60 - - [25/Oct/2025:04:12:16 -0700] "GET /shopdetail197645208?kg=0195998284 HTTP/1.1" 404 51133 "https://biblioglow.com/sitemap.xml" "Mozilla/5.0 (Linux; Android 7.0;) AppleWebKit/537.36 (KHTML, like Gecko) Mobile Safari/537.36 (compatible; PetalBot;+https://webmaster.petalsearch.com/site/petalbot)" 
185.191.171.6 - - [25/Oct/2025:04:12:23 -0700] "GET /shopdetail195036064?kg=0193410883 HTTP/1.1" 301 3732 "-" "Mozilla/5.0 (compatible; SemrushBot/7~bl; +http://www.semrush.com/bot.html)" 
85.208.96.208 - - [25/Oct/2025:04:12:24 -0700] "GET /shopdetail195036064?kg=0193410883 HTTP/1.1" 404 51133 "-" "Mozilla/5.0 (compatible; SemrushBot/7~bl; +http://www.semrush.com/bot.html)" 
66.249.68.133 - - [25/Oct/2025:04:12:35 -0700] "GET /shopdetail326041232?kg=0323324341 HTTP/1.1" 200 31088 "-" "Mozilla/5.0 (Linux; Android 6.0.1; Nexus 5X Build/MMB29P) AppleWebKit/537.36 (KHTML, like Gecko) Chrome/141.0.7390.122 Mobile Safari/537.36 (compatible; GoogleOther)" 
66.249.68.133 - - [25/Oct/2025:04:12:42 -0700] "GET /shopdetail74694304?kg=0074071971 HTTP/1.1" 200 30840 "-" "Mozilla/5.0 (Linux; Android 6.0.1; Nexus 5X Build/MMB29P) AppleWebKit/537.36 (KHTML, like Gecko) Chrome/141.0.7390.122 Mobile Safari/537.36 (compatible; GoogleOther)" 
66.249.68.134 - - [25/Oct/2025:04:13:12 -0700] "GET /shopdetail162081184?kg=0160730627 HTTP/1.1" 200 31300 "-" "Mozilla/5.0 (Linux; Android 6.0.1; Nexus 5X Build/MMB29P) AppleWebKit/537.36 (KHTML, like Gecko) Chrome/141.0.7390.122 Mobile Safari/537.36 (compatible; GoogleOther)" 
66.249.68.134 - - [25/Oct/2025:04:13:16 -0700] "GET /shopdetail33894304?kg=0033611971 HTTP/1.1" 200 28233 "-" "Mozilla/5.0 (Linux; Android 6.0.1; Nexus 5X Build/MMB29P) AppleWebKit/537.36 (KHTML, like Gecko) Chrome/141.0.7390.122 Mobile Safari/537.36 (compatible; GoogleOther)" 
64.90.53.137 - - [25/Oct/2025:04:13:32 -0700] "POST /wp-cron.php?doing_wp_cron=1761390812.3901259899139404296875 HTTP/1.1" 200 3634 "https://www.biblioglow.com/wp-cron.php?doing_wp_cron=1761390812.3901259899139404296875" "WordPress/6.1.9; https://www.biblioglow.com" 
114.119.130.109 - - [25/Oct/2025:04:13:31 -0700] "GET /shopdetail197644240?kg=0195997325 HTTP/1.1" 301 3732 "https://biblioglow.com/sitemap.xml" "Mozilla/5.0 (Linux; Android 7.0;) AppleWebKit/537.36 (KHTML, like Gecko) Mobile Safari/537.36 (compatible; PetalBot;+https://webmaster.petalsearch.com/site/petalbot)" 
114.119.130.109 - - [25/Oct/2025:04:13:34 -0700] "GET /shopdetail197644240?kg=0195997325 HTTP/1.1" 404 51133 "https://biblioglow.com/sitemap.xml" "Mozilla/5.0 (Linux; Android 7.0;) AppleWebKit/537.36 (KHTML, like Gecko) Mobile Safari/537.36 (compatible; PetalBot;+https://webmaster.petalsearch.com/site/petalbot)" 
66.249.68.133 - - [25/Oct/2025:04:13:49 -0700] "GET /shopdetail188978192?kg=0187403493 HTTP/1.1" 200 30996 "-" "Mozilla/5.0 (Linux; Android 6.0.1; Nexus 5X Build/MMB29P) AppleWebKit/537.36 (KHTML, like Gecko) Chrome/141.0.7390.122 Mobile Safari/537.36 (compatible; GoogleOther)" 
66.249.68.133 - - [25/Oct/2025:04:13:52 -0700] "GET /shopdetail160092880?kg=0158758893 HTTP/1.1" 200 27137 "-" "Mozilla/5.0 (Linux; Android 6.0.1; Nexus 5X Build/MMB29P) AppleWebKit/537.36 (KHTML, like Gecko) Chrome/141.0.7390.122 Mobile Safari/537.36 (compatible; GoogleOther)" 
148.72.247.255 - - [25/Oct/2025:04:13:53 -0700] "POST /xmlrpc.php HTTP/2.0" 429 351 "-" "Mozilla/5.0 (Windows NT 6.1; Win64; x64; rv:60.0) Gecko/20100101 Firefox/60.0" 
148.72.247.255 - - [25/Oct/2025:04:14:12 -0700] "POST /xmlrpc.php HTTP/2.0" 429 351 "-" "Mozilla/5.0 (Windows NT 6.1; Win64; x64; rv:60.0) Gecko/20100101 Firefox/60.0" 
66.249.68.135 - - [25/Oct/2025:04:14:24 -0700] "GET /shopdetail34625552?kg=0034337125 HTTP/1.1" 200 30596 "-" "Mozilla/5.0 (Linux; Android 6.0.1; Nexus 5X Build/MMB29P) AppleWebKit/537.36 (KHTML, like Gecko) Chrome/141.0.7390.122 Mobile Safari/537.36 (compatible; GoogleOther)" 
66.249.68.134 - - [25/Oct/2025:04:14:27 -0700] "GET /shopdetail325760488?kg=0323045938 HTTP/1.1" 200 32002 "-" "Mozilla/5.0 (Linux; Android 6.0.1; Nexus 5X Build/MMB29P) AppleWebKit/537.36 (KHTML, like Gecko) Chrome/141.0.7390.122 Mobile Safari/537.36 (compatible; GoogleOther)" 
104.41.213.192 - - [25/Oct/2025:04:14:33 -0700] "GET /wp-login.php HTTP/2.0" 429 351 "-" "Mozilla/5.0 (Windows NT 10.0; WOW64) AppleWebKit/537.36 (KHTML, like Gecko) Chrome/67.0.3396.79 Safari/537.36" 
148.72.247.255 - - [25/Oct/2025:04:14:33 -0700] "POST /xmlrpc.php HTTP/2.0" 429 351 "-" "Mozilla/5.0 (Windows NT 6.1; Win64; x64; rv:60.0) Gecko/20100101 Firefox/60.0" 
104.41.213.192 - - [25/Oct/2025:04:14:35 -0700] "POST /wp-login.php HTTP/2.0" 429 278 "https://www.biblioglow.com/wp-login.php" "Mozilla/5.0 (Windows NT 10.0; WOW64) AppleWebKit/537.36 (KHTML, like Gecko) Chrome/67.0.3396.79 Safari/537.36" 
64.90.53.137 - - [25/Oct/2025:04:14:46 -0700] "POST /wp-cron.php?doing_wp_cron=1761390886.5135331153869628906250 HTTP/1.1" 200 3634 "https://www.biblioglow.com/wp-cron.php?doing_wp_cron=1761390886.5135331153869628906250" "WordPress/6.1.9; https://www.biblioglow.com" 
85.208.96.194 - - [25/Oct/2025:04:14:45 -0700] "GET /shopdetail195006840?kg=0193381904 HTTP/1.1" 301 3732 "-" "Mozilla/5.0 (compatible; SemrushBot/7~bl; +http://www.semrush.com/bot.html)" 
185.191.171.5 - - [25/Oct/2025:04:14:47 -0700] "GET /shopdetail195006840?kg=0193381904 HTTP/1.1" 404 51133 "-" "Mozilla/5.0 (compatible; SemrushBot/7~bl; +http://www.semrush.com/bot.html)" 
114.119.141.83 - - [25/Oct/2025:04:14:55 -0700] "GET /shopdetail197643696?kg=0195996785 HTTP/1.1" 301 3732 "https://biblioglow.com/sitemap.xml" "Mozilla/5.0 (Linux; Android 7.0;) AppleWebKit/537.36 (KHTML, like Gecko) Mobile Safari/537.36 (compatible; PetalBot;+https://webmaster.petalsearch.com/site/petalbot)" 
114.119.141.83 - - [25/Oct/2025:04:14:57 -0700] "GET /shopdetail197643696?kg=0195996785 HTTP/1.1" 404 51133 "https://biblioglow.com/sitemap.xml" "Mozilla/5.0 (Linux; Android 7.0;) AppleWebKit/537.36 (KHTML, like Gecko) Mobile Safari/537.36 (compatible; PetalBot;+https://webmaster.petalsearch.com/site/petalbot)" 
66.249.68.134 - - [25/Oct/2025:04:14:58 -0700] "GET /shopdetail161182216?kg=0159839150 HTTP/1.1" 200 33443 "-" "Mozilla/5.0 (Linux; Android 6.0.1; Nexus 5X Build/MMB29P) AppleWebKit/537.36 (KHTML, like Gecko) Chrome/141.0.7390.122 Mobile Safari/537.36 (compatible; GoogleOther)" 
66.249.68.134 - - [25/Oct/2025:04:15:03 -0700] "GET /shopdetail188602144?kg=0187030579 HTTP/1.1" 200 31403 "-" "Mozilla/5.0 (Linux; Android 6.0.1; Nexus 5X Build/MMB29P) AppleWebKit/537.36 (KHTML, like Gecko) Chrome/141.0.7390.122 Mobile Safari/537.36 (compatible; GoogleOther)" 
85.208.96.195 - - [25/Oct/2025:04:15:02 -0700] "GET /shopdetail195025632?kg=0193400539 HTTP/1.1" 301 3732 "-" "Mozilla/5.0 (compatible; SemrushBot/7~bl; +http://www.semrush.com/bot.html)" 
185.191.171.17 - - [25/Oct/2025:04:15:05 -0700] "GET /shopdetail195025632?kg=0193400539 HTTP/1.1" 404 51133 "-" "Mozilla/5.0 (compatible; SemrushBot/7~bl; +http://www.semrush.com/bot.html)" 
64.90.53.137 - - [25/Oct/2025:04:15:25 -0700] "POST /wp-cron.php?doing_wp_cron=1761390925.5929439067840576171875 HTTP/1.1" 200 3634 "https://www.biblioglow.com/wp-cron.php?doing_wp_cron=1761390925.5929439067840576171875" "WordPress/6.1.9; https://www.biblioglow.com" 
185.191.171.8 - - [25/Oct/2025:04:15:25 -0700] "GET /shopdetail195007808?kg=0193382863 HTTP/1.1" 301 3732 "-" "Mozilla/5.0 (compatible; SemrushBot/7~bl; +http://www.semrush.com/bot.html)" 
185.191.171.6 - - [25/Oct/2025:04:15:26 -0700] "GET /shopdetail195007808?kg=0193382863 HTTP/1.1" 404 51133 "-" "Mozilla/5.0 (compatible; SemrushBot/7~bl; +http://www.semrush.com/bot.html)" 
66.249.68.134 - - [25/Oct/2025:04:15:32 -0700] "GET /shopdetail160097400?kg=0158763376 HTTP/1.1" 200 31223 "-" "Mozilla/5.0 (Linux; Android 6.0.1; Nexus 5X Build/MMB29P) AppleWebKit/537.36 (KHTML, like Gecko) Chrome/141.0.7390.122 Mobile Safari/537.36 (compatible; GoogleOther)" 
66.249.68.133 - - [25/Oct/2025:04:15:41 -0700] "GET /shopdetail74389432?kg=0073769640 HTTP/1.1" 200 30664 "-" "Mozilla/5.0 (Linux; Android 6.0.1; Nexus 5X Build/MMB29P) AppleWebKit/537.36 (KHTML, like Gecko) Chrome/141.0.7390.122 Mobile Safari/537.36 (compatible; GoogleOther)" 
85.208.96.212 - - [25/Oct/2025:04:15:50 -0700] "GET /shopdetail194976952?kg=0193352264 HTTP/1.1" 301 3732 "-" "Mozilla/5.0 (compatible; SemrushBot/7~bl; +http://www.semrush.com/bot.html)" 
185.191.171.18 - - [25/Oct/2025:04:15:51 -0700] "GET /shopdetail194976952?kg=0193352264 HTTP/1.1" 404 51133 "-" "Mozilla/5.0 (compatible; SemrushBot/7~bl; +http://www.semrush.com/bot.html)" 
66.249.68.134 - - [25/Oct/2025:04:16:06 -0700] "GET /shopdetail34935488?kg=0034644479 HTTP/1.1" 200 31132 "-" "Mozilla/5.0 (Linux; Android 6.0.1; Nexus 5X Build/MMB29P) AppleWebKit/537.36 (KHTML, like Gecko) Chrome/141.0.7390.122 Mobile Safari/537.36 (compatible; GoogleOther)" 
66.249.68.134 - - [25/Oct/2025:04:16:18 -0700] "GET /shopdetail162284296?kg=0160932046 HTTP/1.1" 200 30581 "-" "Mozilla/5.0 (Linux; Android 6.0.1; Nexus 5X Build/MMB29P) AppleWebKit/537.36 (KHTML, like Gecko) Chrome/141.0.7390.122 Mobile Safari/537.36 (compatible; GoogleOther)" 
64.90.53.137 - - [25/Oct/2025:04:16:19 -0700] "POST /wp-cron.php?doing_wp_cron=1761390979.2930550575256347656250 HTTP/1.1" 200 3634 "https://www.biblioglow.com/wp-cron.php?doing_wp_cron=1761390979.2930550575256347656250" "WordPress/6.1.9; https://www.biblioglow.com" 
114.119.148.10 - - [25/Oct/2025:04:16:18 -0700] "GET /shopdetail197643152?kg=0195996245 HTTP/1.1" 301 3732 "https://biblioglow.com/sitemap.xml" "Mozilla/5.0 (Linux; Android 7.0;) AppleWebKit/537.36 (KHTML, like Gecko) Mobile Safari/537.36 (compatible; PetalBot;+https://webmaster.petalsearch.com/site/petalbot)" 
114.119.148.10 - - [25/Oct/2025:04:16:21 -0700] "GET /shopdetail197643152?kg=0195996245 HTTP/1.1" 404 51133 "https://biblioglow.com/sitemap.xml" "Mozilla/5.0 (Linux; Android 7.0;) AppleWebKit/537.36 (KHTML, like Gecko) Mobile Safari/537.36 (compatible; PetalBot;+https://webmaster.petalsearch.com/site/petalbot)" 
85.208.96.206 - - [25/Oct/2025:04:16:23 -0700] "GET /shopdetail195027280?kg=0193402173 HTTP/1.1" 301 3732 "-" "Mozilla/5.0 (compatible; SemrushBot/7~bl; +http://www.semrush.com/bot.html)" 
185.191.171.5 - - [25/Oct/2025:04:16:24 -0700] "GET /shopdetail195027280?kg=0193402173 HTTP/1.1" 404 51133 "-" "Mozilla/5.0 (compatible; SemrushBot/7~bl; +http://www.semrush.com/bot.html)" 
185.191.171.12 - - [25/Oct/2025:04:16:27 -0700] "GET /shopdetail194952128?kg=0193327647 HTTP/1.1" 301 3732 "-" "Mozilla/5.0 (compatible; SemrushBot/7~bl; +http://www.semrush.com/bot.html)" 
185.191.171.12 - - [25/Oct/2025:04:16:30 -0700] "GET /shopdetail194952128?kg=0193327647 HTTP/1.1" 404 51133 "-" "Mozilla/5.0 (compatible; SemrushBot/7~bl; +http://www.semrush.com/bot.html)" 
66.249.68.133 - - [25/Oct/2025:04:16:40 -0700] "GET /shopdetail159774720?kg=0158443383 HTTP/1.1" 200 31975 "-" "Mozilla/5.0 (Linux; Android 6.0.1; Nexus 5X Build/MMB29P) AppleWebKit/537.36 (KHTML, like Gecko) Chrome/141.0.7390.122 Mobile Safari/537.36 (compatible; GoogleOther)" 
66.249.68.133 - - [25/Oct/2025:04:16:55 -0700] "GET /shopdetail34789976?kg=0034500180 HTTP/1.1" 200 32133 "-" "Mozilla/5.0 (Linux; Android 6.0.1; Nexus 5X Build/MMB29P) AppleWebKit/537.36 (KHTML, like Gecko) Chrome/141.0.7390.122 Mobile Safari/537.36 (compatible; GoogleOther)" 
66.249.68.133 - - [25/Oct/2025:04:17:14 -0700] "GET /shopdetail325743496?kg=0323029086 HTTP/1.1" 200 31409 "-" "Mozilla/5.0 (Linux; Android 6.0.1; Nexus 5X Build/MMB29P) AppleWebKit/537.36 (KHTML, like Gecko) Chrome/141.0.7390.122 Mobile Safari/537.36 (compatible; GoogleOther)" 
85.208.96.201 - - [25/Oct/2025:04:17:21 -0700] "GET /shopdetail194962136?kg=0193337572 HTTP/1.1" 301 3732 "-" "Mozilla/5.0 (compatible; SemrushBot/7~bl; +http://www.semrush.com/bot.html)" 
64.90.53.137 - - [25/Oct/2025:04:17:22 -0700] "POST /wp-cron.php?doing_wp_cron=1761391042.4132359027862548828125 HTTP/1.1" 200 3634 "https://www.biblioglow.com/wp-cron.php?doing_wp_cron=1761391042.4132359027862548828125" "WordPress/6.1.9; https://www.biblioglow.com" 
85.208.96.201 - - [25/Oct/2025:04:17:23 -0700] "GET /shopdetail194962136?kg=0193337572 HTTP/1.1" 404 51133 "-" "Mozilla/5.0 (compatible; SemrushBot/7~bl; +http://www.semrush.com/bot.html)" 
66.249.68.134 - - [25/Oct/2025:04:17:32 -0700] "GET /shopdetail159722456?kg=0158391556 HTTP/1.1" 200 30883 "-" "Mozilla/5.0 (Linux; Android 6.0.1; Nexus 5X Build/MMB29P) AppleWebKit/537.36 (KHTML, like Gecko) Chrome/141.0.7390.122 Mobile Safari/537.36 (compatible; GoogleOther)" 
114.119.151.155 - - [25/Oct/2025:04:17:42 -0700] "GET /shopdetail197643016?kg=0195996110 HTTP/1.1" 301 3732 "https://biblioglow.com/sitemap.xml" "Mozilla/5.0 (Linux; Android 7.0;) AppleWebKit/537.36 (KHTML, like Gecko) Mobile Safari/537.36 (compatible; PetalBot;+https://webmaster.petalsearch.com/site/petalbot)" 
114.119.151.155 - - [25/Oct/2025:04:17:44 -0700] "GET /shopdetail197643016?kg=0195996110 HTTP/1.1" 404 51133 "https://biblioglow.com/sitemap.xml" "Mozilla/5.0 (Linux; Android 7.0;) AppleWebKit/537.36 (KHTML, like Gecko) Mobile Safari/537.36 (compatible; PetalBot;+https://webmaster.petalsearch.com/site/petalbot)" 
66.249.68.133 - - [25/Oct/2025:04:17:49 -0700] "GET /shopdetail161216624?kg=0159873273 HTTP/1.1" 200 30824 "-" "Mozilla/5.0 (Linux; Android 6.0.1; Nexus 5X Build/MMB29P) AppleWebKit/537.36 (KHTML, like Gecko) Chrome/141.0.7390.122 Mobile Safari/537.36 (compatible; GoogleOther)" 
66.249.68.134 - - [25/Oct/2025:04:18:09 -0700] "GET /shopdetail75242728?kg=0074615826 HTTP/1.1" 200 30480 "-" "Mozilla/5.0 (Linux; Android 6.0.1; Nexus 5X Build/MMB29P) AppleWebKit/537.36 (KHTML, like Gecko) Chrome/141.0.7390.122 Mobile Safari/537.36 (compatible; GoogleOther)" 
57.141.6.53 - - [25/Oct/2025:04:18:14 -0700] "GET /the-shelf/ HTTP/2.0" 429 351 "-" "meta-externalagent/1.1 (+https://developers.facebook.com/docs/sharing/webmasters/crawler)" 
66.249.68.134 - - [25/Oct/2025:04:18:23 -0700] "GET /shopdetail34530096?kg=0034242465 HTTP/1.1" 200 31839 "-" "Mozilla/5.0 (Linux; Android 6.0.1; Nexus 5X Build/MMB29P) AppleWebKit/537.36 (KHTML, like Gecko) Chrome/141.0.7390.122 Mobile Safari/537.36 (compatible; GoogleOther)" 
66.249.68.133 - - [25/Oct/2025:04:18:46 -0700] "GET /shopdetail76504440?kg=0075867024 HTTP/1.1" 200 33261 "-" "Mozilla/5.0 (Linux; Android 6.0.1; Nexus 5X Build/MMB29P) AppleWebKit/537.36 (KHTML, like Gecko) Chrome/141.0.7390.122 Mobile Safari/537.36 (compatible; GoogleOther)" 
66.249.68.133 - - [25/Oct/2025:04:18:57 -0700] "GET /shopdetail34515840?kg=0034228327 HTTP/1.1" 200 31804 "-" "Mozilla/5.0 (Linux; Android 6.0.1; Nexus 5X Build/MMB29P) AppleWebKit/537.36 (KHTML, like Gecko) Chrome/141.0.7390.122 Mobile Safari/537.36 (compatible; GoogleOther)" 
85.208.96.197 - - [25/Oct/2025:04:19:02 -0700] "GET /shopdetail195047584?kg=0193422307 HTTP/1.1" 301 3732 "-" "Mozilla/5.0 (compatible; SemrushBot/7~bl; +http://www.semrush.com/bot.html)" 
64.90.53.137 - - [25/Oct/2025:04:19:03 -0700] "POST /wp-cron.php?doing_wp_cron=1761391143.5156149864196777343750 HTTP/1.1" 200 3634 "https://www.biblioglow.com/wp-cron.php?doing_wp_cron=1761391143.5156149864196777343750" "WordPress/6.1.9; https://www.biblioglow.com" 
85.208.96.204 - - [25/Oct/2025:04:19:04 -0700] "GET /shopdetail195047584?kg=0193422307 HTTP/1.1" 404 51133 "-" "Mozilla/5.0 (compatible; SemrushBot/7~bl; +http://www.semrush.com/bot.html)" 
85.208.96.205 - - [25/Oct/2025:04:19:09 -0700] "GET /shopdetail195022488?kg=0193397420 HTTP/1.1" 301 3732 "-" "Mozilla/5.0 (compatible; SemrushBot/7~bl; +http://www.semrush.com/bot.html)" 
114.119.136.150 - - [25/Oct/2025:04:19:10 -0700] "GET /shopdetail197640672?kg=0195993787 HTTP/1.1" 301 3732 "https://biblioglow.com/sitemap.xml" "Mozilla/5.0 (Linux; Android 7.0;) AppleWebKit/537.36 (KHTML, like Gecko) Mobile Safari/537.36 (compatible; PetalBot;+https://webmaster.petalsearch.com/site/petalbot)" 
185.191.171.10 - - [25/Oct/2025:04:19:10 -0700] "GET /shopdetail195022488?kg=0193397420 HTTP/1.1" 404 51133 "-" "Mozilla/5.0 (compatible; SemrushBot/7~bl; +http://www.semrush.com/bot.html)" 
114.119.136.150 - - [25/Oct/2025:04:19:11 -0700] "GET /shopdetail197640672?kg=0195993787 HTTP/1.1" 404 51133 "https://biblioglow.com/sitemap.xml" "Mozilla/5.0 (Linux; Android 7.0;) AppleWebKit/537.36 (KHTML, like Gecko) Mobile Safari/537.36 (compatible; PetalBot;+https://webmaster.petalsearch.com/site/petalbot)" 
66.249.68.133 - - [25/Oct/2025:04:19:24 -0700] "GET /shopdetail35190984?kg=0034897846 HTTP/1.1" 200 31683 "-" "Mozilla/5.0 (Linux; Android 6.0.1; Nexus 5X Build/MMB29P) AppleWebKit/537.36 (KHTML, like Gecko) Chrome/141.0.7390.122 Mobile Safari/537.36 (compatible; GoogleOther)" 
66.249.68.133 - - [25/Oct/2025:04:19:31 -0700] "GET /?shopdetail73961408?kg=0073345183 HTTP/1.1" 200 31651 "-" "Mozilla/5.0 (Linux; Android 6.0.1; Nexus 5X Build/MMB29P) AppleWebKit/537.36 (KHTML, like Gecko) Chrome/141.0.7390.122 Mobile Safari/537.36 (compatible; GoogleOther)" 
64.90.53.137 - - [25/Oct/2025:04:19:53 -0700] "POST /wp-cron.php?doing_wp_cron=1761391193.0155639648437500000000 HTTP/1.1" 200 3634 "https://www.biblioglow.com/wp-cron.php?doing_wp_cron=1761391193.0155639648437500000000" "WordPress/6.1.9; https://www.biblioglow.com" 
85.208.96.199 - - [25/Oct/2025:04:19:52 -0700] "GET /shopdetail195008760?kg=0193383808 HTTP/1.1" 301 3732 "-" "Mozilla/5.0 (compatible; SemrushBot/7~bl; +http://www.semrush.com/bot.html)" 
185.191.171.19 - - [25/Oct/2025:04:19:54 -0700] "GET /shopdetail195008760?kg=0193383808 HTTP/1.1" 404 51133 "-" "Mozilla/5.0 (compatible; SemrushBot/7~bl; +http://www.semrush.com/bot.html)" 
66.249.68.133 - - [25/Oct/2025:04:20:01 -0700] "GET /shopdetail188784680?kg=0187211594 HTTP/1.1" 200 30794 "-" "Mozilla/5.0 (Linux; Android 6.0.1; Nexus 5X Build/MMB29P) AppleWebKit/537.36 (KHTML, like Gecko) Chrome/141.0.7390.122 Mobile Safari/537.36 (compatible; GoogleOther)" 
66.249.68.134 - - [25/Oct/2025:04:20:05 -0700] "GET /shopdetail33901560?kg=0033619168 HTTP/1.1" 200 31591 "-" "Mozilla/5.0 (Linux; Android 6.0.1; Nexus 5X Build/MMB29P) AppleWebKit/537.36 (KHTML, like Gecko) Chrome/141.0.7390.122 Mobile Safari/537.36 (compatible; GoogleOther)" 
85.208.96.203 - - [25/Oct/2025:04:20:16 -0700] "GET /shopdetail194983680?kg=0193358935 HTTP/1.1" 301 3732 "-" "Mozilla/5.0 (compatible; SemrushBot/7~bl; +http://www.semrush.com/bot.html)" 
64.90.53.137 - - [25/Oct/2025:04:20:18 -0700] "POST /wp-cron.php?doing_wp_cron=1761391218.5180089473724365234375 HTTP/1.1" 200 3634 "https://www.biblioglow.com/wp-cron.php?doing_wp_cron=1761391218.5180089473724365234375" "WordPress/6.1.9; https://www.biblioglow.com" 
185.191.171.15 - - [25/Oct/2025:04:20:21 -0700] "GET /shopdetail194983680?kg=0193358935 HTTP/1.1" 404 51133 "-" "Mozilla/5.0 (compatible; SemrushBot/7~bl; +http://www.semrush.com/bot.html)" 
91.235.245.251 - - [25/Oct/2025:04:20:22 -0700] "GET /wp-content/plugins/WordPressCore/include.php HTTP/1.1" 301 3751 "-" "Mozilla/5.0 (Macintosh; Intel Mac OS X 10_15_7) AppleWebKit/605.1.15 (KHTML, like Gecko) Version/18.3 Safari/605.1.15" 
85.208.96.207 - - [25/Oct/2025:04:20:23 -0700] "GET /shopdetail195007672?kg=0193382728 HTTP/1.1" 301 3732 "-" "Mozilla/5.0 (compatible; SemrushBot/7~bl; +http://www.semrush.com/bot.html)" 
91.235.245.251 - - [25/Oct/2025:04:20:24 -0700] "GET /wp-content/plugins/WordPressCore/include.php HTTP/1.1" 404 51166 "-" "Mozilla/5.0 (Macintosh; Intel Mac OS X 10_15_7) AppleWebKit/605.1.15 (KHTML, like Gecko) Version/18.3 Safari/605.1.15" 
85.208.96.196 - - [25/Oct/2025:04:20:27 -0700] "GET /shopdetail195007672?kg=0193382728 HTTP/1.1" 404 51133 "-" "Mozilla/5.0 (compatible; SemrushBot/7~bl; +http://www.semrush.com/bot.html)" 
114.119.148.10 - - [25/Oct/2025:04:20:28 -0700] "GET /shopdetail197640536?kg=0195993652 HTTP/1.1" 301 3732 "https://biblioglow.com/sitemap.xml" "Mozilla/5.0 (Linux; Android 7.0;) AppleWebKit/537.36 (KHTML, like Gecko) Mobile Safari/537.36 (compatible; PetalBot;+https://webmaster.petalsearch.com/site/petalbot)" 
114.119.148.10 - - [25/Oct/2025:04:20:30 -0700] "GET /shopdetail197640536?kg=0195993652 HTTP/1.1" 404 51133 "https://biblioglow.com/sitemap.xml" "Mozilla/5.0 (Linux; Android 7.0;) AppleWebKit/537.36 (KHTML, like Gecko) Mobile Safari/537.36 (compatible; PetalBot;+https://webmaster.petalsearch.com/site/petalbot)" 
85.208.96.210 - - [25/Oct/2025:04:20:34 -0700] "GET /shopdetail194981880?kg=0193357152 HTTP/1.1" 301 3732 "-" "Mozilla/5.0 (compatible; SemrushBot/7~bl; +http://www.semrush.com/bot.html)" 
66.249.68.133 - - [25/Oct/2025:04:20:38 -0700] "GET /shopdetail58949880?kg=0058458752 HTTP/1.1" 200 30603 "-" "Mozilla/5.0 (Linux; Android 6.0.1; Nexus 5X Build/MMB29P) AppleWebKit/537.36 (KHTML, like Gecko) Chrome/141.0.7390.122 Mobile Safari/537.36 (compatible; GoogleOther)" 
85.208.96.195 - - [25/Oct/2025:04:20:36 -0700] "GET /shopdetail194981880?kg=0193357152 HTTP/1.1" 404 51133 "-" "Mozilla/5.0 (compatible; SemrushBot/7~bl; +http://www.semrush.com/bot.html)" 
66.249.68.133 - - [25/Oct/2025:04:20:41 -0700] "GET /shopdetail59700480?kg=0059203095 HTTP/1.1" 200 28158 "-" "Mozilla/5.0 (Linux; Android 6.0.1; Nexus 5X Build/MMB29P) AppleWebKit/537.36 (KHTML, like Gecko) Chrome/141.0.7390.122 Mobile Safari/537.36 (compatible; GoogleOther)" 
85.208.96.212 - - [25/Oct/2025:04:21:11 -0700] "GET /shopdetail194957752?kg=0193333224 HTTP/1.1" 301 3732 "-" "Mozilla/5.0 (compatible; SemrushBot/7~bl; +http://www.semrush.com/bot.html)" 
66.249.68.133 - - [25/Oct/2025:04:21:13 -0700] "GET /shopdetail34918344?kg=0034627478 HTTP/1.1" 200 30776 "-" "Mozilla/5.0 (Linux; Android 6.0.1; Nexus 5X Build/MMB29P) AppleWebKit/537.36 (KHTML, like Gecko) Chrome/141.0.7390.122 Mobile Safari/537.36 (compatible; GoogleOther)" 
64.90.53.137 - - [25/Oct/2025:04:21:13 -0700] "POST /wp-cron.php?doing_wp_cron=1761391273.4931540489196777343750 HTTP/1.1" 200 3634 "https://www.biblioglow.com/wp-cron.php?doing_wp_cron=1761391273.4931540489196777343750" "WordPress/6.1.9; https://www.biblioglow.com" 
66.249.68.135 - - [25/Oct/2025:04:21:16 -0700] "GET /shopdetail74169040?kg=0073551085 HTTP/1.1" 200 33180 "-" "Mozilla/5.0 (Linux; Android 6.0.1; Nexus 5X Build/MMB29P) AppleWebKit/537.36 (KHTML, like Gecko) Chrome/141.0.7390.122 Mobile Safari/537.36 (compatible; GoogleOther)" 
85.208.96.207 - - [25/Oct/2025:04:21:15 -0700] "GET /shopdetail194957752?kg=0193333224 HTTP/1.1" 404 51133 "-" "Mozilla/5.0 (compatible; SemrushBot/7~bl; +http://www.semrush.com/bot.html)" 
185.191.171.15 - - [25/Oct/2025:04:21:19 -0700] "GET /shopdetail194970376?kg=0193345742 HTTP/1.1" 301 3732 "-" "Mozilla/5.0 (compatible; SemrushBot/7~bl; +http://www.semrush.com/bot.html)" 
85.208.96.195 - - [25/Oct/2025:04:21:22 -0700] "GET /shopdetail194970376?kg=0193345742 HTTP/1.1" 404 51133 "-" "Mozilla/5.0 (compatible; SemrushBot/7~bl; +http://www.semrush.com/bot.html)" 
220.158.233.201 - - [25/Oct/2025:04:21:24 -0700] "POST /xmlrpc.php HTTP/2.0" 429 353 "-" "Mozilla/5.0 (Windows NT 6.1) AppleWebKit/537.36 (KHTML, like Gecko) Chrome/67.0.3396.62 Safari/537.36" 
220.158.233.201 - - [25/Oct/2025:04:21:25 -0700] "POST /xmlrpc.php HTTP/2.0" 429 361 "-" "Mozilla/5.0 (Windows NT 6.1) AppleWebKit/537.36 (KHTML, like Gecko) Chrome/67.0.3396.62 Safari/537.36" 
220.158.233.201 - - [25/Oct/2025:04:21:27 -0700] "POST /xmlrpc.php HTTP/2.0" 429 361 "-" "Mozilla/5.0 (Windows NT 6.1) AppleWebKit/537.36 (KHTML, like Gecko) Chrome/67.0.3396.62 Safari/537.36" 
66.249.68.133 - - [25/Oct/2025:04:21:47 -0700] "GET /shopdetail72767576?kg=0072161300 HTTP/1.1" 200 30917 "-" "Mozilla/5.0 (Linux; Android 6.0.1; Nexus 5X Build/MMB29P) AppleWebKit/537.36 (KHTML, like Gecko) Chrome/141.0.7390.122 Mobile Safari/537.36 (compatible; GoogleOther)" 
185.191.171.15 - - [25/Oct/2025:04:21:49 -0700] "GET /shopdetail195032088?kg=0193406940 HTTP/1.1" 301 3732 "-" "Mozilla/5.0 (compatible; SemrushBot/7~bl; +http://www.semrush.com/bot.html)" 
185.191.171.17 - - [25/Oct/2025:04:21:50 -0700] "GET /shopdetail195032088?kg=0193406940 HTTP/1.1" 404 51133 "-" "Mozilla/5.0 (compatible; SemrushBot/7~bl; +http://www.semrush.com/bot.html)" 
66.249.68.133 - - [25/Oct/2025:04:21:52 -0700] "GET /shopdetail35179192?kg=0034886152 HTTP/1.1" 200 33009 "-" "Mozilla/5.0 (Linux; Android 6.0.1; Nexus 5X Build/MMB29P) AppleWebKit/537.36 (KHTML, like Gecko) Chrome/141.0.7390.122 Mobile Safari/537.36 (compatible; GoogleOther)" 
114.119.129.24 - - [25/Oct/2025:04:21:59 -0700] "GET /shopdetail197640400?kg=0195993517 HTTP/1.1" 301 3732 "https://biblioglow.com/sitemap.xml" "Mozilla/5.0 (Linux; Android 7.0;) AppleWebKit/537.36 (KHTML, like Gecko) Mobile Safari/537.36 (compatible; PetalBot;+https://webmaster.petalsearch.com/site/petalbot)" 
114.119.129.24 - - [25/Oct/2025:04:22:00 -0700] "GET /shopdetail197640400?kg=0195993517 HTTP/1.1" 404 51133 "https://biblioglow.com/sitemap.xml" "Mozilla/5.0 (Linux; Android 7.0;) AppleWebKit/537.36 (KHTML, like Gecko) Mobile Safari/537.36 (compatible; PetalBot;+https://webmaster.petalsearch.com/site/petalbot)" 
66.249.68.134 - - [25/Oct/2025:04:22:21 -0700] "GET /shopdetail34533392?kg=0034245733 HTTP/1.1" 200 30701 "-" "Mozilla/5.0 (Linux; Android 6.0.1; Nexus 5X Build/MMB29P) AppleWebKit/537.36 (KHTML, like Gecko) Chrome/141.0.7390.122 Mobile Safari/537.36 (compatible; GoogleOther)" 
66.249.68.133 - - [25/Oct/2025:04:22:30 -0700] "GET /shopdetail74413016?kg=0073793028 HTTP/1.1" 200 31101 "-" "Mozilla/5.0 (Linux; Android 6.0.1; Nexus 5X Build/MMB29P) AppleWebKit/537.36 (KHTML, like Gecko) Chrome/141.0.7390.122 Mobile Safari/537.36 (compatible; GoogleOther)" 
64.90.53.137 - - [25/Oct/2025:04:22:52 -0700] "POST /wp-cron.php?doing_wp_cron=1761391372.4785120487213134765625 HTTP/1.1" 200 3634 "https://www.biblioglow.com/wp-cron.php?doing_wp_cron=1761391372.4785120487213134765625" "WordPress/6.1.9; https://www.biblioglow.com" 
185.191.171.8 - - [25/Oct/2025:04:22:52 -0700] "GET /shopdetail194966672?kg=0193342069 HTTP/1.1" 301 3732 "-" "Mozilla/5.0 (compatible; SemrushBot/7~bl; +http://www.semrush.com/bot.html)" 
85.208.96.193 - - [25/Oct/2025:04:22:53 -0700] "GET /shopdetail194966672?kg=0193342069 HTTP/1.1" 404 51133 "-" "Mozilla/5.0 (compatible; SemrushBot/7~bl; +http://www.semrush.com/bot.html)" 
66.249.68.133 - - [25/Oct/2025:04:22:55 -0700] "GET /shopdetail161304128?kg=0159960047 HTTP/1.1" 200 31015 "-" "Mozilla/5.0 (Linux; Android 6.0.1; Nexus 5X Build/MMB29P) AppleWebKit/537.36 (KHTML, like Gecko) Chrome/141.0.7390.122 Mobile Safari/537.36 (compatible; GoogleOther)" 
66.249.68.133 - - [25/Oct/2025:04:23:07 -0700] "GET /shopdetail34828784?kg=0034538665 HTTP/1.1" 200 31353 "-" "Mozilla/5.0 (Linux; Android 6.0.1; Nexus 5X Build/MMB29P) AppleWebKit/537.36 (KHTML, like Gecko) Chrome/141.0.7390.122 Mobile Safari/537.36 (compatible; GoogleOther)" 
64.90.53.137 - - [25/Oct/2025:04:23:14 -0700] "POST /wp-cron.php?doing_wp_cron=1761391394.4661059379577636718750 HTTP/1.1" 200 3634 "https://www.biblioglow.com/wp-cron.php?doing_wp_cron=1761391394.4661059379577636718750" "WordPress/6.1.9; https://www.biblioglow.com" 
85.208.96.194 - - [25/Oct/2025:04:23:14 -0700] "GET /shopdetail195041824?kg=0193416595 HTTP/1.1" 301 3732 "-" "Mozilla/5.0 (compatible; SemrushBot/7~bl; +http://www.semrush.com/bot.html)" 
85.208.96.198 - - [25/Oct/2025:04:23:15 -0700] "GET /shopdetail195041824?kg=0193416595 HTTP/1.1" 404 51133 "-" "Mozilla/5.0 (compatible; SemrushBot/7~bl; +http://www.semrush.com/bot.html)" 
114.119.129.24 - - [25/Oct/2025:04:23:20 -0700] "GET /shopdetail197639992?kg=0195993112 HTTP/1.1" 301 3732 "https://biblioglow.com/sitemap.xml" "Mozilla/5.0 (Linux; Android 7.0;) AppleWebKit/537.36 (KHTML, like Gecko) Mobile Safari/537.36 (compatible; PetalBot;+https://webmaster.petalsearch.com/site/petalbot)" 
114.119.129.24 - - [25/Oct/2025:04:23:21 -0700] "GET /shopdetail197639992?kg=0195993112 HTTP/1.1" 404 51133 "https://biblioglow.com/sitemap.xml" "Mozilla/5.0 (Linux; Android 7.0;) AppleWebKit/537.36 (KHTML, like Gecko) Mobile Safari/537.36 (compatible; PetalBot;+https://webmaster.petalsearch.com/site/petalbot)" 
45.82.121.130 - - [25/Oct/2025:04:23:22 -0700] "GET /wp-login.php HTTP/2.0" 429 351 "-" "Mozilla/5.0 (Windows NT 6.2; Win64; x64) AppleWebKit/537.36 (KHTML, like Gecko) Chrome/66.0.3359.181 Safari/537.36" 
45.82.121.130 - - [25/Oct/2025:04:23:27 -0700] "POST /wp-login.php HTTP/2.0" 429 278 "https://www.biblioglow.com/wp-login.php" "Mozilla/5.0 (Windows NT 6.2; Win64; x64) AppleWebKit/537.36 (KHTML, like Gecko) Chrome/66.0.3359.181 Safari/537.36" 
66.249.68.133 - - [25/Oct/2025:04:23:29 -0700] "GET /shopdetail34099336?kg=0033815294 HTTP/1.1" 200 30541 "-" "Mozilla/5.0 (Linux; Android 6.0.1; Nexus 5X Build/MMB29P) AppleWebKit/537.36 (KHTML, like Gecko) Chrome/141.0.7390.122 Mobile Safari/537.36 (compatible; GoogleOther)" 
66.249.68.133 - - [25/Oct/2025:04:23:44 -0700] "GET /shopdetail162293336?kg=0160941012 HTTP/1.1" 200 30627 "-" "Mozilla/5.0 (Linux; Android 6.0.1; Nexus 5X Build/MMB29P) AppleWebKit/537.36 (KHTML, like Gecko) Chrome/141.0.7390.122 Mobile Safari/537.36 (compatible; GoogleOther)" 
66.249.68.134 - - [25/Oct/2025:04:24:04 -0700] "GET /shopdetail59510384?kg=0059014585 HTTP/1.1" 200 31123 "-" "Mozilla/5.0 (Linux; Android 6.0.1; Nexus 5X Build/MMB29P) AppleWebKit/537.36 (KHTML, like Gecko) Chrome/141.0.7390.122 Mobile Safari/537.36 (compatible; GoogleOther)" 
66.249.68.133 - - [25/Oct/2025:04:24:21 -0700] "GET /shopdetail324815032?kg=0322108360 HTTP/1.1" 200 34672 "-" "Mozilla/5.0 (Linux; Android 6.0.1; Nexus 5X Build/MMB29P) AppleWebKit/537.36 (KHTML, like Gecko) Chrome/141.0.7390.122 Mobile Safari/537.36 (compatible; GoogleOther)" 
66.249.68.133 - - [25/Oct/2025:04:24:38 -0700] "GET /shopdetail161505456?kg=0160159697 HTTP/1.1" 200 31996 "-" "Mozilla/5.0 (Linux; Android 6.0.1; Nexus 5X Build/MMB29P) AppleWebKit/537.36 (KHTML, like Gecko) Chrome/141.0.7390.122 Mobile Safari/537.36 (compatible; GoogleOther)" 
64.90.53.137 - - [25/Oct/2025:04:24:45 -0700] "POST /wp-cron.php?doing_wp_cron=1761391485.7794439792633056640625 HTTP/1.1" 200 3634 "https://www.biblioglow.com/wp-cron.php?doing_wp_cron=1761391485.7794439792633056640625" "WordPress/6.1.9; https://www.biblioglow.com" 
114.119.148.10 - - [25/Oct/2025:04:24:45 -0700] "GET /shopdetail197638616?kg=0195991748 HTTP/1.1" 301 3732 "https://biblioglow.com/sitemap.xml" "Mozilla/5.0 (Linux; Android 7.0;) AppleWebKit/537.36 (KHTML, like Gecko) Mobile Safari/537.36 (compatible; PetalBot;+https://webmaster.petalsearch.com/site/petalbot)" 
114.119.148.10 - - [25/Oct/2025:04:24:46 -0700] "GET /shopdetail197638616?kg=0195991748 HTTP/1.1" 404 51133 "https://biblioglow.com/sitemap.xml" "Mozilla/5.0 (Linux; Android 7.0;) AppleWebKit/537.36 (KHTML, like Gecko) Mobile Safari/537.36 (compatible; PetalBot;+https://webmaster.petalsearch.com/site/petalbot)" 
85.208.96.194 - - [25/Oct/2025:04:24:48 -0700] "GET /shopdetail194974896?kg=0193350225 HTTP/1.1" 301 3732 "-" "Mozilla/5.0 (compatible; SemrushBot/7~bl; +http://www.semrush.com/bot.html)" 
185.191.171.5 - - [25/Oct/2025:04:24:49 -0700] "GET /shopdetail194974896?kg=0193350225 HTTP/1.1" 404 51133 "-" "Mozilla/5.0 (compatible; SemrushBot/7~bl; +http://www.semrush.com/bot.html)" 
66.249.68.133 - - [25/Oct/2025:04:24:58 -0700] "GET /shopdetail161471712?kg=0160126235 HTTP/1.1" 200 33046 "-" "Mozilla/5.0 (Linux; Android 6.0.1; Nexus 5X Build/MMB29P) AppleWebKit/537.36 (KHTML, like Gecko) Chrome/141.0.7390.122 Mobile Safari/537.36 (compatible; GoogleOther)" 
66.249.68.135 - - [25/Oct/2025:04:25:12 -0700] "GET /shopdetail75357928?kg=0074730066 HTTP/1.1" 200 31319 "-" "Mozilla/5.0 (Linux; Android 6.0.1; Nexus 5X Build/MMB29P) AppleWebKit/537.36 (KHTML, like Gecko) Chrome/141.0.7390.122 Mobile Safari/537.36 (compatible; GoogleOther)" 
64.90.53.137 - - [25/Oct/2025:04:25:15 -0700] "POST /wp-cron.php?doing_wp_cron=1761391515.9860990047454833984375 HTTP/1.1" 200 3634 "https://www.biblioglow.com/wp-cron.php?doing_wp_cron=1761391515.9860990047454833984375" "WordPress/6.1.9; https://www.biblioglow.com" 
185.191.171.12 - - [25/Oct/2025:04:25:15 -0700] "GET /shopdetail195054992?kg=0193429653 HTTP/1.1" 301 3732 "-" "Mozilla/5.0 (compatible; SemrushBot/7~bl; +http://www.semrush.com/bot.html)" 
85.208.96.203 - - [25/Oct/2025:04:25:16 -0700] "GET /shopdetail195054992?kg=0193429653 HTTP/1.1" 404 51133 "-" "Mozilla/5.0 (compatible; SemrushBot/7~bl; +http://www.semrush.com/bot.html)" 
85.208.96.200 - - [25/Oct/2025:04:25:29 -0700] "GET /shopdetail194979976?kg=0193355262 HTTP/1.1" 301 3732 "-" "Mozilla/5.0 (compatible; SemrushBot/7~bl; +http://www.semrush.com/bot.html)" 
85.208.96.207 - - [25/Oct/2025:04:25:31 -0700] "GET /shopdetail194979976?kg=0193355262 HTTP/1.1" 404 51133 "-" "Mozilla/5.0 (compatible; SemrushBot/7~bl; +http://www.semrush.com/bot.html)" 
66.249.68.133 - - [25/Oct/2025:04:25:36 -0700] "GET /shopdetail60187600?kg=0059686157 HTTP/1.1" 200 30979 "-" "Mozilla/5.0 (Linux; Android 6.0.1; Nexus 5X Build/MMB29P) AppleWebKit/537.36 (KHTML, like Gecko) Chrome/141.0.7390.122 Mobile Safari/537.36 (compatible; GoogleOther)" 
85.208.96.206 - - [25/Oct/2025:04:25:37 -0700] "GET /shopdetail195011784?kg=0193386806 HTTP/1.1" 301 3732 "-" "Mozilla/5.0 (compatible; SemrushBot/7~bl; +http://www.semrush.com/bot.html)" 
185.191.171.2 - - [25/Oct/2025:04:25:38 -0700] "GET /shopdetail195011784?kg=0193386806 HTTP/1.1" 404 51133 "-" "Mozilla/5.0 (compatible; SemrushBot/7~bl; +http://www.semrush.com/bot.html)" 
66.249.68.133 - - [25/Oct/2025:04:25:46 -0700] "GET /shopdetail159744120?kg=0158413040 HTTP/1.1" 200 32446 "-" "Mozilla/5.0 (Linux; Android 6.0.1; Nexus 5X Build/MMB29P) AppleWebKit/537.36 (KHTML, like Gecko) Chrome/141.0.7390.122 Mobile Safari/537.36 (compatible; GoogleOther)" 
185.191.171.11 - - [25/Oct/2025:04:25:47 -0700] "GET /shopdetail194990800?kg=0193365997 HTTP/1.1" 301 3732 "-" "Mozilla/5.0 (compatible; SemrushBot/7~bl; +http://www.semrush.com/bot.html)" 
85.208.96.198 - - [25/Oct/2025:04:25:48 -0700] "GET /shopdetail194990800?kg=0193365997 HTTP/1.1" 404 51133 "-" "Mozilla/5.0 (compatible; SemrushBot/7~bl; +http://www.semrush.com/bot.html)" 
185.191.171.11 - - [25/Oct/2025:04:25:59 -0700] "GET /shopdetail194952536?kg=0193328052 HTTP/1.1" 301 3732 "-" "Mozilla/5.0 (compatible; SemrushBot/7~bl; +http://www.semrush.com/bot.html)" 
85.208.96.206 - - [25/Oct/2025:04:26:00 -0700] "GET /shopdetail194952536?kg=0193328052 HTTP/1.1" 404 51111 "-" "Mozilla/5.0 (compatible; SemrushBot/7~bl; +http://www.semrush.com/bot.html)" 
85.208.96.200 - - [25/Oct/2025:04:26:04 -0700] "GET /shopdetail194974352?kg=0193349685 HTTP/1.1" 301 3732 "-" "Mozilla/5.0 (compatible; SemrushBot/7~bl; +http://www.semrush.com/bot.html)" 
185.191.171.6 - - [25/Oct/2025:04:26:05 -0700] "GET /shopdetail194974352?kg=0193349685 HTTP/1.1" 404 51133 "-" "Mozilla/5.0 (compatible; SemrushBot/7~bl; +http://www.semrush.com/bot.html)" 
114.119.135.207 - - [25/Oct/2025:04:26:09 -0700] "GET /shopdetail197638344?kg=0195991478 HTTP/1.1" 301 3732 "https://biblioglow.com/sitemap.xml" "Mozilla/5.0 (Linux; Android 7.0;) AppleWebKit/537.36 (KHTML, like Gecko) Mobile Safari/537.36 (compatible; PetalBot;+https://webmaster.petalsearch.com/site/petalbot)" 
114.119.135.207 - - [25/Oct/2025:04:26:11 -0700] "GET /shopdetail197638344?kg=0195991478 HTTP/1.1" 404 51133 "https://biblioglow.com/sitemap.xml" "Mozilla/5.0 (Linux; Android 7.0;) AppleWebKit/537.36 (KHTML, like Gecko) Mobile Safari/537.36 (compatible; PetalBot;+https://webmaster.petalsearch.com/site/petalbot)" 
66.249.68.133 - - [25/Oct/2025:04:26:13 -0700] "GET /shopdetail74376808?kg=0073757122 HTTP/1.1" 200 30814 "-" "Mozilla/5.0 (Linux; Android 6.0.1; Nexus 5X Build/MMB29P) AppleWebKit/537.36 (KHTML, like Gecko) Chrome/141.0.7390.122 Mobile Safari/537.36 (compatible; GoogleOther)" 
66.249.68.133 - - [25/Oct/2025:04:26:20 -0700] "GET /shopdetail73786552?kg=0073171784 HTTP/1.1" 200 31273 "-" "Mozilla/5.0 (Linux; Android 6.0.1; Nexus 5X Build/MMB29P) AppleWebKit/537.36 (KHTML, like Gecko) Chrome/141.0.7390.122 Mobile Safari/537.36 (compatible; GoogleOther)" 
64.90.53.137 - - [25/Oct/2025:04:26:27 -0700] "POST /wp-cron.php?doing_wp_cron=1761391587.8073709011077880859375 HTTP/1.1" 200 3634 "https://www.biblioglow.com/wp-cron.php?doing_wp_cron=1761391587.8073709011077880859375" "WordPress/6.1.9; https://www.biblioglow.com" 
185.191.171.11 - - [25/Oct/2025:04:26:27 -0700] "GET /shopdetail195048400?kg=0193423117 HTTP/1.1" 301 3732 "-" "Mozilla/5.0 (compatible; SemrushBot/7~bl; +http://www.semrush.com/bot.html)" 
185.191.171.10 - - [25/Oct/2025:04:26:28 -0700] "GET /shopdetail195048400?kg=0193423117 HTTP/1.1" 404 51133 "-" "Mozilla/5.0 (compatible; SemrushBot/7~bl; +http://www.semrush.com/bot.html)" 
66.249.68.133 - - [25/Oct/2025:04:26:50 -0700] "GET /shopdetail326078800?kg=0323361597 HTTP/1.1" 200 32675 "-" "Mozilla/5.0 (Linux; Android 6.0.1; Nexus 5X Build/MMB29P) AppleWebKit/537.36 (KHTML, like Gecko) Chrome/141.0.7390.122 Mobile Safari/537.36 (compatible; GoogleOther)" 
66.249.68.133 - - [25/Oct/2025:04:26:54 -0700] "GET /shopdetail159751392?kg=0158420251 HTTP/1.1" 200 27746 "-" "Mozilla/5.0 (Linux; Android 6.0.1; Nexus 5X Build/MMB29P) AppleWebKit/537.36 (KHTML, like Gecko) Chrome/141.0.7390.122 Mobile Safari/537.36 (compatible; GoogleOther)" 
185.191.171.8 - - [25/Oct/2025:04:27:12 -0700] "GET /shopdetail195017680?kg=0193392653 HTTP/1.1" 301 3732 "-" "Mozilla/5.0 (compatible; SemrushBot/7~bl; +http://www.semrush.com/bot.html)" 
64.90.53.137 - - [25/Oct/2025:04:27:13 -0700] "POST /wp-cron.php?doing_wp_cron=1761391633.5697410106658935546875 HTTP/1.1" 200 3634 "https://www.biblioglow.com/wp-cron.php?doing_wp_cron=1761391633.5697410106658935546875" "WordPress/6.1.9; https://www.biblioglow.com" 
185.191.171.2 - - [25/Oct/2025:04:27:13 -0700] "GET /shopdetail195017680?kg=0193392653 HTTP/1.1" 404 51133 "-" "Mozilla/5.0 (compatible; SemrushBot/7~bl; +http://www.semrush.com/bot.html)" 
103.153.42.48 - - [25/Oct/2025:04:27:22 -0700] "GET /wp-login.php HTTP/2.0" 429 0 "-" "Mozilla/5.0 (compatible; MSIE 9.0; Windows NT 6.2; WOW64; Trident/7.0)" 
66.249.68.133 - - [25/Oct/2025:04:27:27 -0700] "GET /shopdetail35297688?kg=0035003660 HTTP/1.1" 200 38170 "-" "Mozilla/5.0 (Linux; Android 6.0.1; Nexus 5X Build/MMB29P) AppleWebKit/537.36 (KHTML, like Gecko) Chrome/141.0.7390.122 Mobile Safari/537.36 (compatible; GoogleOther)" 
114.119.148.10 - - [25/Oct/2025:04:27:28 -0700] "GET /shopdetail197638208?kg=0195991343 HTTP/1.1" 301 3732 "https://biblioglow.com/sitemap.xml" "Mozilla/5.0 (Linux; Android 7.0;) AppleWebKit/537.36 (KHTML, like Gecko) Mobile Safari/537.36 (compatible; PetalBot;+https://webmaster.petalsearch.com/site/petalbot)" 
